[INFO] cloning repository https://github.com/kamilmac/zygmund
[INFO] running `Command { std: "git" "-c" "credential.helper=" "-c" "credential.helper=/workspace/cargo-home/bin/git-credential-null" "clone" "--bare" "https://github.com/kamilmac/zygmund" "/workspace/cache/git-repos/https%3A%2F%2Fgithub.com%2Fkamilmac%2Fzygmund", kill_on_drop: false }`
[INFO] [stderr] Cloning into bare repository '/workspace/cache/git-repos/https%3A%2F%2Fgithub.com%2Fkamilmac%2Fzygmund'...
[INFO] running `Command { std: "git" "rev-parse" "HEAD", kill_on_drop: false }`
[INFO] [stdout] c02e0cd8188ad19c5b02da5f2283e135899031d6
[INFO] checking kamilmac/zygmund against c60b92c03ca8a3b101eb9d57f51e2232690638c7 for pr-164148-crater-rollup
[INFO] running `Command { std: "git" "clone" "/workspace/cache/git-repos/https%3A%2F%2Fgithub.com%2Fkamilmac%2Fzygmund" "/workspace/builds/worker-5-tc2/source", kill_on_drop: false }`
[INFO] [stderr] Cloning into '/workspace/builds/worker-5-tc2/source'...
[INFO] [stderr] done.
[INFO] started tweaking git repo https://github.com/kamilmac/zygmund
[INFO] finished tweaking git repo https://github.com/kamilmac/zygmund
[INFO] tweaked toml for git repo https://github.com/kamilmac/zygmund written to /workspace/builds/worker-5-tc2/source/Cargo.toml
[INFO] validating manifest of git repo https://github.com/kamilmac/zygmund on toolchain c60b92c03ca8a3b101eb9d57f51e2232690638c7
[INFO] running `Command { std: CARGO_HOME="/workspace/cargo-home" RUSTUP_HOME="/workspace/rustup-home" "/workspace/cargo-home/bin/cargo" "+c60b92c03ca8a3b101eb9d57f51e2232690638c7" "metadata" "--manifest-path" "Cargo.toml" "--no-deps", kill_on_drop: false }`
[INFO] crate git repo https://github.com/kamilmac/zygmund already has a lockfile, it will not be regenerated
[INFO] running `Command { std: CARGO_HOME="/workspace/cargo-home" RUSTUP_HOME="/workspace/rustup-home" "/workspace/cargo-home/bin/cargo" "+c60b92c03ca8a3b101eb9d57f51e2232690638c7" "fetch" "--manifest-path" "Cargo.toml", kill_on_drop: false }`
[INFO] running `Command { std: "docker" "create" "-v" "/var/lib/crater-agent-workspace/builds/worker-5-tc2/source:/opt/rustwide/workdir:ro,Z" "-v" "/var/lib/crater-agent-workspace/builds/worker-5-tc2/target:/opt/rustwide/target:rw,Z" "-v" "/var/lib/crater-agent-workspace/cargo-home:/opt/rustwide/cargo-home:ro,Z" "-v" "/var/lib/crater-agent-workspace/rustup-home:/opt/rustwide/rustup-home:ro,Z" "-m" "1610612736" "--network" "none" "ghcr.io/rust-lang/crates-build-env/linux@sha256:77db811e55d90add9212f6832c23229e3de5f1c1f9905e8cb07319ea15df73ac" "sleep" "infinity", kill_on_drop: false }`
[INFO] [stdout] cdfe9375f37c07095658a66b7a4441c40a2cf895baf49f8fe1fd555d5e1b024e
[INFO] running `Command { std: "docker" "start" "cdfe9375f37c07095658a66b7a4441c40a2cf895baf49f8fe1fd555d5e1b024e", kill_on_drop: false }`
[INFO] running `Command { std: "docker" "inspect" "cdfe9375f37c07095658a66b7a4441c40a2cf895baf49f8fe1fd555d5e1b024e", kill_on_drop: false }`
[INFO] running `Command { std: "docker" "exec" "-e" "SOURCE_DIR=/opt/rustwide/workdir" "-e" "CARGO_HOME=/opt/rustwide/cargo-home" "-e" "RUSTUP_HOME=/opt/rustwide/rustup-home" "-e" "CARGO_TARGET_DIR=/opt/rustwide/target" "-w" "/opt/rustwide/workdir" "--user" "0:0" "cdfe9375f37c07095658a66b7a4441c40a2cf895baf49f8fe1fd555d5e1b024e" "/opt/rustwide/cargo-home/bin/cargo" "+c60b92c03ca8a3b101eb9d57f51e2232690638c7" "metadata" "--no-deps" "--format-version=1", kill_on_drop: false }`
[INFO] running `Command { std: "docker" "inspect" "cdfe9375f37c07095658a66b7a4441c40a2cf895baf49f8fe1fd555d5e1b024e", kill_on_drop: false }`
[INFO] running `Command { std: "docker" "exec" "-e" "SOURCE_DIR=/opt/rustwide/workdir" "-e" "CARGO_HOME=/opt/rustwide/cargo-home" "-e" "RUSTUP_HOME=/opt/rustwide/rustup-home" "-e" "CARGO_TARGET_DIR=/opt/rustwide/target" "-e" "CARGO_INCREMENTAL=0" "-e" "RUST_BACKTRACE=full" "-e" "RUSTFLAGS=--cap-lints=forbid" "-e" "RUSTDOCFLAGS=--cap-lints=forbid" "-w" "/opt/rustwide/workdir" "--user" "0:0" "cdfe9375f37c07095658a66b7a4441c40a2cf895baf49f8fe1fd555d5e1b024e" "/opt/rustwide/cargo-home/bin/cargo" "+c60b92c03ca8a3b101eb9d57f51e2232690638c7" "check" "--frozen" "--all" "--all-targets" "--message-format=json", kill_on_drop: false }`
[INFO] [stderr]     Checking log v0.4.33
[INFO] [stderr]     Checking bytemuck v1.25.0
[INFO] [stderr]     Checking arrayvec v0.7.7
[INFO] [stderr]    Compiling getrandom v0.3.4
[INFO] [stderr]    Compiling linux-raw-sys v0.12.1
[INFO] [stderr]    Compiling bitflags v2.13.0
[INFO] [stderr]    Compiling fastrand v2.4.1
[INFO] [stderr]    Compiling alsa-sys v0.3.1
[INFO] [stderr]    Compiling num_cpus v1.17.0
[INFO] [stderr]    Compiling syn v2.0.118
[INFO] [stderr]     Checking num-integer v0.1.46
[INFO] [stderr]     Checking num-complex v0.4.6
[INFO] [stderr]    Compiling rtsan-standalone v0.3.0
[INFO] [stderr]     Checking once_cell v1.21.4
[INFO] [stderr]     Checking parking_lot_core v0.9.12
[INFO] [stderr]     Checking signal-hook v0.3.18
[INFO] [stderr]     Checking ahash v0.8.12
[INFO] [stderr]     Checking typenum v1.20.1
[INFO] [stderr]    Compiling instability v0.3.12
[INFO] [stderr]     Checking extended v0.1.0
[INFO] [stderr]     Checking rustix v0.38.44
[INFO] [stderr]     Checking parking_lot v0.12.5
[INFO] [stderr]     Checking mio v1.2.1
[INFO] [stderr]     Checking itertools v0.13.0
[INFO] [stderr]     Checking safe_arch v1.0.0
[INFO] [stderr]     Checking hashbrown v0.14.5
[INFO] [stderr]     Checking glam v0.28.0
[INFO] [stderr]    Compiling cpal v0.17.1
[INFO] [stderr]     Checking transpose v0.2.3
[INFO] [stderr]     Checking symphonia-core v0.5.5
[INFO] [stderr]     Checking primal-check v0.3.4
[INFO] [stderr]     Checking compact_str v0.8.2
[INFO] [stderr]     Checking tinyvec v1.11.0
[INFO] [stderr]     Checking rustfft v6.4.1
[INFO] [stderr]     Checking microfft v0.6.0
[INFO] [stderr]     Checking alsa v0.10.0
[INFO] [stderr]     Checking alsa v0.9.1
[INFO] [stderr]    Compiling rustix v1.1.4
[INFO] [stderr]     Checking wide v1.5.0
[INFO] [stderr]     Checking resampler v0.4.1
[INFO] [stderr]     Checking dasp_sample v0.11.0
[INFO] [stderr]     Checking signal-hook-mio v0.2.5
[INFO] [stderr]     Checking crossterm v0.28.1
[INFO] [stderr]     Checking midir v0.10.4
[INFO] [stderr]     Checking symphonia-metadata v0.5.5
[INFO] [stderr]     Checking symphonia-codec-pcm v0.5.5
[INFO] [stderr]     Checking symphonia-codec-adpcm v0.5.5
[INFO] [stderr]     Checking symphonia-codec-alac v0.5.5
[INFO] [stderr]     Checking symphonia-codec-aac v0.5.5
[INFO] [stderr]     Checking symphonia-utils-xiph v0.5.5
[INFO] [stderr]     Checking symphonia-format-caf v0.5.5
[INFO] [stderr]     Checking symphonia-format-riff v0.5.5
[INFO] [stderr]     Checking symphonia-bundle-mp3 v0.5.5
[INFO] [stderr]     Checking symphonia-format-ogg v0.5.5
[INFO] [stderr]     Checking symphonia-format-mkv v0.5.5
[INFO] [stderr]     Checking symphonia-codec-vorbis v0.5.5
[INFO] [stderr]     Checking symphonia-format-isomp4 v0.5.5
[INFO] [stderr]     Checking symphonia-bundle-flac v0.5.5
[INFO] [stderr]     Checking unicode-truncate v1.1.0
[INFO] [stderr]     Checking generic-array v1.4.3
[INFO] [stderr]     Checking symphonia v0.5.5
[INFO] [stderr]    Compiling tempfile v3.27.0
[INFO] [stdout] error[E0493]: destructor of `ArrayBuilder<T, N>` cannot be evaluated at compile-time
[INFO] [stdout]    --> /opt/rustwide/cargo-home/registry/src/index.crates.io-1949cf8c6b5b557f/generic-array-1.4.3/src/internal.rs:103:31
[INFO] [stdout]     |
[INFO] [stdout] 103 |     pub unsafe fn assume_init(self) -> GenericArray<T, N> {
[INFO] [stdout]     |                               ^^^^ the destructor for this type cannot be evaluated in constant functions
[INFO] [stdout] ...
[INFO] [stdout] 109 |     }
[INFO] [stdout]     |     - value is dropped here
[INFO] [stdout] 
[INFO] [stdout] 
[INFO] [stdout] error[E0493]: destructor of `GenericArray<core::mem::MaybeUninit<*const T>, N>` cannot be evaluated at compile-time
[INFO] [stdout]    --> /opt/rustwide/cargo-home/registry/src/index.crates.io-1949cf8c6b5b557f/generic-array-1.4.3/src/lib.rs:970:13
[INFO] [stdout]     |
[INFO] [stdout] 970 |         let mut out: GenericArray<MaybeUninit<*const T>, N> = GenericArray::uninit();
[INFO] [stdout]     |             ^^^^^^^ the destructor for this type cannot be evaluated in constant functions
[INFO] [stdout] ...
[INFO] [stdout] 985 |     }
[INFO] [stdout]     |     - value is dropped here
[INFO] [stdout] 
[INFO] [stdout] 
[INFO] [stdout] error[E0493]: destructor of `GenericArray<core::mem::MaybeUninit<*mut T>, N>` cannot be evaluated at compile-time
[INFO] [stdout]     --> /opt/rustwide/cargo-home/registry/src/index.crates.io-1949cf8c6b5b557f/generic-array-1.4.3/src/lib.rs:1005:13
[INFO] [stdout]      |
[INFO] [stdout] 1005 |         let mut out: GenericArray<MaybeUninit<*mut T>, N> = GenericArray::uninit();
[INFO] [stdout]      |             ^^^^^^^ the destructor for this type cannot be evaluated in constant functions
[INFO] [stdout] ...
[INFO] [stdout] 1020 |     }
[INFO] [stdout]      |     - value is dropped here
[INFO] [stdout] 
[INFO] [stdout] 
[INFO] [stdout] For more information about this error, try `rustc --explain E0493`.
[INFO] [stdout] 
[INFO] [stderr] error: could not compile `generic-array` (lib) due to 3 previous errors
[INFO] [stderr] warning: build failed, waiting for other jobs to finish...
[INFO] running `Command { std: "docker" "inspect" "cdfe9375f37c07095658a66b7a4441c40a2cf895baf49f8fe1fd555d5e1b024e", kill_on_drop: false }`
[INFO] running `Command { std: "docker" "rm" "-f" "cdfe9375f37c07095658a66b7a4441c40a2cf895baf49f8fe1fd555d5e1b024e", kill_on_drop: false }`
[INFO] [stdout] cdfe9375f37c07095658a66b7a4441c40a2cf895baf49f8fe1fd555d5e1b024e
