[INFO] cloning repository https://github.com/jstanhope3/optra
[INFO] running `Command { std: "git" "-c" "credential.helper=" "-c" "credential.helper=/workspace/cargo-home/bin/git-credential-null" "clone" "--bare" "https://github.com/jstanhope3/optra" "/workspace/cache/git-repos/https%3A%2F%2Fgithub.com%2Fjstanhope3%2Foptra", kill_on_drop: false }`
[INFO] [stderr] Cloning into bare repository '/workspace/cache/git-repos/https%3A%2F%2Fgithub.com%2Fjstanhope3%2Foptra'...
[INFO] running `Command { std: "git" "rev-parse" "HEAD", kill_on_drop: false }`
[INFO] [stdout] c7a675ad9edc9be81aad0f12fa339823bab736c9
[INFO] checking jstanhope3/optra against c60b92c03ca8a3b101eb9d57f51e2232690638c7 for pr-164148-crater-rollup
[INFO] running `Command { std: "git" "clone" "/workspace/cache/git-repos/https%3A%2F%2Fgithub.com%2Fjstanhope3%2Foptra" "/workspace/builds/worker-0-tc2/source", kill_on_drop: false }`
[INFO] [stderr] Cloning into '/workspace/builds/worker-0-tc2/source'...
[INFO] [stderr] done.
[INFO] started tweaking git repo https://github.com/jstanhope3/optra
[INFO] finished tweaking git repo https://github.com/jstanhope3/optra
[INFO] tweaked toml for git repo https://github.com/jstanhope3/optra written to /workspace/builds/worker-0-tc2/source/Cargo.toml
[INFO] validating manifest of git repo https://github.com/jstanhope3/optra on toolchain c60b92c03ca8a3b101eb9d57f51e2232690638c7
[INFO] running `Command { std: CARGO_HOME="/workspace/cargo-home" RUSTUP_HOME="/workspace/rustup-home" "/workspace/cargo-home/bin/cargo" "+c60b92c03ca8a3b101eb9d57f51e2232690638c7" "metadata" "--manifest-path" "Cargo.toml" "--no-deps", kill_on_drop: false }`
[INFO] crate git repo https://github.com/jstanhope3/optra already has a lockfile, it will not be regenerated
[INFO] running `Command { std: CARGO_HOME="/workspace/cargo-home" RUSTUP_HOME="/workspace/rustup-home" "/workspace/cargo-home/bin/cargo" "+c60b92c03ca8a3b101eb9d57f51e2232690638c7" "fetch" "--manifest-path" "Cargo.toml", kill_on_drop: false }`
[INFO] running `Command { std: "docker" "create" "-v" "/var/lib/crater-agent-workspace/builds/worker-0-tc2/source:/opt/rustwide/workdir:ro,Z" "-v" "/var/lib/crater-agent-workspace/builds/worker-0-tc2/target:/opt/rustwide/target:rw,Z" "-v" "/var/lib/crater-agent-workspace/cargo-home:/opt/rustwide/cargo-home:ro,Z" "-v" "/var/lib/crater-agent-workspace/rustup-home:/opt/rustwide/rustup-home:ro,Z" "-m" "1610612736" "--network" "none" "ghcr.io/rust-lang/crates-build-env/linux@sha256:77db811e55d90add9212f6832c23229e3de5f1c1f9905e8cb07319ea15df73ac" "sleep" "infinity", kill_on_drop: false }`
[INFO] [stdout] 0afa3b9f6bf909b1cd7c7bf5c5acb17b3ebfcd242146d52a15ec91214ebabeb6
[INFO] running `Command { std: "docker" "start" "0afa3b9f6bf909b1cd7c7bf5c5acb17b3ebfcd242146d52a15ec91214ebabeb6", kill_on_drop: false }`
[INFO] running `Command { std: "docker" "inspect" "0afa3b9f6bf909b1cd7c7bf5c5acb17b3ebfcd242146d52a15ec91214ebabeb6", kill_on_drop: false }`
[INFO] running `Command { std: "docker" "exec" "-e" "SOURCE_DIR=/opt/rustwide/workdir" "-e" "CARGO_HOME=/opt/rustwide/cargo-home" "-e" "RUSTUP_HOME=/opt/rustwide/rustup-home" "-e" "CARGO_TARGET_DIR=/opt/rustwide/target" "-w" "/opt/rustwide/workdir" "--user" "0:0" "0afa3b9f6bf909b1cd7c7bf5c5acb17b3ebfcd242146d52a15ec91214ebabeb6" "/opt/rustwide/cargo-home/bin/cargo" "+c60b92c03ca8a3b101eb9d57f51e2232690638c7" "metadata" "--no-deps" "--format-version=1", kill_on_drop: false }`
[INFO] running `Command { std: "docker" "inspect" "0afa3b9f6bf909b1cd7c7bf5c5acb17b3ebfcd242146d52a15ec91214ebabeb6", kill_on_drop: false }`
[INFO] running `Command { std: "docker" "exec" "-e" "SOURCE_DIR=/opt/rustwide/workdir" "-e" "CARGO_HOME=/opt/rustwide/cargo-home" "-e" "RUSTUP_HOME=/opt/rustwide/rustup-home" "-e" "CARGO_TARGET_DIR=/opt/rustwide/target" "-e" "CARGO_INCREMENTAL=0" "-e" "RUST_BACKTRACE=full" "-e" "RUSTFLAGS=--cap-lints=forbid" "-e" "RUSTDOCFLAGS=--cap-lints=forbid" "-w" "/opt/rustwide/workdir" "--user" "0:0" "0afa3b9f6bf909b1cd7c7bf5c5acb17b3ebfcd242146d52a15ec91214ebabeb6" "/opt/rustwide/cargo-home/bin/cargo" "+c60b92c03ca8a3b101eb9d57f51e2232690638c7" "check" "--frozen" "--all" "--all-targets" "--message-format=json", kill_on_drop: false }`
[INFO] [stderr]     Checking subtle v2.6.1
[INFO] [stderr]    Compiling getrandom v0.4.3
[INFO] [stderr]    Compiling libc v0.2.189
[INFO] [stderr]     Checking cpubits v0.1.1
[INFO] [stderr]    Compiling zerocopy v0.8.40
[INFO] [stderr]    Compiling quote v1.0.44
[INFO] [stderr]     Checking bitflags v2.13.1
[INFO] [stderr]     Checking pem-rfc7468 v1.0.0
[INFO] [stderr]    Compiling wayland-sys v0.31.8
[INFO] [stderr]    Compiling quick-xml v0.38.4
[INFO] [stderr]    Compiling wayland-client v0.31.12
[INFO] [stderr]     Checking parking_lot_core v0.9.12
[INFO] [stderr]     Checking num-bigint v0.4.6
[INFO] [stderr]     Checking ctutils v0.4.2
[INFO] [stderr]     Checking ff v0.14.0
[INFO] [stderr]     Checking base16ct v1.0.0
[INFO] [stderr]     Checking tracing v0.1.44
[INFO] [stderr]     Checking hashbrown v0.16.1
[INFO] [stderr]    Compiling naga v27.0.3
[INFO] [stderr]     Checking der v0.8.1
[INFO] [stderr]     Checking rustix v1.1.4
[INFO] [stderr]    Compiling syn v2.0.117
[INFO] [stderr]     Checking hybrid-array v0.4.14
[INFO] [stderr]    Compiling syn v3.0.4
[INFO] [stderr]     Checking parking_lot v0.12.5
[INFO] [stderr]     Checking bit-vec v0.8.0
[INFO] [stderr]     Checking rustix v0.38.44
[INFO] [stderr]     Checking codespan-reporting v0.12.0
[INFO] [stderr]     Checking group v0.14.0
[INFO] [stderr]     Checking gpu-descriptor-types v0.2.0
[INFO] [stderr]     Checking spirv v0.3.0+sdk-1.3.268.0
[INFO] [stderr]     Checking gpu-alloc-types v0.3.0
[INFO] [stderr]    Compiling wgpu-hal v27.0.4
[INFO] [stderr]     Checking memmap2 v0.9.10
[INFO] [stderr]     Checking futures-channel v0.3.32
[INFO] [stderr]     Checking gpu-alloc v0.6.0
[INFO] [stderr]     Checking bit-set v0.8.0
[INFO] [stderr]     Checking gpu-descriptor v0.3.2
[INFO] [stderr]     Checking indexmap v2.13.0
[INFO] [stderr]    Compiling simd_helpers v0.1.0
[INFO] [stderr]    Compiling wayland-scanner v0.31.8
[INFO] [stderr]     Checking khronos-egl v6.0.0
[INFO] [stderr]     Checking ordered-float v4.6.0
[INFO] [stderr]    Compiling curve25519-dalek v5.0.0
[INFO] [stderr]    Compiling winit v0.30.12
[INFO] [stderr]    Compiling wgpu-core v27.0.3
[INFO] [stderr]     Checking mio v1.2.2
[INFO] [stderr]     Checking moxcms v0.7.11
[INFO] [stderr]     Checking png v0.18.1
[INFO] [stderr]     Checking x11-dl v2.21.0
[INFO] [stderr]     Checking xkbcommon-dl v0.4.2
[INFO] [stderr]    Compiling jobserver v0.1.34
[INFO] [stderr]    Compiling generic-array v0.14.9
[INFO] [stderr]    Compiling wgpu v27.0.1
[INFO] [stderr]    Compiling nix v0.31.3
[INFO] [stderr]     Checking keccak v0.2.2
[INFO] [stderr]     Checking regex-syntax v0.8.10
[INFO] [stderr]     Checking spki v0.8.0
[INFO] [stderr]     Checking crypto-common v0.2.2
[INFO] [stderr]     Checking block-buffer v0.12.1
[INFO] [stderr]     Checking block-padding v0.4.2
[INFO] [stderr]    Compiling cc v1.2.56
[INFO] [stderr]     Checking crypto-bigint v0.7.5
[INFO] [stderr]     Checking inout v0.2.2
[INFO] [stderr]     Checking num-rational v0.4.2
[INFO] [stderr]     Checking sec1 v0.8.1
[INFO] [stderr]     Checking wnaf v0.14.0
[INFO] [stderr]     Checking pkcs1 v0.8.0-rc.4
[INFO] [stderr]    Compiling aws-lc-rs v1.18.0
[INFO] [stderr]     Checking dirs-sys v0.5.0
[INFO] [stderr]     Checking type-map v0.5.1
[INFO] [stderr]     Checking module-lattice v0.2.3
[INFO] [stderr]    Compiling catppuccin-egui v5.7.0
[INFO] [stderr]     Checking hex v0.4.3
[INFO] [stderr]     Checking sponge-cursor v0.1.0
[INFO] [stderr]     Checking dashmap v6.2.1
[INFO] [stderr]     Checking digest v0.11.3
[INFO] [stderr]     Checking cipher v0.5.2
[INFO] [stderr]     Checking universal-hash v0.6.1
[INFO] [stderr]     Checking polyval v0.7.3
[INFO] [stderr]     Checking ghash v0.6.0
[INFO] [stderr]     Checking aead v0.6.1
[INFO] [stderr]     Checking hmac v0.13.0
[INFO] [stderr]     Checking sha2 v0.11.0
[INFO] [stderr]     Checking signature v3.0.0
[INFO] [stderr]     Checking blake2 v0.11.0
[INFO] [stderr]     Checking regex-automata v0.4.14
[INFO] [stderr]     Checking poly1305 v0.9.1
[INFO] [stderr]     Checking pbkdf2 v0.13.0
[INFO] [stderr]     Checking ctr v0.10.1
[INFO] [stderr]     Checking aes v0.9.3
[INFO] [stderr]     Checking salsa20 v0.11.0
[INFO] [stderr]     Checking cbc v0.2.1
[INFO] [stderr]     Checking hkdf v0.13.0
[INFO] [stderr]     Checking chacha20 v0.10.2
[INFO] [stderr]     Checking blowfish v0.10.0
[INFO] [stderr]     Checking argon2 v0.6.0
[INFO] [stderr]     Checking sha1 v0.11.0
[INFO] [stderr]     Checking sha3 v0.11.0
[INFO] [stderr]    Compiling cmake v0.1.58
[INFO] [stderr]     Checking kem v0.3.0
[INFO] [stderr]     Checking rand v0.10.2
[INFO] [stderr]     Checking sha3 v0.12.0
[INFO] [stderr]     Checking generic-array v1.4.5
[INFO] [stderr]     Checking aes-gcm v0.11.1
[INFO] [stderr]     Checking ml-kem v0.3.2
[INFO] [stderr]     Checking scrypt v0.12.0
[INFO] [stderr]     Checking bcrypt-pbkdf v0.11.0
[INFO] [stderr]     Checking chrono v0.4.45
[INFO] [stderr]     Checking pkcs5 v0.8.1
[INFO] [stderr]     Checking anstream v0.6.21
[INFO] [stderr]     Checking directories v6.0.0
[INFO] [stderr]     Checking serde_bytes v0.11.19
[INFO] [stdout] error[E0493]: destructor of `ArrayBuilder<T, N>` cannot be evaluated at compile-time
[INFO] [stdout]    --> /opt/rustwide/cargo-home/registry/src/index.crates.io-1949cf8c6b5b557f/generic-array-1.4.5/src/internal.rs:103:31
[INFO] [stdout]     |
[INFO] [stdout] 103 |     pub unsafe fn assume_init(self) -> GenericArray<T, N> {
[INFO] [stdout]     |                               ^^^^ the destructor for this type cannot be evaluated in constant functions
[INFO] [stdout] ...
[INFO] [stdout] 109 |     }
[INFO] [stdout]     |     - value is dropped here
[INFO] [stdout] 
[INFO] [stdout] 
[INFO] [stderr] error: could not compile `rustix` (lib)
[INFO] [stderr] 
[INFO] [stderr] Caused by:
[INFO] [stderr]   process didn't exit successfully: `/opt/rustwide/rustup-home/toolchains/c60b92c03ca8a3b101eb9d57f51e2232690638c7/bin/rustc --crate-name rustix --edition=2021 /opt/rustwide/cargo-home/registry/src/index.crates.io-1949cf8c6b5b557f/rustix-0.38.44/src/lib.rs --error-format=json --json=diagnostic-rendered-ansi,artifacts,future-incompat,unused-externs-silent --crate-type lib --emit=dep-info,metadata -C embed-bitcode=no -C debuginfo=2 --cfg 'feature="alloc"' --cfg 'feature="default"' --cfg 'feature="event"' --cfg 'feature="fs"' --cfg 'feature="libc-extra-traits"' --cfg 'feature="pipe"' --cfg 'feature="process"' --cfg 'feature="shm"' --cfg 'feature="std"' --cfg 'feature="system"' --cfg 'feature="thread"' --cfg 'feature="use-libc-auxv"' --check-cfg 'cfg(docsrs,test)' --check-cfg 'cfg(feature, values("all-apis", "alloc", "cc", "compiler_builtins", "core", "default", "event", "fs", "io_uring", "itoa", "libc", "libc-extra-traits", "libc_errno", "linux_4_11", "linux_latest", "mm", "mount", "net", "once_cell", "param", "pipe", "process", "procfs", "pty", "rand", "runtime", "rustc-dep-of-std", "rustc-std-workspace-alloc", "shm", "std", "stdio", "system", "termios", "thread", "time", "try_close", "use-explicitly-provided-auxv", "use-libc", "use-libc-auxv"))' -C metadata=4c377aaad30161df -C extra-filename=-14cdc2852afc07ab --out-dir /opt/rustwide/target/debug/build/rustix/14cdc2852afc07ab/out -L dependency=/opt/rustwide/target/debug/build/serde_core/f93df072facdd6a4/out --extern bitflags=/opt/rustwide/target/debug/build/bitflags/cb154ffda2b08750/out/libbitflags-cb154ffda2b08750.rmeta --extern linux_raw_sys=/opt/rustwide/target/debug/build/linux-raw-sys/9692f5d5f45da725/out/liblinux_raw_sys-9692f5d5f45da725.rmeta --cap-lints allow --cap-lints=forbid --force-warn=unused_crate_dependencies --cfg linux_raw --cfg linux_like --cfg linux_kernel` (signal: 9, SIGKILL: kill)
[INFO] [stderr] warning: build failed, waiting for other jobs to finish...
[INFO] [stdout] error[E0493]: destructor of `GenericArray<core::mem::MaybeUninit<*const T>, N>` cannot be evaluated at compile-time
[INFO] [stdout]    --> /opt/rustwide/cargo-home/registry/src/index.crates.io-1949cf8c6b5b557f/generic-array-1.4.5/src/lib.rs:983:13
[INFO] [stdout]     |
[INFO] [stdout] 983 |         let mut out: GenericArray<MaybeUninit<*const T>, N> = GenericArray::uninit();
[INFO] [stdout]     |             ^^^^^^^ the destructor for this type cannot be evaluated in constant functions
[INFO] [stdout] ...
[INFO] [stdout] 998 |     }
[INFO] [stdout]     |     - value is dropped here
[INFO] [stdout] 
[INFO] [stdout] 
[INFO] [stdout] error[E0493]: destructor of `GenericArray<core::mem::MaybeUninit<*mut T>, N>` cannot be evaluated at compile-time
[INFO] [stdout]     --> /opt/rustwide/cargo-home/registry/src/index.crates.io-1949cf8c6b5b557f/generic-array-1.4.5/src/lib.rs:1018:13
[INFO] [stdout]      |
[INFO] [stdout] 1018 |         let mut out: GenericArray<MaybeUninit<*mut T>, N> = GenericArray::uninit();
[INFO] [stdout]      |             ^^^^^^^ the destructor for this type cannot be evaluated in constant functions
[INFO] [stdout] ...
[INFO] [stdout] 1033 |     }
[INFO] [stdout]      |     - value is dropped here
[INFO] [stdout] 
[INFO] [stdout] 
[INFO] [stdout] For more information about this error, try `rustc --explain E0493`.
[INFO] [stdout] 
[INFO] [stderr] error: could not compile `generic-array` (lib) due to 3 previous errors
[INFO] running `Command { std: "docker" "inspect" "0afa3b9f6bf909b1cd7c7bf5c5acb17b3ebfcd242146d52a15ec91214ebabeb6", kill_on_drop: false }`
[INFO] running `Command { std: "docker" "rm" "-f" "0afa3b9f6bf909b1cd7c7bf5c5acb17b3ebfcd242146d52a15ec91214ebabeb6", kill_on_drop: false }`
[INFO] [stdout] 0afa3b9f6bf909b1cd7c7bf5c5acb17b3ebfcd242146d52a15ec91214ebabeb6
