[INFO] cloning repository https://github.com/jsprague84/svrctlrs
[INFO] running `Command { std: "git" "-c" "credential.helper=" "-c" "credential.helper=/workspace/cargo-home/bin/git-credential-null" "clone" "--bare" "https://github.com/jsprague84/svrctlrs" "/workspace/cache/git-repos/https%3A%2F%2Fgithub.com%2Fjsprague84%2Fsvrctlrs", kill_on_drop: false }`
[INFO] [stderr] Cloning into bare repository '/workspace/cache/git-repos/https%3A%2F%2Fgithub.com%2Fjsprague84%2Fsvrctlrs'...
[INFO] running `Command { std: "git" "rev-parse" "HEAD", kill_on_drop: false }`
[INFO] [stdout] 1cd2c6ff93649e760a62b6bad0fb992a161fb434
[INFO] checking jsprague84/svrctlrs against c60b92c03ca8a3b101eb9d57f51e2232690638c7 for pr-164148-crater-rollup
[INFO] running `Command { std: "git" "clone" "/workspace/cache/git-repos/https%3A%2F%2Fgithub.com%2Fjsprague84%2Fsvrctlrs" "/workspace/builds/worker-7-tc2/source", kill_on_drop: false }`
[INFO] [stderr] Cloning into '/workspace/builds/worker-7-tc2/source'...
[INFO] [stderr] done.
[INFO] removed /workspace/builds/worker-7-tc2/source/.cargo/config.toml
[INFO] started tweaking git repo https://github.com/jsprague84/svrctlrs
[INFO] finished tweaking git repo https://github.com/jsprague84/svrctlrs
[INFO] tweaked toml for git repo https://github.com/jsprague84/svrctlrs written to /workspace/builds/worker-7-tc2/source/Cargo.toml
[INFO] validating manifest of git repo https://github.com/jsprague84/svrctlrs on toolchain c60b92c03ca8a3b101eb9d57f51e2232690638c7
[INFO] running `Command { std: CARGO_HOME="/workspace/cargo-home" RUSTUP_HOME="/workspace/rustup-home" "/workspace/cargo-home/bin/cargo" "+c60b92c03ca8a3b101eb9d57f51e2232690638c7" "metadata" "--manifest-path" "Cargo.toml" "--no-deps", kill_on_drop: false }`
[INFO] crate git repo https://github.com/jsprague84/svrctlrs already has a lockfile, it will not be regenerated
[INFO] running `Command { std: CARGO_HOME="/workspace/cargo-home" RUSTUP_HOME="/workspace/rustup-home" "/workspace/cargo-home/bin/cargo" "+c60b92c03ca8a3b101eb9d57f51e2232690638c7" "fetch" "--manifest-path" "Cargo.toml", kill_on_drop: false }`
[INFO] [stderr] warning: unused field `repository` in `workspace.package`
[INFO] [stderr]   --> Cargo.toml:70:1
[INFO] [stderr]    |
[INFO] [stderr] 70 | repository = "https://git.js-node.cc/jsprague/svrctlrs"
[INFO] [stderr]    | ^^^^^^^^^^
[INFO] [stderr]    |
[INFO] [stderr]    = note: `cargo::unused_workspace_package_fields` is set to `warn` by default
[INFO] [stderr] help: consider removing the field `workspace.package.repository`
[INFO] [stderr] warning: workspace (manifest) generated 1 warning
[INFO] running `Command { std: "docker" "create" "-v" "/var/lib/crater-agent-workspace/builds/worker-7-tc2/source:/opt/rustwide/workdir:ro,Z" "-v" "/var/lib/crater-agent-workspace/builds/worker-7-tc2/target:/opt/rustwide/target:rw,Z" "-v" "/var/lib/crater-agent-workspace/cargo-home:/opt/rustwide/cargo-home:ro,Z" "-v" "/var/lib/crater-agent-workspace/rustup-home:/opt/rustwide/rustup-home:ro,Z" "-m" "1610612736" "--network" "none" "ghcr.io/rust-lang/crates-build-env/linux@sha256:77db811e55d90add9212f6832c23229e3de5f1c1f9905e8cb07319ea15df73ac" "sleep" "infinity", kill_on_drop: false }`
[INFO] [stdout] 5cbb539ad8bbcffd992cd61d71c4a3f1c8c8c1c150c7be17228e504c106446e2
[INFO] running `Command { std: "docker" "start" "5cbb539ad8bbcffd992cd61d71c4a3f1c8c8c1c150c7be17228e504c106446e2", kill_on_drop: false }`
[INFO] running `Command { std: "docker" "inspect" "5cbb539ad8bbcffd992cd61d71c4a3f1c8c8c1c150c7be17228e504c106446e2", kill_on_drop: false }`
[INFO] running `Command { std: "docker" "exec" "-e" "SOURCE_DIR=/opt/rustwide/workdir" "-e" "CARGO_HOME=/opt/rustwide/cargo-home" "-e" "RUSTUP_HOME=/opt/rustwide/rustup-home" "-e" "CARGO_TARGET_DIR=/opt/rustwide/target" "-w" "/opt/rustwide/workdir" "--user" "0:0" "5cbb539ad8bbcffd992cd61d71c4a3f1c8c8c1c150c7be17228e504c106446e2" "/opt/rustwide/cargo-home/bin/cargo" "+c60b92c03ca8a3b101eb9d57f51e2232690638c7" "metadata" "--no-deps" "--format-version=1", kill_on_drop: false }`
[INFO] running `Command { std: "docker" "inspect" "5cbb539ad8bbcffd992cd61d71c4a3f1c8c8c1c150c7be17228e504c106446e2", kill_on_drop: false }`
[INFO] running `Command { std: "docker" "exec" "-e" "SOURCE_DIR=/opt/rustwide/workdir" "-e" "CARGO_HOME=/opt/rustwide/cargo-home" "-e" "RUSTUP_HOME=/opt/rustwide/rustup-home" "-e" "CARGO_TARGET_DIR=/opt/rustwide/target" "-e" "CARGO_INCREMENTAL=0" "-e" "RUST_BACKTRACE=full" "-e" "RUSTFLAGS=--cap-lints=forbid" "-e" "RUSTDOCFLAGS=--cap-lints=forbid" "-w" "/opt/rustwide/workdir" "--user" "0:0" "5cbb539ad8bbcffd992cd61d71c4a3f1c8c8c1c150c7be17228e504c106446e2" "/opt/rustwide/cargo-home/bin/cargo" "+c60b92c03ca8a3b101eb9d57f51e2232690638c7" "check" "--frozen" "--all" "--all-targets" "--message-format=json", kill_on_drop: false }`
[INFO] [stderr] warning: unused field `repository` in `workspace.package`
[INFO] [stderr]   --> Cargo.toml:70:1
[INFO] [stderr]    |
[INFO] [stderr] 70 | repository = "https://git.js-node.cc/jsprague/svrctlrs"
[INFO] [stderr]    | ^^^^^^^^^^
[INFO] [stderr]    |
[INFO] [stderr]    = note: `cargo::unused_workspace_package_fields` is set to `warn` by default
[INFO] [stderr] help: consider removing the field `workspace.package.repository`
[INFO] [stderr] warning: workspace (manifest) generated 1 warning
[INFO] [stderr]    Compiling libc v0.2.190
[INFO] [stderr]    Compiling proc-macro2 v1.0.103
[INFO] [stderr]    Compiling unicode-ident v1.0.22
[INFO] [stderr]    Compiling quote v1.0.42
[INFO] [stderr]     Checking subtle v2.6.1
[INFO] [stderr]     Checking cmov v0.5.4
[INFO] [stderr]    Compiling serde_core v1.0.229
[INFO] [stderr]     Checking rand_core v0.10.1
[INFO] [stderr]    Compiling getrandom v0.4.3
[INFO] [stderr]    Compiling serde v1.0.229
[INFO] [stderr]    Compiling num-traits v0.2.19
[INFO] [stderr]    Compiling find-msvc-tools v0.1.5
[INFO] [stderr]     Checking ctutils v0.4.2
[INFO] [stderr]     Checking generic-array v0.14.7
[INFO] [stderr]     Checking memchr v2.7.6
[INFO] [stderr]     Checking hybrid-array v0.4.15
[INFO] [stderr]     Checking base64ct v1.8.0
[INFO] [stderr]    Compiling syn v2.0.111
[INFO] [stderr]    Compiling syn v3.0.6
[INFO] [stderr]     Checking futures-channel v0.3.31
[INFO] [stderr]     Checking itoa v1.0.15
[INFO] [stderr]     Checking cpubits v0.1.1
[INFO] [stderr]     Checking futures-io v0.3.31
[INFO] [stderr]    Compiling icu_properties_data v2.1.1
[INFO] [stderr]     Checking tracing-core v0.1.34
[INFO] [stderr]     Checking pem-rfc7468 v1.0.0
[INFO] [stderr]    Compiling stable_deref_trait v1.2.1
[INFO] [stderr]    Compiling serde_json v1.0.145
[INFO] [stderr]     Checking block-buffer v0.12.1
[INFO] [stderr]     Checking block-padding v0.4.2
[INFO] [stderr]     Checking http v1.3.1
[INFO] [stderr]     Checking inout v0.2.2
[INFO] [stderr]     Checking der v0.8.2
[INFO] [stderr]    Compiling zerocopy v0.8.28
[INFO] [stderr]    Compiling num-conv v0.2.2
[INFO] [stderr]    Compiling jobserver v0.1.35
[INFO] [stderr]    Compiling time-core v0.1.9
[INFO] [stderr]    Compiling cc v1.2.47
[INFO] [stderr]     Checking getrandom v0.2.16
[INFO] [stderr]     Checking crypto-common v0.2.2
[INFO] [stderr]     Checking parking_lot_core v0.9.12
[INFO] [stderr]     Checking rand_core v0.6.4
[INFO] [stderr]     Checking signal-hook-registry v1.4.7
[INFO] [stderr]     Checking mio v1.2.4
[INFO] [stderr]     Checking socket2 v0.6.5
[INFO] [stderr]     Checking crypto-common v0.1.7
[INFO] [stderr]     Checking crypto-bigint v0.7.5
[INFO] [stderr]     Checking http-body v1.0.1
[INFO] [stderr]    Compiling time-macros v0.2.32
[INFO] [stderr]     Checking digest v0.11.3
[INFO] [stderr]     Checking cipher v0.5.2
[INFO] [stderr]     Checking universal-hash v0.6.1
[INFO] [stderr]     Checking hmac v0.13.0
[INFO] [stderr]     Checking polyval v0.7.3
[INFO] [stderr]     Checking pbkdf2 v0.13.0
[INFO] [stderr]     Checking ghash v0.6.0
[INFO] [stderr]     Checking sha2 v0.11.0
[INFO] [stderr]     Checking aead v0.6.1
[INFO] [stderr]     Checking aes v0.9.3
[INFO] [stderr]     Checking ctr v0.10.1
[INFO] [stderr]     Checking salsa20 v0.11.0
[INFO] [stderr]     Checking aes-gcm v0.11.1
[INFO] [stderr]     Checking spki v0.8.0
[INFO] [stderr]     Checking block-buffer v0.10.4
[INFO] [stderr]     Checking ryu v1.0.20
[INFO] [stderr]     Checking scrypt v0.12.0
[INFO] [stderr]     Checking cbc v0.2.1
[INFO] [stderr]     Checking digest v0.10.7
[INFO] [stderr]    Compiling litemap v0.8.1
[INFO] [stderr]    Compiling writeable v0.6.2
[INFO] [stderr]    Compiling smallvec v1.15.1
[INFO] [stderr]     Checking pkcs5 v0.8.1
[INFO] [stderr]    Compiling ring v0.17.14
[INFO] [stderr]     Checking bitflags v2.13.2
[INFO] [stderr]     Checking sync_wrapper v1.0.2
[INFO] [stderr]    Compiling once_cell v1.21.4
[INFO] [stderr]     Checking pkcs8 v0.11.0
[INFO] [stderr]     Checking http-body-util v0.1.3
[INFO] [stderr]     Checking ff v0.14.0
[INFO] [stderr]    Compiling typenum v1.20.1
[INFO] [stderr]    Compiling crossbeam-utils v0.8.21
[INFO] [stderr]    Compiling synstructure v0.13.2
[INFO] [stderr]     Checking ppv-lite86 v0.2.21
[INFO] [stderr]    Compiling serde_derive v1.0.229
[INFO] [stderr]    Compiling tokio-macros v2.7.2
[INFO] [stderr]    Compiling thiserror-impl v2.0.21
[INFO] [stderr]     Checking simd-adler32 v0.3.7
[INFO] [stderr]     Checking miniz_oxide v0.8.9
[INFO] [stderr]     Checking deranged v0.5.8
[INFO] [stderr]    Compiling icu_normalizer_data v2.1.1
[INFO] [stderr]     Checking thiserror v2.0.21
[INFO] [stderr]    Compiling futures-sink v0.3.31
[INFO] [stderr]    Compiling libsqlite3-sys v0.30.1
[INFO] [stderr]     Checking flate2 v1.1.5
[INFO] [stderr]    Compiling zerofrom-derive v0.1.6
[INFO] [stderr]    Compiling yoke-derive v0.8.1
[INFO] [stderr]    Compiling zerovec-derive v0.11.2
[INFO] [stderr]    Compiling displaydoc v0.2.5
[INFO] [stderr]    Compiling futures-macro v0.3.31
[INFO] [stderr]    Compiling tracing-attributes v0.1.30
[INFO] [stderr]     Checking time v0.3.55
[INFO] [stderr]     Checking zerofrom v0.1.6
[INFO] [stderr]     Checking group v0.14.0
[INFO] [stderr]    Compiling yoke v0.8.1
[INFO] [stderr]     Checking signature v3.0.0
[INFO] [stderr]    Compiling zerovec v0.11.5
[INFO] [stderr]     Checking futures-util v0.3.31
[INFO] [stderr]     Checking zerotrie v0.2.3
[INFO] [stderr]     Checking iana-time-zone v0.1.64
[INFO] [stderr]     Checking base16ct v1.0.0
[INFO] [stderr]     Checking tracing v0.1.41
[INFO] [stderr]    Compiling tinystr v0.8.2
[INFO] [stderr]    Compiling potential_utf v0.1.4
[INFO] [stderr]    Compiling icu_locale_core v2.1.1
[INFO] [stderr]    Compiling icu_collections v2.1.1
[INFO] [stderr]     Checking lock_api v0.4.14
[INFO] [stderr]     Checking chrono v0.4.45
[INFO] [stderr]     Checking parking_lot v0.12.5
[INFO] [stderr]     Checking tokio v1.53.2
[INFO] [stderr]    Compiling icu_provider v2.1.1
[INFO] [stderr]     Checking sec1 v0.8.1
[INFO] [stderr]    Compiling form_urlencoded v1.2.2
[INFO] [stderr]    Compiling icu_normalizer v2.1.1
[INFO] [stderr]     Checking icu_properties v2.1.1
[INFO] [stderr]     Checking hkdf v0.13.0
[INFO] [stderr]     Checking idna_adapter v1.2.1
[INFO] [stderr]     Checking idna v1.1.0
[INFO] [stderr]     Checking rustls-pki-types v1.13.0
[INFO] [stderr]    Compiling bytes v1.12.1
[INFO] [stderr]    Compiling foldhash v0.1.5
[INFO] [stderr]    Compiling slab v0.4.11
[INFO] [stderr]    Compiling allocator-api2 v0.2.21
[INFO] [stderr]     Checking url v2.5.7
[INFO] [stderr]    Compiling hashbrown v0.15.5
[INFO] [stderr]     Checking elliptic-curve v0.14.1
[INFO] [stderr]     Checking futures-executor v0.3.31
[INFO] [stderr]     Checking serde_urlencoded v0.7.1
[INFO] [stderr]    Compiling concurrent-queue v2.5.0
[INFO] [stderr]     Checking primefield v0.14.0
[INFO] [stderr]     Checking rand_chacha v0.3.1
[INFO] [stderr]    Compiling parking v2.2.1
[INFO] [stderr]    Compiling crc-catalog v2.4.0
[INFO] [stderr]    Compiling semver v1.0.27
[INFO] [stderr]    Compiling log v0.4.34
[INFO] [stderr]    Compiling cpufeatures v0.2.17
[INFO] [stderr]    Compiling indexmap v2.12.1
[INFO] [stderr]    Compiling sha2 v0.10.9
[INFO] [stderr]    Compiling rustc_version v0.4.1
[INFO] [stderr]    Compiling rustls v0.23.45
[INFO] [stderr]     Checking rand v0.8.5
[INFO] [stderr]    Compiling crc v3.3.0
[INFO] [stderr]    Compiling mime_guess v2.0.5
[INFO] [stderr]    Compiling event-listener v5.4.1
[INFO] [stderr]    Compiling hashlink v0.10.0
[INFO] [stderr]     Checking wnaf v0.14.1
[INFO] [stderr]    Compiling futures-intrusive v0.5.0
[INFO] [stderr]     Checking rustls-webpki v0.103.15
[INFO] [stderr]    Compiling either v1.15.0
[INFO] [stderr]    Compiling crossbeam-queue v0.3.12
[INFO] [stderr]    Compiling spin v0.9.8
[INFO] [stderr]     Checking rfc6979 v0.6.0
[INFO] [stderr]     Checking chacha20 v0.10.2
[INFO] [stderr]     Checking inout v0.1.4
[INFO] [stderr]    Compiling base64 v0.22.1
[INFO] [stderr]     Checking ipnet v2.11.0
[INFO] [stderr]     Checking compression-core v0.4.31
[INFO] [stderr]     Checking compression-codecs v0.4.33
[INFO] [stderr]     Checking cipher v0.4.4
[INFO] [stderr]    Compiling flume v0.11.1
[INFO] [stderr]     Checking ecdsa v0.17.0
[INFO] [stderr]     Checking primeorder v0.14.0
[INFO] [stderr]     Checking getrandom v0.3.4
[INFO] [stderr]    Compiling curve25519-dalek v5.0.0
[INFO] [stderr]     Checking futures v0.3.31
[INFO] [stderr]    Compiling atoi v2.0.0
[INFO] [stderr]     Checking universal-hash v0.5.1
[INFO] [stderr]     Checking opaque-debug v0.3.1
[INFO] [stderr]     Checking polyval v0.6.2
[INFO] [stderr]    Compiling nix v0.31.3
[INFO] [stderr]     Checking webpki-roots v1.0.4
[INFO] [stderr]     Checking axum-core v0.5.5
[INFO] [stderr]    Compiling thiserror-impl v1.0.69
[INFO] [stderr]    Compiling curve25519-dalek-derive v0.1.1
[INFO] [stderr]     Checking hyper v1.8.1
[INFO] [stderr]     Checking tokio-util v0.7.19
[INFO] [stderr]     Checking tower v0.5.2
[INFO] [stderr]     Checking tokio-stream v0.1.17
[INFO] [stderr]     Checking hyper-util v0.1.18
[INFO] [stderr]     Checking async-compression v0.4.34
[INFO] [stderr]     Checking ssh-encoding v0.3.0
[INFO] [stderr]    Compiling sqlx-core v0.8.6
[INFO] [stderr]    Compiling cmake v0.1.58
[INFO] [stderr]     Checking num-integer v0.1.46
[INFO] [stderr]     Checking keccak v0.2.2
[INFO] [stderr]     Checking data-encoding v2.9.0
[INFO] [stderr]     Checking http-range-header v0.4.2
[INFO] [stderr]     Checking iri-string v0.7.9
[INFO] [stderr]    Compiling dotenvy v0.15.7
[INFO] [stderr]    Compiling anyhow v1.0.100
[INFO] [stderr]    Compiling hex v0.4.3
[INFO] [stderr]    Compiling aws-lc-sys v0.45.0
[INFO] [stderr]     Checking tokio-rustls v0.26.4
[INFO] [stderr]     Checking thiserror v1.0.69
[INFO] [stderr]     Checking ghash v0.5.1
[INFO] [stderr]     Checking hyper-rustls v0.27.7
[INFO] [stderr]     Checking rand_core v0.9.3
[INFO] [stderr]     Checking aes v0.8.4
[INFO] [stderr]     Checking ctr v0.9.2
[INFO] [stderr]     Checking rand v0.10.3
[INFO] [stderr]     Checking blowfish v0.10.0
[INFO] [stderr]     Checking ed25519 v3.0.0
[INFO] [stderr]     Checking crypto-primes v0.7.2
[INFO] [stderr]     Checking blake2 v0.10.6
[INFO] [stderr]     Checking pkcs1 v0.8.0-rc.4
[INFO] [stderr]     Checking poly1305 v0.9.1
[INFO] [stderr]     Checking blake2 v0.11.0
[INFO] [stderr]     Checking aead v0.5.2
[INFO] [stderr]     Checking password-hash v0.5.0
[INFO] [stderr]     Checking aes-gcm v0.10.3
[INFO] [stderr]     Checking ssh-cipher v0.3.0
[INFO] [stderr]     Checking tower-http v0.6.6
[INFO] [stderr]     Checking argon2 v0.6.0
[INFO] [stderr]     Checking ed25519-dalek v3.0.0
[INFO] [stderr]     Checking bcrypt-pbkdf v0.11.0
[INFO] [stderr]     Checking argon2 v0.5.3
[INFO] [stderr]     Checking rand_chacha v0.9.0
[INFO] [stderr]     Checking sha3 v0.11.0
[INFO] [stderr]     Checking p256 v0.14.0
[INFO] [stderr]     Checking p521 v0.14.0
[INFO] [stderr]    Compiling sqlx-sqlite v0.8.6
[INFO] [stderr]     Checking reqwest v0.12.24
[INFO] [stderr]     Checking rsa v0.10.0-rc.18
[INFO] [stderr]     Checking p384 v0.14.0
[INFO] [stderr]    Compiling async-trait v0.1.89
[INFO] [stderr]     Checking sha1 v0.11.0
[INFO] [stderr]     Checking kem v0.3.0
[INFO] [stderr]     Checking module-lattice v0.2.3
[INFO] [stderr]     Checking sponge-cursor v0.1.0
[INFO] [stderr]     Checking ml-kem v0.3.2
[INFO] [stderr]     Checking sha3 v0.12.0
[INFO] [stderr]     Checking russh-cryptovec v0.62.0
[INFO] [stderr]    Compiling sqlx-macros-core v0.8.6
[INFO] [stderr]     Checking generic-array v1.4.5
[INFO] [stderr]     Checking tower-sessions-core v0.14.0
[INFO] [stderr]     Checking rand v0.9.2
[INFO] [stdout] error[E0493]: destructor of `ArrayBuilder<T, N>` cannot be evaluated at compile-time
[INFO] [stdout]    --> /opt/rustwide/cargo-home/registry/src/index.crates.io-1949cf8c6b5b557f/generic-array-1.4.5/src/internal.rs:103:31
[INFO] [stdout]     |
[INFO] [stdout] 103 |     pub unsafe fn assume_init(self) -> GenericArray<T, N> {
[INFO] [stdout]     |                               ^^^^ the destructor for this type cannot be evaluated in constant functions
[INFO] [stdout] ...
[INFO] [stdout] 109 |     }
[INFO] [stdout]     |     - value is dropped here
[INFO] [stdout] 
[INFO] [stdout] 
[INFO] [stdout] error[E0493]: destructor of `GenericArray<core::mem::MaybeUninit<*const T>, N>` cannot be evaluated at compile-time
[INFO] [stdout]    --> /opt/rustwide/cargo-home/registry/src/index.crates.io-1949cf8c6b5b557f/generic-array-1.4.5/src/lib.rs:983:13
[INFO] [stdout]     |
[INFO] [stdout] 983 |         let mut out: GenericArray<MaybeUninit<*const T>, N> = GenericArray::uninit();
[INFO] [stdout]     |             ^^^^^^^ the destructor for this type cannot be evaluated in constant functions
[INFO] [stdout] ...
[INFO] [stdout] 998 |     }
[INFO] [stdout]     |     - value is dropped here
[INFO] [stdout] 
[INFO] [stdout] 
[INFO] [stdout] error[E0493]: destructor of `GenericArray<core::mem::MaybeUninit<*mut T>, N>` cannot be evaluated at compile-time
[INFO] [stdout]     --> /opt/rustwide/cargo-home/registry/src/index.crates.io-1949cf8c6b5b557f/generic-array-1.4.5/src/lib.rs:1018:13
[INFO] [stdout]      |
[INFO] [stdout] 1018 |         let mut out: GenericArray<MaybeUninit<*mut T>, N> = GenericArray::uninit();
[INFO] [stdout]      |             ^^^^^^^ the destructor for this type cannot be evaluated in constant functions
[INFO] [stdout] ...
[INFO] [stdout] 1033 |     }
[INFO] [stdout]      |     - value is dropped here
[INFO] [stdout] 
[INFO] [stdout] 
[INFO] [stdout] For more information about this error, try `rustc --explain E0493`.
[INFO] [stdout] 
[INFO] [stderr] error: could not compile `generic-array` (lib) due to 3 previous errors
[INFO] [stderr] warning: build failed, waiting for other jobs to finish...
[INFO] running `Command { std: "docker" "inspect" "5cbb539ad8bbcffd992cd61d71c4a3f1c8c8c1c150c7be17228e504c106446e2", kill_on_drop: false }`
[INFO] running `Command { std: "docker" "rm" "-f" "5cbb539ad8bbcffd992cd61d71c4a3f1c8c8c1c150c7be17228e504c106446e2", kill_on_drop: false }`
[INFO] [stdout] 5cbb539ad8bbcffd992cd61d71c4a3f1c8c8c1c150c7be17228e504c106446e2
