[INFO] cloning repository https://github.com/itsmedit/grenat
[INFO] running `Command { std: "git" "-c" "credential.helper=" "-c" "credential.helper=/workspace/cargo-home/bin/git-credential-null" "clone" "--bare" "https://github.com/itsmedit/grenat" "/workspace/cache/git-repos/https%3A%2F%2Fgithub.com%2Fitsmedit%2Fgrenat", kill_on_drop: false }`
[INFO] [stderr] Cloning into bare repository '/workspace/cache/git-repos/https%3A%2F%2Fgithub.com%2Fitsmedit%2Fgrenat'...
[INFO] running `Command { std: "git" "rev-parse" "HEAD", kill_on_drop: false }`
[INFO] [stdout] 485e2837961fb0f459db6a1bb9ee868c5cb369a1
[INFO] checking itsmedit/grenat against c60b92c03ca8a3b101eb9d57f51e2232690638c7 for pr-164148-crater-rollup
[INFO] running `Command { std: "git" "clone" "/workspace/cache/git-repos/https%3A%2F%2Fgithub.com%2Fitsmedit%2Fgrenat" "/workspace/builds/worker-2-tc2/source", kill_on_drop: false }`
[INFO] [stderr] Cloning into '/workspace/builds/worker-2-tc2/source'...
[INFO] [stderr] done.
[INFO] started tweaking git repo https://github.com/itsmedit/grenat
[INFO] finished tweaking git repo https://github.com/itsmedit/grenat
[INFO] tweaked toml for git repo https://github.com/itsmedit/grenat written to /workspace/builds/worker-2-tc2/source/Cargo.toml
[INFO] validating manifest of git repo https://github.com/itsmedit/grenat on toolchain c60b92c03ca8a3b101eb9d57f51e2232690638c7
[INFO] running `Command { std: CARGO_HOME="/workspace/cargo-home" RUSTUP_HOME="/workspace/rustup-home" "/workspace/cargo-home/bin/cargo" "+c60b92c03ca8a3b101eb9d57f51e2232690638c7" "metadata" "--manifest-path" "Cargo.toml" "--no-deps", kill_on_drop: false }`
[INFO] crate git repo https://github.com/itsmedit/grenat already has a lockfile, it will not be regenerated
[INFO] running `Command { std: CARGO_HOME="/workspace/cargo-home" RUSTUP_HOME="/workspace/rustup-home" "/workspace/cargo-home/bin/cargo" "+c60b92c03ca8a3b101eb9d57f51e2232690638c7" "fetch" "--manifest-path" "Cargo.toml", kill_on_drop: false }`
[INFO] [stderr] warning: unused workspace dependency `grenat_host`
[INFO] [stderr]   --> Cargo.toml:48:25
[INFO] [stderr]    |
[INFO] [stderr] 48 | [workspace.dependencies.grenat_host]
[INFO] [stderr]    |                         ^^^^^^^^^^^
[INFO] [stderr]    |
[INFO] [stderr]    = note: `cargo::unused_workspace_dependencies` is set to `warn` by default
[INFO] [stderr] help: consider removing the workspace dependency `grenat_host`
[INFO] [stderr] warning: unused workspace dependency `grenat_setter`
[INFO] [stderr]   --> Cargo.toml:96:25
[INFO] [stderr]    |
[INFO] [stderr] 96 | [workspace.dependencies.grenat_setter]
[INFO] [stderr]    |                         ^^^^^^^^^^^^^
[INFO] [stderr]    |
[INFO] [stderr] help: consider removing the workspace dependency `grenat_setter`
[INFO] [stderr] warning: unused workspace dependency `grenat_standalone`
[INFO] [stderr]    --> Cargo.toml:102:25
[INFO] [stderr]     |
[INFO] [stderr] 102 | [workspace.dependencies.grenat_standalone]
[INFO] [stderr]     |                         ^^^^^^^^^^^^^^^^^
[INFO] [stderr]     |
[INFO] [stderr] help: consider removing the workspace dependency `grenat_standalone`
[INFO] [stderr] warning: workspace (manifest) generated 3 warnings
[INFO] [stderr]     Blocking waiting for file lock on package cache
[INFO] [stderr]     Blocking waiting for file lock on package cache
[INFO] running `Command { std: "docker" "create" "-v" "/var/lib/crater-agent-workspace/builds/worker-2-tc2/source:/opt/rustwide/workdir:ro,Z" "-v" "/var/lib/crater-agent-workspace/builds/worker-2-tc2/target:/opt/rustwide/target:rw,Z" "-v" "/var/lib/crater-agent-workspace/cargo-home:/opt/rustwide/cargo-home:ro,Z" "-v" "/var/lib/crater-agent-workspace/rustup-home:/opt/rustwide/rustup-home:ro,Z" "-m" "1610612736" "--network" "none" "ghcr.io/rust-lang/crates-build-env/linux@sha256:77db811e55d90add9212f6832c23229e3de5f1c1f9905e8cb07319ea15df73ac" "sleep" "infinity", kill_on_drop: false }`
[INFO] [stdout] 79ecbb929e2714444ea78e9fff27dfa9492bde4f0d5ecec525bc9a146758f68a
[INFO] running `Command { std: "docker" "start" "79ecbb929e2714444ea78e9fff27dfa9492bde4f0d5ecec525bc9a146758f68a", kill_on_drop: false }`
[INFO] running `Command { std: "docker" "inspect" "79ecbb929e2714444ea78e9fff27dfa9492bde4f0d5ecec525bc9a146758f68a", kill_on_drop: false }`
[INFO] running `Command { std: "docker" "exec" "-e" "SOURCE_DIR=/opt/rustwide/workdir" "-e" "CARGO_HOME=/opt/rustwide/cargo-home" "-e" "RUSTUP_HOME=/opt/rustwide/rustup-home" "-e" "CARGO_TARGET_DIR=/opt/rustwide/target" "-w" "/opt/rustwide/workdir" "--user" "0:0" "79ecbb929e2714444ea78e9fff27dfa9492bde4f0d5ecec525bc9a146758f68a" "/opt/rustwide/cargo-home/bin/cargo" "+c60b92c03ca8a3b101eb9d57f51e2232690638c7" "metadata" "--no-deps" "--format-version=1", kill_on_drop: false }`
[INFO] running `Command { std: "docker" "inspect" "79ecbb929e2714444ea78e9fff27dfa9492bde4f0d5ecec525bc9a146758f68a", kill_on_drop: false }`
[INFO] running `Command { std: "docker" "exec" "-e" "SOURCE_DIR=/opt/rustwide/workdir" "-e" "CARGO_HOME=/opt/rustwide/cargo-home" "-e" "RUSTUP_HOME=/opt/rustwide/rustup-home" "-e" "CARGO_TARGET_DIR=/opt/rustwide/target" "-e" "CARGO_INCREMENTAL=0" "-e" "RUST_BACKTRACE=full" "-e" "RUSTFLAGS=--cap-lints=forbid" "-e" "RUSTDOCFLAGS=--cap-lints=forbid" "-w" "/opt/rustwide/workdir" "--user" "0:0" "79ecbb929e2714444ea78e9fff27dfa9492bde4f0d5ecec525bc9a146758f68a" "/opt/rustwide/cargo-home/bin/cargo" "+c60b92c03ca8a3b101eb9d57f51e2232690638c7" "check" "--frozen" "--all" "--all-targets" "--message-format=json", kill_on_drop: false }`
[INFO] [stderr] warning: unused workspace dependency `grenat_host`
[INFO] [stderr]   --> Cargo.toml:48:25
[INFO] [stderr]    |
[INFO] [stderr] 48 | [workspace.dependencies.grenat_host]
[INFO] [stderr]    |                         ^^^^^^^^^^^
[INFO] [stderr]    |
[INFO] [stderr]    = note: `cargo::unused_workspace_dependencies` is set to `warn` by default
[INFO] [stderr] help: consider removing the workspace dependency `grenat_host`
[INFO] [stderr] warning: unused workspace dependency `grenat_setter`
[INFO] [stderr]   --> Cargo.toml:96:25
[INFO] [stderr]    |
[INFO] [stderr] 96 | [workspace.dependencies.grenat_setter]
[INFO] [stderr]    |                         ^^^^^^^^^^^^^
[INFO] [stderr]    |
[INFO] [stderr] help: consider removing the workspace dependency `grenat_setter`
[INFO] [stderr] warning: unused workspace dependency `grenat_standalone`
[INFO] [stderr]    --> Cargo.toml:102:25
[INFO] [stderr]     |
[INFO] [stderr] 102 | [workspace.dependencies.grenat_standalone]
[INFO] [stderr]     |                         ^^^^^^^^^^^^^^^^^
[INFO] [stderr]     |
[INFO] [stderr] help: consider removing the workspace dependency `grenat_standalone`
[INFO] [stderr] warning: workspace (manifest) generated 3 warnings
[INFO] [stderr]     Checking subtle v2.6.1
[INFO] [stderr]     Checking cmov v0.5.4
[INFO] [stderr]    Compiling getrandom v0.4.3
[INFO] [stderr]     Checking getrandom v0.2.17
[INFO] [stderr]     Checking serde_json v1.0.151
[INFO] [stderr]     Checking serde v1.0.229
[INFO] [stderr]     Checking grenat_lexer v0.1.2 (/opt/rustwide/workdir/crates/grenat_lexer)
[INFO] [stderr]    Compiling ring v0.17.14
[INFO] [stderr]    Compiling syn v2.0.119
[INFO] [stderr]     Checking smallvec v1.16.1
[INFO] [stderr]     Checking grenat_ast v0.1.2 (/opt/rustwide/workdir/crates/grenat_ast)
[INFO] [stderr]     Checking ctutils v0.4.2
[INFO] [stderr]     Checking ureq-proto v0.6.4
[INFO] [stderr]     Checking socks v0.3.4
[INFO] [stderr]     Checking grenat_parser v0.1.2 (/opt/rustwide/workdir/crates/grenat_parser)
[INFO] [stderr]    Compiling num-traits v0.2.19
[INFO] [stderr]     Checking hybrid-array v0.4.15
[INFO] [stderr]     Checking hashbrown v0.17.1
[INFO] [stderr]     Checking cpubits v0.1.1
[INFO] [stderr]     Checking rand_core v0.6.4
[INFO] [stderr]    Compiling encoding_rs v0.8.42
[INFO] [stderr]     Checking crypto-common v0.1.7
[INFO] [stderr]     Checking simdutf8 v0.1.5
[INFO] [stderr]    Compiling multiversion_no_op v1.0.0
[INFO] [stderr]     Checking inventory v0.3.24
[INFO] [stderr]     Checking pem-rfc7468 v1.0.0
[INFO] [stderr]     Checking inout v0.1.4
[INFO] [stderr]     Checking universal-hash v0.5.1
[INFO] [stderr]     Checking cipher v0.4.4
[INFO] [stderr]     Checking libloading v0.8.9
[INFO] [stderr]     Checking polyval v0.6.2
[INFO] [stderr]     Checking hashbrown v0.15.5
[INFO] [stderr]     Checking futures-io v0.3.34
[INFO] [stderr]     Checking ghash v0.5.1
[INFO] [stderr]     Checking ctr v0.9.2
[INFO] [stderr]     Checking futures-util v0.3.34
[INFO] [stderr]     Checking aes v0.8.4
[INFO] [stderr]     Checking der v0.8.2
[INFO] [stderr]     Checking aead v0.5.2
[INFO] [stderr]     Checking tokio v1.53.1
[INFO] [stderr]     Checking hashlink v0.10.0
[INFO] [stderr]     Checking crypto-common v0.2.2
[INFO] [stderr]     Checking block-buffer v0.12.1
[INFO] [stderr]     Checking block-padding v0.4.2
[INFO] [stderr]     Checking crypto-bigint v0.7.5
[INFO] [stderr]     Checking inout v0.2.2
[INFO] [stderr]     Checking yaml-rust2 v0.10.4
[INFO] [stderr]     Checking digest v0.11.3
[INFO] [stderr]    Compiling rustls v0.23.45
[INFO] [stderr]     Checking cipher v0.5.2
[INFO] [stderr]     Checking hmac v0.13.0
[INFO] [stderr]     Checking sha2 v0.11.0
[INFO] [stderr]     Checking universal-hash v0.6.1
[INFO] [stderr]     Checking polyval v0.7.3
[INFO] [stderr]     Checking chacha20 v0.10.2
[INFO] [stderr]     Checking ghash v0.6.0
[INFO] [stderr]     Checking aes v0.9.2
[INFO] [stderr]     Checking rand v0.10.3
[INFO] [stderr]     Checking ctr v0.10.1
[INFO] [stderr]     Checking pbkdf2 v0.13.0
[INFO] [stderr]     Checking aead v0.6.1
[INFO] [stderr]     Checking aes-gcm v0.10.3
[INFO] [stderr]    Compiling cranelift-srcgen v0.136.0
[INFO] [stderr]     Checking grenat_sandbox v0.1.2 (/opt/rustwide/workdir/crates/grenat_sandbox)
[INFO] [stderr]     Checking aes-gcm v0.11.1
[INFO] [stderr]    Compiling cranelift-assembler-x64-meta v0.136.0
[INFO] [stderr]     Checking salsa20 v0.11.0
[INFO] [stderr]     Checking spki v0.8.0
[INFO] [stderr]     Checking parking_lot_core v0.9.12
[INFO] [stderr]     Checking bitflags v2.13.2
[INFO] [stderr]    Compiling wasmtime-internal-core v49.0.0
[INFO] [stderr]     Checking scrypt v0.12.0
[INFO] [stderr]     Checking grenat_config v0.1.2 (/opt/rustwide/workdir/crates/grenat_config)
[INFO] [stderr]     Checking rustls-webpki v0.103.15
[INFO] [stderr]     Checking cbc v0.2.1
[INFO] [stderr]     Checking pkcs5 v0.8.1
[INFO] [stderr]    Compiling grenat_ext_macros v0.1.2 (/opt/rustwide/workdir/crates/grenat_ext_macros)
[INFO] [stderr]    Compiling cranelift-isle v0.136.0
[INFO] [stderr]     Checking pkcs8 v0.11.0
[INFO] [stderr]     Checking ff v0.14.0
[INFO] [stderr]    Compiling cranelift-codegen-shared v0.136.0
[INFO] [stderr]     Checking indexmap v2.14.2
[INFO] [stderr]    Compiling cranelift-codegen-meta v0.136.0
[INFO] [stderr]     Checking grenat_ext v0.1.2 (/opt/rustwide/workdir/crates/grenat_ext)
[INFO] [stderr]     Checking grenat_native v0.1.2 (/opt/rustwide/workdir/crates/grenat_native)
[INFO] [stderr]     Checking cranelift-bitset v0.136.0
[INFO] [stderr]     Checking grenat_bridge v0.1.2 (/opt/rustwide/workdir/crates/grenat_bridge)
[INFO] [stderr]     Checking bumpalo v3.20.3
[INFO] [stderr]    Compiling target-lexicon v0.13.5
[INFO] [stderr]     Checking cranelift-entity v0.136.0
[INFO] [stderr]     Checking group v0.14.0
[INFO] [stderr]     Checking signature v3.0.0
[INFO] [stderr]     Checking md-5 v0.11.0
[INFO] [stderr]     Checking fnv v1.0.7
[INFO] [stderr]     Checking fallible-iterator v0.2.0
[INFO] [stderr]     Checking rustc-hash v2.1.3
[INFO] [stderr]     Checking base16ct v1.0.0
[INFO] [stderr]     Checking siphasher v1.0.4
[INFO] [stderr]    Compiling cranelift-assembler-x64 v0.136.0
[INFO] [stderr]     Checking sec1 v0.8.1
[INFO] [stderr]     Checking phf_shared v0.13.1
[INFO] [stderr]     Checking regalloc2 v0.15.2
[INFO] [stderr]    Compiling libsqlite3-sys v0.38.2
[INFO] [stderr]     Checking postgres-protocol v0.6.12
[INFO] [stderr]     Checking gimli v0.33.0
[INFO] [stderr]     Checking cranelift-control v0.136.0
[INFO] [stderr]     Checking cranelift-bforest v0.136.0
[INFO] [stderr]     Checking hkdf v0.13.0
[INFO] [stderr]     Checking elliptic-curve v0.14.1
[INFO] [stderr]     Checking postgres-types v0.2.14
[INFO] [stderr]     Checking phf v0.13.1
[INFO] [stderr]     Checking primefield v0.14.0
[INFO] [stderr]     Checking parking_lot v0.12.5
[INFO] [stderr]     Checking whoami v2.1.3
[INFO] [stderr]    Compiling anyhow v1.0.104
[INFO] [stderr]     Checking chrono v0.4.45
[INFO] [stderr]     Checking ureq v3.4.2
[INFO] [stderr]     Checking wnaf v0.14.1
[INFO] [stderr]     Checking rfc6979 v0.6.0
[INFO] [stderr]     Checking tokio-util v0.7.19
[INFO] [stderr]     Checking hashlink v0.12.2
[INFO] [stderr]    Compiling cranelift-codegen v0.136.0
[INFO] [stderr]     Checking ecdsa v0.17.0
[INFO] [stderr]     Checking tokio-postgres v0.7.18
[INFO] [stderr]     Checking grenat_llm v0.1.2 (/opt/rustwide/workdir/crates/grenat_llm)
[INFO] [stderr]     Checking primeorder v0.14.0
[INFO] [stderr]    Compiling curve25519-dalek v5.0.0
[INFO] [stderr]    Compiling proc-macro2-diagnostics v0.10.1
[INFO] [stderr]    Compiling nix v0.31.3
[INFO] [stderr]     Checking ssh-encoding v0.3.0
[INFO] [stderr]    Compiling curve25519-dalek-derive v0.1.1
[INFO] [stderr]     Checking keccak v0.2.2
[INFO] [stderr]    Compiling thiserror v2.0.21
[INFO] [stderr]     Checking grenat_runtime v0.1.2 (/opt/rustwide/workdir/crates/grenat_runtime)
[INFO] [stderr]    Compiling yansi v1.0.1
[INFO] [stderr]    Compiling crossbeam-utils v0.8.23
[INFO] [stderr]     Checking region v3.0.2
[INFO] [stderr]     Checking ed25519 v3.0.0
[INFO] [stderr]     Checking object v0.40.0
[INFO] [stderr]     Checking crypto-primes v0.7.2
[INFO] [stderr]     Checking wasmtime-internal-jit-icache-coherence v49.0.0
[INFO] [stderr]     Checking pkcs1 v0.8.0-rc.4
[INFO] [stderr]     Checking postgres v0.19.14
[INFO] [stderr]     Checking blowfish v0.10.0
[INFO] [stderr]     Checking poly1305 v0.9.1
[INFO] [stderr]     Checking blake2 v0.11.0
[INFO] [stderr]     Checking num-integer v0.1.47
[INFO] [stderr]    Compiling thiserror-impl v2.0.21
[INFO] [stderr]     Checking memmap2 v0.9.11
[INFO] [stderr]     Checking time v0.3.55
[INFO] [stderr]     Checking nom v7.1.3
[INFO] [stderr]     Checking rsa v0.10.0-rc.18
[INFO] [stderr]    Compiling ouroboros_macro v0.18.5
[INFO] [stderr]     Checking ed25519-dalek v3.0.0
[INFO] [stderr]     Checking argon2 v0.6.0
[INFO] [stderr]     Checking ssh-cipher v0.3.0
[INFO] [stderr]     Checking bcrypt-pbkdf v0.11.0
[INFO] [stderr]     Checking sha3 v0.11.0
[INFO] [stderr]     Checking p256 v0.14.0
[INFO] [stderr]     Checking p521 v0.14.0
[INFO] [stderr]     Checking p384 v0.14.0
[INFO] [stderr]     Checking futures-executor v0.3.34
[INFO] [stderr]     Checking sha1 v0.11.0
[INFO] [stderr]     Checking kem v0.3.0
[INFO] [stderr]     Checking module-lattice v0.2.3
[INFO] [stderr]     Checking hex v0.4.3
[INFO] [stderr]     Checking sponge-cursor v0.1.0
[INFO] [stderr]     Checking ascii v1.1.0
[INFO] [stderr]     Checking chunked_transfer v1.5.0
[INFO] [stderr]     Checking hashbrown v0.14.5
[INFO] [stderr]     Checking tiny_http v0.12.0
[INFO] [stderr]     Checking ouroboros v0.18.5
[INFO] [stderr]     Checking sha3 v0.12.0
[INFO] [stderr]     Checking ml-kem v0.3.2
[INFO] [stderr]    Compiling enum_dispatch v0.3.13
[INFO] [stderr]     Checking dashmap v6.2.1
[INFO] [stderr]     Checking futures v0.3.34
[INFO] [stderr]     Checking russh-cryptovec v0.62.0
[INFO] [stderr]     Checking imap-proto v0.16.7
[INFO] [stderr]     Checking yasna v0.6.0
[INFO] [stderr]     Checking internal-russh-num-bigint v0.5.0
[INFO] [stderr]     Checking num-bigint v0.4.8
[INFO] [stderr]    Compiling hashify v0.2.9
[INFO] [stderr]     Checking grenat_mcp v0.1.2 (/opt/rustwide/workdir/crates/grenat_mcp)
[INFO] [stderr]     Checking russh-util v0.52.0
[INFO] [stderr]    Compiling delegate v0.13.5
[INFO] [stderr]     Checking generic-array v1.4.5
[INFO] [stderr]     Checking serde_bytes v0.11.19
[INFO] [stderr]     Checking bufstream v0.1.4
[INFO] [stderr]     Checking hex-literal v1.1.0
[INFO] [stderr]     Checking md5 v0.8.1
[INFO] [stderr]     Checking data-encoding v2.11.1
[INFO] [stdout] error[E0493]: destructor of `ArrayBuilder<T, N>` cannot be evaluated at compile-time
[INFO] [stdout]    --> /opt/rustwide/cargo-home/registry/src/index.crates.io-1949cf8c6b5b557f/generic-array-1.4.5/src/internal.rs:103:31
[INFO] [stdout]     |
[INFO] [stdout] 103 |     pub unsafe fn assume_init(self) -> GenericArray<T, N> {
[INFO] [stdout]     |                               ^^^^ the destructor for this type cannot be evaluated in constant functions
[INFO] [stdout] ...
[INFO] [stdout] 109 |     }
[INFO] [stdout]     |     - value is dropped here
[INFO] [stdout] 
[INFO] [stdout] 
[INFO] [stderr]     Checking russh-sftp v3.0.0
[INFO] [stdout] error[E0493]: destructor of `GenericArray<core::mem::MaybeUninit<*const T>, N>` cannot be evaluated at compile-time
[INFO] [stdout]    --> /opt/rustwide/cargo-home/registry/src/index.crates.io-1949cf8c6b5b557f/generic-array-1.4.5/src/lib.rs:983:13
[INFO] [stdout]     |
[INFO] [stdout] 983 |         let mut out: GenericArray<MaybeUninit<*const T>, N> = GenericArray::uninit();
[INFO] [stdout]     |             ^^^^^^^ the destructor for this type cannot be evaluated in constant functions
[INFO] [stdout] ...
[INFO] [stdout] 998 |     }
[INFO] [stdout]     |     - value is dropped here
[INFO] [stdout] 
[INFO] [stdout] 
[INFO] [stdout] error[E0493]: destructor of `GenericArray<core::mem::MaybeUninit<*mut T>, N>` cannot be evaluated at compile-time
[INFO] [stdout]     --> /opt/rustwide/cargo-home/registry/src/index.crates.io-1949cf8c6b5b557f/generic-array-1.4.5/src/lib.rs:1018:13
[INFO] [stdout]      |
[INFO] [stdout] 1018 |         let mut out: GenericArray<MaybeUninit<*mut T>, N> = GenericArray::uninit();
[INFO] [stdout]      |             ^^^^^^^ the destructor for this type cannot be evaluated in constant functions
[INFO] [stdout] ...
[INFO] [stdout] 1033 |     }
[INFO] [stdout]      |     - value is dropped here
[INFO] [stdout] 
[INFO] [stdout] 
[INFO] [stdout] For more information about this error, try `rustc --explain E0493`.
[INFO] [stdout] 
[INFO] [stderr] error: could not compile `generic-array` (lib) due to 3 previous errors
[INFO] [stderr] warning: build failed, waiting for other jobs to finish...
[INFO] running `Command { std: "docker" "inspect" "79ecbb929e2714444ea78e9fff27dfa9492bde4f0d5ecec525bc9a146758f68a", kill_on_drop: false }`
[INFO] running `Command { std: "docker" "rm" "-f" "79ecbb929e2714444ea78e9fff27dfa9492bde4f0d5ecec525bc9a146758f68a", kill_on_drop: false }`
[INFO] [stdout] 79ecbb929e2714444ea78e9fff27dfa9492bde4f0d5ecec525bc9a146758f68a
