[INFO] cloning repository https://github.com/hafuta/mikrotik-tui
[INFO] running `Command { std: "git" "-c" "credential.helper=" "-c" "credential.helper=/workspace/cargo-home/bin/git-credential-null" "clone" "--bare" "https://github.com/hafuta/mikrotik-tui" "/workspace/cache/git-repos/https%3A%2F%2Fgithub.com%2Fhafuta%2Fmikrotik-tui", kill_on_drop: false }`
[INFO] [stderr] Cloning into bare repository '/workspace/cache/git-repos/https%3A%2F%2Fgithub.com%2Fhafuta%2Fmikrotik-tui'...
[INFO] running `Command { std: "git" "rev-parse" "HEAD", kill_on_drop: false }`
[INFO] [stdout] 7093e45ddb695839a2092454cfc37b47c69333c1
[INFO] checking hafuta/mikrotik-tui against c60b92c03ca8a3b101eb9d57f51e2232690638c7 for pr-164148-crater-rollup
[INFO] running `Command { std: "git" "clone" "/workspace/cache/git-repos/https%3A%2F%2Fgithub.com%2Fhafuta%2Fmikrotik-tui" "/workspace/builds/worker-4-tc2/source", kill_on_drop: false }`
[INFO] [stderr] Cloning into '/workspace/builds/worker-4-tc2/source'...
[INFO] [stderr] done.
[INFO] removed /workspace/builds/worker-4-tc2/source/rust-toolchain.toml
[INFO] started tweaking git repo https://github.com/hafuta/mikrotik-tui
[INFO] finished tweaking git repo https://github.com/hafuta/mikrotik-tui
[INFO] tweaked toml for git repo https://github.com/hafuta/mikrotik-tui written to /workspace/builds/worker-4-tc2/source/Cargo.toml
[INFO] validating manifest of git repo https://github.com/hafuta/mikrotik-tui on toolchain c60b92c03ca8a3b101eb9d57f51e2232690638c7
[INFO] running `Command { std: CARGO_HOME="/workspace/cargo-home" RUSTUP_HOME="/workspace/rustup-home" "/workspace/cargo-home/bin/cargo" "+c60b92c03ca8a3b101eb9d57f51e2232690638c7" "metadata" "--manifest-path" "Cargo.toml" "--no-deps", kill_on_drop: false }`
[INFO] crate git repo https://github.com/hafuta/mikrotik-tui already has a lockfile, it will not be regenerated
[INFO] running `Command { std: CARGO_HOME="/workspace/cargo-home" RUSTUP_HOME="/workspace/rustup-home" "/workspace/cargo-home/bin/cargo" "+c60b92c03ca8a3b101eb9d57f51e2232690638c7" "fetch" "--manifest-path" "Cargo.toml", kill_on_drop: false }`
[INFO] [stderr] warning: unused field `authors` in `workspace.package`
[INFO] [stderr]   --> Cargo.toml:87:1
[INFO] [stderr]    |
[INFO] [stderr] 87 | authors = ["RouterOS TUI contributors"]
[INFO] [stderr]    | ^^^^^^^
[INFO] [stderr]    |
[INFO] [stderr]    = note: `cargo::unused_workspace_package_fields` is set to `warn` by default
[INFO] [stderr] help: consider removing the field `workspace.package.authors`
[INFO] [stderr] warning: workspace (manifest) generated 1 warning
[INFO] running `Command { std: "docker" "create" "-v" "/var/lib/crater-agent-workspace/builds/worker-4-tc2/source:/opt/rustwide/workdir:ro,Z" "-v" "/var/lib/crater-agent-workspace/builds/worker-4-tc2/target:/opt/rustwide/target:rw,Z" "-v" "/var/lib/crater-agent-workspace/cargo-home:/opt/rustwide/cargo-home:ro,Z" "-v" "/var/lib/crater-agent-workspace/rustup-home:/opt/rustwide/rustup-home:ro,Z" "-m" "1610612736" "--network" "none" "ghcr.io/rust-lang/crates-build-env/linux@sha256:77db811e55d90add9212f6832c23229e3de5f1c1f9905e8cb07319ea15df73ac" "sleep" "infinity", kill_on_drop: false }`
[INFO] [stdout] 94d8f41e2efddb563427cfe86ca6d3668c9d7c3e487995d8d69ce54cbec6914f
[INFO] running `Command { std: "docker" "start" "94d8f41e2efddb563427cfe86ca6d3668c9d7c3e487995d8d69ce54cbec6914f", kill_on_drop: false }`
[INFO] running `Command { std: "docker" "inspect" "94d8f41e2efddb563427cfe86ca6d3668c9d7c3e487995d8d69ce54cbec6914f", kill_on_drop: false }`
[INFO] running `Command { std: "docker" "exec" "-e" "SOURCE_DIR=/opt/rustwide/workdir" "-e" "CARGO_HOME=/opt/rustwide/cargo-home" "-e" "RUSTUP_HOME=/opt/rustwide/rustup-home" "-e" "CARGO_TARGET_DIR=/opt/rustwide/target" "-w" "/opt/rustwide/workdir" "--user" "0:0" "94d8f41e2efddb563427cfe86ca6d3668c9d7c3e487995d8d69ce54cbec6914f" "/opt/rustwide/cargo-home/bin/cargo" "+c60b92c03ca8a3b101eb9d57f51e2232690638c7" "metadata" "--no-deps" "--format-version=1", kill_on_drop: false }`
[INFO] running `Command { std: "docker" "inspect" "94d8f41e2efddb563427cfe86ca6d3668c9d7c3e487995d8d69ce54cbec6914f", kill_on_drop: false }`
[INFO] running `Command { std: "docker" "exec" "-e" "SOURCE_DIR=/opt/rustwide/workdir" "-e" "CARGO_HOME=/opt/rustwide/cargo-home" "-e" "RUSTUP_HOME=/opt/rustwide/rustup-home" "-e" "CARGO_TARGET_DIR=/opt/rustwide/target" "-e" "CARGO_INCREMENTAL=0" "-e" "RUST_BACKTRACE=full" "-e" "RUSTFLAGS=--cap-lints=forbid" "-e" "RUSTDOCFLAGS=--cap-lints=forbid" "-w" "/opt/rustwide/workdir" "--user" "0:0" "94d8f41e2efddb563427cfe86ca6d3668c9d7c3e487995d8d69ce54cbec6914f" "/opt/rustwide/cargo-home/bin/cargo" "+c60b92c03ca8a3b101eb9d57f51e2232690638c7" "check" "--frozen" "--all" "--all-targets" "--message-format=json", kill_on_drop: false }`
[INFO] [stderr] warning: unused field `authors` in `workspace.package`
[INFO] [stderr]   --> Cargo.toml:87:1
[INFO] [stderr]    |
[INFO] [stderr] 87 | authors = ["RouterOS TUI contributors"]
[INFO] [stderr]    | ^^^^^^^
[INFO] [stderr]    |
[INFO] [stderr]    = note: `cargo::unused_workspace_package_fields` is set to `warn` by default
[INFO] [stderr] help: consider removing the field `workspace.package.authors`
[INFO] [stderr] warning: workspace (manifest) generated 1 warning
[INFO] [stderr]    Compiling libc v0.2.189
[INFO] [stderr]     Checking zeroize v1.9.0
[INFO] [stderr]     Checking subtle v2.6.1
[INFO] [stderr]     Checking cmov v0.5.4
[INFO] [stderr]     Checking rand_core v0.10.1
[INFO] [stderr]    Compiling getrandom v0.4.3
[INFO] [stderr]     Checking const-oid v0.10.2
[INFO] [stderr]     Checking cpufeatures v0.3.1
[INFO] [stderr]     Checking cpubits v0.1.1
[INFO] [stderr]     Checking base64ct v1.8.3
[INFO] [stderr]     Checking log v0.4.33
[INFO] [stderr]    Compiling num-traits v0.2.19
[INFO] [stderr]    Compiling find-msvc-tools v0.1.11
[INFO] [stderr]    Compiling syn v2.0.119
[INFO] [stderr]    Compiling thiserror-impl v2.0.20
[INFO] [stderr]     Checking base16ct v1.0.0
[INFO] [stderr]     Checking simd-adler32 v0.3.10
[INFO] [stderr]    Compiling tokio-macros v2.7.2
[INFO] [stderr]     Checking serde_json v1.0.151
[INFO] [stderr]     Checking rustls-pki-types v1.15.1
[INFO] [stderr]    Compiling curve25519-dalek v5.0.0
[INFO] [stderr]    Compiling cfg_aliases v0.2.2
[INFO] [stderr]     Checking futures-core v0.3.34
[INFO] [stderr]     Checking ff v0.14.0
[INFO] [stderr]    Compiling cc v1.4.4
[INFO] [stderr]     Checking futures-sink v0.3.34
[INFO] [stderr]    Compiling darling_core v0.24.1
[INFO] [stderr]    Compiling nix v0.31.3
[INFO] [stderr]     Checking miniz_oxide v0.8.9
[INFO] [stderr]     Checking pem-rfc7468 v1.0.0
[INFO] [stderr]     Checking futures-channel v0.3.34
[INFO] [stderr]     Checking group v0.14.0
[INFO] [stderr]     Checking der v0.8.1
[INFO] [stderr]     Checking ctutils v0.4.2
[INFO] [stderr]     Checking block-buffer v0.10.4
[INFO] [stderr]    Compiling futures-macro v0.3.34
[INFO] [stderr]     Checking keccak v0.2.2
[INFO] [stderr]     Checking futures-task v0.3.34
[INFO] [stderr]     Checking futures-io v0.3.34
[INFO] [stderr]    Compiling rustix v0.38.44
[INFO] [stderr]     Checking hybrid-array v0.4.14
[INFO] [stderr]     Checking digest v0.10.7
[INFO] [stderr]     Checking flate2 v1.1.9
[INFO] [stderr]     Checking linux-raw-sys v0.4.15
[INFO] [stderr]    Compiling rustls v0.23.43
[INFO] [stderr]     Checking either v1.18.0
[INFO] [stderr]    Compiling rustix v1.1.4
[INFO] [stderr]     Checking sha2 v0.10.9
[INFO] [stderr]     Checking linux-raw-sys v0.12.1
[INFO] [stderr]     Checking itertools v0.13.0
[INFO] [stderr]     Checking futures-util v0.3.34
[INFO] [stderr]     Checking sponge-cursor v0.1.0
[INFO] [stderr]     Checking fdeflate v0.3.7
[INFO] [stderr]     Checking tracing-log v0.2.0
[INFO] [stderr]     Checking tracing-serde v0.2.0
[INFO] [stderr]     Checking num-integer v0.1.47
[INFO] [stderr]     Checking generic-array v1.4.5
[INFO] [stderr]     Checking hex-literal v1.1.0
[INFO] [stderr]     Checking md5 v0.8.1
[INFO] [stderr]     Checking openssl-probe v0.2.1
[INFO] [stderr]     Checking num-bigint v0.4.8
[INFO] [stderr]     Checking thiserror v2.0.20
[INFO] [stderr]     Checking unicode-width v0.2.0
[INFO] [stderr]     Checking data-encoding v2.11.1
[INFO] [stderr]     Checking mtui-core v0.1.0 (/opt/rustwide/workdir/crates/mtui-core)
[INFO] [stderr]     Checking pxfm v0.1.30
[INFO] [stderr]     Checking png v0.18.1
[INFO] [stdout] error[E0493]: destructor of `ArrayBuilder<T, N>` cannot be evaluated at compile-time
[INFO] [stdout]    --> /opt/rustwide/cargo-home/registry/src/index.crates.io-1949cf8c6b5b557f/generic-array-1.4.5/src/internal.rs:103:31
[INFO] [stdout]     |
[INFO] [stdout] 103 |     pub unsafe fn assume_init(self) -> GenericArray<T, N> {
[INFO] [stdout]     |                               ^^^^ the destructor for this type cannot be evaluated in constant functions
[INFO] [stdout] ...
[INFO] [stdout] 109 |     }
[INFO] [stdout]     |     - value is dropped here
[INFO] [stdout] 
[INFO] [stdout] 
[INFO] [stderr]     Checking rustls-native-certs v0.8.4
[INFO] [stdout] error[E0493]: destructor of `GenericArray<core::mem::MaybeUninit<*const T>, N>` cannot be evaluated at compile-time
[INFO] [stdout]    --> /opt/rustwide/cargo-home/registry/src/index.crates.io-1949cf8c6b5b557f/generic-array-1.4.5/src/lib.rs:983:13
[INFO] [stdout]     |
[INFO] [stdout] 983 |         let mut out: GenericArray<MaybeUninit<*const T>, N> = GenericArray::uninit();
[INFO] [stdout]     |             ^^^^^^^ the destructor for this type cannot be evaluated in constant functions
[INFO] [stdout] ...
[INFO] [stdout] 998 |     }
[INFO] [stdout]     |     - value is dropped here
[INFO] [stdout] 
[INFO] [stdout] 
[INFO] [stdout] error[E0493]: destructor of `GenericArray<core::mem::MaybeUninit<*mut T>, N>` cannot be evaluated at compile-time
[INFO] [stdout]     --> /opt/rustwide/cargo-home/registry/src/index.crates.io-1949cf8c6b5b557f/generic-array-1.4.5/src/lib.rs:1018:13
[INFO] [stdout]      |
[INFO] [stdout] 1018 |         let mut out: GenericArray<MaybeUninit<*mut T>, N> = GenericArray::uninit();
[INFO] [stdout]      |             ^^^^^^^ the destructor for this type cannot be evaluated in constant functions
[INFO] [stdout] ...
[INFO] [stdout] 1033 |     }
[INFO] [stdout]      |     - value is dropped here
[INFO] [stdout] 
[INFO] [stdout] 
[INFO] [stderr]     Checking chrono v0.4.45
[INFO] [stdout] For more information about this error, try `rustc --explain E0493`.
[INFO] [stdout] 
[INFO] [stderr] error: could not compile `generic-array` (lib) due to 3 previous errors
[INFO] [stderr] warning: build failed, waiting for other jobs to finish...
[INFO] running `Command { std: "docker" "inspect" "94d8f41e2efddb563427cfe86ca6d3668c9d7c3e487995d8d69ce54cbec6914f", kill_on_drop: false }`
[INFO] running `Command { std: "docker" "rm" "-f" "94d8f41e2efddb563427cfe86ca6d3668c9d7c3e487995d8d69ce54cbec6914f", kill_on_drop: false }`
[INFO] [stdout] 94d8f41e2efddb563427cfe86ca6d3668c9d7c3e487995d8d69ce54cbec6914f
