[INFO] cloning repository https://github.com/glennbarosen/emuhub-tui
[INFO] running `Command { std: "git" "-c" "credential.helper=" "-c" "credential.helper=/workspace/cargo-home/bin/git-credential-null" "clone" "--bare" "https://github.com/glennbarosen/emuhub-tui" "/workspace/cache/git-repos/https%3A%2F%2Fgithub.com%2Fglennbarosen%2Femuhub-tui", kill_on_drop: false }`
[INFO] [stderr] Cloning into bare repository '/workspace/cache/git-repos/https%3A%2F%2Fgithub.com%2Fglennbarosen%2Femuhub-tui'...
[INFO] running `Command { std: "git" "rev-parse" "HEAD", kill_on_drop: false }`
[INFO] [stdout] 25db538080f7bdc7cf2817902be3fc9e1fa56fe3
[INFO] checking glennbarosen/emuhub-tui against c60b92c03ca8a3b101eb9d57f51e2232690638c7 for pr-164148-crater-rollup
[INFO] running `Command { std: "git" "clone" "/workspace/cache/git-repos/https%3A%2F%2Fgithub.com%2Fglennbarosen%2Femuhub-tui" "/workspace/builds/worker-3-tc2/source", kill_on_drop: false }`
[INFO] [stderr] Cloning into '/workspace/builds/worker-3-tc2/source'...
[INFO] [stderr] done.
[INFO] started tweaking git repo https://github.com/glennbarosen/emuhub-tui
[INFO] finished tweaking git repo https://github.com/glennbarosen/emuhub-tui
[INFO] tweaked toml for git repo https://github.com/glennbarosen/emuhub-tui written to /workspace/builds/worker-3-tc2/source/Cargo.toml
[INFO] validating manifest of git repo https://github.com/glennbarosen/emuhub-tui on toolchain c60b92c03ca8a3b101eb9d57f51e2232690638c7
[INFO] running `Command { std: CARGO_HOME="/workspace/cargo-home" RUSTUP_HOME="/workspace/rustup-home" "/workspace/cargo-home/bin/cargo" "+c60b92c03ca8a3b101eb9d57f51e2232690638c7" "metadata" "--manifest-path" "Cargo.toml" "--no-deps", kill_on_drop: false }`
[INFO] crate git repo https://github.com/glennbarosen/emuhub-tui already has a lockfile, it will not be regenerated
[INFO] running `Command { std: CARGO_HOME="/workspace/cargo-home" RUSTUP_HOME="/workspace/rustup-home" "/workspace/cargo-home/bin/cargo" "+c60b92c03ca8a3b101eb9d57f51e2232690638c7" "fetch" "--manifest-path" "Cargo.toml", kill_on_drop: false }`
[INFO] running `Command { std: "docker" "create" "-v" "/var/lib/crater-agent-workspace/builds/worker-3-tc2/source:/opt/rustwide/workdir:ro,Z" "-v" "/var/lib/crater-agent-workspace/builds/worker-3-tc2/target:/opt/rustwide/target:rw,Z" "-v" "/var/lib/crater-agent-workspace/cargo-home:/opt/rustwide/cargo-home:ro,Z" "-v" "/var/lib/crater-agent-workspace/rustup-home:/opt/rustwide/rustup-home:ro,Z" "-m" "1610612736" "--network" "none" "ghcr.io/rust-lang/crates-build-env/linux@sha256:77db811e55d90add9212f6832c23229e3de5f1c1f9905e8cb07319ea15df73ac" "sleep" "infinity", kill_on_drop: false }`
[INFO] [stdout] bf46d01451c18be19288a804caf6715e0923a0c53714be018e0bdda87e3c8c8e
[INFO] running `Command { std: "docker" "start" "bf46d01451c18be19288a804caf6715e0923a0c53714be018e0bdda87e3c8c8e", kill_on_drop: false }`
[INFO] running `Command { std: "docker" "inspect" "bf46d01451c18be19288a804caf6715e0923a0c53714be018e0bdda87e3c8c8e", kill_on_drop: false }`
[INFO] running `Command { std: "docker" "exec" "-e" "SOURCE_DIR=/opt/rustwide/workdir" "-e" "CARGO_HOME=/opt/rustwide/cargo-home" "-e" "RUSTUP_HOME=/opt/rustwide/rustup-home" "-e" "CARGO_TARGET_DIR=/opt/rustwide/target" "-w" "/opt/rustwide/workdir" "--user" "0:0" "bf46d01451c18be19288a804caf6715e0923a0c53714be018e0bdda87e3c8c8e" "/opt/rustwide/cargo-home/bin/cargo" "+c60b92c03ca8a3b101eb9d57f51e2232690638c7" "metadata" "--no-deps" "--format-version=1", kill_on_drop: false }`
[INFO] running `Command { std: "docker" "inspect" "bf46d01451c18be19288a804caf6715e0923a0c53714be018e0bdda87e3c8c8e", kill_on_drop: false }`
[INFO] running `Command { std: "docker" "exec" "-e" "SOURCE_DIR=/opt/rustwide/workdir" "-e" "CARGO_HOME=/opt/rustwide/cargo-home" "-e" "RUSTUP_HOME=/opt/rustwide/rustup-home" "-e" "CARGO_TARGET_DIR=/opt/rustwide/target" "-e" "CARGO_INCREMENTAL=0" "-e" "RUST_BACKTRACE=full" "-e" "RUSTFLAGS=--cap-lints=forbid" "-e" "RUSTDOCFLAGS=--cap-lints=forbid" "-w" "/opt/rustwide/workdir" "--user" "0:0" "bf46d01451c18be19288a804caf6715e0923a0c53714be018e0bdda87e3c8c8e" "/opt/rustwide/cargo-home/bin/cargo" "+c60b92c03ca8a3b101eb9d57f51e2232690638c7" "check" "--frozen" "--all" "--all-targets" "--message-format=json", kill_on_drop: false }`
[INFO] [stderr]     Checking subtle v2.6.1
[INFO] [stderr]     Checking typenum v1.20.1
[INFO] [stderr]     Checking cmov v0.5.4
[INFO] [stderr]     Checking rand_core v0.10.1
[INFO] [stderr]    Compiling getrandom v0.4.3
[INFO] [stderr]    Compiling num-traits v0.2.19
[INFO] [stderr]    Compiling syn v2.0.119
[INFO] [stderr]    Compiling syn v3.0.3
[INFO] [stderr]     Checking const-oid v0.10.2
[INFO] [stderr]     Checking cpubits v0.1.1
[INFO] [stderr]     Checking base64ct v1.8.3
[INFO] [stderr]     Checking bitflags v2.13.1
[INFO] [stderr]     Checking log v0.4.33
[INFO] [stderr]     Checking ctutils v0.4.2
[INFO] [stderr]    Compiling crossbeam-utils v0.8.22
[INFO] [stderr]     Checking smallvec v1.15.2
[INFO] [stderr]     Checking pem-rfc7468 v1.0.0
[INFO] [stderr]     Checking either v1.17.0
[INFO] [stderr]     Checking der v0.8.1
[INFO] [stderr]     Checking lock_api v0.4.14
[INFO] [stderr]     Checking parking_lot_core v0.9.12
[INFO] [stderr]     Checking errno v0.3.14
[INFO] [stderr]     Checking signal-hook-registry v1.4.8
[INFO] [stderr]     Checking ff v0.14.0
[INFO] [stderr]    Compiling crossbeam-epoch v0.9.20
[INFO] [stderr]    Compiling libc v0.2.189
[INFO] [stderr]     Checking num-integer v0.1.47
[INFO] [stderr]     Checking parking_lot v0.12.5
[INFO] [stderr]     Checking mio v1.2.2
[INFO] [stderr]    Compiling crossbeam-deque v0.8.7
[INFO] [stderr]     Checking group v0.14.0
[INFO] [stderr]     Checking base16ct v1.0.0
[INFO] [stderr]     Checking num-bigint v0.4.8
[INFO] [stderr]     Checking itertools v0.14.0
[INFO] [stderr]    Compiling find-msvc-tools v0.1.10
[INFO] [stderr]    Compiling zerocopy v0.8.56
[INFO] [stderr]     Checking spki v0.8.0
[INFO] [stderr]     Checking foldhash v0.2.0
[INFO] [stderr]     Checking hybrid-array v0.4.14
[INFO] [stderr]     Checking rayon-core v1.13.0
[INFO] [stderr]    Compiling strsim v0.11.1
[INFO] [stderr]     Checking futures-channel v0.3.34
[INFO] [stderr]    Compiling rustix v1.1.4
[INFO] [stderr]    Compiling fs_extra v1.3.0
[INFO] [stderr]    Compiling jobserver v0.1.35
[INFO] [stderr]    Compiling dunce v1.0.5
[INFO] [stderr]     Checking flate2 v1.1.9
[INFO] [stderr]     Checking rayon v1.12.0
[INFO] [stderr]    Compiling cc v1.4.2
[INFO] [stderr]    Compiling curve25519-dalek v5.0.0
[INFO] [stderr]     Checking hashbrown v0.16.1
[INFO] [stderr]     Checking hashbrown v0.17.1
[INFO] [stderr]     Checking castaway v0.2.4
[INFO] [stderr]     Checking socket2 v0.6.5
[INFO] [stderr]     Checking crypto-common v0.2.2
[INFO] [stderr]     Checking block-buffer v0.12.1
[INFO] [stderr]     Checking block-padding v0.4.2
[INFO] [stderr]     Checking crypto-bigint v0.7.5
[INFO] [stderr]     Checking sec1 v0.8.1
[INFO] [stderr]     Checking inout v0.2.2
[INFO] [stderr]    Compiling cmake v0.1.58
[INFO] [stderr]     Checking digest v0.11.3
[INFO] [stderr]     Checking cipher v0.5.2
[INFO] [stderr]     Checking hmac v0.13.0
[INFO] [stderr]     Checking universal-hash v0.6.1
[INFO] [stderr]     Checking aes v0.9.2
[INFO] [stderr]     Checking pbkdf2 v0.13.0
[INFO] [stderr]     Checking polyval v0.7.3
[INFO] [stderr]     Checking ctr v0.10.1
[INFO] [stderr]     Checking ghash v0.6.0
[INFO] [stderr]     Checking sha2 v0.11.0
[INFO] [stderr]     Checking aead v0.6.1
[INFO] [stderr]     Checking salsa20 v0.11.0
[INFO] [stderr]     Checking cbc v0.2.1
[INFO] [stderr]     Checking signature v3.0.0
[INFO] [stderr]     Checking hkdf v0.13.0
[INFO] [stderr]     Checking chacha20 v0.10.1
[INFO] [stderr]    Compiling darling_core v0.24.0
[INFO] [stderr]     Checking aes-gcm v0.11.0
[INFO] [stderr]     Checking wnaf v0.14.0
[INFO] [stderr]    Compiling aws-lc-sys v0.44.0
[INFO] [stderr]     Checking rand v0.10.2
[INFO] [stderr]     Checking scrypt v0.12.0
[INFO] [stderr]     Checking pkcs5 v0.8.1
[INFO] [stderr]    Compiling thiserror-impl v2.0.20
[INFO] [stderr]     Checking pkcs8 v0.11.0
[INFO] [stderr]    Compiling bytemuck_derive v1.12.0
[INFO] [stderr]    Compiling futures-macro v0.3.34
[INFO] [stderr]    Compiling tokio-macros v2.7.2
[INFO] [stderr]    Compiling equator-macro v0.4.2
[INFO] [stderr]    Compiling zerocopy-derive v0.8.56
[INFO] [stderr]     Checking futures-util v0.3.34
[INFO] [stderr]    Compiling strum_macros v0.28.0
[INFO] [stderr]     Checking thiserror v2.0.20
[INFO] [stderr]     Checking arrayvec v0.7.8
[INFO] [stderr]     Checking equator v0.4.2
[INFO] [stderr]     Checking aligned-vec v0.6.4
[INFO] [stderr]    Compiling signal-hook v0.3.18
[INFO] [stderr]    Compiling instability v0.3.13
[INFO] [stderr]     Checking bytemuck v1.25.2
[INFO] [stderr]     Checking as-slice v0.2.1
[INFO] [stderr]     Checking v_frame v0.3.9
[INFO] [stderr]    Compiling nix v0.31.3
[INFO] [stderr]     Checking unicode-truncate v2.0.1
[INFO] [stderr]     Checking elliptic-curve v0.14.1
[INFO] [stderr]     Checking primefield v0.14.0
[INFO] [stderr]     Checking rfc6979 v0.6.0
[INFO] [stderr]     Checking ssh-encoding v0.3.0
[INFO] [stderr]     Checking compact_str v0.9.1
[INFO] [stderr]    Compiling convert_case v0.10.0
[INFO] [stderr]     Checking primeorder v0.14.0
[INFO] [stderr]     Checking ecdsa v0.17.0
[INFO] [stderr]     Checking kasuari v0.4.12
[INFO] [stderr]     Checking tokio v1.53.1
[INFO] [stderr]     Checking strum v0.28.0
[INFO] [stderr]    Compiling curve25519-dalek-derive v0.1.1
[INFO] [stderr]     Checking lru v0.18.2
[INFO] [stderr]     Checking num-rational v0.4.2
[INFO] [stderr]    Compiling darling_macro v0.24.0
[INFO] [stderr]    Compiling generic-array v0.14.7
[INFO] [stderr]     Checking keccak v0.2.1
[INFO] [stderr]    Compiling built v0.8.1
[INFO] [stderr]    Compiling indoc v2.0.7
[INFO] [stderr]    Compiling darling v0.24.0
[INFO] [stderr]    Compiling radium v0.7.0
[INFO] [stderr]     Checking critical-section v1.2.0
[INFO] [stderr]    Compiling av-scenechange v0.14.1
[INFO] [stderr]     Checking blowfish v0.10.0
[INFO] [stderr]    Compiling rav1e v0.8.1
[INFO] [stderr]     Checking ratatui-core v0.1.2
[INFO] [stderr]    Compiling derive_more-impl v2.1.1
[INFO] [stderr]     Checking crypto-primes v0.7.2
[INFO] [stderr]     Checking aligned v0.4.3
[INFO] [stderr]    Compiling profiling-procmacros v1.0.18
[INFO] [stderr]    Compiling arg_enum_proc_macro v0.3.4
[INFO] [stderr]     Checking ed25519 v3.0.0
[INFO] [stderr]     Checking poly1305 v0.9.1
[INFO] [stderr]     Checking blake2 v0.11.0-rc.6
[INFO] [stderr]     Checking tracing-core v0.1.36
[INFO] [stderr]     Checking pkcs1 v0.8.0-rc.4
[INFO] [stderr]    Compiling pulp v0.22.3
[INFO] [stderr]     Checking nom v8.0.0
[INFO] [stderr]     Checking no_std_io2 v0.9.4
[INFO] [stderr]     Checking deranged v0.5.8
[INFO] [stderr]     Checking tap v1.0.1
[INFO] [stderr]     Checking num-conv v0.2.2
[INFO] [stderr]     Checking y4m v0.8.0
[INFO] [stderr]    Compiling pastey v0.1.1
[INFO] [stderr]     Checking time-core v0.1.9
[INFO] [stderr]    Compiling ref-cast v1.0.26
[INFO] [stderr]    Compiling by_address v1.2.1
[INFO] [stderr]    Compiling aws-lc-rs v1.18.0
[INFO] [stderr]    Compiling litrs v1.0.0
[INFO] [stderr]    Compiling palette_derive v0.7.7
[INFO] [stderr]     Checking rsa v0.10.0-rc.18
[INFO] [stderr]    Compiling document-features v0.2.12
[INFO] [stderr]     Checking time v0.3.55
[INFO] [stderr]     Checking wyz v0.5.1
[INFO] [stderr]     Checking bitstream-io v4.10.0
[INFO] [stderr]     Checking argon2 v0.6.0-rc.8
[INFO] [stderr]     Checking ssh-cipher v0.3.0
[INFO] [stderr]     Checking futures-executor v0.3.34
[INFO] [stderr]     Checking ed25519-dalek v3.0.0
[INFO] [stderr]     Checking profiling v1.0.18
[INFO] [stderr]     Checking signal-hook-mio v0.2.5
[INFO] [stderr]     Checking derive_more v2.1.1
[INFO] [stderr]     Checking bcrypt-pbkdf v0.11.0
[INFO] [stderr]     Checking half v2.7.1
[INFO] [stderr]     Checking sha3 v0.11.0
[INFO] [stderr]     Checking p384 v0.14.0
[INFO] [stderr]     Checking p256 v0.14.0
[INFO] [stderr]     Checking p521 v0.14.0
[INFO] [stderr]     Checking num-complex v0.4.6
[INFO] [stderr]     Checking safe_arch v1.1.0
[INFO] [stderr]    Compiling tracing-attributes v0.1.31
[INFO] [stderr]    Compiling num-derive v0.4.2
[INFO] [stderr]     Checking maybe-rayon v0.1.1
[INFO] [stderr]    Compiling serde_derive v1.0.229
[INFO] [stderr]    Compiling ref-cast-impl v1.0.26
[INFO] [stderr]     Checking sha1 v0.11.0
[INFO] [stderr]     Checking kem v0.3.0
[INFO] [stderr]     Checking module-lattice v0.2.3
[INFO] [stderr]     Checking raw-cpuid v11.6.0
[INFO] [stderr]     Checking line-clipping v0.3.8
[INFO] [stderr]     Checking av1-grain v0.2.5
[INFO] [stderr]     Checking palette_math v0.7.7
[INFO] [stderr]    Compiling simd_helpers v0.1.0
[INFO] [stderr]     Checking getrandom v0.2.17
[INFO] [stderr]     Checking reborrow v0.5.5
[INFO] [stderr]     Checking untrusted v0.7.1
[INFO] [stderr]     Checking zune-core v0.5.3
[INFO] [stderr]    Compiling noop_proc_macro v0.3.0
[INFO] [stderr]     Checking pulp-wasm-simd-flag v0.1.1
[INFO] [stderr]     Checking sponge-cursor v0.1.0
[INFO] [stderr]     Checking hex v0.4.3
[INFO] [stderr]     Checking imgref v1.12.2
[INFO] [stderr]    Compiling once_cell v1.21.4
[INFO] [stderr]     Checking iana-time-zone v0.1.65
[INFO] [stderr]     Checking new_debug_unreachable v1.0.6
[INFO] [stderr]     Checking option-ext v0.2.0
[INFO] [stderr]     Checking funty v2.0.0
[INFO] [stderr]     Checking hashbrown v0.14.5
[INFO] [stderr]     Checking tokio-util v0.7.19
[INFO] [stderr]     Checking bitvec v1.1.1
[INFO] [stderr]     Checking russh-util v0.52.0
[INFO] [stderr]     Checking dirs-sys v0.5.0
[INFO] [stderr]    Compiling enum_dispatch v0.3.13
[INFO] [stderr]     Checking dashmap v6.2.1
[INFO] [stderr]     Checking chrono v0.4.45
[INFO] [stderr]     Checking loop9 v0.1.5
[INFO] [stderr]     Checking sha3 v0.12.0
[INFO] [stderr]     Checking zune-jpeg v0.5.15
[INFO] [stderr]     Checking serde v1.0.229
[INFO] [stderr]     Checking rand_core v0.6.4
[INFO] [stderr]     Checking palette v0.7.7
[INFO] [stderr]     Checking ratatui-widgets v0.3.2
[INFO] [stderr]     Checking ml-kem v0.3.2
[INFO] [stderr]     Checking ssh-key v0.7.0-rc.11
[INFO] [stderr]     Checking tracing v0.1.44
[INFO] [stderr]     Checking wide v1.6.1
[INFO] [stderr]     Checking russh-cryptovec v0.62.0
[INFO] [stderr]     Checking generic-array v1.4.4
[INFO] [stderr]     Checking ppv-lite86 v0.2.21
[INFO] [stdout] error[E0493]: destructor of `ArrayBuilder<T, N>` cannot be evaluated at compile-time
[INFO] [stdout]    --> /opt/rustwide/cargo-home/registry/src/index.crates.io-1949cf8c6b5b557f/generic-array-1.4.4/src/internal.rs:103:31
[INFO] [stdout]     |
[INFO] [stdout] 103 |     pub unsafe fn assume_init(self) -> GenericArray<T, N> {
[INFO] [stdout]     |                               ^^^^ the destructor for this type cannot be evaluated in constant functions
[INFO] [stdout] ...
[INFO] [stdout] 109 |     }
[INFO] [stdout]     |     - value is dropped here
[INFO] [stdout] 
[INFO] [stdout] 
[INFO] [stdout] error[E0493]: destructor of `GenericArray<core::mem::MaybeUninit<*const T>, N>` cannot be evaluated at compile-time
[INFO] [stdout]    --> /opt/rustwide/cargo-home/registry/src/index.crates.io-1949cf8c6b5b557f/generic-array-1.4.4/src/lib.rs:981:13
[INFO] [stdout]     |
[INFO] [stdout] 981 |         let mut out: GenericArray<MaybeUninit<*const T>, N> = GenericArray::uninit();
[INFO] [stdout]     |             ^^^^^^^ the destructor for this type cannot be evaluated in constant functions
[INFO] [stdout] ...
[INFO] [stdout] 996 |     }
[INFO] [stdout]     |     - value is dropped here
[INFO] [stdout] 
[INFO] [stdout] 
[INFO] [stdout] error[E0493]: destructor of `GenericArray<core::mem::MaybeUninit<*mut T>, N>` cannot be evaluated at compile-time
[INFO] [stdout]     --> /opt/rustwide/cargo-home/registry/src/index.crates.io-1949cf8c6b5b557f/generic-array-1.4.4/src/lib.rs:1016:13
[INFO] [stdout]      |
[INFO] [stdout] 1016 |         let mut out: GenericArray<MaybeUninit<*mut T>, N> = GenericArray::uninit();
[INFO] [stdout]      |             ^^^^^^^ the destructor for this type cannot be evaluated in constant functions
[INFO] [stdout] ...
[INFO] [stdout] 1031 |     }
[INFO] [stdout]      |     - value is dropped here
[INFO] [stdout] 
[INFO] [stdout] 
[INFO] [stdout] For more information about this error, try `rustc --explain E0493`.
[INFO] [stdout] 
[INFO] [stderr] error: could not compile `generic-array` (lib) due to 3 previous errors
[INFO] [stderr] warning: build failed, waiting for other jobs to finish...
[INFO] running `Command { std: "docker" "inspect" "bf46d01451c18be19288a804caf6715e0923a0c53714be018e0bdda87e3c8c8e", kill_on_drop: false }`
[INFO] running `Command { std: "docker" "rm" "-f" "bf46d01451c18be19288a804caf6715e0923a0c53714be018e0bdda87e3c8c8e", kill_on_drop: false }`
[INFO] [stdout] bf46d01451c18be19288a804caf6715e0923a0c53714be018e0bdda87e3c8c8e
