[INFO] cloning repository https://github.com/firebadnofire/CentralSSH
[INFO] running `Command { std: "git" "-c" "credential.helper=" "-c" "credential.helper=/workspace/cargo-home/bin/git-credential-null" "clone" "--bare" "https://github.com/firebadnofire/CentralSSH" "/workspace/cache/git-repos/https%3A%2F%2Fgithub.com%2Ffirebadnofire%2FCentralSSH", kill_on_drop: false }`
[INFO] [stderr] Cloning into bare repository '/workspace/cache/git-repos/https%3A%2F%2Fgithub.com%2Ffirebadnofire%2FCentralSSH'...
[INFO] running `Command { std: "git" "rev-parse" "HEAD", kill_on_drop: false }`
[INFO] [stdout] ca21d5dac334b86a55fc409919c17b55f18baf84
[INFO] checking firebadnofire/CentralSSH against c60b92c03ca8a3b101eb9d57f51e2232690638c7 for pr-164148-crater-rollup
[INFO] running `Command { std: "git" "clone" "/workspace/cache/git-repos/https%3A%2F%2Fgithub.com%2Ffirebadnofire%2FCentralSSH" "/workspace/builds/worker-4-tc2/source", kill_on_drop: false }`
[INFO] [stderr] Cloning into '/workspace/builds/worker-4-tc2/source'...
[INFO] [stderr] done.
[INFO] started tweaking git repo https://github.com/firebadnofire/CentralSSH
[INFO] finished tweaking git repo https://github.com/firebadnofire/CentralSSH
[INFO] tweaked toml for git repo https://github.com/firebadnofire/CentralSSH written to /workspace/builds/worker-4-tc2/source/Cargo.toml
[INFO] validating manifest of git repo https://github.com/firebadnofire/CentralSSH on toolchain c60b92c03ca8a3b101eb9d57f51e2232690638c7
[INFO] running `Command { std: CARGO_HOME="/workspace/cargo-home" RUSTUP_HOME="/workspace/rustup-home" "/workspace/cargo-home/bin/cargo" "+c60b92c03ca8a3b101eb9d57f51e2232690638c7" "metadata" "--manifest-path" "Cargo.toml" "--no-deps", kill_on_drop: false }`
[INFO] crate git repo https://github.com/firebadnofire/CentralSSH already has a lockfile, it will not be regenerated
[INFO] running `Command { std: CARGO_HOME="/workspace/cargo-home" RUSTUP_HOME="/workspace/rustup-home" "/workspace/cargo-home/bin/cargo" "+c60b92c03ca8a3b101eb9d57f51e2232690638c7" "fetch" "--manifest-path" "Cargo.toml", kill_on_drop: false }`
[INFO] running `Command { std: "docker" "create" "-v" "/var/lib/crater-agent-workspace/builds/worker-4-tc2/source:/opt/rustwide/workdir:ro,Z" "-v" "/var/lib/crater-agent-workspace/builds/worker-4-tc2/target:/opt/rustwide/target:rw,Z" "-v" "/var/lib/crater-agent-workspace/cargo-home:/opt/rustwide/cargo-home:ro,Z" "-v" "/var/lib/crater-agent-workspace/rustup-home:/opt/rustwide/rustup-home:ro,Z" "-m" "1610612736" "--network" "none" "ghcr.io/rust-lang/crates-build-env/linux@sha256:77db811e55d90add9212f6832c23229e3de5f1c1f9905e8cb07319ea15df73ac" "sleep" "infinity", kill_on_drop: false }`
[INFO] [stdout] 8a6c96754ab9c4afc40d3d595c02c62a5b081a8d04cb6178c429654a647ab452
[INFO] running `Command { std: "docker" "start" "8a6c96754ab9c4afc40d3d595c02c62a5b081a8d04cb6178c429654a647ab452", kill_on_drop: false }`
[INFO] running `Command { std: "docker" "inspect" "8a6c96754ab9c4afc40d3d595c02c62a5b081a8d04cb6178c429654a647ab452", kill_on_drop: false }`
[INFO] running `Command { std: "docker" "exec" "-e" "SOURCE_DIR=/opt/rustwide/workdir" "-e" "CARGO_HOME=/opt/rustwide/cargo-home" "-e" "RUSTUP_HOME=/opt/rustwide/rustup-home" "-e" "CARGO_TARGET_DIR=/opt/rustwide/target" "-w" "/opt/rustwide/workdir" "--user" "0:0" "8a6c96754ab9c4afc40d3d595c02c62a5b081a8d04cb6178c429654a647ab452" "/opt/rustwide/cargo-home/bin/cargo" "+c60b92c03ca8a3b101eb9d57f51e2232690638c7" "metadata" "--no-deps" "--format-version=1", kill_on_drop: false }`
[INFO] running `Command { std: "docker" "inspect" "8a6c96754ab9c4afc40d3d595c02c62a5b081a8d04cb6178c429654a647ab452", kill_on_drop: false }`
[INFO] running `Command { std: "docker" "exec" "-e" "SOURCE_DIR=/opt/rustwide/workdir" "-e" "CARGO_HOME=/opt/rustwide/cargo-home" "-e" "RUSTUP_HOME=/opt/rustwide/rustup-home" "-e" "CARGO_TARGET_DIR=/opt/rustwide/target" "-e" "CARGO_INCREMENTAL=0" "-e" "RUST_BACKTRACE=full" "-e" "RUSTFLAGS=--cap-lints=forbid" "-e" "RUSTDOCFLAGS=--cap-lints=forbid" "-w" "/opt/rustwide/workdir" "--user" "0:0" "8a6c96754ab9c4afc40d3d595c02c62a5b081a8d04cb6178c429654a647ab452" "/opt/rustwide/cargo-home/bin/cargo" "+c60b92c03ca8a3b101eb9d57f51e2232690638c7" "check" "--frozen" "--all" "--all-targets" "--message-format=json", kill_on_drop: false }`
[INFO] [stderr]     Checking subtle v2.6.1
[INFO] [stderr]     Checking cmov v0.5.3
[INFO] [stderr]    Compiling getrandom v0.4.2
[INFO] [stderr]     Checking base64ct v1.6.0
[INFO] [stderr]     Checking cpubits v0.1.1
[INFO] [stderr]     Checking base16ct v1.0.0
[INFO] [stderr]     Checking getrandom v0.2.17
[INFO] [stderr]    Compiling zeroize_derive v1.4.3
[INFO] [stderr]     Checking crypto-common v0.1.7
[INFO] [stderr]     Checking block-padding v0.3.3
[INFO] [stderr]    Compiling curve25519-dalek-derive v0.1.1
[INFO] [stderr]    Compiling curve25519-dalek v5.0.0-pre.6
[INFO] [stderr]     Checking futures-sink v0.3.32
[INFO] [stderr]     Checking futures-core v0.3.32
[INFO] [stderr]    Compiling nix v0.31.2
[INFO] [stderr]     Checking parking_lot_core v0.9.12
[INFO] [stderr]     Checking icu_normalizer v2.2.0
[INFO] [stderr]    Compiling curve25519-dalek v4.1.3
[INFO] [stderr]     Checking aead v0.5.2
[INFO] [stderr]     Checking keccak v0.2.0
[INFO] [stderr]     Checking digest v0.10.7
[INFO] [stderr]     Checking inout v0.1.4
[INFO] [stderr]     Checking rustcrypto-ff v0.14.0-rc.1
[INFO] [stderr]     Checking ctutils v0.4.2
[INFO] [stderr]     Checking universal-hash v0.5.1
[INFO] [stderr]     Checking pem-rfc7468 v1.0.0
[INFO] [stderr]     Checking pem-rfc7468 v0.7.0
[INFO] [stderr]     Checking cipher v0.4.4
[INFO] [stderr]     Checking rustcrypto-group v0.14.0-rc.1
[INFO] [stderr]     Checking rand_core v0.6.4
[INFO] [stderr]     Checking futures-channel v0.3.32
[INFO] [stderr]     Checking chacha20 v0.10.0
[INFO] [stderr]     Checking parking_lot v0.12.5
[INFO] [stderr]     Checking percent-encoding v2.3.2
[INFO] [stderr]     Checking fiat-crypto v0.3.0
[INFO] [stderr]     Checking polyval v0.6.2
[INFO] [stderr]     Checking poly1305 v0.8.0
[INFO] [stderr]     Checking moxcms v0.8.1
[INFO] [stderr]     Checking sha2 v0.10.9
[INFO] [stderr]     Checking hmac v0.12.1
[INFO] [stderr]     Checking futures-util v0.3.32
[INFO] [stderr]     Checking aes v0.8.4
[INFO] [stderr]     Checking ctr v0.9.2
[INFO] [stderr]     Checking cbc v0.1.2
[INFO] [stderr]     Checking ghash v0.5.1
[INFO] [stderr]     Checking chacha20 v0.9.1
[INFO] [stderr]     Checking password-hash v0.5.0
[INFO] [stderr]     Checking idna_adapter v1.2.2
[INFO] [stderr]     Checking blowfish v0.9.1
[INFO] [stderr]     Checking blake2 v0.10.6
[INFO] [stderr]     Checking zeroize v1.8.2
[INFO] [stderr]     Checking pbkdf2 v0.12.2
[INFO] [stderr]     Checking ssh-encoding v0.2.0
[INFO] [stderr]     Checking rand v0.10.1
[INFO] [stderr]     Checking hybrid-array v0.4.11
[INFO] [stderr]     Checking der v0.8.0
[INFO] [stderr]     Checking idna v1.1.0
[INFO] [stderr]     Checking tokio v1.52.1
[INFO] [stderr]     Checking bcrypt-pbkdf v0.10.0
[INFO] [stderr]     Checking form_urlencoded v1.2.2
[INFO] [stderr]     Checking sha1 v0.10.6
[INFO] [stderr]     Checking ed25519 v2.2.3
[INFO] [stderr]     Checking winnow v1.0.2
[INFO] [stderr]     Checking base16ct v0.2.0
[INFO] [stderr]     Checking clap_builder v4.6.0
[INFO] [stderr]     Checking url v2.5.8
[INFO] [stderr]     Checking russh-cryptovec v0.59.0
[INFO] [stderr]     Checking sec1 v0.7.3
[INFO] [stderr]     Checking aes-gcm v0.10.3
[INFO] [stderr]    Compiling enum_dispatch v0.3.13
[INFO] [stderr]     Checking serde_json v1.0.149
[INFO] [stderr]     Checking argon2 v0.5.3
[INFO] [stderr]     Checking ring v0.17.14
[INFO] [stderr]     Checking ssh-cipher v0.2.0
[INFO] [stderr]     Checking rand_chacha v0.9.0
[INFO] [stderr]     Checking internal-russh-num-bigint v0.5.0
[INFO] [stderr]     Checking generic-array v1.4.1
[INFO] [stderr]     Checking toml_parser v1.1.2+spec-1.1.0
[INFO] [stderr]     Checking tracing-serde v0.2.0
[INFO] [stderr]    Compiling delegate v0.13.5
[INFO] [stderr]     Checking toml_datetime v0.7.5+spec-1.1.0
[INFO] [stderr]     Checking base32 v0.5.1
[INFO] [stderr]     Checking ed25519-dalek v2.2.0
[INFO] [stderr]     Checking toml_datetime v0.6.11
[INFO] [stderr]     Checking hex-literal v1.1.0
[INFO] [stderr]    Compiling centralssh v1.3.6 (/opt/rustwide/workdir)
[INFO] [stderr]     Checking chrono v0.4.44
[INFO] [stderr]     Checking toml v0.9.12+spec-1.1.0
[INFO] [stderr]     Checking crypto-common v0.2.1
[INFO] [stderr]     Checking block-buffer v0.12.0
[INFO] [stderr]     Checking block-padding v0.4.2
[INFO] [stderr]     Checking crypto-bigint v0.7.0-rc.28
[INFO] [stderr]     Checking inout v0.2.2
[INFO] [stderr]     Checking module-lattice v0.2.2
[INFO] [stderr]     Checking toml_edit v0.22.27
[INFO] [stdout] error[E0493]: destructor of `ArrayBuilder<T, N>` cannot be evaluated at compile-time
[INFO] [stdout]    --> /opt/rustwide/cargo-home/registry/src/index.crates.io-1949cf8c6b5b557f/generic-array-1.4.1/src/internal.rs:103:31
[INFO] [stdout]     |
[INFO] [stdout] 103 |     pub unsafe fn assume_init(self) -> GenericArray<T, N> {
[INFO] [stdout]     |                               ^^^^ the destructor for this type cannot be evaluated in constant functions
[INFO] [stdout] ...
[INFO] [stdout] 109 |     }
[INFO] [stdout]     |     - value is dropped here
[INFO] [stdout] 
[INFO] [stdout] 
[INFO] [stderr]     Checking totp-rs v5.7.1
[INFO] [stdout] error[E0493]: destructor of `GenericArray<core::mem::MaybeUninit<*const T>, N>` cannot be evaluated at compile-time
[INFO] [stdout]    --> /opt/rustwide/cargo-home/registry/src/index.crates.io-1949cf8c6b5b557f/generic-array-1.4.1/src/lib.rs:970:13
[INFO] [stdout]     |
[INFO] [stdout] 970 |         let mut out: GenericArray<MaybeUninit<*const T>, N> = GenericArray::uninit();
[INFO] [stdout]     |             ^^^^^^^ the destructor for this type cannot be evaluated in constant functions
[INFO] [stdout] ...
[INFO] [stdout] 985 |     }
[INFO] [stdout]     |     - value is dropped here
[INFO] [stdout] 
[INFO] [stdout] 
[INFO] [stdout] error[E0493]: destructor of `GenericArray<core::mem::MaybeUninit<*mut T>, N>` cannot be evaluated at compile-time
[INFO] [stdout]     --> /opt/rustwide/cargo-home/registry/src/index.crates.io-1949cf8c6b5b557f/generic-array-1.4.1/src/lib.rs:1005:13
[INFO] [stdout]      |
[INFO] [stdout] 1005 |         let mut out: GenericArray<MaybeUninit<*mut T>, N> = GenericArray::uninit();
[INFO] [stdout]      |             ^^^^^^^ the destructor for this type cannot be evaluated in constant functions
[INFO] [stdout] ...
[INFO] [stdout] 1020 |     }
[INFO] [stdout]      |     - value is dropped here
[INFO] [stdout] 
[INFO] [stdout] 
[INFO] [stderr]     Checking tracing-subscriber v0.3.23
[INFO] [stdout] For more information about this error, try `rustc --explain E0493`.
[INFO] [stdout] 
[INFO] [stderr] error: could not compile `generic-array` (lib) due to 3 previous errors
[INFO] [stderr] warning: build failed, waiting for other jobs to finish...
[INFO] running `Command { std: "docker" "inspect" "8a6c96754ab9c4afc40d3d595c02c62a5b081a8d04cb6178c429654a647ab452", kill_on_drop: false }`
[INFO] running `Command { std: "docker" "rm" "-f" "8a6c96754ab9c4afc40d3d595c02c62a5b081a8d04cb6178c429654a647ab452", kill_on_drop: false }`
[INFO] [stdout] 8a6c96754ab9c4afc40d3d595c02c62a5b081a8d04cb6178c429654a647ab452
