[INFO] cloning repository https://github.com/fchc7/sshman
[INFO] running `Command { std: "git" "-c" "credential.helper=" "-c" "credential.helper=/workspace/cargo-home/bin/git-credential-null" "clone" "--bare" "https://github.com/fchc7/sshman" "/workspace/cache/git-repos/https%3A%2F%2Fgithub.com%2Ffchc7%2Fsshman", kill_on_drop: false }`
[INFO] [stderr] Cloning into bare repository '/workspace/cache/git-repos/https%3A%2F%2Fgithub.com%2Ffchc7%2Fsshman'...
[INFO] running `Command { std: "git" "rev-parse" "HEAD", kill_on_drop: false }`
[INFO] [stdout] 24a1bb7104dc4104bd16db6c7bbe45bf826fd3f8
[INFO] checking fchc7/sshman against c60b92c03ca8a3b101eb9d57f51e2232690638c7 for pr-164148-crater-rollup
[INFO] running `Command { std: "git" "clone" "/workspace/cache/git-repos/https%3A%2F%2Fgithub.com%2Ffchc7%2Fsshman" "/workspace/builds/worker-3-tc2/source", kill_on_drop: false }`
[INFO] [stderr] Cloning into '/workspace/builds/worker-3-tc2/source'...
[INFO] [stderr] done.
[INFO] started tweaking git repo https://github.com/fchc7/sshman
[INFO] finished tweaking git repo https://github.com/fchc7/sshman
[INFO] tweaked toml for git repo https://github.com/fchc7/sshman written to /workspace/builds/worker-3-tc2/source/Cargo.toml
[INFO] validating manifest of git repo https://github.com/fchc7/sshman on toolchain c60b92c03ca8a3b101eb9d57f51e2232690638c7
[INFO] running `Command { std: CARGO_HOME="/workspace/cargo-home" RUSTUP_HOME="/workspace/rustup-home" "/workspace/cargo-home/bin/cargo" "+c60b92c03ca8a3b101eb9d57f51e2232690638c7" "metadata" "--manifest-path" "Cargo.toml" "--no-deps", kill_on_drop: false }`
[INFO] crate git repo https://github.com/fchc7/sshman already has a lockfile, it will not be regenerated
[INFO] running `Command { std: CARGO_HOME="/workspace/cargo-home" RUSTUP_HOME="/workspace/rustup-home" "/workspace/cargo-home/bin/cargo" "+c60b92c03ca8a3b101eb9d57f51e2232690638c7" "fetch" "--manifest-path" "Cargo.toml", kill_on_drop: false }`
[INFO] [stderr]     Blocking waiting for file lock on package cache
[INFO] [stderr]     Blocking waiting for file lock on package cache
[INFO] running `Command { std: "docker" "create" "-v" "/var/lib/crater-agent-workspace/builds/worker-3-tc2/source:/opt/rustwide/workdir:ro,Z" "-v" "/var/lib/crater-agent-workspace/builds/worker-3-tc2/target:/opt/rustwide/target:rw,Z" "-v" "/var/lib/crater-agent-workspace/cargo-home:/opt/rustwide/cargo-home:ro,Z" "-v" "/var/lib/crater-agent-workspace/rustup-home:/opt/rustwide/rustup-home:ro,Z" "-m" "1610612736" "--network" "none" "ghcr.io/rust-lang/crates-build-env/linux@sha256:77db811e55d90add9212f6832c23229e3de5f1c1f9905e8cb07319ea15df73ac" "sleep" "infinity", kill_on_drop: false }`
[INFO] [stdout] eb190d17ea4c1ad88b9d90935ef84887cdaf7e016442f272530d7bf4177947df
[INFO] running `Command { std: "docker" "start" "eb190d17ea4c1ad88b9d90935ef84887cdaf7e016442f272530d7bf4177947df", kill_on_drop: false }`
[INFO] running `Command { std: "docker" "inspect" "eb190d17ea4c1ad88b9d90935ef84887cdaf7e016442f272530d7bf4177947df", kill_on_drop: false }`
[INFO] running `Command { std: "docker" "exec" "-e" "SOURCE_DIR=/opt/rustwide/workdir" "-e" "CARGO_HOME=/opt/rustwide/cargo-home" "-e" "RUSTUP_HOME=/opt/rustwide/rustup-home" "-e" "CARGO_TARGET_DIR=/opt/rustwide/target" "-w" "/opt/rustwide/workdir" "--user" "0:0" "eb190d17ea4c1ad88b9d90935ef84887cdaf7e016442f272530d7bf4177947df" "/opt/rustwide/cargo-home/bin/cargo" "+c60b92c03ca8a3b101eb9d57f51e2232690638c7" "metadata" "--no-deps" "--format-version=1", kill_on_drop: false }`
[INFO] running `Command { std: "docker" "inspect" "eb190d17ea4c1ad88b9d90935ef84887cdaf7e016442f272530d7bf4177947df", kill_on_drop: false }`
[INFO] running `Command { std: "docker" "exec" "-e" "SOURCE_DIR=/opt/rustwide/workdir" "-e" "CARGO_HOME=/opt/rustwide/cargo-home" "-e" "RUSTUP_HOME=/opt/rustwide/rustup-home" "-e" "CARGO_TARGET_DIR=/opt/rustwide/target" "-e" "CARGO_INCREMENTAL=0" "-e" "RUST_BACKTRACE=full" "-e" "RUSTFLAGS=--cap-lints=forbid" "-e" "RUSTDOCFLAGS=--cap-lints=forbid" "-w" "/opt/rustwide/workdir" "--user" "0:0" "eb190d17ea4c1ad88b9d90935ef84887cdaf7e016442f272530d7bf4177947df" "/opt/rustwide/cargo-home/bin/cargo" "+c60b92c03ca8a3b101eb9d57f51e2232690638c7" "check" "--frozen" "--all" "--all-targets" "--message-format=json", kill_on_drop: false }`
[INFO] [stderr]    Compiling libc v0.2.186
[INFO] [stderr]     Checking typenum v1.20.0
[INFO] [stderr]     Checking subtle v2.6.1
[INFO] [stderr]     Checking cmov v0.5.3
[INFO] [stderr]    Compiling getrandom v0.4.2
[INFO] [stderr]     Checking base64ct v1.8.3
[INFO] [stderr]    Compiling serde v1.0.228
[INFO] [stderr]     Checking smallvec v1.15.1
[INFO] [stderr]    Compiling syn v2.0.117
[INFO] [stderr]     Checking bitflags v2.11.1
[INFO] [stderr]    Compiling digest v0.10.7
[INFO] [stderr]     Checking base16ct v1.0.0
[INFO] [stderr]    Compiling rustix v1.1.4
[INFO] [stderr]     Checking linux-raw-sys v0.12.1
[INFO] [stderr]     Checking ppv-lite86 v0.2.21
[INFO] [stderr]     Checking futures-channel v0.3.32
[INFO] [stderr]     Checking rustcrypto-ff v0.14.0-rc.1
[INFO] [stderr]     Checking simd-adler32 v0.3.9
[INFO] [stderr]    Compiling type-map v0.5.1
[INFO] [stderr]     Checking pem-rfc7468 v1.0.0
[INFO] [stderr]    Compiling sha2 v0.10.9
[INFO] [stderr]     Checking rustcrypto-group v0.14.0-rc.1
[INFO] [stderr]     Checking num-integer v0.1.46
[INFO] [stderr]    Compiling self_cell v1.2.2
[INFO] [stderr]     Checking miniz_oxide v0.8.9
[INFO] [stderr]    Compiling self_cell v0.10.3
[INFO] [stderr]     Checking pem-rfc7468 v0.7.0
[INFO] [stderr]    Compiling curve25519-dalek v5.0.0-pre.6
[INFO] [stderr]    Compiling syn v1.0.109
[INFO] [stderr]    Compiling unicode-segmentation v1.13.2
[INFO] [stderr]    Compiling rustc-hash v1.1.0
[INFO] [stderr]     Checking ctutils v0.4.2
[INFO] [stderr]    Compiling nix v0.31.3
[INFO] [stderr]    Compiling curve25519-dalek v4.1.3
[INFO] [stderr]     Checking aho-corasick v1.1.4
[INFO] [stderr]    Compiling proc-macro-error-attr2 v2.0.0
[INFO] [stderr]    Compiling num-bigint-dig v0.8.6
[INFO] [stderr]    Compiling proc-macro-error-attr v1.0.4
[INFO] [stderr]     Checking num-iter v0.1.45
[INFO] [stderr]     Checking fdeflate v0.3.7
[INFO] [stderr]    Compiling rust-embed-utils v8.11.0
[INFO] [stderr]     Checking flate2 v1.1.9
[INFO] [stderr]    Compiling arc-swap v1.9.1
[INFO] [stderr]     Checking chacha20 v0.10.0
[INFO] [stderr]     Checking keccak v0.2.0
[INFO] [stderr]     Checking fiat-crypto v0.3.0
[INFO] [stderr]     Checking pxfm v0.1.29
[INFO] [stderr]     Checking minimal-lexical v0.2.1
[INFO] [stderr]    Compiling hashbrown v0.14.5
[INFO] [stderr]    Compiling either v1.15.0
[INFO] [stderr]    Compiling portable-atomic v1.13.1
[INFO] [stderr]     Checking nom v7.1.3
[INFO] [stderr]    Compiling proc-macro-error v1.0.4
[INFO] [stderr]     Checking png v0.18.1
[INFO] [stderr]     Checking io_tee v0.1.1
[INFO] [stderr]    Compiling convert_case v0.10.0
[INFO] [stderr]    Compiling serde_json v1.0.149
[INFO] [stderr]     Checking bytemuck v1.25.0
[INFO] [stderr]     Checking x11rb-protocol v0.13.2
[INFO] [stderr]     Checking num-bigint v0.4.6
[INFO] [stderr]     Checking regex-automata v0.4.14
[INFO] [stderr]     Checking float-cmp v0.10.0
[INFO] [stderr]     Checking serde_bytes v0.11.19
[INFO] [stderr]     Checking hex-literal v1.1.0
[INFO] [stderr]     Checking shell-words v1.1.1
[INFO] [stderr]     Checking bech32 v0.9.1
[INFO] [stderr]     Checking unit-prefix v0.5.2
[INFO] [stderr]     Checking generic-array v0.14.7
[INFO] [stderr]     Checking colored v2.2.0
[INFO] [stderr]    Compiling parking_lot_core v0.9.12
[INFO] [stderr]    Compiling parking_lot v0.12.5
[INFO] [stderr]    Compiling dashmap v5.5.3
[INFO] [stderr]     Checking crypto-common v0.1.7
[INFO] [stderr]     Checking block-buffer v0.10.4
[INFO] [stderr]     Checking block-padding v0.3.3
[INFO] [stderr]     Checking generic-array v1.4.1
[INFO] [stderr]     Checking inout v0.1.4
[INFO] [stderr]     Checking universal-hash v0.5.1
[INFO] [stderr]     Checking aead v0.5.2
[INFO] [stderr]     Checking poly1305 v0.8.0
[INFO] [stderr]     Checking polyval v0.6.2
[INFO] [stderr]     Checking hmac v0.12.1
[INFO] [stderr]     Checking blake2 v0.10.6
[INFO] [stderr]     Checking pbkdf2 v0.12.2
[INFO] [stderr]     Checking ghash v0.5.1
[INFO] [stderr]     Checking hkdf v0.12.4
[INFO] [stderr]     Checking sha1 v0.10.6
[INFO] [stderr]     Checking ssh-encoding v0.2.0
[INFO] [stdout] error[E0493]: destructor of `ArrayBuilder<T, N>` cannot be evaluated at compile-time
[INFO] [stdout]    --> /opt/rustwide/cargo-home/registry/src/index.crates.io-1949cf8c6b5b557f/generic-array-1.4.1/src/internal.rs:103:31
[INFO] [stdout]     |
[INFO] [stdout] 103 |     pub unsafe fn assume_init(self) -> GenericArray<T, N> {
[INFO] [stdout]     |                               ^^^^ the destructor for this type cannot be evaluated in constant functions
[INFO] [stdout] ...
[INFO] [stdout] 109 |     }
[INFO] [stdout]     |     - value is dropped here
[INFO] [stdout] 
[INFO] [stdout] 
[INFO] [stdout] error[E0493]: destructor of `GenericArray<core::mem::MaybeUninit<*const T>, N>` cannot be evaluated at compile-time
[INFO] [stdout]    --> /opt/rustwide/cargo-home/registry/src/index.crates.io-1949cf8c6b5b557f/generic-array-1.4.1/src/lib.rs:970:13
[INFO] [stdout]     |
[INFO] [stdout] 970 |         let mut out: GenericArray<MaybeUninit<*const T>, N> = GenericArray::uninit();
[INFO] [stdout]     |             ^^^^^^^ the destructor for this type cannot be evaluated in constant functions
[INFO] [stdout] ...
[INFO] [stdout] 985 |     }
[INFO] [stdout]     |     - value is dropped here
[INFO] [stdout] 
[INFO] [stdout] 
[INFO] [stdout] error[E0493]: destructor of `GenericArray<core::mem::MaybeUninit<*mut T>, N>` cannot be evaluated at compile-time
[INFO] [stdout]     --> /opt/rustwide/cargo-home/registry/src/index.crates.io-1949cf8c6b5b557f/generic-array-1.4.1/src/lib.rs:1005:13
[INFO] [stdout]      |
[INFO] [stdout] 1005 |         let mut out: GenericArray<MaybeUninit<*mut T>, N> = GenericArray::uninit();
[INFO] [stdout]      |             ^^^^^^^ the destructor for this type cannot be evaluated in constant functions
[INFO] [stdout] ...
[INFO] [stdout] 1020 |     }
[INFO] [stdout]      |     - value is dropped here
[INFO] [stdout] 
[INFO] [stdout] 
[INFO] [stderr]     Checking getrandom v0.2.17
[INFO] [stderr]     Checking mio v1.2.0
[INFO] [stderr]     Checking socket2 v0.6.3
[INFO] [stderr]     Checking errno v0.3.14
[INFO] [stdout] For more information about this error, try `rustc --explain E0493`.
[INFO] [stdout] 
[INFO] [stderr] error: could not compile `generic-array` (lib) due to 3 previous errors
[INFO] [stderr] warning: build failed, waiting for other jobs to finish...
[INFO] running `Command { std: "docker" "inspect" "eb190d17ea4c1ad88b9d90935ef84887cdaf7e016442f272530d7bf4177947df", kill_on_drop: false }`
[INFO] running `Command { std: "docker" "rm" "-f" "eb190d17ea4c1ad88b9d90935ef84887cdaf7e016442f272530d7bf4177947df", kill_on_drop: false }`
[INFO] [stdout] eb190d17ea4c1ad88b9d90935ef84887cdaf7e016442f272530d7bf4177947df
