[INFO] cloning repository https://github.com/fc129/echo
[INFO] running `Command { std: "git" "-c" "credential.helper=" "-c" "credential.helper=/workspace/cargo-home/bin/git-credential-null" "clone" "--bare" "https://github.com/fc129/echo" "/workspace/cache/git-repos/https%3A%2F%2Fgithub.com%2Ffc129%2Fecho", kill_on_drop: false }`
[INFO] [stderr] Cloning into bare repository '/workspace/cache/git-repos/https%3A%2F%2Fgithub.com%2Ffc129%2Fecho'...
[INFO] running `Command { std: "git" "rev-parse" "HEAD", kill_on_drop: false }`
[INFO] [stdout] 57498dcc5cfdfa10c80e30364ee9a2dd966688ca
[INFO] checking fc129/echo against c60b92c03ca8a3b101eb9d57f51e2232690638c7 for pr-164148-crater-rollup
[INFO] running `Command { std: "git" "clone" "/workspace/cache/git-repos/https%3A%2F%2Fgithub.com%2Ffc129%2Fecho" "/workspace/builds/worker-2-tc2/source", kill_on_drop: false }`
[INFO] [stderr] Cloning into '/workspace/builds/worker-2-tc2/source'...
[INFO] [stderr] done.
[INFO] started tweaking git repo https://github.com/fc129/echo
[INFO] finished tweaking git repo https://github.com/fc129/echo
[INFO] tweaked toml for git repo https://github.com/fc129/echo written to /workspace/builds/worker-2-tc2/source/Cargo.toml
[INFO] validating manifest of git repo https://github.com/fc129/echo on toolchain c60b92c03ca8a3b101eb9d57f51e2232690638c7
[INFO] running `Command { std: CARGO_HOME="/workspace/cargo-home" RUSTUP_HOME="/workspace/rustup-home" "/workspace/cargo-home/bin/cargo" "+c60b92c03ca8a3b101eb9d57f51e2232690638c7" "metadata" "--manifest-path" "Cargo.toml" "--no-deps", kill_on_drop: false }`
[INFO] crate git repo https://github.com/fc129/echo already has a lockfile, it will not be regenerated
[INFO] running `Command { std: CARGO_HOME="/workspace/cargo-home" RUSTUP_HOME="/workspace/rustup-home" "/workspace/cargo-home/bin/cargo" "+c60b92c03ca8a3b101eb9d57f51e2232690638c7" "fetch" "--manifest-path" "Cargo.toml", kill_on_drop: false }`
[INFO] running `Command { std: "docker" "create" "-v" "/var/lib/crater-agent-workspace/builds/worker-2-tc2/source:/opt/rustwide/workdir:ro,Z" "-v" "/var/lib/crater-agent-workspace/builds/worker-2-tc2/target:/opt/rustwide/target:rw,Z" "-v" "/var/lib/crater-agent-workspace/cargo-home:/opt/rustwide/cargo-home:ro,Z" "-v" "/var/lib/crater-agent-workspace/rustup-home:/opt/rustwide/rustup-home:ro,Z" "-m" "1610612736" "--network" "none" "ghcr.io/rust-lang/crates-build-env/linux@sha256:77db811e55d90add9212f6832c23229e3de5f1c1f9905e8cb07319ea15df73ac" "sleep" "infinity", kill_on_drop: false }`
[INFO] [stdout] cfc86ebe56998e2529eb0986d3e3c1613bdaa659f684d203b9c08add102dd836
[INFO] running `Command { std: "docker" "start" "cfc86ebe56998e2529eb0986d3e3c1613bdaa659f684d203b9c08add102dd836", kill_on_drop: false }`
[INFO] running `Command { std: "docker" "inspect" "cfc86ebe56998e2529eb0986d3e3c1613bdaa659f684d203b9c08add102dd836", kill_on_drop: false }`
[INFO] running `Command { std: "docker" "exec" "-e" "SOURCE_DIR=/opt/rustwide/workdir" "-e" "CARGO_HOME=/opt/rustwide/cargo-home" "-e" "RUSTUP_HOME=/opt/rustwide/rustup-home" "-e" "CARGO_TARGET_DIR=/opt/rustwide/target" "-w" "/opt/rustwide/workdir" "--user" "0:0" "cfc86ebe56998e2529eb0986d3e3c1613bdaa659f684d203b9c08add102dd836" "/opt/rustwide/cargo-home/bin/cargo" "+c60b92c03ca8a3b101eb9d57f51e2232690638c7" "metadata" "--no-deps" "--format-version=1", kill_on_drop: false }`
[INFO] running `Command { std: "docker" "inspect" "cfc86ebe56998e2529eb0986d3e3c1613bdaa659f684d203b9c08add102dd836", kill_on_drop: false }`
[INFO] running `Command { std: "docker" "exec" "-e" "SOURCE_DIR=/opt/rustwide/workdir" "-e" "CARGO_HOME=/opt/rustwide/cargo-home" "-e" "RUSTUP_HOME=/opt/rustwide/rustup-home" "-e" "CARGO_TARGET_DIR=/opt/rustwide/target" "-e" "CARGO_INCREMENTAL=0" "-e" "RUST_BACKTRACE=full" "-e" "RUSTFLAGS=--cap-lints=forbid" "-e" "RUSTDOCFLAGS=--cap-lints=forbid" "-w" "/opt/rustwide/workdir" "--user" "0:0" "cfc86ebe56998e2529eb0986d3e3c1613bdaa659f684d203b9c08add102dd836" "/opt/rustwide/cargo-home/bin/cargo" "+c60b92c03ca8a3b101eb9d57f51e2232690638c7" "check" "--frozen" "--all" "--all-targets" "--message-format=json", kill_on_drop: false }`
[INFO] [stderr]    Compiling serde v1.0.183
[INFO] [stderr]    Compiling libc v0.2.147
[INFO] [stderr]    Compiling crossbeam-epoch v0.9.15
[INFO] [stderr]    Compiling serde_derive v1.0.183
[INFO] [stderr]     Checking crossbeam-utils v0.8.16
[INFO] [stderr]     Checking memoffset v0.9.0
[INFO] [stderr]    Compiling num-traits v0.2.16
[INFO] [stderr]    Compiling rayon-core v1.11.0
[INFO] [stderr]     Checking bytemuck v1.13.1
[INFO] [stderr]     Checking crypto-common v0.1.6
[INFO] [stderr]     Checking inout v0.1.3
[INFO] [stderr]     Checking either v1.9.0
[INFO] [stderr]     Checking cipher v0.4.4
[INFO] [stderr]     Checking reborrow v0.5.4
[INFO] [stderr]     Checking cpufeatures v0.2.9
[INFO] [stderr]    Compiling concrete-csprng v0.3.0
[INFO] [stderr]     Checking crossbeam-channel v0.5.8
[INFO] [stderr]    Compiling paste v1.0.14
[INFO] [stderr]     Checking pulp v0.11.11
[INFO] [stderr]     Checking aes v0.8.3
[INFO] [stderr]     Checking dyn-stack v0.9.0
[INFO] [stderr]     Checking crossbeam-deque v0.8.3
[INFO] [stderr]    Compiling tfhe v0.3.1
[INFO] [stderr]     Checking itertools v0.10.5
[INFO] [stderr]     Checking num_cpus v1.16.0
[INFO] [stderr]     Checking rayon v1.7.0
[INFO] [stderr]     Checking aligned-vec v0.5.0
[INFO] [stderr]     Checking num-complex v0.4.4
[INFO] [stderr]     Checking bincode v1.3.3
[INFO] [stderr]     Checking concrete-fft v0.2.1
[INFO] [stdout] error[E0277]: `impl DispersionParameter + Sync` cannot be sent between threads safely
[INFO] [stdout]    --> /opt/rustwide/cargo-home/registry/src/index.crates.io-1949cf8c6b5b557f/tfhe-0.3.1/src/core_crypto/algorithms/ggsw_encryption.rs:257:9
[INFO] [stdout]     |
[INFO] [stdout] 256 |       output.par_iter_mut().zip(gen_iter).enumerate().for_each(
[INFO] [stdout]     |                                                       -------- required by a bound introduced by this call
[INFO] [stdout] 257 |           |(level_index, (mut level_matrix, mut generator))| {
[INFO] [stdout]     |           ^-------------------------------------------------
[INFO] [stdout]     |           |
[INFO] [stdout]     |  _________within this `{closure@ggsw_encryption.rs:257:9}`
[INFO] [stdout]     | |
[INFO] [stdout] 258 | |             let decomp_level = DecompositionLevel(level_index + 1);
[INFO] [stdout] ...   |
[INFO] [stdout] 289 | |                 });
[INFO] [stdout] 290 | |         },
[INFO] [stdout]     | |_________^ `impl DispersionParameter + Sync` cannot be sent between threads safely
[INFO] [stdout]     |
[INFO] [stdout] note: required because `noise_parameters` is used within this closure
[INFO] [stdout]    --> /opt/rustwide/cargo-home/registry/src/index.crates.io-1949cf8c6b5b557f/tfhe-0.3.1/src/core_crypto/algorithms/ggsw_encryption.rs:286:25
[INFO] [stdout]     |
[INFO] [stdout] 286 |                         noise_parameters,
[INFO] [stdout]     |                         ^^^^^^^^^^^^^^^^
[INFO] [stdout] note: required by a bound in `rayon::iter::ParallelIterator::for_each`
[INFO] [stdout]    --> /opt/rustwide/cargo-home/registry/src/index.crates.io-1949cf8c6b5b557f/rayon-1.7.0/src/iter/mod.rs:377:37
[INFO] [stdout]     |
[INFO] [stdout] 358 | pub trait ParallelIterator: Sized + Send {
[INFO] [stdout] ...
[INFO] [stdout] 375 |     fn for_each<OP>(self, op: OP)
[INFO] [stdout] 376 |     where
[INFO] [stdout] 377 |         OP: Fn(Self::Item) + Sync + Send,
[INFO] [stdout]     |                                     ^^^^ required by this bound in `ParallelIterator::for_each`
[INFO] [stdout]     = note: the full name for the type has been written to '/opt/rustwide/target/debug/build/tfhe/1d63c79a5b80a85a/out/tfhe-1d63c79a5b80a85a.long-type-6026723955893223391.txt'
[INFO] [stdout]     = note: consider using `--verbose` to print the full type name to the console
[INFO] [stdout] help: consider restricting opaque type `impl DispersionParameter + Sync` with trait `Send`
[INFO] [stdout]     |
[INFO] [stdout] 216 |     noise_parameters: impl DispersionParameter + Sync + std::marker::Send,
[INFO] [stdout]     |                                                       +++++++++++++++++++
[INFO] [stdout] 
[INFO] [stdout] 
[INFO] [stdout] error[E0277]: `impl DispersionParameter + Sync` cannot be sent between threads safely
[INFO] [stdout]    --> /opt/rustwide/cargo-home/registry/src/index.crates.io-1949cf8c6b5b557f/tfhe-0.3.1/src/core_crypto/algorithms/ggsw_encryption.rs:280:27
[INFO] [stdout]     |
[INFO] [stdout] 280 |                   .for_each(|((row_index, mut row_as_glwe), mut generator)| {
[INFO] [stdout]     |                    -------- ^----------------------------------------------
[INFO] [stdout]     |                    |        |
[INFO] [stdout]     |  __________________|________within this `{closure@ggsw_encryption.rs:280:27}`
[INFO] [stdout]     | |                  |
[INFO] [stdout]     | |                  required by a bound introduced by this call
[INFO] [stdout] 281 | |                     encrypt_constant_ggsw_level_matrix_row(
[INFO] [stdout] 282 | |                         glwe_secret_key,
[INFO] [stdout] 283 | |                         (row_index, last_row_index),
[INFO] [stdout] ...   |
[INFO] [stdout] 288 | |                     );
[INFO] [stdout] 289 | |                 });
[INFO] [stdout]     | |_________________^ `impl DispersionParameter + Sync` cannot be sent between threads safely
[INFO] [stdout]     |
[INFO] [stdout] note: required because `noise_parameters` is used within this closure
[INFO] [stdout]    --> /opt/rustwide/cargo-home/registry/src/index.crates.io-1949cf8c6b5b557f/tfhe-0.3.1/src/core_crypto/algorithms/ggsw_encryption.rs:286:25
[INFO] [stdout]     |
[INFO] [stdout] 286 |                         noise_parameters,
[INFO] [stdout]     |                         ^^^^^^^^^^^^^^^^
[INFO] [stdout] note: required by a bound in `rayon::iter::ParallelIterator::for_each`
[INFO] [stdout]    --> /opt/rustwide/cargo-home/registry/src/index.crates.io-1949cf8c6b5b557f/rayon-1.7.0/src/iter/mod.rs:377:37
[INFO] [stdout]     |
[INFO] [stdout] 358 | pub trait ParallelIterator: Sized + Send {
[INFO] [stdout] ...
[INFO] [stdout] 375 |     fn for_each<OP>(self, op: OP)
[INFO] [stdout] 376 |     where
[INFO] [stdout] 377 |         OP: Fn(Self::Item) + Sync + Send,
[INFO] [stdout]     |                                     ^^^^ required by this bound in `ParallelIterator::for_each`
[INFO] [stdout]     = note: the full name for the type has been written to '/opt/rustwide/target/debug/build/tfhe/1d63c79a5b80a85a/out/tfhe-1d63c79a5b80a85a.long-type-15273866983925651954.txt'
[INFO] [stdout]     = note: consider using `--verbose` to print the full type name to the console
[INFO] [stdout] help: consider restricting opaque type `impl DispersionParameter + Sync` with trait `Send`
[INFO] [stdout]     |
[INFO] [stdout] 216 |     noise_parameters: impl DispersionParameter + Sync + std::marker::Send,
[INFO] [stdout]     |                                                       +++++++++++++++++++
[INFO] [stdout] 
[INFO] [stdout] 
[INFO] [stdout] error[E0277]: `impl DispersionParameter + Sync` cannot be sent between threads safely
[INFO] [stdout]    --> /opt/rustwide/cargo-home/registry/src/index.crates.io-1949cf8c6b5b557f/tfhe-0.3.1/src/core_crypto/algorithms/ggsw_encryption.rs:554:9
[INFO] [stdout]     |
[INFO] [stdout] 553 |       output.par_iter_mut().zip(gen_iter).enumerate().for_each(
[INFO] [stdout]     |                                                       -------- required by a bound introduced by this call
[INFO] [stdout] 554 |           |(level_index, (mut level_matrix, mut generator))| {
[INFO] [stdout]     |           ^-------------------------------------------------
[INFO] [stdout]     |           |
[INFO] [stdout]     |  _________within this `{closure@ggsw_encryption.rs:554:9}`
[INFO] [stdout]     | |
[INFO] [stdout] 555 | |             let decomp_level = DecompositionLevel(level_index + 1);
[INFO] [stdout] ...   |
[INFO] [stdout] 585 | |                 });
[INFO] [stdout] 586 | |         },
[INFO] [stdout]     | |_________^ `impl DispersionParameter + Sync` cannot be sent between threads safely
[INFO] [stdout]     |
[INFO] [stdout] note: required because `noise_parameters` is used within this closure
[INFO] [stdout]    --> /opt/rustwide/cargo-home/registry/src/index.crates.io-1949cf8c6b5b557f/tfhe-0.3.1/src/core_crypto/algorithms/ggsw_encryption.rs:582:25
[INFO] [stdout]     |
[INFO] [stdout] 582 |                         noise_parameters,
[INFO] [stdout]     |                         ^^^^^^^^^^^^^^^^
[INFO] [stdout] note: required by a bound in `rayon::iter::ParallelIterator::for_each`
[INFO] [stdout]    --> /opt/rustwide/cargo-home/registry/src/index.crates.io-1949cf8c6b5b557f/rayon-1.7.0/src/iter/mod.rs:377:37
[INFO] [stdout]     |
[INFO] [stdout] 358 | pub trait ParallelIterator: Sized + Send {
[INFO] [stdout] ...
[INFO] [stdout] 375 |     fn for_each<OP>(self, op: OP)
[INFO] [stdout] 376 |     where
[INFO] [stdout] 377 |         OP: Fn(Self::Item) + Sync + Send,
[INFO] [stdout]     |                                     ^^^^ required by this bound in `ParallelIterator::for_each`
[INFO] [stdout]     = note: the full name for the type has been written to '/opt/rustwide/target/debug/build/tfhe/1d63c79a5b80a85a/out/tfhe-1d63c79a5b80a85a.long-type-10390593224881698038.txt'
[INFO] [stdout]     = note: consider using `--verbose` to print the full type name to the console
[INFO] [stdout] help: consider restricting opaque type `impl DispersionParameter + Sync` with trait `Send`
[INFO] [stdout]     |
[INFO] [stdout] 529 |     noise_parameters: impl DispersionParameter + Sync + std::marker::Send,
[INFO] [stdout]     |                                                       +++++++++++++++++++
[INFO] [stdout] 
[INFO] [stdout] 
[INFO] [stdout] error[E0277]: `impl DispersionParameter + Sync` cannot be sent between threads safely
[INFO] [stdout]    --> /opt/rustwide/cargo-home/registry/src/index.crates.io-1949cf8c6b5b557f/tfhe-0.3.1/src/core_crypto/algorithms/ggsw_encryption.rs:576:27
[INFO] [stdout]     |
[INFO] [stdout] 576 |                   .for_each(|((row_index, mut row_as_glwe), mut generator)| {
[INFO] [stdout]     |                    -------- ^----------------------------------------------
[INFO] [stdout]     |                    |        |
[INFO] [stdout]     |  __________________|________within this `{closure@ggsw_encryption.rs:576:27}`
[INFO] [stdout]     | |                  |
[INFO] [stdout]     | |                  required by a bound introduced by this call
[INFO] [stdout] 577 | |                     encrypt_constant_seeded_ggsw_level_matrix_row(
[INFO] [stdout] 578 | |                         glwe_secret_key,
[INFO] [stdout] 579 | |                         (row_index, last_row_index),
[INFO] [stdout] ...   |
[INFO] [stdout] 584 | |                     );
[INFO] [stdout] 585 | |                 });
[INFO] [stdout]     | |_________________^ `impl DispersionParameter + Sync` cannot be sent between threads safely
[INFO] [stdout]     |
[INFO] [stdout] note: required because `noise_parameters` is used within this closure
[INFO] [stdout]    --> /opt/rustwide/cargo-home/registry/src/index.crates.io-1949cf8c6b5b557f/tfhe-0.3.1/src/core_crypto/algorithms/ggsw_encryption.rs:582:25
[INFO] [stdout]     |
[INFO] [stdout] 582 |                         noise_parameters,
[INFO] [stdout]     |                         ^^^^^^^^^^^^^^^^
[INFO] [stdout] note: required by a bound in `rayon::iter::ParallelIterator::for_each`
[INFO] [stdout]    --> /opt/rustwide/cargo-home/registry/src/index.crates.io-1949cf8c6b5b557f/rayon-1.7.0/src/iter/mod.rs:377:37
[INFO] [stdout]     |
[INFO] [stdout] 358 | pub trait ParallelIterator: Sized + Send {
[INFO] [stdout] ...
[INFO] [stdout] 375 |     fn for_each<OP>(self, op: OP)
[INFO] [stdout] 376 |     where
[INFO] [stdout] 377 |         OP: Fn(Self::Item) + Sync + Send,
[INFO] [stdout]     |                                     ^^^^ required by this bound in `ParallelIterator::for_each`
[INFO] [stdout]     = note: the full name for the type has been written to '/opt/rustwide/target/debug/build/tfhe/1d63c79a5b80a85a/out/tfhe-1d63c79a5b80a85a.long-type-6554720365575485450.txt'
[INFO] [stdout]     = note: consider using `--verbose` to print the full type name to the console
[INFO] [stdout] help: consider restricting opaque type `impl DispersionParameter + Sync` with trait `Send`
[INFO] [stdout]     |
[INFO] [stdout] 529 |     noise_parameters: impl DispersionParameter + Sync + std::marker::Send,
[INFO] [stdout]     |                                                       +++++++++++++++++++
[INFO] [stdout] 
[INFO] [stdout] 
[INFO] [stdout] error[E0277]: `impl DispersionParameter + Sync` cannot be sent between threads safely
[INFO] [stdout]    --> /opt/rustwide/cargo-home/registry/src/index.crates.io-1949cf8c6b5b557f/tfhe-0.3.1/src/core_crypto/algorithms/lwe_bootstrap_key_generation.rs:287:19
[INFO] [stdout]     |
[INFO] [stdout] 287 |           .for_each(|((mut ggsw, &input_key_element), mut generator)| {
[INFO] [stdout]     |            -------- ^------------------------------------------------
[INFO] [stdout]     |            |        |
[INFO] [stdout]     |  __________|________within this `{closure@lwe_bootstrap_key_generation.rs:287:19}`
[INFO] [stdout]     | |          |
[INFO] [stdout]     | |          required by a bound introduced by this call
[INFO] [stdout] 288 | |             par_encrypt_constant_ggsw_ciphertext(
[INFO] [stdout] 289 | |                 output_glwe_secret_key,
[INFO] [stdout] 290 | |                 &mut ggsw,
[INFO] [stdout] ...   |
[INFO] [stdout] 294 | |             );
[INFO] [stdout] 295 | |         });
[INFO] [stdout]     | |_________^ `impl DispersionParameter + Sync` cannot be sent between threads safely
[INFO] [stdout]     |
[INFO] [stdout] note: required because `noise_parameters` is used within this closure
[INFO] [stdout]    --> /opt/rustwide/cargo-home/registry/src/index.crates.io-1949cf8c6b5b557f/tfhe-0.3.1/src/core_crypto/algorithms/lwe_bootstrap_key_generation.rs:292:17
[INFO] [stdout]     |
[INFO] [stdout] 292 |                 noise_parameters,
[INFO] [stdout]     |                 ^^^^^^^^^^^^^^^^
[INFO] [stdout] note: required by a bound in `rayon::iter::ParallelIterator::for_each`
[INFO] [stdout]    --> /opt/rustwide/cargo-home/registry/src/index.crates.io-1949cf8c6b5b557f/rayon-1.7.0/src/iter/mod.rs:377:37
[INFO] [stdout]     |
[INFO] [stdout] 358 | pub trait ParallelIterator: Sized + Send {
[INFO] [stdout] ...
[INFO] [stdout] 375 |     fn for_each<OP>(self, op: OP)
[INFO] [stdout] 376 |     where
[INFO] [stdout] 377 |         OP: Fn(Self::Item) + Sync + Send,
[INFO] [stdout]     |                                     ^^^^ required by this bound in `ParallelIterator::for_each`
[INFO] [stdout]     = note: the full name for the type has been written to '/opt/rustwide/target/debug/build/tfhe/1d63c79a5b80a85a/out/tfhe-1d63c79a5b80a85a.long-type-16733064677343411786.txt'
[INFO] [stdout]     = note: consider using `--verbose` to print the full type name to the console
[INFO] [stdout] help: consider restricting opaque type `impl DispersionParameter + Sync` with trait `Send`
[INFO] [stdout]     |
[INFO] [stdout] 241 |     noise_parameters: impl DispersionParameter + Sync + std::marker::Send,
[INFO] [stdout]     |                                                       +++++++++++++++++++
[INFO] [stdout] 
[INFO] [stdout] 
[INFO] [stdout] error[E0277]: `impl DispersionParameter + Sync` cannot be sent between threads safely
[INFO] [stdout]    --> /opt/rustwide/cargo-home/registry/src/index.crates.io-1949cf8c6b5b557f/tfhe-0.3.1/src/core_crypto/algorithms/lwe_bootstrap_key_generation.rs:529:19
[INFO] [stdout]     |
[INFO] [stdout] 529 |           .for_each(|((mut ggsw, &input_key_element), mut generator)| {
[INFO] [stdout]     |            -------- ^------------------------------------------------
[INFO] [stdout]     |            |        |
[INFO] [stdout]     |  __________|________within this `{closure@lwe_bootstrap_key_generation.rs:529:19}`
[INFO] [stdout]     | |          |
[INFO] [stdout]     | |          required by a bound introduced by this call
[INFO] [stdout] 530 | |             par_encrypt_constant_seeded_ggsw_ciphertext_with_existing_generator(
[INFO] [stdout] 531 | |                 output_glwe_secret_key,
[INFO] [stdout] 532 | |                 &mut ggsw,
[INFO] [stdout] ...   |
[INFO] [stdout] 536 | |             );
[INFO] [stdout] 537 | |         })
[INFO] [stdout]     | |_________^ `impl DispersionParameter + Sync` cannot be sent between threads safely
[INFO] [stdout]     |
[INFO] [stdout] note: required because `noise_parameters` is used within this closure
[INFO] [stdout]    --> /opt/rustwide/cargo-home/registry/src/index.crates.io-1949cf8c6b5b557f/tfhe-0.3.1/src/core_crypto/algorithms/lwe_bootstrap_key_generation.rs:534:17
[INFO] [stdout]     |
[INFO] [stdout] 534 |                 noise_parameters,
[INFO] [stdout]     |                 ^^^^^^^^^^^^^^^^
[INFO] [stdout] note: required by a bound in `rayon::iter::ParallelIterator::for_each`
[INFO] [stdout]    --> /opt/rustwide/cargo-home/registry/src/index.crates.io-1949cf8c6b5b557f/rayon-1.7.0/src/iter/mod.rs:377:37
[INFO] [stdout]     |
[INFO] [stdout] 358 | pub trait ParallelIterator: Sized + Send {
[INFO] [stdout] ...
[INFO] [stdout] 375 |     fn for_each<OP>(self, op: OP)
[INFO] [stdout] 376 |     where
[INFO] [stdout] 377 |         OP: Fn(Self::Item) + Sync + Send,
[INFO] [stdout]     |                                     ^^^^ required by this bound in `ParallelIterator::for_each`
[INFO] [stdout]     = note: the full name for the type has been written to '/opt/rustwide/target/debug/build/tfhe/1d63c79a5b80a85a/out/tfhe-1d63c79a5b80a85a.long-type-4558606550451366928.txt'
[INFO] [stdout]     = note: consider using `--verbose` to print the full type name to the console
[INFO] [stdout] help: consider restricting opaque type `impl DispersionParameter + Sync` with trait `Send`
[INFO] [stdout]     |
[INFO] [stdout] 477 |     noise_parameters: impl DispersionParameter + Sync + std::marker::Send,
[INFO] [stdout]     |                                                       +++++++++++++++++++
[INFO] [stdout] 
[INFO] [stdout] 
[INFO] [stdout] error[E0277]: `impl DispersionParameter + Sync` cannot be sent between threads safely
[INFO] [stdout]    --> /opt/rustwide/cargo-home/registry/src/index.crates.io-1949cf8c6b5b557f/tfhe-0.3.1/src/core_crypto/algorithms/lwe_encryption.rs:648:19
[INFO] [stdout]     |
[INFO] [stdout] 648 |           .for_each(|((encoded_plaintext_ref, mut ciphertext), mut generator)| {
[INFO] [stdout]     |            -------- ^---------------------------------------------------------
[INFO] [stdout]     |            |        |
[INFO] [stdout]     |  __________|________within this `{closure@lwe_encryption.rs:648:19}`
[INFO] [stdout]     | |          |
[INFO] [stdout]     | |          required by a bound introduced by this call
[INFO] [stdout] 649 | |             encrypt_lwe_ciphertext(
[INFO] [stdout] 650 | |                 lwe_secret_key,
[INFO] [stdout] 651 | |                 &mut ciphertext,
[INFO] [stdout] ...   |
[INFO] [stdout] 656 | |         });
[INFO] [stdout]     | |_________^ `impl DispersionParameter + Sync` cannot be sent between threads safely
[INFO] [stdout]     |
[INFO] [stdout] note: required because `noise_parameters` is used within this closure
[INFO] [stdout]    --> /opt/rustwide/cargo-home/registry/src/index.crates.io-1949cf8c6b5b557f/tfhe-0.3.1/src/core_crypto/algorithms/lwe_encryption.rs:653:17
[INFO] [stdout]     |
[INFO] [stdout] 653 |                 noise_parameters,
[INFO] [stdout]     |                 ^^^^^^^^^^^^^^^^
[INFO] [stdout] note: required by a bound in `rayon::iter::ParallelIterator::for_each`
[INFO] [stdout]    --> /opt/rustwide/cargo-home/registry/src/index.crates.io-1949cf8c6b5b557f/rayon-1.7.0/src/iter/mod.rs:377:37
[INFO] [stdout]     |
[INFO] [stdout] 358 | pub trait ParallelIterator: Sized + Send {
[INFO] [stdout] ...
[INFO] [stdout] 375 |     fn for_each<OP>(self, op: OP)
[INFO] [stdout] 376 |     where
[INFO] [stdout] 377 |         OP: Fn(Self::Item) + Sync + Send,
[INFO] [stdout]     |                                     ^^^^ required by this bound in `ParallelIterator::for_each`
[INFO] [stdout]     = note: the full name for the type has been written to '/opt/rustwide/target/debug/build/tfhe/1d63c79a5b80a85a/out/tfhe-1d63c79a5b80a85a.long-type-9011025390524220874.txt'
[INFO] [stdout]     = note: consider using `--verbose` to print the full type name to the console
[INFO] [stdout] help: consider restricting opaque type `impl DispersionParameter + Sync` with trait `Send`
[INFO] [stdout]     |
[INFO] [stdout] 623 |     noise_parameters: impl DispersionParameter + Sync + std::marker::Send,
[INFO] [stdout]     |                                                       +++++++++++++++++++
[INFO] [stdout] 
[INFO] [stdout] 
[INFO] [stdout] error[E0277]: `impl DispersionParameter + Sync` cannot be sent between threads safely
[INFO] [stdout]     --> /opt/rustwide/cargo-home/registry/src/index.crates.io-1949cf8c6b5b557f/tfhe-0.3.1/src/core_crypto/algorithms/lwe_encryption.rs:1169:19
[INFO] [stdout]      |
[INFO] [stdout] 1169 |           .for_each(|((output_body, plaintext), mut loop_generator)| {
[INFO] [stdout]      |            -------- ^-----------------------------------------------
[INFO] [stdout]      |            |        |
[INFO] [stdout]      |  __________|________within this `{closure@lwe_encryption.rs:1169:19}`
[INFO] [stdout]      | |          |
[INFO] [stdout]      | |          required by a bound introduced by this call
[INFO] [stdout] 1170 | |             let mut output_mask =
[INFO] [stdout] 1171 | |                 LweMask::from_container(vec![Scalar::ZERO; lwe_dimension.0], ciphertext_modulus);
[INFO] [stdout] 1172 | |             fill_lwe_mask_and_body_for_encryption(
[INFO] [stdout] ...    |
[INFO] [stdout] 1180 | |         });
[INFO] [stdout]      | |_________^ `impl DispersionParameter + Sync` cannot be sent between threads safely
[INFO] [stdout]      |
[INFO] [stdout] note: required because `noise_parameters` is used within this closure
[INFO] [stdout]     --> /opt/rustwide/cargo-home/registry/src/index.crates.io-1949cf8c6b5b557f/tfhe-0.3.1/src/core_crypto/algorithms/lwe_encryption.rs:1177:17
[INFO] [stdout]      |
[INFO] [stdout] 1177 |                 noise_parameters,
[INFO] [stdout]      |                 ^^^^^^^^^^^^^^^^
[INFO] [stdout] note: required by a bound in `rayon::iter::ParallelIterator::for_each`
[INFO] [stdout]     --> /opt/rustwide/cargo-home/registry/src/index.crates.io-1949cf8c6b5b557f/rayon-1.7.0/src/iter/mod.rs:377:37
[INFO] [stdout]      |
[INFO] [stdout]  358 | pub trait ParallelIterator: Sized + Send {
[INFO] [stdout] ...
[INFO] [stdout]  375 |     fn for_each<OP>(self, op: OP)
[INFO] [stdout]  376 |     where
[INFO] [stdout]  377 |         OP: Fn(Self::Item) + Sync + Send,
[INFO] [stdout]      |                                     ^^^^ required by this bound in `ParallelIterator::for_each`
[INFO] [stdout]      = note: the full name for the type has been written to '/opt/rustwide/target/debug/build/tfhe/1d63c79a5b80a85a/out/tfhe-1d63c79a5b80a85a.long-type-7950980027877214407.txt'
[INFO] [stdout]      = note: consider using `--verbose` to print the full type name to the console
[INFO] [stdout] help: consider restricting opaque type `impl DispersionParameter + Sync` with trait `Send`
[INFO] [stdout]      |
[INFO] [stdout] 1134 |     noise_parameters: impl DispersionParameter + Sync + std::marker::Send,
[INFO] [stdout]      |                                                       +++++++++++++++++++
[INFO] [stdout] 
[INFO] [stdout] 
[INFO] [stdout] error[E0277]: `impl DispersionParameter + Sync` cannot be sent between threads safely
[INFO] [stdout]     --> /opt/rustwide/cargo-home/registry/src/index.crates.io-1949cf8c6b5b557f/tfhe-0.3.1/src/core_crypto/algorithms/lwe_encryption.rs:1992:13
[INFO] [stdout]      |
[INFO] [stdout] 1991 |            .for_each(
[INFO] [stdout]      |             -------- required by a bound introduced by this call
[INFO] [stdout] 1992 | //             |(
[INFO] [stdout] 1993 | ||                 mut output_mask,
[INFO] [stdout] 1994 | ||                 (
[INFO] [stdout] 1995 | ||                     ((mut output_body_chunk, input_plaintext_chunk), binary_random_slice),
[INFO] [stdout] 1996 | ||                     mut loop_generator,
[INFO] [stdout] 1997 | ||                 ),
[INFO] [stdout] 1998 | ||             )| {
[INFO] [stdout]      | ||______________- within this `{closure@lwe_encryption.rs:1992:13}`
[INFO] [stdout] ...    |
[INFO] [stdout] 2037 | |                      });
[INFO] [stdout] 2038 | |              },
[INFO] [stdout]      | |______________^ `impl DispersionParameter + Sync` cannot be sent between threads safely
[INFO] [stdout]      |
[INFO] [stdout] note: required because `mask_noise_parameters` is used within this closure
[INFO] [stdout]     --> /opt/rustwide/cargo-home/registry/src/index.crates.io-1949cf8c6b5b557f/tfhe-0.3.1/src/core_crypto/algorithms/lwe_encryption.rs:2024:21
[INFO] [stdout]      |
[INFO] [stdout] 2024 |                     mask_noise_parameters,
[INFO] [stdout]      |                     ^^^^^^^^^^^^^^^^^^^^^
[INFO] [stdout] note: required by a bound in `rayon::iter::ParallelIterator::for_each`
[INFO] [stdout]     --> /opt/rustwide/cargo-home/registry/src/index.crates.io-1949cf8c6b5b557f/rayon-1.7.0/src/iter/mod.rs:377:37
[INFO] [stdout]      |
[INFO] [stdout]  358 | pub trait ParallelIterator: Sized + Send {
[INFO] [stdout] ...
[INFO] [stdout]  375 |     fn for_each<OP>(self, op: OP)
[INFO] [stdout]  376 |     where
[INFO] [stdout]  377 |         OP: Fn(Self::Item) + Sync + Send,
[INFO] [stdout]      |                                     ^^^^ required by this bound in `ParallelIterator::for_each`
[INFO] [stdout]      = note: the full name for the type has been written to '/opt/rustwide/target/debug/build/tfhe/1d63c79a5b80a85a/out/tfhe-1d63c79a5b80a85a.long-type-2616620303186315241.txt'
[INFO] [stdout]      = note: consider using `--verbose` to print the full type name to the console
[INFO] [stdout] help: consider restricting opaque type `impl DispersionParameter + Sync` with trait `Send`
[INFO] [stdout]      |
[INFO] [stdout] 1925 |     mask_noise_parameters: impl DispersionParameter + Sync + std::marker::Send,
[INFO] [stdout]      |                                                            +++++++++++++++++++
[INFO] [stdout] 
[INFO] [stdout] 
[INFO] [stdout] error[E0277]: `impl DispersionParameter + Sync` cannot be sent between threads safely
[INFO] [stdout]    --> /opt/rustwide/cargo-home/registry/src/index.crates.io-1949cf8c6b5b557f/tfhe-0.3.1/src/core_crypto/algorithms/lwe_multi_bit_bootstrap_key_generation.rs:358:13
[INFO] [stdout]     |
[INFO] [stdout] 357 |           .for_each(
[INFO] [stdout]     |            -------- required by a bound introduced by this call
[INFO] [stdout] 358 |               |((mut ggsw_group, input_key_elements), mut loop_generator)| {
[INFO] [stdout]     |               ^-----------------------------------------------------------
[INFO] [stdout]     |               |
[INFO] [stdout]     |  _____________within this `{closure@lwe_multi_bit_bootstrap_key_generation.rs:358:13}`
[INFO] [stdout]     | |
[INFO] [stdout] 359 | |                 let gen_iter = loop_generator
[INFO] [stdout] 360 | |                     .par_fork_n(ggsw_per_multi_bit_element.0)
[INFO] [stdout] 361 | |                     .unwrap();
[INFO] [stdout] ...   |
[INFO] [stdout] 378 | |                     });
[INFO] [stdout] 379 | |             },
[INFO] [stdout]     | |_____________^ `impl DispersionParameter + Sync` cannot be sent between threads safely
[INFO] [stdout]     |
[INFO] [stdout] note: required because `noise_parameters` is used within this closure
[INFO] [stdout]    --> /opt/rustwide/cargo-home/registry/src/index.crates.io-1949cf8c6b5b557f/tfhe-0.3.1/src/core_crypto/algorithms/lwe_multi_bit_bootstrap_key_generation.rs:375:29
[INFO] [stdout]     |
[INFO] [stdout] 375 | ...                   noise_parameters,
[INFO] [stdout]     |                       ^^^^^^^^^^^^^^^^
[INFO] [stdout] note: required by a bound in `rayon::iter::ParallelIterator::for_each`
[INFO] [stdout]    --> /opt/rustwide/cargo-home/registry/src/index.crates.io-1949cf8c6b5b557f/rayon-1.7.0/src/iter/mod.rs:377:37
[INFO] [stdout]     |
[INFO] [stdout] 358 | pub trait ParallelIterator: Sized + Send {
[INFO] [stdout] ...
[INFO] [stdout] 375 |     fn for_each<OP>(self, op: OP)
[INFO] [stdout] 376 |     where
[INFO] [stdout] 377 |         OP: Fn(Self::Item) + Sync + Send,
[INFO] [stdout]     |                                     ^^^^ required by this bound in `ParallelIterator::for_each`
[INFO] [stdout]     = note: the full name for the type has been written to '/opt/rustwide/target/debug/build/tfhe/1d63c79a5b80a85a/out/tfhe-1d63c79a5b80a85a.long-type-8028424487839471682.txt'
[INFO] [stdout]     = note: consider using `--verbose` to print the full type name to the console
[INFO] [stdout] help: consider restricting opaque type `impl DispersionParameter + Sync` with trait `Send`
[INFO] [stdout]     |
[INFO] [stdout] 302 |     noise_parameters: impl DispersionParameter + Sync + std::marker::Send,
[INFO] [stdout]     |                                                       +++++++++++++++++++
[INFO] [stdout] 
[INFO] [stdout] 
[INFO] [stdout] error[E0277]: `impl DispersionParameter + Sync` cannot be sent between threads safely
[INFO] [stdout]    --> /opt/rustwide/cargo-home/registry/src/index.crates.io-1949cf8c6b5b557f/tfhe-0.3.1/src/core_crypto/algorithms/lwe_multi_bit_bootstrap_key_generation.rs:366:31
[INFO] [stdout]     |
[INFO] [stdout] 366 |                       .for_each(|((bit_inversion_idx, ggsw), mut inner_loop_generator)| {
[INFO] [stdout]     |                        -------- ^------------------------------------------------------
[INFO] [stdout]     |                        |        |
[INFO] [stdout]     |  ______________________|________within this `{closure@lwe_multi_bit_bootstrap_key_generation.rs:366:31}`
[INFO] [stdout]     | |                      |
[INFO] [stdout]     | |                      required by a bound introduced by this call
[INFO] [stdout] 367 | |                         // Use the index of the ggsw as a way to know which bit to invert
[INFO] [stdout] 368 | |                         let key_bits_plaintext =
[INFO] [stdout] 369 | |                             combine_key_bits(bit_inversion_idx, input_key_elements);
[INFO] [stdout] ...   |
[INFO] [stdout] 377 | |                         );
[INFO] [stdout] 378 | |                     });
[INFO] [stdout]     | |_____________________^ `impl DispersionParameter + Sync` cannot be sent between threads safely
[INFO] [stdout]     |
[INFO] [stdout] note: required because `noise_parameters` is used within this closure
[INFO] [stdout]    --> /opt/rustwide/cargo-home/registry/src/index.crates.io-1949cf8c6b5b557f/tfhe-0.3.1/src/core_crypto/algorithms/lwe_multi_bit_bootstrap_key_generation.rs:375:29
[INFO] [stdout]     |
[INFO] [stdout] 375 | ...                   noise_parameters,
[INFO] [stdout]     |                       ^^^^^^^^^^^^^^^^
[INFO] [stdout] note: required by a bound in `rayon::iter::ParallelIterator::for_each`
[INFO] [stdout]    --> /opt/rustwide/cargo-home/registry/src/index.crates.io-1949cf8c6b5b557f/rayon-1.7.0/src/iter/mod.rs:377:37
[INFO] [stdout]     |
[INFO] [stdout] 358 | pub trait ParallelIterator: Sized + Send {
[INFO] [stdout] ...
[INFO] [stdout] 375 |     fn for_each<OP>(self, op: OP)
[INFO] [stdout] 376 |     where
[INFO] [stdout] 377 |         OP: Fn(Self::Item) + Sync + Send,
[INFO] [stdout]     |                                     ^^^^ required by this bound in `ParallelIterator::for_each`
[INFO] [stdout]     = note: the full name for the type has been written to '/opt/rustwide/target/debug/build/tfhe/1d63c79a5b80a85a/out/tfhe-1d63c79a5b80a85a.long-type-3564591523199150110.txt'
[INFO] [stdout]     = note: consider using `--verbose` to print the full type name to the console
[INFO] [stdout] help: consider restricting opaque type `impl DispersionParameter + Sync` with trait `Send`
[INFO] [stdout]     |
[INFO] [stdout] 302 |     noise_parameters: impl DispersionParameter + Sync + std::marker::Send,
[INFO] [stdout]     |                                                       +++++++++++++++++++
[INFO] [stdout] 
[INFO] [stdout] 
[INFO] [stdout] error[E0277]: `impl DispersionParameter + Sync` cannot be sent between threads safely
[INFO] [stdout]    --> /opt/rustwide/cargo-home/registry/src/index.crates.io-1949cf8c6b5b557f/tfhe-0.3.1/src/core_crypto/algorithms/lwe_multi_bit_bootstrap_key_generation.rs:702:13
[INFO] [stdout]     |
[INFO] [stdout] 701 |           .for_each(
[INFO] [stdout]     |            -------- required by a bound introduced by this call
[INFO] [stdout] 702 |               |((mut ggsw_group, input_key_elements), mut loop_generator)| {
[INFO] [stdout]     |               ^-----------------------------------------------------------
[INFO] [stdout]     |               |
[INFO] [stdout]     |  _____________within this `{closure@lwe_multi_bit_bootstrap_key_generation.rs:702:13}`
[INFO] [stdout]     | |
[INFO] [stdout] 703 | |                 let gen_iter = loop_generator
[INFO] [stdout] 704 | |                     .par_fork_n(ggsw_per_multi_bit_element.0)
[INFO] [stdout] 705 | |                     .unwrap();
[INFO] [stdout] ...   |
[INFO] [stdout] 722 | |                     });
[INFO] [stdout] 723 | |             },
[INFO] [stdout]     | |_____________^ `impl DispersionParameter + Sync` cannot be sent between threads safely
[INFO] [stdout]     |
[INFO] [stdout] note: required because `noise_parameters` is used within this closure
[INFO] [stdout]    --> /opt/rustwide/cargo-home/registry/src/index.crates.io-1949cf8c6b5b557f/tfhe-0.3.1/src/core_crypto/algorithms/lwe_multi_bit_bootstrap_key_generation.rs:719:29
[INFO] [stdout]     |
[INFO] [stdout] 719 | ...                   noise_parameters,
[INFO] [stdout]     |                       ^^^^^^^^^^^^^^^^
[INFO] [stdout] note: required by a bound in `rayon::iter::ParallelIterator::for_each`
[INFO] [stdout]    --> /opt/rustwide/cargo-home/registry/src/index.crates.io-1949cf8c6b5b557f/rayon-1.7.0/src/iter/mod.rs:377:37
[INFO] [stdout]     |
[INFO] [stdout] 358 | pub trait ParallelIterator: Sized + Send {
[INFO] [stdout] ...
[INFO] [stdout] 375 |     fn for_each<OP>(self, op: OP)
[INFO] [stdout] 376 |     where
[INFO] [stdout] 377 |         OP: Fn(Self::Item) + Sync + Send,
[INFO] [stdout]     |                                     ^^^^ required by this bound in `ParallelIterator::for_each`
[INFO] [stdout]     = note: the full name for the type has been written to '/opt/rustwide/target/debug/build/tfhe/1d63c79a5b80a85a/out/tfhe-1d63c79a5b80a85a.long-type-12626658569786840266.txt'
[INFO] [stdout]     = note: consider using `--verbose` to print the full type name to the console
[INFO] [stdout] help: consider restricting opaque type `impl DispersionParameter + Sync` with trait `Send`
[INFO] [stdout]     |
[INFO] [stdout] 640 |     noise_parameters: impl DispersionParameter + Sync + std::marker::Send,
[INFO] [stdout]     |                                                       +++++++++++++++++++
[INFO] [stdout] 
[INFO] [stdout] 
[INFO] [stdout] error[E0277]: `impl DispersionParameter + Sync` cannot be sent between threads safely
[INFO] [stdout]    --> /opt/rustwide/cargo-home/registry/src/index.crates.io-1949cf8c6b5b557f/tfhe-0.3.1/src/core_crypto/algorithms/lwe_multi_bit_bootstrap_key_generation.rs:710:31
[INFO] [stdout]     |
[INFO] [stdout] 710 |                       .for_each(|((bit_inversion_idx, ggsw), mut inner_loop_generator)| {
[INFO] [stdout]     |                        -------- ^------------------------------------------------------
[INFO] [stdout]     |                        |        |
[INFO] [stdout]     |  ______________________|________within this `{closure@lwe_multi_bit_bootstrap_key_generation.rs:710:31}`
[INFO] [stdout]     | |                      |
[INFO] [stdout]     | |                      required by a bound introduced by this call
[INFO] [stdout] 711 | |                         // Use the index of the ggsw as a way to know which bit to invert
[INFO] [stdout] 712 | |                         let key_bits_plaintext =
[INFO] [stdout] 713 | |                             combine_key_bits(bit_inversion_idx, input_key_elements);
[INFO] [stdout] ...   |
[INFO] [stdout] 721 | |                         );
[INFO] [stdout] 722 | |                     });
[INFO] [stdout]     | |_____________________^ `impl DispersionParameter + Sync` cannot be sent between threads safely
[INFO] [stdout]     |
[INFO] [stdout] note: required because `noise_parameters` is used within this closure
[INFO] [stdout]    --> /opt/rustwide/cargo-home/registry/src/index.crates.io-1949cf8c6b5b557f/tfhe-0.3.1/src/core_crypto/algorithms/lwe_multi_bit_bootstrap_key_generation.rs:719:29
[INFO] [stdout]     |
[INFO] [stdout] 719 | ...                   noise_parameters,
[INFO] [stdout]     |                       ^^^^^^^^^^^^^^^^
[INFO] [stdout] note: required by a bound in `rayon::iter::ParallelIterator::for_each`
[INFO] [stdout]    --> /opt/rustwide/cargo-home/registry/src/index.crates.io-1949cf8c6b5b557f/rayon-1.7.0/src/iter/mod.rs:377:37
[INFO] [stdout]     |
[INFO] [stdout] 358 | pub trait ParallelIterator: Sized + Send {
[INFO] [stdout] ...
[INFO] [stdout] 375 |     fn for_each<OP>(self, op: OP)
[INFO] [stdout] 376 |     where
[INFO] [stdout] 377 |         OP: Fn(Self::Item) + Sync + Send,
[INFO] [stdout]     |                                     ^^^^ required by this bound in `ParallelIterator::for_each`
[INFO] [stdout]     = note: the full name for the type has been written to '/opt/rustwide/target/debug/build/tfhe/1d63c79a5b80a85a/out/tfhe-1d63c79a5b80a85a.long-type-10731290485674942908.txt'
[INFO] [stdout]     = note: consider using `--verbose` to print the full type name to the console
[INFO] [stdout] help: consider restricting opaque type `impl DispersionParameter + Sync` with trait `Send`
[INFO] [stdout]     |
[INFO] [stdout] 640 |     noise_parameters: impl DispersionParameter + Sync + std::marker::Send,
[INFO] [stdout]     |                                                       +++++++++++++++++++
[INFO] [stdout] 
[INFO] [stdout] 
[INFO] [stdout] error[E0277]: `impl DispersionParameter + Sync` cannot be sent between threads safely
[INFO] [stdout]    --> /opt/rustwide/cargo-home/registry/src/index.crates.io-1949cf8c6b5b557f/tfhe-0.3.1/src/core_crypto/algorithms/lwe_private_functional_packing_keyswitch_key_generation.rs:221:13
[INFO] [stdout]     |
[INFO] [stdout] 220 |           .for_each(
[INFO] [stdout]     |            -------- required by a bound introduced by this call
[INFO] [stdout] 221 |               |((&input_key_bit, mut keyswitch_key_block), mut loop_generator)| {
[INFO] [stdout]     |               ^----------------------------------------------------------------
[INFO] [stdout]     |               |
[INFO] [stdout]     |  _____________within this `{closure@lwe_private_functional_packing_keyswitch_key_generation.rs:221:13}`
[INFO] [stdout]     | |
[INFO] [stdout] 222 | |                 // We instantiate a buffer
[INFO] [stdout] 223 | |                 let mut messages = PlaintextListOwned::new(Scalar::ZERO, plaintext_count);
[INFO] [stdout] ...   |
[INFO] [stdout] 250 | |             },
[INFO] [stdout]     | |_____________^ `impl DispersionParameter + Sync` cannot be sent between threads safely
[INFO] [stdout]     |
[INFO] [stdout] note: required because `noise_parameters` is used within this closure
[INFO] [stdout]    --> /opt/rustwide/cargo-home/registry/src/index.crates.io-1949cf8c6b5b557f/tfhe-0.3.1/src/core_crypto/algorithms/lwe_private_functional_packing_keyswitch_key_generation.rs:247:21
[INFO] [stdout]     |
[INFO] [stdout] 247 |                     noise_parameters,
[INFO] [stdout]     |                     ^^^^^^^^^^^^^^^^
[INFO] [stdout] note: required by a bound in `rayon::iter::ParallelIterator::for_each`
[INFO] [stdout]    --> /opt/rustwide/cargo-home/registry/src/index.crates.io-1949cf8c6b5b557f/rayon-1.7.0/src/iter/mod.rs:377:37
[INFO] [stdout]     |
[INFO] [stdout] 358 | pub trait ParallelIterator: Sized + Send {
[INFO] [stdout] ...
[INFO] [stdout] 375 |     fn for_each<OP>(self, op: OP)
[INFO] [stdout] 376 |     where
[INFO] [stdout] 377 |         OP: Fn(Self::Item) + Sync + Send,
[INFO] [stdout]     |                                     ^^^^ required by this bound in `ParallelIterator::for_each`
[INFO] [stdout]     = note: the full name for the type has been written to '/opt/rustwide/target/debug/build/tfhe/1d63c79a5b80a85a/out/tfhe-1d63c79a5b80a85a.long-type-12959903028398205968.txt'
[INFO] [stdout]     = note: consider using `--verbose` to print the full type name to the console
[INFO] [stdout] help: consider restricting opaque type `impl DispersionParameter + Sync` with trait `Send`
[INFO] [stdout]     |
[INFO] [stdout] 150 |     noise_parameters: impl DispersionParameter + Sync + std::marker::Send,
[INFO] [stdout]     |                                                       +++++++++++++++++++
[INFO] [stdout] 
[INFO] [stdout] 
[INFO] [stdout] error[E0277]: `impl DispersionParameter + Sync` cannot be sent between threads safely
[INFO] [stdout]    --> /opt/rustwide/cargo-home/registry/src/index.crates.io-1949cf8c6b5b557f/tfhe-0.3.1/src/core_crypto/algorithms/lwe_wopbs.rs:286:13
[INFO] [stdout]     |
[INFO] [stdout] 285 |           .for_each(
[INFO] [stdout]     |            -------- required by a bound introduced by this call
[INFO] [stdout] 286 |               |((mut lwe_pfpksk, polynomial_to_encrypt), mut loop_generator)| {
[INFO] [stdout]     |               ^--------------------------------------------------------------
[INFO] [stdout]     |               |
[INFO] [stdout]     |  _____________within this `{closure@lwe_wopbs.rs:286:13}`
[INFO] [stdout]     | |
[INFO] [stdout] 287 | |                 par_generate_lwe_private_functional_packing_keyswitch_key(
[INFO] [stdout] 288 | |                     input_lwe_secret_key,
[INFO] [stdout] 289 | |                     output_glwe_secret_key,
[INFO] [stdout] ...   |
[INFO] [stdout] 295 | |                 );
[INFO] [stdout] 296 | |             },
[INFO] [stdout]     | |_____________^ `impl DispersionParameter + Sync` cannot be sent between threads safely
[INFO] [stdout]     |
[INFO] [stdout] note: required because `noise_parameters` is used within this closure
[INFO] [stdout]    --> /opt/rustwide/cargo-home/registry/src/index.crates.io-1949cf8c6b5b557f/tfhe-0.3.1/src/core_crypto/algorithms/lwe_wopbs.rs:291:21
[INFO] [stdout]     |
[INFO] [stdout] 291 |                     noise_parameters,
[INFO] [stdout]     |                     ^^^^^^^^^^^^^^^^
[INFO] [stdout] note: required by a bound in `rayon::iter::ParallelIterator::for_each`
[INFO] [stdout]    --> /opt/rustwide/cargo-home/registry/src/index.crates.io-1949cf8c6b5b557f/rayon-1.7.0/src/iter/mod.rs:377:37
[INFO] [stdout]     |
[INFO] [stdout] 358 | pub trait ParallelIterator: Sized + Send {
[INFO] [stdout] ...
[INFO] [stdout] 375 |     fn for_each<OP>(self, op: OP)
[INFO] [stdout] 376 |     where
[INFO] [stdout] 377 |         OP: Fn(Self::Item) + Sync + Send,
[INFO] [stdout]     |                                     ^^^^ required by this bound in `ParallelIterator::for_each`
[INFO] [stdout]     = note: the full name for the type has been written to '/opt/rustwide/target/debug/build/tfhe/1d63c79a5b80a85a/out/tfhe-1d63c79a5b80a85a.long-type-919699627740033453.txt'
[INFO] [stdout]     = note: consider using `--verbose` to print the full type name to the console
[INFO] [stdout] help: consider restricting opaque type `impl DispersionParameter + Sync` with trait `Send`
[INFO] [stdout]     |
[INFO] [stdout] 228 |     noise_parameters: impl DispersionParameter + Sync + std::marker::Send,
[INFO] [stdout]     |                                                       +++++++++++++++++++
[INFO] [stdout] 
[INFO] [stdout] 
[INFO] [stdout] For more information about this error, try `rustc --explain E0277`.
[INFO] [stdout] 
[INFO] [stderr] error: could not compile `tfhe` (lib) due to 15 previous errors
[INFO] running `Command { std: "docker" "inspect" "cfc86ebe56998e2529eb0986d3e3c1613bdaa659f684d203b9c08add102dd836", kill_on_drop: false }`
[INFO] running `Command { std: "docker" "rm" "-f" "cfc86ebe56998e2529eb0986d3e3c1613bdaa659f684d203b9c08add102dd836", kill_on_drop: false }`
[INFO] [stdout] cfc86ebe56998e2529eb0986d3e3c1613bdaa659f684d203b9c08add102dd836
