[INFO] cloning repository https://github.com/fateco/fate
[INFO] running `Command { std: "git" "-c" "credential.helper=" "-c" "credential.helper=/workspace/cargo-home/bin/git-credential-null" "clone" "--bare" "https://github.com/fateco/fate" "/workspace/cache/git-repos/https%3A%2F%2Fgithub.com%2Ffateco%2Ffate", kill_on_drop: false }`
[INFO] [stderr] Cloning into bare repository '/workspace/cache/git-repos/https%3A%2F%2Fgithub.com%2Ffateco%2Ffate'...
[INFO] running `Command { std: "git" "rev-parse" "HEAD", kill_on_drop: false }`
[INFO] [stdout] 99b50e9a7c1a6ca151fafa26bbea006cd9ea1818
[INFO] checking fateco/fate against c60b92c03ca8a3b101eb9d57f51e2232690638c7 for pr-164148-crater-rollup
[INFO] running `Command { std: "git" "clone" "/workspace/cache/git-repos/https%3A%2F%2Fgithub.com%2Ffateco%2Ffate" "/workspace/builds/worker-3-tc2/source", kill_on_drop: false }`
[INFO] [stderr] Cloning into '/workspace/builds/worker-3-tc2/source'...
[INFO] [stderr] done.
[INFO] started tweaking git repo https://github.com/fateco/fate
[INFO] finished tweaking git repo https://github.com/fateco/fate
[INFO] tweaked toml for git repo https://github.com/fateco/fate written to /workspace/builds/worker-3-tc2/source/Cargo.toml
[INFO] validating manifest of git repo https://github.com/fateco/fate on toolchain c60b92c03ca8a3b101eb9d57f51e2232690638c7
[INFO] running `Command { std: CARGO_HOME="/workspace/cargo-home" RUSTUP_HOME="/workspace/rustup-home" "/workspace/cargo-home/bin/cargo" "+c60b92c03ca8a3b101eb9d57f51e2232690638c7" "metadata" "--manifest-path" "Cargo.toml" "--no-deps", kill_on_drop: false }`
[INFO] crate git repo https://github.com/fateco/fate already has a lockfile, it will not be regenerated
[INFO] running `Command { std: CARGO_HOME="/workspace/cargo-home" RUSTUP_HOME="/workspace/rustup-home" "/workspace/cargo-home/bin/cargo" "+c60b92c03ca8a3b101eb9d57f51e2232690638c7" "fetch" "--manifest-path" "Cargo.toml", kill_on_drop: false }`
[INFO] running `Command { std: "docker" "create" "-v" "/var/lib/crater-agent-workspace/builds/worker-3-tc2/source:/opt/rustwide/workdir:ro,Z" "-v" "/var/lib/crater-agent-workspace/builds/worker-3-tc2/target:/opt/rustwide/target:rw,Z" "-v" "/var/lib/crater-agent-workspace/cargo-home:/opt/rustwide/cargo-home:ro,Z" "-v" "/var/lib/crater-agent-workspace/rustup-home:/opt/rustwide/rustup-home:ro,Z" "-m" "1610612736" "--network" "none" "ghcr.io/rust-lang/crates-build-env/linux@sha256:77db811e55d90add9212f6832c23229e3de5f1c1f9905e8cb07319ea15df73ac" "sleep" "infinity", kill_on_drop: false }`
[INFO] [stdout] 134108092fabf37d5ec98d82c0cf8a933bb58798c50304b3a4e832b96e4eb835
[INFO] running `Command { std: "docker" "start" "134108092fabf37d5ec98d82c0cf8a933bb58798c50304b3a4e832b96e4eb835", kill_on_drop: false }`
[INFO] running `Command { std: "docker" "inspect" "134108092fabf37d5ec98d82c0cf8a933bb58798c50304b3a4e832b96e4eb835", kill_on_drop: false }`
[INFO] running `Command { std: "docker" "exec" "-e" "SOURCE_DIR=/opt/rustwide/workdir" "-e" "CARGO_HOME=/opt/rustwide/cargo-home" "-e" "RUSTUP_HOME=/opt/rustwide/rustup-home" "-e" "CARGO_TARGET_DIR=/opt/rustwide/target" "-w" "/opt/rustwide/workdir" "--user" "0:0" "134108092fabf37d5ec98d82c0cf8a933bb58798c50304b3a4e832b96e4eb835" "/opt/rustwide/cargo-home/bin/cargo" "+c60b92c03ca8a3b101eb9d57f51e2232690638c7" "metadata" "--no-deps" "--format-version=1", kill_on_drop: false }`
[INFO] running `Command { std: "docker" "inspect" "134108092fabf37d5ec98d82c0cf8a933bb58798c50304b3a4e832b96e4eb835", kill_on_drop: false }`
[INFO] running `Command { std: "docker" "exec" "-e" "SOURCE_DIR=/opt/rustwide/workdir" "-e" "CARGO_HOME=/opt/rustwide/cargo-home" "-e" "RUSTUP_HOME=/opt/rustwide/rustup-home" "-e" "CARGO_TARGET_DIR=/opt/rustwide/target" "-e" "CARGO_INCREMENTAL=0" "-e" "RUST_BACKTRACE=full" "-e" "RUSTFLAGS=--cap-lints=forbid" "-e" "RUSTDOCFLAGS=--cap-lints=forbid" "-w" "/opt/rustwide/workdir" "--user" "0:0" "134108092fabf37d5ec98d82c0cf8a933bb58798c50304b3a4e832b96e4eb835" "/opt/rustwide/cargo-home/bin/cargo" "+c60b92c03ca8a3b101eb9d57f51e2232690638c7" "check" "--frozen" "--all" "--all-targets" "--message-format=json", kill_on_drop: false }`
[INFO] [stderr]    Compiling proc-macro2 v1.0.103
[INFO] [stderr]    Compiling quote v1.0.41
[INFO] [stderr]    Compiling unicode-ident v1.0.19
[INFO] [stderr]    Compiling serde_core v1.0.228
[INFO] [stderr]    Compiling libc v0.2.177
[INFO] [stderr]     Checking cfg-if v1.0.3
[INFO] [stderr]    Compiling wasm-bindgen-shared v0.2.106
[INFO] [stderr]     Checking stable_deref_trait v1.2.1
[INFO] [stderr]    Compiling bumpalo v3.19.0
[INFO] [stderr]    Compiling memchr v2.7.6
[INFO] [stderr]    Compiling find-msvc-tools v0.1.4
[INFO] [stderr]     Checking hashbrown v0.16.0
[INFO] [stderr]    Compiling wasm-bindgen v0.2.106
[INFO] [stderr]     Checking slab v0.4.11
[INFO] [stderr]    Compiling regex-syntax v0.8.8
[INFO] [stderr]     Checking log v0.4.28
[INFO] [stderr]     Checking futures-channel v0.3.31
[INFO] [stderr]    Compiling serde_json v1.0.145
[INFO] [stderr]    Compiling generic-array v0.14.9
[INFO] [stderr]    Compiling crossbeam-epoch v0.9.18
[INFO] [stderr]     Checking futures-io v0.3.31
[INFO] [stderr]     Checking futures-task v0.3.31
[INFO] [stderr]     Checking aho-corasick v1.1.4
[INFO] [stderr]    Compiling getrandom v0.3.4
[INFO] [stderr]    Compiling aws-lc-rs v1.14.1
[INFO] [stderr]    Compiling crossbeam-deque v0.8.6
[INFO] [stderr]    Compiling bstr v1.12.1
[INFO] [stderr]     Checking indexmap v2.12.0
[INFO] [stderr]    Compiling bitflags v1.3.2
[INFO] [stderr]     Checking deranged v0.5.5
[INFO] [stderr]    Compiling syn v2.0.106
[INFO] [stderr]     Checking ordered-float v2.10.1
[INFO] [stderr]     Checking rustls-pki-types v1.13.0
[INFO] [stderr]     Checking tracing-core v0.1.34
[INFO] [stderr]    Compiling zerocopy v0.8.27
[INFO] [stderr]    Compiling semver v1.0.27
[INFO] [stderr]    Compiling jobserver v0.1.34
[INFO] [stderr]    Compiling winnow v0.7.13
[INFO] [stderr]     Checking parking_lot_core v0.9.12
[INFO] [stderr]     Checking signal-hook-registry v1.4.6
[INFO] [stderr]     Checking socket2 v0.6.1
[INFO] [stderr]     Checking mio v1.1.0
[INFO] [stderr]     Checking parking_lot v0.12.5
[INFO] [stderr]     Checking time-core v0.1.6
[INFO] [stderr]    Compiling cc v1.2.43
[INFO] [stderr]     Checking siphasher v1.0.1
[INFO] [stderr]    Compiling itoa v1.0.15
[INFO] [stderr]    Compiling ryu v1.0.20
[INFO] [stderr]     Checking percent-encoding v2.3.2
[INFO] [stderr]    Compiling rustc_version v0.4.1
[INFO] [stderr]     Checking block-buffer v0.10.4
[INFO] [stderr]     Checking crypto-common v0.1.6
[INFO] [stderr]    Compiling unsafe-libyaml v0.2.11
[INFO] [stderr]    Compiling rustls v0.23.34
[INFO] [stderr]    Compiling arc-swap v1.7.1
[INFO] [stderr]    Compiling either v1.15.0
[INFO] [stderr]     Checking digest v0.10.7
[INFO] [stderr]     Checking regex-automata v0.4.13
[INFO] [stderr]     Checking form_urlencoded v1.2.2
[INFO] [stderr]     Checking time v0.3.44
[INFO] [stderr]    Compiling curve25519-dalek v4.1.3
[INFO] [stderr]    Compiling itertools v0.11.0
[INFO] [stderr]    Compiling base62 v2.2.3
[INFO] [stderr]    Compiling normpath v1.5.0
[INFO] [stderr]     Checking phf_shared v0.13.1
[INFO] [stderr]     Checking rand_core v0.9.3
[INFO] [stderr]    Compiling anyhow v1.0.100
[INFO] [stderr]     Checking bitflags v2.10.0
[INFO] [stderr]     Checking iana-time-zone v0.1.64
[INFO] [stderr]    Compiling glob v0.3.3
[INFO] [stderr]    Compiling thiserror v2.0.17
[INFO] [stderr]    Compiling cmake v0.1.54
[INFO] [stderr]     Checking signature v2.2.0
[INFO] [stderr]     Checking ed25519 v2.2.3
[INFO] [stderr]     Checking rustls-native-certs v0.8.2
[INFO] [stderr]     Checking phf v0.13.1
[INFO] [stderr]     Checking sha2 v0.10.9
[INFO] [stderr]     Checking inventory v0.3.21
[INFO] [stderr]     Checking emojis v0.8.0
[INFO] [stderr]     Checking unicode-segmentation v1.12.0
[INFO] [stderr]     Checking http-body-util v0.1.3
[INFO] [stderr]     Checking fastrand v2.3.0
[INFO] [stderr]    Compiling aws-lc-sys v0.32.3
[INFO] [stderr]     Checking globset v0.4.18
[INFO] [stderr]     Checking regex v1.12.2
[INFO] [stderr]     Checking ignore v0.4.24
[INFO] [stderr]     Checking ppv-lite86 v0.2.21
[INFO] [stderr]     Checking globwalk v0.8.1
[INFO] [stderr]     Checking rand_chacha v0.9.0
[INFO] [stderr]     Checking rand v0.9.2
[INFO] [stderr]    Compiling synstructure v0.13.2
[INFO] [stderr]    Compiling wasm-bindgen-macro-support v0.2.106
[INFO] [stderr]    Compiling serde_derive v1.0.228
[INFO] [stderr]    Compiling zerofrom-derive v0.1.6
[INFO] [stderr]    Compiling yoke-derive v0.8.0
[INFO] [stderr]    Compiling zerovec-derive v0.11.1
[INFO] [stderr]    Compiling displaydoc v0.2.5
[INFO] [stderr]    Compiling tokio-macros v2.6.0
[INFO] [stderr]    Compiling futures-macro v0.3.31
[INFO] [stderr]    Compiling tracing-attributes v0.1.30
[INFO] [stderr]    Compiling serde_repr v0.1.20
[INFO] [stderr]    Compiling async-trait v0.1.89
[INFO] [stderr]    Compiling pin-project-internal v1.1.10
[INFO] [stderr]    Compiling rust-i18n v3.1.5
[INFO] [stderr]    Compiling curve25519-dalek-derive v0.1.1
[INFO] [stderr]     Checking tokio v1.48.0
[INFO] [stderr]     Checking futures-util v0.3.31
[INFO] [stderr]    Compiling thiserror-impl v2.0.17
[INFO] [stderr]    Compiling fate-internal-macro v0.1.0 (/opt/rustwide/workdir/fate-internal-macro)
[INFO] [stderr]     Checking zerofrom v0.1.6
[INFO] [stderr]     Checking yoke v0.8.0
[INFO] [stderr]     Checking tracing v0.1.41
[INFO] [stderr]     Checking zerovec v0.11.4
[INFO] [stderr]     Checking zerotrie v0.2.2
[INFO] [stderr]     Checking pin-project v1.1.10
[INFO] [stderr]    Compiling wasm-bindgen-macro v0.2.106
[INFO] [stderr]     Checking ed25519-dalek v2.2.0
[INFO] [stderr]     Checking tinystr v0.8.1
[INFO] [stderr]     Checking potential_utf v0.1.3
[INFO] [stderr]     Checking icu_locale_core v2.0.0
[INFO] [stderr]     Checking icu_collections v2.0.0
[INFO] [stderr]     Checking js-sys v0.3.83
[INFO] [stderr]     Checking serde v1.0.228
[INFO] [stderr]     Checking icu_provider v2.0.0
[INFO] [stderr]     Checking icu_properties v2.0.1
[INFO] [stderr]    Compiling toml_datetime v0.6.11
[INFO] [stderr]    Compiling serde_spanned v0.6.9
[INFO] [stderr]     Checking icu_normalizer v2.0.0
[INFO] [stderr]    Compiling serde_yaml v0.9.34+deprecated
[INFO] [stderr]    Compiling triomphe v0.1.15
[INFO] [stderr]    Compiling toml_edit v0.22.27
[INFO] [stderr]     Checking serde-value v0.7.0
[INFO] [stderr]     Checking chrono v0.4.42
[INFO] [stderr]     Checking serde_urlencoded v0.7.1
[INFO] [stderr]     Checking uuid v1.18.1
[INFO] [stderr]     Checking twilight-model v0.17.0
[INFO] [stderr]     Checking short-uuid v0.2.0
[INFO] [stderr]     Checking idna_adapter v1.2.1
[INFO] [stderr]     Checking idna v1.1.0
[INFO] [stderr]     Checking url v2.5.7
[INFO] [stderr]     Checking web-sys v0.3.83
[INFO] [stderr]     Checking wasm-bindgen-futures v0.4.56
[INFO] [stderr]     Checking serde-wasm-bindgen v0.6.5
[INFO] [stderr]     Checking futures-executor v0.3.31
[INFO] [stderr]     Checking toml v0.8.23
[INFO] [stderr]     Checking futures v0.3.31
[INFO] [stderr]     Checking rust-i18n-support v3.1.5
[INFO] [stderr]    Compiling rust-i18n-macro v3.1.5
[INFO] [stderr]     Checking rustls-webpki v0.103.8
[INFO] [stderr]     Checking worker-sys v0.7.1
[INFO] [stderr]     Checking wasm-streams v0.4.2
[INFO] [stderr]     Checking tokio-util v0.7.16
[INFO] [stderr]     Checking h2 v0.4.12
[INFO] [stderr]     Checking twilight-http-ratelimiting v0.17.0
[INFO] [stderr]    Compiling worker-macros v0.7.1
[INFO] [stderr]     Checking worker v0.7.1
[INFO] [stderr]     Checking tokio-rustls v0.26.4
[INFO] [stderr]     Checking rustls-platform-verifier v0.6.2
[INFO] [stderr]     Checking hyper v1.7.0
[INFO] [stderr]     Checking hyper-util v0.1.17
[INFO] [stderr]     Checking hyper-rustls v0.27.7
[INFO] [stderr]     Checking twilight-validate v0.17.0
[INFO] [stderr]     Checking twilight-util v0.17.0
[INFO] [stderr]     Checking twilight-http v0.17.0
[INFO] [stderr]     Checking fate v0.1.1 (/opt/rustwide/workdir)
[INFO] [stdout] warning: unused import: `InteractionResponseData`
[INFO] [stdout]  --> src/response.rs:2:26
[INFO] [stdout]   |
[INFO] [stdout] 2 |     InteractionResponse, InteractionResponseData, InteractionResponseType,
[INFO] [stdout]   |                          ^^^^^^^^^^^^^^^^^^^^^^^
[INFO] [stdout]   |
[INFO] [stdout]   = note: `#[warn(unused_imports)]` (part of `#[warn(unused)]`) on by default
[INFO] [stdout] 
[INFO] [stdout] 
[INFO] [stdout] warning: unused import: `InteractionResponseData`
[INFO] [stdout]  --> src/response.rs:2:26
[INFO] [stdout]   |
[INFO] [stdout] 2 |     InteractionResponse, InteractionResponseData, InteractionResponseType,
[INFO] [stdout]   |                          ^^^^^^^^^^^^^^^^^^^^^^^
[INFO] [stdout]   |
[INFO] [stdout]   = note: `#[warn(unused_imports)]` (part of `#[warn(unused)]`) on by default
[INFO] [stdout] 
[INFO] [stdout] 
[INFO] [stdout] warning: unused imports: `InteractionResponseData`, `InteractionResponseType`, and `InteractionResponse`
[INFO] [stdout]   --> src/campaign_new/_1_skill.rs:30:13
[INFO] [stdout]    |
[INFO] [stdout] 30 |             InteractionResponse, InteractionResponseData, InteractionResponseType,
[INFO] [stdout]    |             ^^^^^^^^^^^^^^^^^^^  ^^^^^^^^^^^^^^^^^^^^^^^  ^^^^^^^^^^^^^^^^^^^^^^^
[INFO] [stdout] 
[INFO] [stdout] 
[INFO] [stdout] warning: unused imports: `modal::input::TextInputBuilder` and `response`
[INFO] [stdout]   --> src/campaign_new/_1_skill.rs:37:9
[INFO] [stdout]    |
[INFO] [stdout] 37 |         modal::input::TextInputBuilder,
[INFO] [stdout]    |         ^^^^^^^^^^^^^^^^^^^^^^^^^^^^^^
[INFO] [stdout] 38 |         response::{bad_request, response},
[INFO] [stdout]    |                                 ^^^^^^^^
[INFO] [stdout] 
[INFO] [stdout] 
[INFO] [stdout] warning: unused imports: `InteractionResponseData`, `InteractionResponseType`, and `InteractionResponse`
[INFO] [stdout]   --> src/campaign_new/_1_skill.rs:30:13
[INFO] [stdout]    |
[INFO] [stdout] 30 |             InteractionResponse, InteractionResponseData, InteractionResponseType,
[INFO] [stdout]    |             ^^^^^^^^^^^^^^^^^^^  ^^^^^^^^^^^^^^^^^^^^^^^  ^^^^^^^^^^^^^^^^^^^^^^^
[INFO] [stdout] 
[INFO] [stdout] 
[INFO] [stdout] warning: unused imports: `modal::input::TextInputBuilder` and `response`
[INFO] [stdout]   --> src/campaign_new/_1_skill.rs:37:9
[INFO] [stdout]    |
[INFO] [stdout] 37 |         modal::input::TextInputBuilder,
[INFO] [stdout]    |         ^^^^^^^^^^^^^^^^^^^^^^^^^^^^^^
[INFO] [stdout] 38 |         response::{bad_request, response},
[INFO] [stdout]    |                                 ^^^^^^^^
[INFO] [stdout] 
[INFO] [stdout] 
[INFO] [stdout] warning: unused variable: `env`
[INFO] [stdout]   --> src/campaign_new/_0_slash.rs:65:57
[INFO] [stdout]    |
[INFO] [stdout] 65 |     pub async fn campaign_new(interaction: Interaction, env: Env) -> Result<Response> {
[INFO] [stdout]    |                                                         ^^^ help: if this is intentional, prefix it with an underscore: `_env`
[INFO] [stdout]    |
[INFO] [stdout]    = note: `#[warn(unused_variables)]` (part of `#[warn(unused)]`) on by default
[INFO] [stdout] 
[INFO] [stdout] 
[INFO] [stdout] warning: unused variable: `user_id`
[INFO] [stdout]   --> src/campaign_new/_0_slash.rs:66:20
[INFO] [stdout]    |
[INFO] [stdout] 66 |         let (Some((user_id, username, locale)), Some(c_lang), Some(c_name)) = (
[INFO] [stdout]    |                    ^^^^^^^ help: if this is intentional, prefix it with an underscore: `_user_id`
[INFO] [stdout] 
[INFO] [stdout] 
[INFO] [stdout] warning: unused variable: `username`
[INFO] [stdout]   --> src/campaign_new/_0_slash.rs:66:29
[INFO] [stdout]    |
[INFO] [stdout] 66 |         let (Some((user_id, username, locale)), Some(c_lang), Some(c_name)) = (
[INFO] [stdout]    |                             ^^^^^^^^ help: if this is intentional, prefix it with an underscore: `_username`
[INFO] [stdout] 
[INFO] [stdout] 
[INFO] [stdout] warning: unused variable: `c_name`
[INFO] [stdout]   --> src/campaign_new/_0_slash.rs:66:68
[INFO] [stdout]    |
[INFO] [stdout] 66 |         let (Some((user_id, username, locale)), Some(c_lang), Some(c_name)) = (
[INFO] [stdout]    |                                                                    ^^^^^^ help: if this is intentional, prefix it with an underscore: `_c_name`
[INFO] [stdout] 
[INFO] [stdout] 
[INFO] [stdout] warning: unused variable: `lang`
[INFO] [stdout]  --> src/campaign_new/_1_skill.rs:8:24
[INFO] [stdout]   |
[INFO] [stdout] 8 |     pub fn modal_skill(lang: &str, value: &str) -> Result<Response> {
[INFO] [stdout]   |                        ^^^^ help: if this is intentional, prefix it with an underscore: `_lang`
[INFO] [stdout] 
[INFO] [stdout] 
[INFO] [stdout] warning: unused variable: `env`
[INFO] [stdout]   --> src/campaign_new/_1_skill.rs:43:51
[INFO] [stdout]    |
[INFO] [stdout] 43 |     pub async fn skills(interaction: Interaction, env: Env) -> Result<Response> {
[INFO] [stdout]    |                                                   ^^^ help: if this is intentional, prefix it with an underscore: `_env`
[INFO] [stdout] 
[INFO] [stdout] 
[INFO] [stdout] warning: unused variable: `user_id`
[INFO] [stdout]   --> src/campaign_new/_1_skill.rs:44:19
[INFO] [stdout]    |
[INFO] [stdout] 44 |         let Some((user_id, username, locale)) = interaction.get_user() else {
[INFO] [stdout]    |                   ^^^^^^^ help: if this is intentional, prefix it with an underscore: `_user_id`
[INFO] [stdout] 
[INFO] [stdout] 
[INFO] [stdout] warning: unused variable: `username`
[INFO] [stdout]   --> src/campaign_new/_1_skill.rs:44:28
[INFO] [stdout]    |
[INFO] [stdout] 44 |         let Some((user_id, username, locale)) = interaction.get_user() else {
[INFO] [stdout]    |                            ^^^^^^^^ help: if this is intentional, prefix it with an underscore: `_username`
[INFO] [stdout] 
[INFO] [stdout] 
[INFO] [stdout] warning: unused variable: `locale`
[INFO] [stdout]   --> src/campaign_new/_1_skill.rs:44:38
[INFO] [stdout]    |
[INFO] [stdout] 44 |         let Some((user_id, username, locale)) = interaction.get_user() else {
[INFO] [stdout]    |                                      ^^^^^^ help: if this is intentional, prefix it with an underscore: `_locale`
[INFO] [stdout] 
[INFO] [stdout] 
[INFO] [stdout] warning: unused variable: `env`
[INFO] [stdout]   --> src/campaign_new/_2_next.rs:10:51
[INFO] [stdout]    |
[INFO] [stdout] 10 |     pub async fn assign(interaction: Interaction, env: Env) -> Result<Response> {
[INFO] [stdout]    |                                                   ^^^ help: if this is intentional, prefix it with an underscore: `_env`
[INFO] [stdout] 
[INFO] [stdout] 
[INFO] [stdout] warning: unused variable: `user_id`
[INFO] [stdout]   --> src/campaign_new/_2_next.rs:11:19
[INFO] [stdout]    |
[INFO] [stdout] 11 |         let Some((user_id, username, locale)) = interaction.get_user() else {
[INFO] [stdout]    |                   ^^^^^^^ help: if this is intentional, prefix it with an underscore: `_user_id`
[INFO] [stdout] 
[INFO] [stdout] 
[INFO] [stdout] warning: unused variable: `username`
[INFO] [stdout]   --> src/campaign_new/_2_next.rs:11:28
[INFO] [stdout]    |
[INFO] [stdout] 11 |         let Some((user_id, username, locale)) = interaction.get_user() else {
[INFO] [stdout]    |                            ^^^^^^^^ help: if this is intentional, prefix it with an underscore: `_username`
[INFO] [stdout] 
[INFO] [stdout] 
[INFO] [stdout] warning: unused variable: `locale`
[INFO] [stdout]   --> src/campaign_new/_2_next.rs:11:38
[INFO] [stdout]    |
[INFO] [stdout] 11 |         let Some((user_id, username, locale)) = interaction.get_user() else {
[INFO] [stdout]    |                                      ^^^^^^ help: if this is intentional, prefix it with an underscore: `_locale`
[INFO] [stdout] 
[INFO] [stdout] 
[INFO] [stdout] warning: unused variable: `env`
[INFO] [stdout]   --> src/campaign_new/_3_physical.rs:10:53
[INFO] [stdout]    |
[INFO] [stdout] 10 |     pub async fn physical(interaction: Interaction, env: Env) -> Result<Response> {
[INFO] [stdout]    |                                                     ^^^ help: if this is intentional, prefix it with an underscore: `_env`
[INFO] [stdout] 
[INFO] [stdout] 
[INFO] [stdout] warning: unused variable: `user_id`
[INFO] [stdout]   --> src/campaign_new/_3_physical.rs:11:19
[INFO] [stdout]    |
[INFO] [stdout] 11 |         let Some((user_id, username, locale)) = interaction.get_user() else {
[INFO] [stdout]    |                   ^^^^^^^ help: if this is intentional, prefix it with an underscore: `_user_id`
[INFO] [stdout] 
[INFO] [stdout] 
[INFO] [stdout] warning: unused variable: `username`
[INFO] [stdout]   --> src/campaign_new/_3_physical.rs:11:28
[INFO] [stdout]    |
[INFO] [stdout] 11 |         let Some((user_id, username, locale)) = interaction.get_user() else {
[INFO] [stdout]    |                            ^^^^^^^^ help: if this is intentional, prefix it with an underscore: `_username`
[INFO] [stdout] 
[INFO] [stdout] 
[INFO] [stdout] warning: unused variable: `locale`
[INFO] [stdout]   --> src/campaign_new/_3_physical.rs:11:38
[INFO] [stdout]    |
[INFO] [stdout] 11 |         let Some((user_id, username, locale)) = interaction.get_user() else {
[INFO] [stdout]    |                                      ^^^^^^ help: if this is intentional, prefix it with an underscore: `_locale`
[INFO] [stdout] 
[INFO] [stdout] 
[INFO] [stdout] warning: unused variable: `env`
[INFO] [stdout]   --> src/campaign_new/_4_next.rs:16:50
[INFO] [stdout]    |
[INFO] [stdout] 16 |     pub async fn reuse(interaction: Interaction, env: Env) -> Result<Response> {
[INFO] [stdout]    |                                                  ^^^ help: if this is intentional, prefix it with an underscore: `_env`
[INFO] [stdout] 
[INFO] [stdout] 
[INFO] [stdout] warning: unused variable: `user_id`
[INFO] [stdout]   --> src/campaign_new/_4_next.rs:17:19
[INFO] [stdout]    |
[INFO] [stdout] 17 |         let Some((user_id, username, locale)) = interaction.get_user() else {
[INFO] [stdout]    |                   ^^^^^^^ help: if this is intentional, prefix it with an underscore: `_user_id`
[INFO] [stdout] 
[INFO] [stdout] 
[INFO] [stdout] warning: unused variable: `username`
[INFO] [stdout]   --> src/campaign_new/_4_next.rs:17:28
[INFO] [stdout]    |
[INFO] [stdout] 17 |         let Some((user_id, username, locale)) = interaction.get_user() else {
[INFO] [stdout]    |                            ^^^^^^^^ help: if this is intentional, prefix it with an underscore: `_username`
[INFO] [stdout] 
[INFO] [stdout] 
[INFO] [stdout] warning: unused variable: `locale`
[INFO] [stdout]   --> src/campaign_new/_4_next.rs:17:38
[INFO] [stdout]    |
[INFO] [stdout] 17 |         let Some((user_id, username, locale)) = interaction.get_user() else {
[INFO] [stdout]    |                                      ^^^^^^ help: if this is intentional, prefix it with an underscore: `_locale`
[INFO] [stdout] 
[INFO] [stdout] 
[INFO] [stdout] warning: unused variable: `env`
[INFO] [stdout]   --> src/campaign_new/_5_mental.rs:10:51
[INFO] [stdout]    |
[INFO] [stdout] 10 |     pub async fn mental(interaction: Interaction, env: Env) -> Result<Response> {
[INFO] [stdout]    |                                                   ^^^ help: if this is intentional, prefix it with an underscore: `_env`
[INFO] [stdout] 
[INFO] [stdout] 
[INFO] [stdout] warning: unused variable: `user_id`
[INFO] [stdout]   --> src/campaign_new/_5_mental.rs:11:19
[INFO] [stdout]    |
[INFO] [stdout] 11 |         let Some((user_id, username, locale)) = interaction.get_user() else {
[INFO] [stdout]    |                   ^^^^^^^ help: if this is intentional, prefix it with an underscore: `_user_id`
[INFO] [stdout] 
[INFO] [stdout] 
[INFO] [stdout] warning: unused variable: `username`
[INFO] [stdout]   --> src/campaign_new/_5_mental.rs:11:28
[INFO] [stdout]    |
[INFO] [stdout] 11 |         let Some((user_id, username, locale)) = interaction.get_user() else {
[INFO] [stdout]    |                            ^^^^^^^^ help: if this is intentional, prefix it with an underscore: `_username`
[INFO] [stdout] 
[INFO] [stdout] 
[INFO] [stdout] warning: unused variable: `locale`
[INFO] [stdout]   --> src/campaign_new/_5_mental.rs:11:38
[INFO] [stdout]    |
[INFO] [stdout] 11 |         let Some((user_id, username, locale)) = interaction.get_user() else {
[INFO] [stdout]    |                                      ^^^^^^ help: if this is intentional, prefix it with an underscore: `_locale`
[INFO] [stdout] 
[INFO] [stdout] 
[INFO] [stdout] warning: method `get_modal_components` is never used
[INFO] [stdout]   --> src/interaction_data.rs:19:8
[INFO] [stdout]    |
[INFO] [stdout] 10 | pub trait InteractionDataHelper {
[INFO] [stdout]    |           --------------------- method in this trait
[INFO] [stdout] ...
[INFO] [stdout] 19 |     fn get_modal_components(&self) -> Vec<&ModalInteractionComponent>;
[INFO] [stdout]    |        ^^^^^^^^^^^^^^^^^^^^
[INFO] [stdout]    |
[INFO] [stdout]    = note: `#[warn(dead_code)]` (part of `#[warn(unused)]`) on by default
[INFO] [stdout] 
[INFO] [stdout] 
[INFO] [stdout] warning: method `required` is never used
[INFO] [stdout]    --> src/modal.rs:118:22
[INFO] [stdout]     |
[INFO] [stdout]  87 |     impl TextInputBuilder {
[INFO] [stdout]     |     --------------------- method in this implementation
[INFO] [stdout] ...
[INFO] [stdout] 118 |         pub const fn required(mut self, required: bool) -> Self {
[INFO] [stdout]     |                      ^^^^^^^^
[INFO] [stdout] 
[INFO] [stdout] 
[INFO] [stdout] warning: function `msg` is never used
[INFO] [stdout]   --> src/response.rs:28:8
[INFO] [stdout]    |
[INFO] [stdout] 28 |     fn msg(
[INFO] [stdout]    |        ^^^
[INFO] [stdout] 
[INFO] [stdout] 
[INFO] [stdout] warning: function `ephemeral` is never used
[INFO] [stdout]   --> src/response.rs:44:12
[INFO] [stdout]    |
[INFO] [stdout] 44 |     pub fn ephemeral(components: Vec<Component>, custom_id: impl Into<String>) -> Result<Response> {
[INFO] [stdout]    |            ^^^^^^^^^
[INFO] [stdout] 
[INFO] [stdout] 
[INFO] [stdout] warning: function `pub_msg` is never used
[INFO] [stdout]   --> src/response.rs:48:12
[INFO] [stdout]    |
[INFO] [stdout] 48 |     pub fn pub_msg(components: Vec<Component>, custom_id: impl Into<String>) -> Result<Response> {
[INFO] [stdout]    |            ^^^^^^^
[INFO] [stdout] 
[INFO] [stdout] 
[INFO] [stdout] warning: function `flags` is never used
[INFO] [stdout]   --> src/translation.rs:28:8
[INFO] [stdout]    |
[INFO] [stdout] 28 | pub fn flags() -> Vec<(String, &'static str)> {
[INFO] [stdout]    |        ^^^^^
[INFO] [stdout] 
[INFO] [stdout] 
[INFO] [stdout] warning: function `db_get_skills_by_campaign_name` is never used
[INFO] [stdout]  --> src/database/get_skills_by_campaign_name.rs:5:14
[INFO] [stdout]   |
[INFO] [stdout] 5 | pub async fn db_get_skills_by_campaign_name(
[INFO] [stdout]   |              ^^^^^^^^^^^^^^^^^^^^^^^^^^^^^^
[INFO] [stdout] 
[INFO] [stdout] 
[INFO] [stdout] warning: struct `Skill` is never constructed
[INFO] [stdout]  --> src/database/model/skill.rs:5:12
[INFO] [stdout]   |
[INFO] [stdout] 5 | pub struct Skill {
[INFO] [stdout]   |            ^^^^^
[INFO] [stdout] 
[INFO] [stdout] 
[INFO] [stdout] warning: function `msg_reuse` is never used
[INFO] [stdout]  --> src/campaign_new/_4_next.rs:4:12
[INFO] [stdout]   |
[INFO] [stdout] 4 |     pub fn msg_reuse() -> Result<Response> {
[INFO] [stdout]   |            ^^^^^^^^^
[INFO] [stdout] 
[INFO] [stdout] 
[INFO] [stdout] warning: unused variable: `env`
[INFO] [stdout]   --> src/campaign_new/_0_slash.rs:65:57
[INFO] [stdout]    |
[INFO] [stdout] 65 |     pub async fn campaign_new(interaction: Interaction, env: Env) -> Result<Response> {
[INFO] [stdout]    |                                                         ^^^ help: if this is intentional, prefix it with an underscore: `_env`
[INFO] [stdout]    |
[INFO] [stdout]    = note: `#[warn(unused_variables)]` (part of `#[warn(unused)]`) on by default
[INFO] [stdout] 
[INFO] [stdout] 
[INFO] [stdout] warning: unused variable: `user_id`
[INFO] [stdout]   --> src/campaign_new/_0_slash.rs:66:20
[INFO] [stdout]    |
[INFO] [stdout] 66 |         let (Some((user_id, username, locale)), Some(c_lang), Some(c_name)) = (
[INFO] [stdout]    |                    ^^^^^^^ help: if this is intentional, prefix it with an underscore: `_user_id`
[INFO] [stdout] 
[INFO] [stdout] 
[INFO] [stdout] warning: unused variable: `username`
[INFO] [stdout]   --> src/campaign_new/_0_slash.rs:66:29
[INFO] [stdout]    |
[INFO] [stdout] 66 |         let (Some((user_id, username, locale)), Some(c_lang), Some(c_name)) = (
[INFO] [stdout]    |                             ^^^^^^^^ help: if this is intentional, prefix it with an underscore: `_username`
[INFO] [stdout] 
[INFO] [stdout] 
[INFO] [stdout] warning: unused variable: `c_name`
[INFO] [stdout]   --> src/campaign_new/_0_slash.rs:66:68
[INFO] [stdout]    |
[INFO] [stdout] 66 |         let (Some((user_id, username, locale)), Some(c_lang), Some(c_name)) = (
[INFO] [stdout]    |                                                                    ^^^^^^ help: if this is intentional, prefix it with an underscore: `_c_name`
[INFO] [stdout] 
[INFO] [stdout] 
[INFO] [stdout] warning: unused variable: `lang`
[INFO] [stdout]  --> src/campaign_new/_1_skill.rs:8:24
[INFO] [stdout]   |
[INFO] [stdout] 8 |     pub fn modal_skill(lang: &str, value: &str) -> Result<Response> {
[INFO] [stdout]   |                        ^^^^ help: if this is intentional, prefix it with an underscore: `_lang`
[INFO] [stdout] 
[INFO] [stdout] 
[INFO] [stdout] warning: unused variable: `env`
[INFO] [stdout]   --> src/campaign_new/_1_skill.rs:43:51
[INFO] [stdout]    |
[INFO] [stdout] 43 |     pub async fn skills(interaction: Interaction, env: Env) -> Result<Response> {
[INFO] [stdout]    |                                                   ^^^ help: if this is intentional, prefix it with an underscore: `_env`
[INFO] [stdout] 
[INFO] [stdout] 
[INFO] [stdout] warning: unused variable: `user_id`
[INFO] [stdout]   --> src/campaign_new/_1_skill.rs:44:19
[INFO] [stdout]    |
[INFO] [stdout] 44 |         let Some((user_id, username, locale)) = interaction.get_user() else {
[INFO] [stdout]    |                   ^^^^^^^ help: if this is intentional, prefix it with an underscore: `_user_id`
[INFO] [stdout] 
[INFO] [stdout] 
[INFO] [stdout] warning: unused variable: `username`
[INFO] [stdout]   --> src/campaign_new/_1_skill.rs:44:28
[INFO] [stdout]    |
[INFO] [stdout] 44 |         let Some((user_id, username, locale)) = interaction.get_user() else {
[INFO] [stdout]    |                            ^^^^^^^^ help: if this is intentional, prefix it with an underscore: `_username`
[INFO] [stdout] 
[INFO] [stdout] 
[INFO] [stdout] warning: unused variable: `locale`
[INFO] [stdout]   --> src/campaign_new/_1_skill.rs:44:38
[INFO] [stdout]    |
[INFO] [stdout] 44 |         let Some((user_id, username, locale)) = interaction.get_user() else {
[INFO] [stdout]    |                                      ^^^^^^ help: if this is intentional, prefix it with an underscore: `_locale`
[INFO] [stdout] 
[INFO] [stdout] 
[INFO] [stdout] warning: unused variable: `env`
[INFO] [stdout]   --> src/campaign_new/_2_next.rs:10:51
[INFO] [stdout]    |
[INFO] [stdout] 10 |     pub async fn assign(interaction: Interaction, env: Env) -> Result<Response> {
[INFO] [stdout]    |                                                   ^^^ help: if this is intentional, prefix it with an underscore: `_env`
[INFO] [stdout] 
[INFO] [stdout] 
[INFO] [stdout] warning: unused variable: `user_id`
[INFO] [stdout]   --> src/campaign_new/_2_next.rs:11:19
[INFO] [stdout]    |
[INFO] [stdout] 11 |         let Some((user_id, username, locale)) = interaction.get_user() else {
[INFO] [stdout]    |                   ^^^^^^^ help: if this is intentional, prefix it with an underscore: `_user_id`
[INFO] [stdout] 
[INFO] [stdout] 
[INFO] [stdout] warning: unused variable: `username`
[INFO] [stdout]   --> src/campaign_new/_2_next.rs:11:28
[INFO] [stdout]    |
[INFO] [stdout] 11 |         let Some((user_id, username, locale)) = interaction.get_user() else {
[INFO] [stdout]    |                            ^^^^^^^^ help: if this is intentional, prefix it with an underscore: `_username`
[INFO] [stdout] 
[INFO] [stdout] 
[INFO] [stdout] warning: unused variable: `locale`
[INFO] [stdout]   --> src/campaign_new/_2_next.rs:11:38
[INFO] [stdout]    |
[INFO] [stdout] 11 |         let Some((user_id, username, locale)) = interaction.get_user() else {
[INFO] [stdout]    |                                      ^^^^^^ help: if this is intentional, prefix it with an underscore: `_locale`
[INFO] [stdout] 
[INFO] [stdout] 
[INFO] [stdout] warning: unused variable: `env`
[INFO] [stdout]   --> src/campaign_new/_3_physical.rs:10:53
[INFO] [stdout]    |
[INFO] [stdout] 10 |     pub async fn physical(interaction: Interaction, env: Env) -> Result<Response> {
[INFO] [stdout]    |                                                     ^^^ help: if this is intentional, prefix it with an underscore: `_env`
[INFO] [stdout] 
[INFO] [stdout] 
[INFO] [stdout] warning: unused variable: `user_id`
[INFO] [stdout]   --> src/campaign_new/_3_physical.rs:11:19
[INFO] [stdout]    |
[INFO] [stdout] 11 |         let Some((user_id, username, locale)) = interaction.get_user() else {
[INFO] [stdout]    |                   ^^^^^^^ help: if this is intentional, prefix it with an underscore: `_user_id`
[INFO] [stdout] 
[INFO] [stdout] 
[INFO] [stdout] warning: unused variable: `username`
[INFO] [stdout]   --> src/campaign_new/_3_physical.rs:11:28
[INFO] [stdout]    |
[INFO] [stdout] 11 |         let Some((user_id, username, locale)) = interaction.get_user() else {
[INFO] [stdout]    |                            ^^^^^^^^ help: if this is intentional, prefix it with an underscore: `_username`
[INFO] [stdout] 
[INFO] [stdout] 
[INFO] [stdout] warning: unused variable: `locale`
[INFO] [stdout]   --> src/campaign_new/_3_physical.rs:11:38
[INFO] [stdout]    |
[INFO] [stdout] 11 |         let Some((user_id, username, locale)) = interaction.get_user() else {
[INFO] [stdout]    |                                      ^^^^^^ help: if this is intentional, prefix it with an underscore: `_locale`
[INFO] [stdout] 
[INFO] [stdout] 
[INFO] [stdout] warning: unused variable: `env`
[INFO] [stdout]   --> src/campaign_new/_4_next.rs:16:50
[INFO] [stdout]    |
[INFO] [stdout] 16 |     pub async fn reuse(interaction: Interaction, env: Env) -> Result<Response> {
[INFO] [stdout]    |                                                  ^^^ help: if this is intentional, prefix it with an underscore: `_env`
[INFO] [stdout] 
[INFO] [stdout] 
[INFO] [stdout] warning: unused variable: `user_id`
[INFO] [stdout]   --> src/campaign_new/_4_next.rs:17:19
[INFO] [stdout]    |
[INFO] [stdout] 17 |         let Some((user_id, username, locale)) = interaction.get_user() else {
[INFO] [stdout]    |                   ^^^^^^^ help: if this is intentional, prefix it with an underscore: `_user_id`
[INFO] [stdout] 
[INFO] [stdout] 
[INFO] [stdout] warning: unused variable: `username`
[INFO] [stdout]   --> src/campaign_new/_4_next.rs:17:28
[INFO] [stdout]    |
[INFO] [stdout] 17 |         let Some((user_id, username, locale)) = interaction.get_user() else {
[INFO] [stdout]    |                            ^^^^^^^^ help: if this is intentional, prefix it with an underscore: `_username`
[INFO] [stdout] 
[INFO] [stdout] 
[INFO] [stdout] warning: unused variable: `locale`
[INFO] [stdout]   --> src/campaign_new/_4_next.rs:17:38
[INFO] [stdout]    |
[INFO] [stdout] 17 |         let Some((user_id, username, locale)) = interaction.get_user() else {
[INFO] [stdout]    |                                      ^^^^^^ help: if this is intentional, prefix it with an underscore: `_locale`
[INFO] [stdout] 
[INFO] [stdout] 
[INFO] [stdout] warning: unused variable: `env`
[INFO] [stdout]   --> src/campaign_new/_5_mental.rs:10:51
[INFO] [stdout]    |
[INFO] [stdout] 10 |     pub async fn mental(interaction: Interaction, env: Env) -> Result<Response> {
[INFO] [stdout]    |                                                   ^^^ help: if this is intentional, prefix it with an underscore: `_env`
[INFO] [stdout] 
[INFO] [stdout] 
[INFO] [stdout] warning: unused variable: `user_id`
[INFO] [stdout]   --> src/campaign_new/_5_mental.rs:11:19
[INFO] [stdout]    |
[INFO] [stdout] 11 |         let Some((user_id, username, locale)) = interaction.get_user() else {
[INFO] [stdout]    |                   ^^^^^^^ help: if this is intentional, prefix it with an underscore: `_user_id`
[INFO] [stdout] 
[INFO] [stdout] 
[INFO] [stdout] warning: unused variable: `username`
[INFO] [stdout]   --> src/campaign_new/_5_mental.rs:11:28
[INFO] [stdout]    |
[INFO] [stdout] 11 |         let Some((user_id, username, locale)) = interaction.get_user() else {
[INFO] [stdout]    |                            ^^^^^^^^ help: if this is intentional, prefix it with an underscore: `_username`
[INFO] [stdout] 
[INFO] [stdout] 
[INFO] [stdout] warning: unused variable: `locale`
[INFO] [stdout]   --> src/campaign_new/_5_mental.rs:11:38
[INFO] [stdout]    |
[INFO] [stdout] 11 |         let Some((user_id, username, locale)) = interaction.get_user() else {
[INFO] [stdout]    |                                      ^^^^^^ help: if this is intentional, prefix it with an underscore: `_locale`
[INFO] [stdout] 
[INFO] [stdout] 
[INFO] [stdout] warning: method `get_modal_components` is never used
[INFO] [stdout]   --> src/interaction_data.rs:19:8
[INFO] [stdout]    |
[INFO] [stdout] 10 | pub trait InteractionDataHelper {
[INFO] [stdout]    |           --------------------- method in this trait
[INFO] [stdout] ...
[INFO] [stdout] 19 |     fn get_modal_components(&self) -> Vec<&ModalInteractionComponent>;
[INFO] [stdout]    |        ^^^^^^^^^^^^^^^^^^^^
[INFO] [stdout]    |
[INFO] [stdout]    = note: `#[warn(dead_code)]` (part of `#[warn(unused)]`) on by default
[INFO] [stdout] 
[INFO] [stdout] 
[INFO] [stdout] warning: method `required` is never used
[INFO] [stdout]    --> src/modal.rs:118:22
[INFO] [stdout]     |
[INFO] [stdout]  87 |     impl TextInputBuilder {
[INFO] [stdout]     |     --------------------- method in this implementation
[INFO] [stdout] ...
[INFO] [stdout] 118 |         pub const fn required(mut self, required: bool) -> Self {
[INFO] [stdout]     |                      ^^^^^^^^
[INFO] [stdout] 
[INFO] [stdout] 
[INFO] [stdout] warning: function `msg` is never used
[INFO] [stdout]   --> src/response.rs:28:8
[INFO] [stdout]    |
[INFO] [stdout] 28 |     fn msg(
[INFO] [stdout]    |        ^^^
[INFO] [stdout] 
[INFO] [stdout] 
[INFO] [stdout] warning: function `ephemeral` is never used
[INFO] [stdout]   --> src/response.rs:44:12
[INFO] [stdout]    |
[INFO] [stdout] 44 |     pub fn ephemeral(components: Vec<Component>, custom_id: impl Into<String>) -> Result<Response> {
[INFO] [stdout]    |            ^^^^^^^^^
[INFO] [stdout] 
[INFO] [stdout] 
[INFO] [stdout] warning: function `pub_msg` is never used
[INFO] [stdout]   --> src/response.rs:48:12
[INFO] [stdout]    |
[INFO] [stdout] 48 |     pub fn pub_msg(components: Vec<Component>, custom_id: impl Into<String>) -> Result<Response> {
[INFO] [stdout]    |            ^^^^^^^
[INFO] [stdout] 
[INFO] [stdout] 
[INFO] [stdout] warning: function `flags` is never used
[INFO] [stdout]   --> src/translation.rs:28:8
[INFO] [stdout]    |
[INFO] [stdout] 28 | pub fn flags() -> Vec<(String, &'static str)> {
[INFO] [stdout]    |        ^^^^^
[INFO] [stdout] 
[INFO] [stdout] 
[INFO] [stdout] warning: function `db_get_skills_by_campaign_name` is never used
[INFO] [stdout]  --> src/database/get_skills_by_campaign_name.rs:5:14
[INFO] [stdout]   |
[INFO] [stdout] 5 | pub async fn db_get_skills_by_campaign_name(
[INFO] [stdout]   |              ^^^^^^^^^^^^^^^^^^^^^^^^^^^^^^
[INFO] [stdout] 
[INFO] [stdout] 
[INFO] [stdout] warning: struct `Skill` is never constructed
[INFO] [stdout]  --> src/database/model/skill.rs:5:12
[INFO] [stdout]   |
[INFO] [stdout] 5 | pub struct Skill {
[INFO] [stdout]   |            ^^^^^
[INFO] [stdout] 
[INFO] [stdout] 
[INFO] [stdout] warning: function `msg_reuse` is never used
[INFO] [stdout]  --> src/campaign_new/_4_next.rs:4:12
[INFO] [stdout]   |
[INFO] [stdout] 4 |     pub fn msg_reuse() -> Result<Response> {
[INFO] [stdout]   |            ^^^^^^^^^
[INFO] [stdout] 
[INFO] [stdout] 
[INFO] [stdout] error[E0493]: destructor of `CreateFollowup<'_>` cannot be evaluated at compile-time
[INFO] [stdout]    --> /opt/rustwide/cargo-home/registry/src/index.crates.io-1949cf8c6b5b557f/twilight-http-0.17.0/src/request/application/interaction/create_followup.rs:114:35
[INFO] [stdout]     |
[INFO] [stdout] 114 |     pub const fn allowed_mentions(mut self, allowed_mentions: Option<&'a AllowedMentions>) -> Self {
[INFO] [stdout]     |                                   ^^^^^^^^ the destructor for this type cannot be evaluated in constant functions
[INFO] [stdout] ...
[INFO] [stdout] 120 |     }
[INFO] [stdout]     |     - value is dropped here
[INFO] [stdout] 
[INFO] [stdout] 
[INFO] [stdout] error[E0493]: destructor of `CreateFollowup<'_>` cannot be evaluated at compile-time
[INFO] [stdout]    --> /opt/rustwide/cargo-home/registry/src/index.crates.io-1949cf8c6b5b557f/twilight-http-0.17.0/src/request/application/interaction/create_followup.rs:234:24
[INFO] [stdout]     |
[INFO] [stdout] 234 |     pub const fn flags(mut self, flags: MessageFlags) -> Self {
[INFO] [stdout]     |                        ^^^^^^^^ the destructor for this type cannot be evaluated in constant functions
[INFO] [stdout] ...
[INFO] [stdout] 240 |     }
[INFO] [stdout]     |     - value is dropped here
[INFO] [stdout] 
[INFO] [stdout] 
[INFO] [stdout] error[E0493]: destructor of `CreateFollowup<'_>` cannot be evaluated at compile-time
[INFO] [stdout]    --> /opt/rustwide/cargo-home/registry/src/index.crates.io-1949cf8c6b5b557f/twilight-http-0.17.0/src/request/application/interaction/create_followup.rs:254:31
[INFO] [stdout]     |
[INFO] [stdout] 254 |     pub const fn payload_json(mut self, payload_json: &'a [u8]) -> Self {
[INFO] [stdout]     |                               ^^^^^^^^ the destructor for this type cannot be evaluated in constant functions
[INFO] [stdout] ...
[INFO] [stdout] 260 |     }
[INFO] [stdout]     |     - value is dropped here
[INFO] [stdout] 
[INFO] [stdout] 
[INFO] [stdout] error[E0493]: destructor of `CreateFollowup<'_>` cannot be evaluated at compile-time
[INFO] [stdout]    --> /opt/rustwide/cargo-home/registry/src/index.crates.io-1949cf8c6b5b557f/twilight-http-0.17.0/src/request/application/interaction/create_followup.rs:263:22
[INFO] [stdout]     |
[INFO] [stdout] 263 |     pub const fn tts(mut self, tts: bool) -> Self {
[INFO] [stdout]     |                      ^^^^^^^^ the destructor for this type cannot be evaluated in constant functions
[INFO] [stdout] ...
[INFO] [stdout] 269 |     }
[INFO] [stdout]     |     - value is dropped here
[INFO] [stdout] 
[INFO] [stdout] 
[INFO] [stdout] error[E0493]: destructor of `UpdateFollowup<'_>` cannot be evaluated at compile-time
[INFO] [stdout]    --> /opt/rustwide/cargo-home/registry/src/index.crates.io-1949cf8c6b5b557f/twilight-http-0.17.0/src/request/application/interaction/update_followup.rs:122:35
[INFO] [stdout]     |
[INFO] [stdout] 122 |     pub const fn allowed_mentions(mut self, allowed_mentions: Option<&'a AllowedMentions>) -> Self {
[INFO] [stdout]     |                                   ^^^^^^^^ the destructor for this type cannot be evaluated in constant functions
[INFO] [stdout] ...
[INFO] [stdout] 128 |     }
[INFO] [stdout]     |     - value is dropped here
[INFO] [stdout] 
[INFO] [stdout] 
[INFO] [stdout] error[E0493]: destructor of `UpdateFollowup<'_>` cannot be evaluated at compile-time
[INFO] [stdout]    --> /opt/rustwide/cargo-home/registry/src/index.crates.io-1949cf8c6b5b557f/twilight-http-0.17.0/src/request/application/interaction/update_followup.rs:318:31
[INFO] [stdout]     |
[INFO] [stdout] 318 |     pub const fn payload_json(mut self, payload_json: &'a [u8]) -> Self {
[INFO] [stdout]     |                               ^^^^^^^^ the destructor for this type cannot be evaluated in constant functions
[INFO] [stdout] ...
[INFO] [stdout] 324 |     }
[INFO] [stdout]     |     - value is dropped here
[INFO] [stdout] 
[INFO] [stdout] 
[INFO] [stdout] error[E0493]: destructor of `UpdateResponse<'_>` cannot be evaluated at compile-time
[INFO] [stdout]    --> /opt/rustwide/cargo-home/registry/src/index.crates.io-1949cf8c6b5b557f/twilight-http-0.17.0/src/request/application/interaction/update_response.rs:122:35
[INFO] [stdout]     |
[INFO] [stdout] 122 |     pub const fn allowed_mentions(mut self, allowed_mentions: Option<&'a AllowedMentions>) -> Self {
[INFO] [stdout]     |                                   ^^^^^^^^ the destructor for this type cannot be evaluated in constant functions
[INFO] [stdout] ...
[INFO] [stdout] 128 |     }
[INFO] [stdout]     |     - value is dropped here
[INFO] [stdout] 
[INFO] [stdout] 
[INFO] [stdout] error[E0493]: destructor of `UpdateResponse<'_>` cannot be evaluated at compile-time
[INFO] [stdout]    --> /opt/rustwide/cargo-home/registry/src/index.crates.io-1949cf8c6b5b557f/twilight-http-0.17.0/src/request/application/interaction/update_response.rs:290:24
[INFO] [stdout]     |
[INFO] [stdout] 290 |     pub const fn flags(mut self, flags: MessageFlags) -> Self {
[INFO] [stdout]     |                        ^^^^^^^^ the destructor for this type cannot be evaluated in constant functions
[INFO] [stdout] ...
[INFO] [stdout] 296 |     }
[INFO] [stdout]     |     - value is dropped here
[INFO] [stdout] 
[INFO] [stdout] 
[INFO] [stdout] error[E0493]: destructor of `UpdateResponse<'_>` cannot be evaluated at compile-time
[INFO] [stdout]    --> /opt/rustwide/cargo-home/registry/src/index.crates.io-1949cf8c6b5b557f/twilight-http-0.17.0/src/request/application/interaction/update_response.rs:331:31
[INFO] [stdout]     |
[INFO] [stdout] 331 |     pub const fn payload_json(mut self, payload_json: &'a [u8]) -> Self {
[INFO] [stdout]     |                               ^^^^^^^^ the destructor for this type cannot be evaluated in constant functions
[INFO] [stdout] ...
[INFO] [stdout] 337 |     }
[INFO] [stdout]     |     - value is dropped here
[INFO] [stdout] 
[INFO] [stdout] 
[INFO] [stdout] error[E0493]: destructor of `CreateInvite<'_>` cannot be evaluated at compile-time
[INFO] [stdout]    --> /opt/rustwide/cargo-home/registry/src/index.crates.io-1949cf8c6b5b557f/twilight-http-0.17.0/src/request/channel/invite/create_invite.rs:180:9
[INFO] [stdout]     |
[INFO] [stdout] 180 |         mut self,
[INFO] [stdout]     |         ^^^^^^^^ the destructor for this type cannot be evaluated in constant functions
[INFO] [stdout] ...
[INFO] [stdout] 188 |     }
[INFO] [stdout]     |     - value is dropped here
[INFO] [stdout]     |
[INFO] [stdout]     = note: see issue #133214 <https://github.com/rust-lang/rust/issues/133214> for more information
[INFO] [stdout]     = help: add `#![feature(const_destruct)]` to the crate attributes to enable
[INFO] [stdout]     = note: this compiler was built on 2026-10-11; consider upgrading it if it is out of date
[INFO] [stdout] 
[INFO] [stdout] 
[INFO] [stdout] error[E0493]: destructor of `CreateInvite<'_>` cannot be evaluated at compile-time
[INFO] [stdout]    --> /opt/rustwide/cargo-home/registry/src/index.crates.io-1949cf8c6b5b557f/twilight-http-0.17.0/src/request/channel/invite/create_invite.rs:191:33
[INFO] [stdout]     |
[INFO] [stdout] 191 |     pub const fn target_user_id(mut self, target_user_id: Id<UserMarker>) -> Self {
[INFO] [stdout]     |                                 ^^^^^^^^ the destructor for this type cannot be evaluated in constant functions
[INFO] [stdout] ...
[INFO] [stdout] 197 |     }
[INFO] [stdout]     |     - value is dropped here
[INFO] [stdout]     |
[INFO] [stdout]     = note: see issue #133214 <https://github.com/rust-lang/rust/issues/133214> for more information
[INFO] [stdout]     = help: add `#![feature(const_destruct)]` to the crate attributes to enable
[INFO] [stdout]     = note: this compiler was built on 2026-10-11; consider upgrading it if it is out of date
[INFO] [stdout] 
[INFO] [stdout] 
[INFO] [stdout] error[E0493]: destructor of `CreateInvite<'_>` cannot be evaluated at compile-time
[INFO] [stdout]    --> /opt/rustwide/cargo-home/registry/src/index.crates.io-1949cf8c6b5b557f/twilight-http-0.17.0/src/request/channel/invite/create_invite.rs:200:30
[INFO] [stdout]     |
[INFO] [stdout] 200 |     pub const fn target_type(mut self, target_type: TargetType) -> Self {
[INFO] [stdout]     |                              ^^^^^^^^ the destructor for this type cannot be evaluated in constant functions
[INFO] [stdout] ...
[INFO] [stdout] 206 |     }
[INFO] [stdout]     |     - value is dropped here
[INFO] [stdout]     |
[INFO] [stdout]     = note: see issue #133214 <https://github.com/rust-lang/rust/issues/133214> for more information
[INFO] [stdout]     = help: add `#![feature(const_destruct)]` to the crate attributes to enable
[INFO] [stdout]     = note: this compiler was built on 2026-10-11; consider upgrading it if it is out of date
[INFO] [stdout] 
[INFO] [stdout] 
[INFO] [stdout] error[E0493]: destructor of `CreateInvite<'_>` cannot be evaluated at compile-time
[INFO] [stdout]    --> /opt/rustwide/cargo-home/registry/src/index.crates.io-1949cf8c6b5b557f/twilight-http-0.17.0/src/request/channel/invite/create_invite.rs:211:28
[INFO] [stdout]     |
[INFO] [stdout] 211 |     pub const fn temporary(mut self, temporary: bool) -> Self {
[INFO] [stdout]     |                            ^^^^^^^^ the destructor for this type cannot be evaluated in constant functions
[INFO] [stdout] ...
[INFO] [stdout] 217 |     }
[INFO] [stdout]     |     - value is dropped here
[INFO] [stdout]     |
[INFO] [stdout]     = note: see issue #133214 <https://github.com/rust-lang/rust/issues/133214> for more information
[INFO] [stdout]     = help: add `#![feature(const_destruct)]` to the crate attributes to enable
[INFO] [stdout]     = note: this compiler was built on 2026-10-11; consider upgrading it if it is out of date
[INFO] [stdout] 
[INFO] [stdout] 
[INFO] [stdout] error[E0493]: destructor of `CreateInvite<'_>` cannot be evaluated at compile-time
[INFO] [stdout]    --> /opt/rustwide/cargo-home/registry/src/index.crates.io-1949cf8c6b5b557f/twilight-http-0.17.0/src/request/channel/invite/create_invite.rs:225:25
[INFO] [stdout]     |
[INFO] [stdout] 225 |     pub const fn unique(mut self, unique: bool) -> Self {
[INFO] [stdout]     |                         ^^^^^^^^ the destructor for this type cannot be evaluated in constant functions
[INFO] [stdout] ...
[INFO] [stdout] 231 |     }
[INFO] [stdout]     |     - value is dropped here
[INFO] [stdout]     |
[INFO] [stdout]     = note: see issue #133214 <https://github.com/rust-lang/rust/issues/133214> for more information
[INFO] [stdout]     = help: add `#![feature(const_destruct)]` to the crate attributes to enable
[INFO] [stdout]     = note: this compiler was built on 2026-10-11; consider upgrading it if it is out of date
[INFO] [stdout] 
[INFO] [stdout] 
[INFO] [stdout] error[E0493]: destructor of `CreateMessage<'_>` cannot be evaluated at compile-time
[INFO] [stdout]    --> /opt/rustwide/cargo-home/registry/src/index.crates.io-1949cf8c6b5b557f/twilight-http-0.17.0/src/request/channel/message/create_message.rs:121:35
[INFO] [stdout]     |
[INFO] [stdout] 121 |     pub const fn allowed_mentions(mut self, allowed_mentions: Option<&'a AllowedMentions>) -> Self {
[INFO] [stdout]     |                                   ^^^^^^^^ the destructor for this type cannot be evaluated in constant functions
[INFO] [stdout] ...
[INFO] [stdout] 127 |     }
[INFO] [stdout]     |     - value is dropped here
[INFO] [stdout] 
[INFO] [stdout] 
[INFO] [stdout] error[E0493]: destructor of `CreateMessage<'_>` cannot be evaluated at compile-time
[INFO] [stdout]    --> /opt/rustwide/cargo-home/registry/src/index.crates.io-1949cf8c6b5b557f/twilight-http-0.17.0/src/request/channel/message/create_message.rs:235:23
[INFO] [stdout]     |
[INFO] [stdout] 235 |     pub const fn poll(mut self, poll: &'a Poll) -> Self {
[INFO] [stdout]     |                       ^^^^^^^^ the destructor for this type cannot be evaluated in constant functions
[INFO] [stdout] ...
[INFO] [stdout] 241 |     }
[INFO] [stdout]     |     - value is dropped here
[INFO] [stdout] 
[INFO] [stdout] 
[INFO] [stdout] error[E0493]: destructor of `CreateMessage<'_>` cannot be evaluated at compile-time
[INFO] [stdout]    --> /opt/rustwide/cargo-home/registry/src/index.crates.io-1949cf8c6b5b557f/twilight-http-0.17.0/src/request/channel/message/create_message.rs:271:24
[INFO] [stdout]     |
[INFO] [stdout] 271 |     pub const fn flags(mut self, flags: MessageFlags) -> Self {
[INFO] [stdout]     |                        ^^^^^^^^ the destructor for this type cannot be evaluated in constant functions
[INFO] [stdout] ...
[INFO] [stdout] 277 |     }
[INFO] [stdout]     |     - value is dropped here
[INFO] [stdout] 
[INFO] [stdout] 
[INFO] [stdout] error[E0493]: destructor of `CreateMessage<'_>` cannot be evaluated at compile-time
[INFO] [stdout]    --> /opt/rustwide/cargo-home/registry/src/index.crates.io-1949cf8c6b5b557f/twilight-http-0.17.0/src/request/channel/message/create_message.rs:280:24
[INFO] [stdout]     |
[INFO] [stdout] 280 |     pub const fn nonce(mut self, nonce: u64) -> Self {
[INFO] [stdout]     |                        ^^^^^^^^ the destructor for this type cannot be evaluated in constant functions
[INFO] [stdout] ...
[INFO] [stdout] 286 |     }
[INFO] [stdout]     |     - value is dropped here
[INFO] [stdout] 
[INFO] [stdout] 
[INFO] [stdout] error[E0493]: destructor of `CreateMessage<'_>` cannot be evaluated at compile-time
[INFO] [stdout]    --> /opt/rustwide/cargo-home/registry/src/index.crates.io-1949cf8c6b5b557f/twilight-http-0.17.0/src/request/channel/message/create_message.rs:300:31
[INFO] [stdout]     |
[INFO] [stdout] 300 |     pub const fn payload_json(mut self, payload_json: &'a [u8]) -> Self {
[INFO] [stdout]     |                               ^^^^^^^^ the destructor for this type cannot be evaluated in constant functions
[INFO] [stdout] ...
[INFO] [stdout] 306 |     }
[INFO] [stdout]     |     - value is dropped here
[INFO] [stdout] 
[INFO] [stdout] 
[INFO] [stdout] error[E0493]: destructor of `CreateMessage<'_>` cannot be evaluated at compile-time
[INFO] [stdout]    --> /opt/rustwide/cargo-home/registry/src/index.crates.io-1949cf8c6b5b557f/twilight-http-0.17.0/src/request/channel/message/create_message.rs:383:22
[INFO] [stdout]     |
[INFO] [stdout] 383 |     pub const fn tts(mut self, tts: bool) -> Self {
[INFO] [stdout]     |                      ^^^^^^^^ the destructor for this type cannot be evaluated in constant functions
[INFO] [stdout] ...
[INFO] [stdout] 389 |     }
[INFO] [stdout]     |     - value is dropped here
[INFO] [stdout] 
[INFO] [stdout] 
[INFO] [stdout] error[E0493]: destructor of `update_message::UpdateMessage<'_>` cannot be evaluated at compile-time
[INFO] [stdout]    --> /opt/rustwide/cargo-home/registry/src/index.crates.io-1949cf8c6b5b557f/twilight-http-0.17.0/src/request/channel/message/update_message.rs:124:35
[INFO] [stdout]     |
[INFO] [stdout] 124 |     pub const fn allowed_mentions(mut self, allowed_mentions: Option<&'a AllowedMentions>) -> Self {
[INFO] [stdout]     |                                   ^^^^^^^^ the destructor for this type cannot be evaluated in constant functions
[INFO] [stdout] ...
[INFO] [stdout] 130 |     }
[INFO] [stdout]     |     - value is dropped here
[INFO] [stdout] 
[INFO] [stdout] 
[INFO] [stdout] error[E0493]: destructor of `update_message::UpdateMessage<'_>` cannot be evaluated at compile-time
[INFO] [stdout]    --> /opt/rustwide/cargo-home/registry/src/index.crates.io-1949cf8c6b5b557f/twilight-http-0.17.0/src/request/channel/message/update_message.rs:258:24
[INFO] [stdout]     |
[INFO] [stdout] 258 |     pub const fn flags(mut self, flags: MessageFlags) -> Self {
[INFO] [stdout]     |                        ^^^^^^^^ the destructor for this type cannot be evaluated in constant functions
[INFO] [stdout] ...
[INFO] [stdout] 264 |     }
[INFO] [stdout]     |     - value is dropped here
[INFO] [stdout] 
[INFO] [stdout] 
[INFO] [stdout] error[E0493]: destructor of `update_message::UpdateMessage<'_>` cannot be evaluated at compile-time
[INFO] [stdout]    --> /opt/rustwide/cargo-home/registry/src/index.crates.io-1949cf8c6b5b557f/twilight-http-0.17.0/src/request/channel/message/update_message.rs:299:31
[INFO] [stdout]     |
[INFO] [stdout] 299 |     pub const fn payload_json(mut self, payload_json: &'a [u8]) -> Self {
[INFO] [stdout]     |                               ^^^^^^^^ the destructor for this type cannot be evaluated in constant functions
[INFO] [stdout] ...
[INFO] [stdout] 305 |     }
[INFO] [stdout]     |     - value is dropped here
[INFO] [stdout] 
[INFO] [stdout] 
[INFO] [stdout] error[E0493]: destructor of `get_reactions::GetReactions<'_>` cannot be evaluated at compile-time
[INFO] [stdout]   --> /opt/rustwide/cargo-home/registry/src/index.crates.io-1949cf8c6b5b557f/twilight-http-0.17.0/src/request/channel/reaction/get_reactions.rs:62:24
[INFO] [stdout]    |
[INFO] [stdout] 62 |     pub const fn after(mut self, after: Id<UserMarker>) -> Self {
[INFO] [stdout]    |                        ^^^^^^^^ the destructor for this type cannot be evaluated in constant functions
[INFO] [stdout] ...
[INFO] [stdout] 68 |     }
[INFO] [stdout]    |     - value is dropped here
[INFO] [stdout]    |
[INFO] [stdout]    = note: see issue #133214 <https://github.com/rust-lang/rust/issues/133214> for more information
[INFO] [stdout]    = help: add `#![feature(const_destruct)]` to the crate attributes to enable
[INFO] [stdout]    = note: this compiler was built on 2026-10-11; consider upgrading it if it is out of date
[INFO] [stdout] 
[INFO] [stdout] 
[INFO] [stdout] error[E0493]: destructor of `get_reactions::GetReactions<'_>` cannot be evaluated at compile-time
[INFO] [stdout]    --> /opt/rustwide/cargo-home/registry/src/index.crates.io-1949cf8c6b5b557f/twilight-http-0.17.0/src/request/channel/reaction/get_reactions.rs:95:23
[INFO] [stdout]     |
[INFO] [stdout]  95 |     pub const fn kind(mut self, kind: ReactionType) -> Self {
[INFO] [stdout]     |                       ^^^^^^^^ the destructor for this type cannot be evaluated in constant functions
[INFO] [stdout] ...
[INFO] [stdout] 101 |     }
[INFO] [stdout]     |     - value is dropped here
[INFO] [stdout]     |
[INFO] [stdout]     = note: see issue #133214 <https://github.com/rust-lang/rust/issues/133214> for more information
[INFO] [stdout]     = help: add `#![feature(const_destruct)]` to the crate attributes to enable
[INFO] [stdout]     = note: this compiler was built on 2026-10-11; consider upgrading it if it is out of date
[INFO] [stdout] 
[INFO] [stdout] 
[INFO] [stdout] error[E0493]: destructor of `CreateStageInstance<'_>` cannot be evaluated at compile-time
[INFO] [stdout]   --> /opt/rustwide/cargo-home/registry/src/index.crates.io-1949cf8c6b5b557f/twilight-http-0.17.0/src/request/channel/stage/create_stage_instance.rs:60:9
[INFO] [stdout]    |
[INFO] [stdout] 60 |         mut self,
[INFO] [stdout]    |         ^^^^^^^^ the destructor for this type cannot be evaluated in constant functions
[INFO] [stdout] ...
[INFO] [stdout] 68 |     }
[INFO] [stdout]    |     - value is dropped here
[INFO] [stdout]    |
[INFO] [stdout]    = note: see issue #133214 <https://github.com/rust-lang/rust/issues/133214> for more information
[INFO] [stdout]    = help: add `#![feature(const_destruct)]` to the crate attributes to enable
[INFO] [stdout]    = note: this compiler was built on 2026-10-11; consider upgrading it if it is out of date
[INFO] [stdout] 
[INFO] [stdout] 
[INFO] [stdout] error[E0493]: destructor of `CreateStageInstance<'_>` cannot be evaluated at compile-time
[INFO] [stdout]   --> /opt/rustwide/cargo-home/registry/src/index.crates.io-1949cf8c6b5b557f/twilight-http-0.17.0/src/request/channel/stage/create_stage_instance.rs:71:32
[INFO] [stdout]    |
[INFO] [stdout] 71 |     pub const fn privacy_level(mut self, privacy_level: PrivacyLevel) -> Self {
[INFO] [stdout]    |                                ^^^^^^^^ the destructor for this type cannot be evaluated in constant functions
[INFO] [stdout] ...
[INFO] [stdout] 77 |     }
[INFO] [stdout]    |     - value is dropped here
[INFO] [stdout]    |
[INFO] [stdout]    = note: see issue #133214 <https://github.com/rust-lang/rust/issues/133214> for more information
[INFO] [stdout]    = help: add `#![feature(const_destruct)]` to the crate attributes to enable
[INFO] [stdout]    = note: this compiler was built on 2026-10-11; consider upgrading it if it is out of date
[INFO] [stdout] 
[INFO] [stdout] 
[INFO] [stdout] error[E0493]: destructor of `CreateStageInstance<'_>` cannot be evaluated at compile-time
[INFO] [stdout]   --> /opt/rustwide/cargo-home/registry/src/index.crates.io-1949cf8c6b5b557f/twilight-http-0.17.0/src/request/channel/stage/create_stage_instance.rs:85:42
[INFO] [stdout]    |
[INFO] [stdout] 85 |     pub const fn send_start_notification(mut self, send_start_notification: bool) -> Self {
[INFO] [stdout]    |                                          ^^^^^^^^ the destructor for this type cannot be evaluated in constant functions
[INFO] [stdout] ...
[INFO] [stdout] 91 |     }
[INFO] [stdout]    |     - value is dropped here
[INFO] [stdout]    |
[INFO] [stdout]    = note: see issue #133214 <https://github.com/rust-lang/rust/issues/133214> for more information
[INFO] [stdout]    = help: add `#![feature(const_destruct)]` to the crate attributes to enable
[INFO] [stdout]    = note: this compiler was built on 2026-10-11; consider upgrading it if it is out of date
[INFO] [stdout] 
[INFO] [stdout] 
[INFO] [stdout] error[E0493]: destructor of `UpdateStageInstance<'_>` cannot be evaluated at compile-time
[INFO] [stdout]   --> /opt/rustwide/cargo-home/registry/src/index.crates.io-1949cf8c6b5b557f/twilight-http-0.17.0/src/request/channel/stage/update_stage_instance.rs:47:32
[INFO] [stdout]    |
[INFO] [stdout] 47 |     pub const fn privacy_level(mut self, privacy_level: PrivacyLevel) -> Self {
[INFO] [stdout]    |                                ^^^^^^^^ the destructor for this type cannot be evaluated in constant functions
[INFO] [stdout] ...
[INFO] [stdout] 53 |     }
[INFO] [stdout]    |     - value is dropped here
[INFO] [stdout]    |
[INFO] [stdout]    = note: see issue #133214 <https://github.com/rust-lang/rust/issues/133214> for more information
[INFO] [stdout]    = help: add `#![feature(const_destruct)]` to the crate attributes to enable
[INFO] [stdout]    = note: this compiler was built on 2026-10-11; consider upgrading it if it is out of date
[INFO] [stdout] 
[INFO] [stdout] 
[INFO] [stdout] error[E0493]: destructor of `CreateForumThreadMessage<'_>` cannot be evaluated at compile-time
[INFO] [stdout]   --> /opt/rustwide/cargo-home/registry/src/index.crates.io-1949cf8c6b5b557f/twilight-http-0.17.0/src/request/channel/thread/create_forum_thread/message.rs:53:35
[INFO] [stdout]    |
[INFO] [stdout] 53 |     pub const fn allowed_mentions(mut self, allowed_mentions: Option<&'a AllowedMentions>) -> Self {
[INFO] [stdout]    |                                   ^^^^^^^^ the destructor for this type cannot be evaluated in constant functions
[INFO] [stdout] ...
[INFO] [stdout] 59 |     }
[INFO] [stdout]    |     - value is dropped here
[INFO] [stdout] 
[INFO] [stdout] 
[INFO] [stdout] error[E0493]: destructor of `CreateForumThreadMessage<'_>` cannot be evaluated at compile-time
[INFO] [stdout]    --> /opt/rustwide/cargo-home/registry/src/index.crates.io-1949cf8c6b5b557f/twilight-http-0.17.0/src/request/channel/thread/create_forum_thread/message.rs:178:24
[INFO] [stdout]     |
[INFO] [stdout] 178 |     pub const fn flags(mut self, flags: MessageFlags) -> Self {
[INFO] [stdout]     |                        ^^^^^^^^ the destructor for this type cannot be evaluated in constant functions
[INFO] [stdout] ...
[INFO] [stdout] 184 |     }
[INFO] [stdout]     |     - value is dropped here
[INFO] [stdout] 
[INFO] [stdout] 
[INFO] [stdout] error[E0493]: destructor of `CreateForumThreadMessage<'_>` cannot be evaluated at compile-time
[INFO] [stdout]    --> /opt/rustwide/cargo-home/registry/src/index.crates.io-1949cf8c6b5b557f/twilight-http-0.17.0/src/request/channel/thread/create_forum_thread/message.rs:198:31
[INFO] [stdout]     |
[INFO] [stdout] 198 |     pub const fn payload_json(mut self, payload_json: &'a [u8]) -> Self {
[INFO] [stdout]     |                               ^^^^^^^^ the destructor for this type cannot be evaluated in constant functions
[INFO] [stdout] ...
[INFO] [stdout] 204 |     }
[INFO] [stdout]     |     - value is dropped here
[INFO] [stdout] 
[INFO] [stdout] 
[INFO] [stdout] error[E0493]: destructor of `ExecuteWebhook<'_>` cannot be evaluated at compile-time
[INFO] [stdout]    --> /opt/rustwide/cargo-home/registry/src/index.crates.io-1949cf8c6b5b557f/twilight-http-0.17.0/src/request/channel/webhook/execute_webhook.rs:126:35
[INFO] [stdout]     |
[INFO] [stdout] 126 |     pub const fn allowed_mentions(mut self, allowed_mentions: Option<&'a AllowedMentions>) -> Self {
[INFO] [stdout]     |                                   ^^^^^^^^ the destructor for this type cannot be evaluated in constant functions
[INFO] [stdout] ...
[INFO] [stdout] 132 |     }
[INFO] [stdout]     |     - value is dropped here
[INFO] [stdout] 
[INFO] [stdout] 
[INFO] [stdout] error[E0493]: destructor of `ExecuteWebhook<'_>` cannot be evaluated at compile-time
[INFO] [stdout]    --> /opt/rustwide/cargo-home/registry/src/index.crates.io-1949cf8c6b5b557f/twilight-http-0.17.0/src/request/channel/webhook/execute_webhook.rs:163:29
[INFO] [stdout]     |
[INFO] [stdout] 163 |     pub const fn avatar_url(mut self, avatar_url: &'a str) -> Self {
[INFO] [stdout]     |                             ^^^^^^^^ the destructor for this type cannot be evaluated in constant functions
[INFO] [stdout] ...
[INFO] [stdout] 169 |     }
[INFO] [stdout]     |     - value is dropped here
[INFO] [stdout] 
[INFO] [stdout] 
[INFO] [stdout] error[E0493]: destructor of `ExecuteWebhook<'_>` cannot be evaluated at compile-time
[INFO] [stdout]    --> /opt/rustwide/cargo-home/registry/src/index.crates.io-1949cf8c6b5b557f/twilight-http-0.17.0/src/request/channel/webhook/execute_webhook.rs:258:24
[INFO] [stdout]     |
[INFO] [stdout] 258 |     pub const fn flags(mut self, flags: MessageFlags) -> Self {
[INFO] [stdout]     |                        ^^^^^^^^ the destructor for this type cannot be evaluated in constant functions
[INFO] [stdout] ...
[INFO] [stdout] 264 |     }
[INFO] [stdout]     |     - value is dropped here
[INFO] [stdout] 
[INFO] [stdout] 
[INFO] [stdout] error[E0493]: destructor of `ExecuteWebhook<'_>` cannot be evaluated at compile-time
[INFO] [stdout]    --> /opt/rustwide/cargo-home/registry/src/index.crates.io-1949cf8c6b5b557f/twilight-http-0.17.0/src/request/channel/webhook/execute_webhook.rs:320:31
[INFO] [stdout]     |
[INFO] [stdout] 320 |     pub const fn payload_json(mut self, payload_json: &'a [u8]) -> Self {
[INFO] [stdout]     |                               ^^^^^^^^ the destructor for this type cannot be evaluated in constant functions
[INFO] [stdout] ...
[INFO] [stdout] 326 |     }
[INFO] [stdout]     |     - value is dropped here
[INFO] [stdout] 
[INFO] [stdout] 
[INFO] [stdout] error[E0493]: destructor of `ExecuteWebhook<'_>` cannot be evaluated at compile-time
[INFO] [stdout]    --> /opt/rustwide/cargo-home/registry/src/index.crates.io-1949cf8c6b5b557f/twilight-http-0.17.0/src/request/channel/webhook/execute_webhook.rs:347:22
[INFO] [stdout]     |
[INFO] [stdout] 347 |     pub const fn tts(mut self, tts: bool) -> Self {
[INFO] [stdout]     |                      ^^^^^^^^ the destructor for this type cannot be evaluated in constant functions
[INFO] [stdout] ...
[INFO] [stdout] 353 |     }
[INFO] [stdout]     |     - value is dropped here
[INFO] [stdout] 
[INFO] [stdout] 
[INFO] [stdout] error[E0493]: destructor of `UpdateWebhookMessage<'_>` cannot be evaluated at compile-time
[INFO] [stdout]    --> /opt/rustwide/cargo-home/registry/src/index.crates.io-1949cf8c6b5b557f/twilight-http-0.17.0/src/request/channel/webhook/update_webhook_message.rs:121:35
[INFO] [stdout]     |
[INFO] [stdout] 121 |     pub const fn allowed_mentions(mut self, allowed_mentions: Option<&'a AllowedMentions>) -> Self {
[INFO] [stdout]     |                                   ^^^^^^^^ the destructor for this type cannot be evaluated in constant functions
[INFO] [stdout] ...
[INFO] [stdout] 127 |     }
[INFO] [stdout]     |     - value is dropped here
[INFO] [stdout] 
[INFO] [stdout] 
[INFO] [stdout] error[E0493]: destructor of `UpdateWebhookMessage<'_>` cannot be evaluated at compile-time
[INFO] [stdout]    --> /opt/rustwide/cargo-home/registry/src/index.crates.io-1949cf8c6b5b557f/twilight-http-0.17.0/src/request/channel/webhook/update_webhook_message.rs:316:31
[INFO] [stdout]     |
[INFO] [stdout] 316 |     pub const fn payload_json(mut self, payload_json: &'a [u8]) -> Self {
[INFO] [stdout]     |                               ^^^^^^^^ the destructor for this type cannot be evaluated in constant functions
[INFO] [stdout] ...
[INFO] [stdout] 322 |     }
[INFO] [stdout]     |     - value is dropped here
[INFO] [stdout] 
[INFO] [stdout] 
[INFO] [stdout] error[E0493]: destructor of `UpdateWebhook<'_>` cannot be evaluated at compile-time
[INFO] [stdout]   --> /opt/rustwide/cargo-home/registry/src/index.crates.io-1949cf8c6b5b557f/twilight-http-0.17.0/src/request/channel/webhook/update_webhook.rs:63:25
[INFO] [stdout]    |
[INFO] [stdout] 63 |     pub const fn avatar(mut self, avatar: Option<&'a str>) -> Self {
[INFO] [stdout]    |                         ^^^^^^^^ the destructor for this type cannot be evaluated in constant functions
[INFO] [stdout] ...
[INFO] [stdout] 69 |     }
[INFO] [stdout]    |     - value is dropped here
[INFO] [stdout]    |
[INFO] [stdout]    = note: see issue #133214 <https://github.com/rust-lang/rust/issues/133214> for more information
[INFO] [stdout]    = help: add `#![feature(const_destruct)]` to the crate attributes to enable
[INFO] [stdout]    = note: this compiler was built on 2026-10-11; consider upgrading it if it is out of date
[INFO] [stdout] 
[INFO] [stdout] 
[INFO] [stdout] error[E0493]: destructor of `UpdateWebhook<'_>` cannot be evaluated at compile-time
[INFO] [stdout]   --> /opt/rustwide/cargo-home/registry/src/index.crates.io-1949cf8c6b5b557f/twilight-http-0.17.0/src/request/channel/webhook/update_webhook.rs:72:29
[INFO] [stdout]    |
[INFO] [stdout] 72 |     pub const fn channel_id(mut self, channel_id: Id<ChannelMarker>) -> Self {
[INFO] [stdout]    |                             ^^^^^^^^ the destructor for this type cannot be evaluated in constant functions
[INFO] [stdout] ...
[INFO] [stdout] 78 |     }
[INFO] [stdout]    |     - value is dropped here
[INFO] [stdout]    |
[INFO] [stdout]    = note: see issue #133214 <https://github.com/rust-lang/rust/issues/133214> for more information
[INFO] [stdout]    = help: add `#![feature(const_destruct)]` to the crate attributes to enable
[INFO] [stdout]    = note: this compiler was built on 2026-10-11; consider upgrading it if it is out of date
[INFO] [stdout] 
[INFO] [stdout] 
[INFO] [stdout] error[E0493]: destructor of `UpdateWebhookWithToken<'_>` cannot be evaluated at compile-time
[INFO] [stdout]   --> /opt/rustwide/cargo-home/registry/src/index.crates.io-1949cf8c6b5b557f/twilight-http-0.17.0/src/request/channel/webhook/update_webhook_with_token.rs:57:25
[INFO] [stdout]    |
[INFO] [stdout] 57 |     pub const fn avatar(mut self, avatar: Option<&'a str>) -> Self {
[INFO] [stdout]    |                         ^^^^^^^^ the destructor for this type cannot be evaluated in constant functions
[INFO] [stdout] ...
[INFO] [stdout] 63 |     }
[INFO] [stdout]    |     - value is dropped here
[INFO] [stdout]    |
[INFO] [stdout]    = note: see issue #133214 <https://github.com/rust-lang/rust/issues/133214> for more information
[INFO] [stdout]    = help: add `#![feature(const_destruct)]` to the crate attributes to enable
[INFO] [stdout]    = note: this compiler was built on 2026-10-11; consider upgrading it if it is out of date
[INFO] [stdout] 
[INFO] [stdout] 
[INFO] [stdout] error[E0493]: destructor of `GetPins<'_>` cannot be evaluated at compile-time
[INFO] [stdout]   --> /opt/rustwide/cargo-home/registry/src/index.crates.io-1949cf8c6b5b557f/twilight-http-0.17.0/src/request/channel/get_pins.rs:44:25
[INFO] [stdout]    |
[INFO] [stdout] 44 |     pub const fn before(mut self, timestamp: Timestamp) -> Self {
[INFO] [stdout]    |                         ^^^^^^^^ the destructor for this type cannot be evaluated in constant functions
[INFO] [stdout] ...
[INFO] [stdout] 50 |     }
[INFO] [stdout]    |     - value is dropped here
[INFO] [stdout]    |
[INFO] [stdout]    = note: see issue #133214 <https://github.com/rust-lang/rust/issues/133214> for more information
[INFO] [stdout]    = help: add `#![feature(const_destruct)]` to the crate attributes to enable
[INFO] [stdout]    = note: this compiler was built on 2026-10-11; consider upgrading it if it is out of date
[INFO] [stdout] 
[INFO] [stdout] 
[INFO] [stdout] error[E0493]: destructor of `GetBans<'_>` cannot be evaluated at compile-time
[INFO] [stdout]   --> /opt/rustwide/cargo-home/registry/src/index.crates.io-1949cf8c6b5b557f/twilight-http-0.17.0/src/request/guild/ban/get_bans.rs:78:24
[INFO] [stdout]    |
[INFO] [stdout] 78 |     pub const fn after(mut self, user_id: Id<UserMarker>) -> Self {
[INFO] [stdout]    |                        ^^^^^^^^ the destructor for this type cannot be evaluated in constant functions
[INFO] [stdout] ...
[INFO] [stdout] 84 |     }
[INFO] [stdout]    |     - value is dropped here
[INFO] [stdout]    |
[INFO] [stdout]    = note: see issue #133214 <https://github.com/rust-lang/rust/issues/133214> for more information
[INFO] [stdout]    = help: add `#![feature(const_destruct)]` to the crate attributes to enable
[INFO] [stdout]    = note: this compiler was built on 2026-10-11; consider upgrading it if it is out of date
[INFO] [stdout] 
[INFO] [stdout] 
[INFO] [stdout] error[E0493]: destructor of `GetBans<'_>` cannot be evaluated at compile-time
[INFO] [stdout]   --> /opt/rustwide/cargo-home/registry/src/index.crates.io-1949cf8c6b5b557f/twilight-http-0.17.0/src/request/guild/ban/get_bans.rs:93:25
[INFO] [stdout]    |
[INFO] [stdout] 93 |     pub const fn before(mut self, user_id: Id<UserMarker>) -> Self {
[INFO] [stdout]    |                         ^^^^^^^^ the destructor for this type cannot be evaluated in constant functions
[INFO] [stdout] ...
[INFO] [stdout] 99 |     }
[INFO] [stdout]    |     - value is dropped here
[INFO] [stdout]    |
[INFO] [stdout]    = note: see issue #133214 <https://github.com/rust-lang/rust/issues/133214> for more information
[INFO] [stdout]    = help: add `#![feature(const_destruct)]` to the crate attributes to enable
[INFO] [stdout]    = note: this compiler was built on 2026-10-11; consider upgrading it if it is out of date
[INFO] [stdout] 
[INFO] [stdout] 
[INFO] [stdout] error[E0493]: destructor of `AddGuildMember<'_>` cannot be evaluated at compile-time
[INFO] [stdout]   --> /opt/rustwide/cargo-home/registry/src/index.crates.io-1949cf8c6b5b557f/twilight-http-0.17.0/src/request/guild/member/add_guild_member.rs:69:23
[INFO] [stdout]    |
[INFO] [stdout] 69 |     pub const fn deaf(mut self, deaf: bool) -> Self {
[INFO] [stdout]    |                       ^^^^^^^^ the destructor for this type cannot be evaluated in constant functions
[INFO] [stdout] ...
[INFO] [stdout] 75 |     }
[INFO] [stdout]    |     - value is dropped here
[INFO] [stdout]    |
[INFO] [stdout]    = note: see issue #133214 <https://github.com/rust-lang/rust/issues/133214> for more information
[INFO] [stdout]    = help: add `#![feature(const_destruct)]` to the crate attributes to enable
[INFO] [stdout]    = note: this compiler was built on 2026-10-11; consider upgrading it if it is out of date
[INFO] [stdout] 
[INFO] [stdout] 
[INFO] [stdout] error[E0493]: destructor of `AddGuildMember<'_>` cannot be evaluated at compile-time
[INFO] [stdout]   --> /opt/rustwide/cargo-home/registry/src/index.crates.io-1949cf8c6b5b557f/twilight-http-0.17.0/src/request/guild/member/add_guild_member.rs:78:23
[INFO] [stdout]    |
[INFO] [stdout] 78 |     pub const fn mute(mut self, mute: bool) -> Self {
[INFO] [stdout]    |                       ^^^^^^^^ the destructor for this type cannot be evaluated in constant functions
[INFO] [stdout] ...
[INFO] [stdout] 84 |     }
[INFO] [stdout]    |     - value is dropped here
[INFO] [stdout]    |
[INFO] [stdout]    = note: see issue #133214 <https://github.com/rust-lang/rust/issues/133214> for more information
[INFO] [stdout]    = help: add `#![feature(const_destruct)]` to the crate attributes to enable
[INFO] [stdout]    = note: this compiler was built on 2026-10-11; consider upgrading it if it is out of date
[INFO] [stdout] 
[INFO] [stdout] 
[INFO] [stdout] error[E0493]: destructor of `AddGuildMember<'_>` cannot be evaluated at compile-time
[INFO] [stdout]    --> /opt/rustwide/cargo-home/registry/src/index.crates.io-1949cf8c6b5b557f/twilight-http-0.17.0/src/request/guild/member/add_guild_member.rs:110:24
[INFO] [stdout]     |
[INFO] [stdout] 110 |     pub const fn roles(mut self, roles: &'a [Id<RoleMarker>]) -> Self {
[INFO] [stdout]     |                        ^^^^^^^^ the destructor for this type cannot be evaluated in constant functions
[INFO] [stdout] ...
[INFO] [stdout] 116 |     }
[INFO] [stdout]     |     - value is dropped here
[INFO] [stdout]     |
[INFO] [stdout]     = note: see issue #133214 <https://github.com/rust-lang/rust/issues/133214> for more information
[INFO] [stdout]     = help: add `#![feature(const_destruct)]` to the crate attributes to enable
[INFO] [stdout]     = note: this compiler was built on 2026-10-11; consider upgrading it if it is out of date
[INFO] [stdout] 
[INFO] [stdout] 
[INFO] [stdout] error[E0493]: destructor of `get_guild_members::GetGuildMembers<'_>` cannot be evaluated at compile-time
[INFO] [stdout]   --> /opt/rustwide/cargo-home/registry/src/index.crates.io-1949cf8c6b5b557f/twilight-http-0.17.0/src/request/guild/member/get_guild_members.rs:71:24
[INFO] [stdout]    |
[INFO] [stdout] 71 |     pub const fn after(mut self, after: Id<UserMarker>) -> Self {
[INFO] [stdout]    |                        ^^^^^^^^ the destructor for this type cannot be evaluated in constant functions
[INFO] [stdout] ...
[INFO] [stdout] 77 |     }
[INFO] [stdout]    |     - value is dropped here
[INFO] [stdout]    |
[INFO] [stdout]    = note: see issue #133214 <https://github.com/rust-lang/rust/issues/133214> for more information
[INFO] [stdout]    = help: add `#![feature(const_destruct)]` to the crate attributes to enable
[INFO] [stdout]    = note: this compiler was built on 2026-10-11; consider upgrading it if it is out of date
[INFO] [stdout] 
[INFO] [stdout] 
[INFO] [stdout] error[E0493]: destructor of `UpdateGuildMember<'_>` cannot be evaluated at compile-time
[INFO] [stdout]   --> /opt/rustwide/cargo-home/registry/src/index.crates.io-1949cf8c6b5b557f/twilight-http-0.17.0/src/request/guild/member/update_guild_member.rs:78:29
[INFO] [stdout]    |
[INFO] [stdout] 78 |     pub const fn channel_id(mut self, channel_id: Option<Id<ChannelMarker>>) -> Self {
[INFO] [stdout]    |                             ^^^^^^^^ the destructor for this type cannot be evaluated in constant functions
[INFO] [stdout] ...
[INFO] [stdout] 84 |     }
[INFO] [stdout]    |     - value is dropped here
[INFO] [stdout]    |
[INFO] [stdout]    = note: see issue #133214 <https://github.com/rust-lang/rust/issues/133214> for more information
[INFO] [stdout]    = help: add `#![feature(const_destruct)]` to the crate attributes to enable
[INFO] [stdout]    = note: this compiler was built on 2026-10-11; consider upgrading it if it is out of date
[INFO] [stdout] 
[INFO] [stdout] 
[INFO] [stdout] error[E0493]: destructor of `UpdateGuildMember<'_>` cannot be evaluated at compile-time
[INFO] [stdout]    --> /opt/rustwide/cargo-home/registry/src/index.crates.io-1949cf8c6b5b557f/twilight-http-0.17.0/src/request/guild/member/update_guild_member.rs:117:23
[INFO] [stdout]     |
[INFO] [stdout] 117 |     pub const fn deaf(mut self, deaf: bool) -> Self {
[INFO] [stdout]     |                       ^^^^^^^^ the destructor for this type cannot be evaluated in constant functions
[INFO] [stdout] ...
[INFO] [stdout] 123 |     }
[INFO] [stdout]     |     - value is dropped here
[INFO] [stdout]     |
[INFO] [stdout]     = note: see issue #133214 <https://github.com/rust-lang/rust/issues/133214> for more information
[INFO] [stdout]     = help: add `#![feature(const_destruct)]` to the crate attributes to enable
[INFO] [stdout]     = note: this compiler was built on 2026-10-11; consider upgrading it if it is out of date
[INFO] [stdout] 
[INFO] [stdout] 
[INFO] [stdout] error[E0493]: destructor of `UpdateGuildMember<'_>` cannot be evaluated at compile-time
[INFO] [stdout]    --> /opt/rustwide/cargo-home/registry/src/index.crates.io-1949cf8c6b5b557f/twilight-http-0.17.0/src/request/guild/member/update_guild_member.rs:126:23
[INFO] [stdout]     |
[INFO] [stdout] 126 |     pub const fn mute(mut self, mute: bool) -> Self {
[INFO] [stdout]     |                       ^^^^^^^^ the destructor for this type cannot be evaluated in constant functions
[INFO] [stdout] ...
[INFO] [stdout] 132 |     }
[INFO] [stdout]     |     - value is dropped here
[INFO] [stdout]     |
[INFO] [stdout]     = note: see issue #133214 <https://github.com/rust-lang/rust/issues/133214> for more information
[INFO] [stdout]     = help: add `#![feature(const_destruct)]` to the crate attributes to enable
[INFO] [stdout]     = note: this compiler was built on 2026-10-11; consider upgrading it if it is out of date
[INFO] [stdout] 
[INFO] [stdout] 
[INFO] [stdout] error[E0493]: destructor of `UpdateGuildMember<'_>` cannot be evaluated at compile-time
[INFO] [stdout]    --> /opt/rustwide/cargo-home/registry/src/index.crates.io-1949cf8c6b5b557f/twilight-http-0.17.0/src/request/guild/member/update_guild_member.rs:159:24
[INFO] [stdout]     |
[INFO] [stdout] 159 |     pub const fn roles(mut self, roles: &'a [Id<RoleMarker>]) -> Self {
[INFO] [stdout]     |                        ^^^^^^^^ the destructor for this type cannot be evaluated in constant functions
[INFO] [stdout] ...
[INFO] [stdout] 165 |     }
[INFO] [stdout]     |     - value is dropped here
[INFO] [stdout]     |
[INFO] [stdout]     = note: see issue #133214 <https://github.com/rust-lang/rust/issues/133214> for more information
[INFO] [stdout]     = help: add `#![feature(const_destruct)]` to the crate attributes to enable
[INFO] [stdout]     = note: this compiler was built on 2026-10-11; consider upgrading it if it is out of date
[INFO] [stdout] 
[INFO] [stdout] 
[INFO] [stdout] error[E0493]: destructor of `CreateGuildPrune<'_>` cannot be evaluated at compile-time
[INFO] [stdout]   --> /opt/rustwide/cargo-home/registry/src/index.crates.io-1949cf8c6b5b557f/twilight-http-0.17.0/src/request/guild/create_guild_prune.rs:55:32
[INFO] [stdout]    |
[INFO] [stdout] 55 |     pub const fn include_roles(mut self, roles: &'a [Id<RoleMarker>]) -> Self {
[INFO] [stdout]    |                                ^^^^^^^^ the destructor for this type cannot be evaluated in constant functions
[INFO] [stdout] ...
[INFO] [stdout] 61 |     }
[INFO] [stdout]    |     - value is dropped here
[INFO] [stdout]    |
[INFO] [stdout]    = note: see issue #133214 <https://github.com/rust-lang/rust/issues/133214> for more information
[INFO] [stdout]    = help: add `#![feature(const_destruct)]` to the crate attributes to enable
[INFO] [stdout]    = note: this compiler was built on 2026-10-11; consider upgrading it if it is out of date
[INFO] [stdout] 
[INFO] [stdout] 
[INFO] [stdout] error[E0493]: destructor of `CreateGuildPrune<'_>` cannot be evaluated at compile-time
[INFO] [stdout]   --> /opt/rustwide/cargo-home/registry/src/index.crates.io-1949cf8c6b5b557f/twilight-http-0.17.0/src/request/guild/create_guild_prune.rs:64:38
[INFO] [stdout]    |
[INFO] [stdout] 64 |     pub const fn compute_prune_count(mut self, compute_prune_count: bool) -> Self {
[INFO] [stdout]    |                                      ^^^^^^^^ the destructor for this type cannot be evaluated in constant functions
[INFO] [stdout] ...
[INFO] [stdout] 70 |     }
[INFO] [stdout]    |     - value is dropped here
[INFO] [stdout]    |
[INFO] [stdout]    = note: see issue #133214 <https://github.com/rust-lang/rust/issues/133214> for more information
[INFO] [stdout]    = help: add `#![feature(const_destruct)]` to the crate attributes to enable
[INFO] [stdout]    = note: this compiler was built on 2026-10-11; consider upgrading it if it is out of date
[INFO] [stdout] 
[INFO] [stdout] 
[INFO] [stdout] error[E0493]: destructor of `GetAuditLog<'_>` cannot be evaluated at compile-time
[INFO] [stdout]   --> /opt/rustwide/cargo-home/registry/src/index.crates.io-1949cf8c6b5b557f/twilight-http-0.17.0/src/request/guild/get_audit_log.rs:77:30
[INFO] [stdout]    |
[INFO] [stdout] 77 |     pub const fn action_type(mut self, action_type: AuditLogEventType) -> Self {
[INFO] [stdout]    |                              ^^^^^^^^ the destructor for this type cannot be evaluated in constant functions
[INFO] [stdout] ...
[INFO] [stdout] 83 |     }
[INFO] [stdout]    |     - value is dropped here
[INFO] [stdout]    |
[INFO] [stdout]    = note: see issue #133214 <https://github.com/rust-lang/rust/issues/133214> for more information
[INFO] [stdout]    = help: add `#![feature(const_destruct)]` to the crate attributes to enable
[INFO] [stdout]    = note: this compiler was built on 2026-10-11; consider upgrading it if it is out of date
[INFO] [stdout] 
[INFO] [stdout] 
[INFO] [stdout] error[E0493]: destructor of `GetAuditLog<'_>` cannot be evaluated at compile-time
[INFO] [stdout]   --> /opt/rustwide/cargo-home/registry/src/index.crates.io-1949cf8c6b5b557f/twilight-http-0.17.0/src/request/guild/get_audit_log.rs:86:24
[INFO] [stdout]    |
[INFO] [stdout] 86 |     pub const fn after(mut self, after: u64) -> Self {
[INFO] [stdout]    |                        ^^^^^^^^ the destructor for this type cannot be evaluated in constant functions
[INFO] [stdout] ...
[INFO] [stdout] 92 |     }
[INFO] [stdout]    |     - value is dropped here
[INFO] [stdout]    |
[INFO] [stdout]    = note: see issue #133214 <https://github.com/rust-lang/rust/issues/133214> for more information
[INFO] [stdout]    = help: add `#![feature(const_destruct)]` to the crate attributes to enable
[INFO] [stdout]    = note: this compiler was built on 2026-10-11; consider upgrading it if it is out of date
[INFO] [stdout] 
[INFO] [stdout] 
[INFO] [stdout] error[E0493]: destructor of `GetAuditLog<'_>` cannot be evaluated at compile-time
[INFO] [stdout]    --> /opt/rustwide/cargo-home/registry/src/index.crates.io-1949cf8c6b5b557f/twilight-http-0.17.0/src/request/guild/get_audit_log.rs:95:25
[INFO] [stdout]     |
[INFO] [stdout]  95 |     pub const fn before(mut self, before: u64) -> Self {
[INFO] [stdout]     |                         ^^^^^^^^ the destructor for this type cannot be evaluated in constant functions
[INFO] [stdout] ...
[INFO] [stdout] 101 |     }
[INFO] [stdout]     |     - value is dropped here
[INFO] [stdout]     |
[INFO] [stdout]     = note: see issue #133214 <https://github.com/rust-lang/rust/issues/133214> for more information
[INFO] [stdout]     = help: add `#![feature(const_destruct)]` to the crate attributes to enable
[INFO] [stdout]     = note: this compiler was built on 2026-10-11; consider upgrading it if it is out of date
[INFO] [stdout] 
[INFO] [stdout] 
[INFO] [stdout] error[E0493]: destructor of `GetAuditLog<'_>` cannot be evaluated at compile-time
[INFO] [stdout]    --> /opt/rustwide/cargo-home/registry/src/index.crates.io-1949cf8c6b5b557f/twilight-http-0.17.0/src/request/guild/get_audit_log.rs:127:26
[INFO] [stdout]     |
[INFO] [stdout] 127 |     pub const fn user_id(mut self, user_id: Id<UserMarker>) -> Self {
[INFO] [stdout]     |                          ^^^^^^^^ the destructor for this type cannot be evaluated in constant functions
[INFO] [stdout] ...
[INFO] [stdout] 133 |     }
[INFO] [stdout]     |     - value is dropped here
[INFO] [stdout]     |
[INFO] [stdout]     = note: see issue #133214 <https://github.com/rust-lang/rust/issues/133214> for more information
[INFO] [stdout]     = help: add `#![feature(const_destruct)]` to the crate attributes to enable
[INFO] [stdout]     = note: this compiler was built on 2026-10-11; consider upgrading it if it is out of date
[INFO] [stdout] 
[INFO] [stdout] 
[INFO] [stdout] error[E0493]: destructor of `GetGuildPruneCount<'_>` cannot be evaluated at compile-time
[INFO] [stdout]   --> /opt/rustwide/cargo-home/registry/src/index.crates.io-1949cf8c6b5b557f/twilight-http-0.17.0/src/request/guild/get_guild_prune_count.rs:66:32
[INFO] [stdout]    |
[INFO] [stdout] 66 |     pub const fn include_roles(mut self, roles: &'a [Id<RoleMarker>]) -> Self {
[INFO] [stdout]    |                                ^^^^^^^^ the destructor for this type cannot be evaluated in constant functions
[INFO] [stdout] ...
[INFO] [stdout] 72 |     }
[INFO] [stdout]    |     - value is dropped here
[INFO] [stdout]    |
[INFO] [stdout]    = note: see issue #133214 <https://github.com/rust-lang/rust/issues/133214> for more information
[INFO] [stdout]    = help: add `#![feature(const_destruct)]` to the crate attributes to enable
[INFO] [stdout]    = note: this compiler was built on 2026-10-11; consider upgrading it if it is out of date
[INFO] [stdout] 
[INFO] [stdout] 
[INFO] [stdout] error[E0493]: destructor of `UpdateCurrentMember<'_>` cannot be evaluated at compile-time
[INFO] [stdout]   --> /opt/rustwide/cargo-home/registry/src/index.crates.io-1949cf8c6b5b557f/twilight-http-0.17.0/src/request/guild/update_current_member.rs:83:25
[INFO] [stdout]    |
[INFO] [stdout] 83 |     pub const fn banner(mut self, banner: Option<&'a str>) -> Self {
[INFO] [stdout]    |                         ^^^^^^^^ the destructor for this type cannot be evaluated in constant functions
[INFO] [stdout] ...
[INFO] [stdout] 89 |     }
[INFO] [stdout]    |     - value is dropped here
[INFO] [stdout]    |
[INFO] [stdout]    = note: see issue #133214 <https://github.com/rust-lang/rust/issues/133214> for more information
[INFO] [stdout]    = help: add `#![feature(const_destruct)]` to the crate attributes to enable
[INFO] [stdout]    = note: this compiler was built on 2026-10-11; consider upgrading it if it is out of date
[INFO] [stdout] 
[INFO] [stdout] 
[INFO] [stdout] error[E0493]: destructor of `UpdateCurrentMember<'_>` cannot be evaluated at compile-time
[INFO] [stdout]    --> /opt/rustwide/cargo-home/registry/src/index.crates.io-1949cf8c6b5b557f/twilight-http-0.17.0/src/request/guild/update_current_member.rs:96:25
[INFO] [stdout]     |
[INFO] [stdout]  96 |     pub const fn avatar(mut self, avatar: Option<&'a str>) -> Self {
[INFO] [stdout]     |                         ^^^^^^^^ the destructor for this type cannot be evaluated in constant functions
[INFO] [stdout] ...
[INFO] [stdout] 102 |     }
[INFO] [stdout]     |     - value is dropped here
[INFO] [stdout]     |
[INFO] [stdout]     = note: see issue #133214 <https://github.com/rust-lang/rust/issues/133214> for more information
[INFO] [stdout]     = help: add `#![feature(const_destruct)]` to the crate attributes to enable
[INFO] [stdout]     = note: this compiler was built on 2026-10-11; consider upgrading it if it is out of date
[INFO] [stdout] 
[INFO] [stdout] 
[INFO] [stdout] error[E0493]: destructor of `UpdateGuild<'_>` cannot be evaluated at compile-time
[INFO] [stdout]    --> /opt/rustwide/cargo-home/registry/src/index.crates.io-1949cf8c6b5b557f/twilight-http-0.17.0/src/request/guild/update_guild.rs:107:33
[INFO] [stdout]     |
[INFO] [stdout] 107 |     pub const fn afk_channel_id(mut self, afk_channel_id: Option<Id<ChannelMarker>>) -> Self {
[INFO] [stdout]     |                                 ^^^^^^^^ the destructor for this type cannot be evaluated in constant functions
[INFO] [stdout] ...
[INFO] [stdout] 113 |     }
[INFO] [stdout]     |     - value is dropped here
[INFO] [stdout]     |
[INFO] [stdout]     = note: see issue #133214 <https://github.com/rust-lang/rust/issues/133214> for more information
[INFO] [stdout]     = help: add `#![feature(const_destruct)]` to the crate attributes to enable
[INFO] [stdout]     = note: this compiler was built on 2026-10-11; consider upgrading it if it is out of date
[INFO] [stdout] 
[INFO] [stdout] 
[INFO] [stdout] error[E0493]: destructor of `UpdateGuild<'_>` cannot be evaluated at compile-time
[INFO] [stdout]    --> /opt/rustwide/cargo-home/registry/src/index.crates.io-1949cf8c6b5b557f/twilight-http-0.17.0/src/request/guild/update_guild.rs:116:30
[INFO] [stdout]     |
[INFO] [stdout] 116 |     pub const fn afk_timeout(mut self, afk_timeout: u64) -> Self {
[INFO] [stdout]     |                              ^^^^^^^^ the destructor for this type cannot be evaluated in constant functions
[INFO] [stdout] ...
[INFO] [stdout] 122 |     }
[INFO] [stdout]     |     - value is dropped here
[INFO] [stdout]     |
[INFO] [stdout]     = note: see issue #133214 <https://github.com/rust-lang/rust/issues/133214> for more information
[INFO] [stdout]     = help: add `#![feature(const_destruct)]` to the crate attributes to enable
[INFO] [stdout]     = note: this compiler was built on 2026-10-11; consider upgrading it if it is out of date
[INFO] [stdout] 
[INFO] [stdout] 
[INFO] [stdout] error[E0493]: destructor of `UpdateGuild<'_>` cannot be evaluated at compile-time
[INFO] [stdout]    --> /opt/rustwide/cargo-home/registry/src/index.crates.io-1949cf8c6b5b557f/twilight-http-0.17.0/src/request/guild/update_guild.rs:130:25
[INFO] [stdout]     |
[INFO] [stdout] 130 |     pub const fn banner(mut self, banner: Option<&'a str>) -> Self {
[INFO] [stdout]     |                         ^^^^^^^^ the destructor for this type cannot be evaluated in constant functions
[INFO] [stdout] ...
[INFO] [stdout] 136 |     }
[INFO] [stdout]     |     - value is dropped here
[INFO] [stdout]     |
[INFO] [stdout]     = note: see issue #133214 <https://github.com/rust-lang/rust/issues/133214> for more information
[INFO] [stdout]     = help: add `#![feature(const_destruct)]` to the crate attributes to enable
[INFO] [stdout]     = note: this compiler was built on 2026-10-11; consider upgrading it if it is out of date
[INFO] [stdout] 
[INFO] [stdout] 
[INFO] [stdout] error[E0493]: destructor of `UpdateGuild<'_>` cannot be evaluated at compile-time
[INFO] [stdout]    --> /opt/rustwide/cargo-home/registry/src/index.crates.io-1949cf8c6b5b557f/twilight-http-0.17.0/src/request/guild/update_guild.rs:143:9
[INFO] [stdout]     |
[INFO] [stdout] 143 |         mut self,
[INFO] [stdout]     |         ^^^^^^^^ the destructor for this type cannot be evaluated in constant functions
[INFO] [stdout] ...
[INFO] [stdout] 151 |     }
[INFO] [stdout]     |     - value is dropped here
[INFO] [stdout]     |
[INFO] [stdout]     = note: see issue #133214 <https://github.com/rust-lang/rust/issues/133214> for more information
[INFO] [stdout]     = help: add `#![feature(const_destruct)]` to the crate attributes to enable
[INFO] [stdout]     = note: this compiler was built on 2026-10-11; consider upgrading it if it is out of date
[INFO] [stdout] 
[INFO] [stdout] 
[INFO] [stdout] error[E0493]: destructor of `UpdateGuild<'_>` cannot be evaluated at compile-time
[INFO] [stdout]    --> /opt/rustwide/cargo-home/registry/src/index.crates.io-1949cf8c6b5b557f/twilight-http-0.17.0/src/request/guild/update_guild.rs:156:35
[INFO] [stdout]     |
[INFO] [stdout] 156 |     pub const fn discovery_splash(mut self, discovery_splash: Option<&'a str>) -> Self {
[INFO] [stdout]     |                                   ^^^^^^^^ the destructor for this type cannot be evaluated in constant functions
[INFO] [stdout] ...
[INFO] [stdout] 162 |     }
[INFO] [stdout]     |     - value is dropped here
[INFO] [stdout]     |
[INFO] [stdout]     = note: see issue #133214 <https://github.com/rust-lang/rust/issues/133214> for more information
[INFO] [stdout]     = help: add `#![feature(const_destruct)]` to the crate attributes to enable
[INFO] [stdout]     = note: this compiler was built on 2026-10-11; consider upgrading it if it is out of date
[INFO] [stdout] 
[INFO] [stdout] 
[INFO] [stdout] error[E0493]: destructor of `UpdateGuild<'_>` cannot be evaluated at compile-time
[INFO] [stdout]    --> /opt/rustwide/cargo-home/registry/src/index.crates.io-1949cf8c6b5b557f/twilight-http-0.17.0/src/request/guild/update_guild.rs:166:9
[INFO] [stdout]     |
[INFO] [stdout] 166 |         mut self,
[INFO] [stdout]     |         ^^^^^^^^ the destructor for this type cannot be evaluated in constant functions
[INFO] [stdout] ...
[INFO] [stdout] 174 |     }
[INFO] [stdout]     |     - value is dropped here
[INFO] [stdout]     |
[INFO] [stdout]     = note: see issue #133214 <https://github.com/rust-lang/rust/issues/133214> for more information
[INFO] [stdout]     = help: add `#![feature(const_destruct)]` to the crate attributes to enable
[INFO] [stdout]     = note: this compiler was built on 2026-10-11; consider upgrading it if it is out of date
[INFO] [stdout] 
[INFO] [stdout] 
[INFO] [stdout] error[E0493]: destructor of `UpdateGuild<'_>` cannot be evaluated at compile-time
[INFO] [stdout]    --> /opt/rustwide/cargo-home/registry/src/index.crates.io-1949cf8c6b5b557f/twilight-http-0.17.0/src/request/guild/update_guild.rs:193:27
[INFO] [stdout]     |
[INFO] [stdout] 193 |     pub const fn features(mut self, features: &'a [&'a str]) -> Self {
[INFO] [stdout]     |                           ^^^^^^^^ the destructor for this type cannot be evaluated in constant functions
[INFO] [stdout] ...
[INFO] [stdout] 199 |     }
[INFO] [stdout]     |     - value is dropped here
[INFO] [stdout]     |
[INFO] [stdout]     = note: see issue #133214 <https://github.com/rust-lang/rust/issues/133214> for more information
[INFO] [stdout]     = help: add `#![feature(const_destruct)]` to the crate attributes to enable
[INFO] [stdout]     = note: this compiler was built on 2026-10-11; consider upgrading it if it is out of date
[INFO] [stdout] 
[INFO] [stdout] 
[INFO] [stdout] error[E0493]: destructor of `UpdateGuild<'_>` cannot be evaluated at compile-time
[INFO] [stdout]    --> /opt/rustwide/cargo-home/registry/src/index.crates.io-1949cf8c6b5b557f/twilight-http-0.17.0/src/request/guild/update_guild.rs:208:23
[INFO] [stdout]     |
[INFO] [stdout] 208 |     pub const fn icon(mut self, icon: Option<&'a str>) -> Self {
[INFO] [stdout]     |                       ^^^^^^^^ the destructor for this type cannot be evaluated in constant functions
[INFO] [stdout] ...
[INFO] [stdout] 214 |     }
[INFO] [stdout]     |     - value is dropped here
[INFO] [stdout]     |
[INFO] [stdout]     = note: see issue #133214 <https://github.com/rust-lang/rust/issues/133214> for more information
[INFO] [stdout]     = help: add `#![feature(const_destruct)]` to the crate attributes to enable
[INFO] [stdout]     = note: this compiler was built on 2026-10-11; consider upgrading it if it is out of date
[INFO] [stdout] 
[INFO] [stdout] 
[INFO] [stdout] error[E0493]: destructor of `UpdateGuild<'_>` cannot be evaluated at compile-time
[INFO] [stdout]    --> /opt/rustwide/cargo-home/registry/src/index.crates.io-1949cf8c6b5b557f/twilight-http-0.17.0/src/request/guild/update_guild.rs:241:27
[INFO] [stdout]     |
[INFO] [stdout] 241 |     pub const fn owner_id(mut self, owner_id: Id<UserMarker>) -> Self {
[INFO] [stdout]     |                           ^^^^^^^^ the destructor for this type cannot be evaluated in constant functions
[INFO] [stdout] ...
[INFO] [stdout] 247 |     }
[INFO] [stdout]     |     - value is dropped here
[INFO] [stdout]     |
[INFO] [stdout]     = note: see issue #133214 <https://github.com/rust-lang/rust/issues/133214> for more information
[INFO] [stdout]     = help: add `#![feature(const_destruct)]` to the crate attributes to enable
[INFO] [stdout]     = note: this compiler was built on 2026-10-11; consider upgrading it if it is out of date
[INFO] [stdout] 
[INFO] [stdout] 
[INFO] [stdout] error[E0493]: destructor of `UpdateGuild<'_>` cannot be evaluated at compile-time
[INFO] [stdout]    --> /opt/rustwide/cargo-home/registry/src/index.crates.io-1949cf8c6b5b557f/twilight-http-0.17.0/src/request/guild/update_guild.rs:252:25
[INFO] [stdout]     |
[INFO] [stdout] 252 |     pub const fn splash(mut self, splash: Option<&'a str>) -> Self {
[INFO] [stdout]     |                         ^^^^^^^^ the destructor for this type cannot be evaluated in constant functions
[INFO] [stdout] ...
[INFO] [stdout] 258 |     }
[INFO] [stdout]     |     - value is dropped here
[INFO] [stdout]     |
[INFO] [stdout]     = note: see issue #133214 <https://github.com/rust-lang/rust/issues/133214> for more information
[INFO] [stdout]     = help: add `#![feature(const_destruct)]` to the crate attributes to enable
[INFO] [stdout]     = note: this compiler was built on 2026-10-11; consider upgrading it if it is out of date
[INFO] [stdout] 
[INFO] [stdout] 
[INFO] [stdout] error[E0493]: destructor of `UpdateGuild<'_>` cannot be evaluated at compile-time
[INFO] [stdout]    --> /opt/rustwide/cargo-home/registry/src/index.crates.io-1949cf8c6b5b557f/twilight-http-0.17.0/src/request/guild/update_guild.rs:261:33
[INFO] [stdout]     |
[INFO] [stdout] 261 |     pub const fn system_channel(mut self, system_channel_id: Option<Id<ChannelMarker>>) -> Self {
[INFO] [stdout]     |                                 ^^^^^^^^ the destructor for this type cannot be evaluated in constant functions
[INFO] [stdout] ...
[INFO] [stdout] 267 |     }
[INFO] [stdout]     |     - value is dropped here
[INFO] [stdout]     |
[INFO] [stdout]     = note: see issue #133214 <https://github.com/rust-lang/rust/issues/133214> for more information
[INFO] [stdout]     = help: add `#![feature(const_destruct)]` to the crate attributes to enable
[INFO] [stdout]     = note: this compiler was built on 2026-10-11; consider upgrading it if it is out of date
[INFO] [stdout] 
[INFO] [stdout] 
[INFO] [stdout] error[E0493]: destructor of `UpdateGuild<'_>` cannot be evaluated at compile-time
[INFO] [stdout]    --> /opt/rustwide/cargo-home/registry/src/index.crates.io-1949cf8c6b5b557f/twilight-http-0.17.0/src/request/guild/update_guild.rs:271:9
[INFO] [stdout]     |
[INFO] [stdout] 271 |         mut self,
[INFO] [stdout]     |         ^^^^^^^^ the destructor for this type cannot be evaluated in constant functions
[INFO] [stdout] ...
[INFO] [stdout] 279 |     }
[INFO] [stdout]     |     - value is dropped here
[INFO] [stdout]     |
[INFO] [stdout]     = note: see issue #133214 <https://github.com/rust-lang/rust/issues/133214> for more information
[INFO] [stdout]     = help: add `#![feature(const_destruct)]` to the crate attributes to enable
[INFO] [stdout]     = note: this compiler was built on 2026-10-11; consider upgrading it if it is out of date
[INFO] [stdout] 
[INFO] [stdout] 
[INFO] [stdout] error[E0493]: destructor of `UpdateGuild<'_>` cannot be evaluated at compile-time
[INFO] [stdout]    --> /opt/rustwide/cargo-home/registry/src/index.crates.io-1949cf8c6b5b557f/twilight-http-0.17.0/src/request/guild/update_guild.rs:286:32
[INFO] [stdout]     |
[INFO] [stdout] 286 |     pub const fn rules_channel(mut self, rules_channel_id: Option<Id<ChannelMarker>>) -> Self {
[INFO] [stdout]     |                                ^^^^^^^^ the destructor for this type cannot be evaluated in constant functions
[INFO] [stdout] ...
[INFO] [stdout] 292 |     }
[INFO] [stdout]     |     - value is dropped here
[INFO] [stdout]     |
[INFO] [stdout]     = note: see issue #133214 <https://github.com/rust-lang/rust/issues/133214> for more information
[INFO] [stdout]     = help: add `#![feature(const_destruct)]` to the crate attributes to enable
[INFO] [stdout]     = note: this compiler was built on 2026-10-11; consider upgrading it if it is out of date
[INFO] [stdout] 
[INFO] [stdout] 
[INFO] [stdout] error[E0493]: destructor of `UpdateGuild<'_>` cannot be evaluated at compile-time
[INFO] [stdout]    --> /opt/rustwide/cargo-home/registry/src/index.crates.io-1949cf8c6b5b557f/twilight-http-0.17.0/src/request/guild/update_guild.rs:298:9
[INFO] [stdout]     |
[INFO] [stdout] 298 |         mut self,
[INFO] [stdout]     |         ^^^^^^^^ the destructor for this type cannot be evaluated in constant functions
[INFO] [stdout] ...
[INFO] [stdout] 306 |     }
[INFO] [stdout]     |     - value is dropped here
[INFO] [stdout]     |
[INFO] [stdout]     = note: see issue #133214 <https://github.com/rust-lang/rust/issues/133214> for more information
[INFO] [stdout]     = help: add `#![feature(const_destruct)]` to the crate attributes to enable
[INFO] [stdout]     = note: this compiler was built on 2026-10-11; consider upgrading it if it is out of date
[INFO] [stdout] 
[INFO] [stdout] 
[INFO] [stdout] error[E0493]: destructor of `UpdateGuild<'_>` cannot be evaluated at compile-time
[INFO] [stdout]    --> /opt/rustwide/cargo-home/registry/src/index.crates.io-1949cf8c6b5b557f/twilight-http-0.17.0/src/request/guild/update_guild.rs:311:35
[INFO] [stdout]     |
[INFO] [stdout] 311 |     pub const fn preferred_locale(mut self, preferred_locale: Option<&'a str>) -> Self {
[INFO] [stdout]     |                                   ^^^^^^^^ the destructor for this type cannot be evaluated in constant functions
[INFO] [stdout] ...
[INFO] [stdout] 317 |     }
[INFO] [stdout]     |     - value is dropped here
[INFO] [stdout]     |
[INFO] [stdout]     = note: see issue #133214 <https://github.com/rust-lang/rust/issues/133214> for more information
[INFO] [stdout]     = help: add `#![feature(const_destruct)]` to the crate attributes to enable
[INFO] [stdout]     = note: this compiler was built on 2026-10-11; consider upgrading it if it is out of date
[INFO] [stdout] 
[INFO] [stdout] 
[INFO] [stdout] error[E0493]: destructor of `UpdateGuild<'_>` cannot be evaluated at compile-time
[INFO] [stdout]    --> /opt/rustwide/cargo-home/registry/src/index.crates.io-1949cf8c6b5b557f/twilight-http-0.17.0/src/request/guild/update_guild.rs:325:9
[INFO] [stdout]     |
[INFO] [stdout] 325 |         mut self,
[INFO] [stdout]     |         ^^^^^^^^ the destructor for this type cannot be evaluated in constant functions
[INFO] [stdout] ...
[INFO] [stdout] 333 |     }
[INFO] [stdout]     |     - value is dropped here
[INFO] [stdout]     |
[INFO] [stdout]     = note: see issue #133214 <https://github.com/rust-lang/rust/issues/133214> for more information
[INFO] [stdout]     = help: add `#![feature(const_destruct)]` to the crate attributes to enable
[INFO] [stdout]     = note: this compiler was built on 2026-10-11; consider upgrading it if it is out of date
[INFO] [stdout] 
[INFO] [stdout] 
[INFO] [stdout] error[E0493]: destructor of `UpdateGuild<'_>` cannot be evaluated at compile-time
[INFO] [stdout]    --> /opt/rustwide/cargo-home/registry/src/index.crates.io-1949cf8c6b5b557f/twilight-http-0.17.0/src/request/guild/update_guild.rs:337:9
[INFO] [stdout]     |
[INFO] [stdout] 337 |         mut self,
[INFO] [stdout]     |         ^^^^^^^^ the destructor for this type cannot be evaluated in constant functions
[INFO] [stdout] ...
[INFO] [stdout] 345 |     }
[INFO] [stdout]     |     - value is dropped here
[INFO] [stdout]     |
[INFO] [stdout]     = note: see issue #133214 <https://github.com/rust-lang/rust/issues/133214> for more information
[INFO] [stdout]     = help: add `#![feature(const_destruct)]` to the crate attributes to enable
[INFO] [stdout]     = note: this compiler was built on 2026-10-11; consider upgrading it if it is out of date
[INFO] [stdout] 
[INFO] [stdout] 
[INFO] [stdout] error[E0493]: destructor of `GetGuildScheduledEventUsers<'_>` cannot be evaluated at compile-time
[INFO] [stdout]   --> /opt/rustwide/cargo-home/registry/src/index.crates.io-1949cf8c6b5b557f/twilight-http-0.17.0/src/request/scheduled_event/get_guild_scheduled_event_users.rs:71:24
[INFO] [stdout]    |
[INFO] [stdout] 71 |     pub const fn after(mut self, after: Id<UserMarker>) -> Self {
[INFO] [stdout]    |                        ^^^^^^^^ the destructor for this type cannot be evaluated in constant functions
[INFO] [stdout] ...
[INFO] [stdout] 77 |     }
[INFO] [stdout]    |     - value is dropped here
[INFO] [stdout]    |
[INFO] [stdout]    = note: see issue #133214 <https://github.com/rust-lang/rust/issues/133214> for more information
[INFO] [stdout]    = help: add `#![feature(const_destruct)]` to the crate attributes to enable
[INFO] [stdout]    = note: this compiler was built on 2026-10-11; consider upgrading it if it is out of date
[INFO] [stdout] 
[INFO] [stdout] 
[INFO] [stdout] error[E0493]: destructor of `GetGuildScheduledEventUsers<'_>` cannot be evaluated at compile-time
[INFO] [stdout]   --> /opt/rustwide/cargo-home/registry/src/index.crates.io-1949cf8c6b5b557f/twilight-http-0.17.0/src/request/scheduled_event/get_guild_scheduled_event_users.rs:84:25
[INFO] [stdout]    |
[INFO] [stdout] 84 |     pub const fn before(mut self, before: Id<UserMarker>) -> Self {
[INFO] [stdout]    |                         ^^^^^^^^ the destructor for this type cannot be evaluated in constant functions
[INFO] [stdout] ...
[INFO] [stdout] 90 |     }
[INFO] [stdout]    |     - value is dropped here
[INFO] [stdout]    |
[INFO] [stdout]    = note: see issue #133214 <https://github.com/rust-lang/rust/issues/133214> for more information
[INFO] [stdout]    = help: add `#![feature(const_destruct)]` to the crate attributes to enable
[INFO] [stdout]    = note: this compiler was built on 2026-10-11; consider upgrading it if it is out of date
[INFO] [stdout] 
[INFO] [stdout] 
[INFO] [stdout] error[E0493]: destructor of `GetGuildScheduledEventUsers<'_>` cannot be evaluated at compile-time
[INFO] [stdout]    --> /opt/rustwide/cargo-home/registry/src/index.crates.io-1949cf8c6b5b557f/twilight-http-0.17.0/src/request/scheduled_event/get_guild_scheduled_event_users.rs:114:30
[INFO] [stdout]     |
[INFO] [stdout] 114 |     pub const fn with_member(mut self, with_member: bool) -> Self {
[INFO] [stdout]     |                              ^^^^^^^^ the destructor for this type cannot be evaluated in constant functions
[INFO] [stdout] ...
[INFO] [stdout] 120 |     }
[INFO] [stdout]     |     - value is dropped here
[INFO] [stdout]     |
[INFO] [stdout]     = note: see issue #133214 <https://github.com/rust-lang/rust/issues/133214> for more information
[INFO] [stdout]     = help: add `#![feature(const_destruct)]` to the crate attributes to enable
[INFO] [stdout]     = note: this compiler was built on 2026-10-11; consider upgrading it if it is out of date
[INFO] [stdout] 
[INFO] [stdout] 
[INFO] [stdout] error[E0493]: destructor of `CreateGuildFromTemplate<'_>` cannot be evaluated at compile-time
[INFO] [stdout]   --> /opt/rustwide/cargo-home/registry/src/index.crates.io-1949cf8c6b5b557f/twilight-http-0.17.0/src/request/template/create_guild_from_template.rs:59:23
[INFO] [stdout]    |
[INFO] [stdout] 59 |     pub const fn icon(mut self, icon: &'a str) -> Self {
[INFO] [stdout]    |                       ^^^^^^^^ the destructor for this type cannot be evaluated in constant functions
[INFO] [stdout] ...
[INFO] [stdout] 65 |     }
[INFO] [stdout]    |     - value is dropped here
[INFO] [stdout]    |
[INFO] [stdout]    = note: see issue #133214 <https://github.com/rust-lang/rust/issues/133214> for more information
[INFO] [stdout]    = help: add `#![feature(const_destruct)]` to the crate attributes to enable
[INFO] [stdout]    = note: this compiler was built on 2026-10-11; consider upgrading it if it is out of date
[INFO] [stdout] 
[INFO] [stdout] 
[INFO] [stdout] error[E0493]: destructor of `get_current_user_guilds::GetCurrentUserGuilds<'_>` cannot be evaluated at compile-time
[INFO] [stdout]   --> /opt/rustwide/cargo-home/registry/src/index.crates.io-1949cf8c6b5b557f/twilight-http-0.17.0/src/request/user/get_current_user_guilds.rs:67:24
[INFO] [stdout]    |
[INFO] [stdout] 67 |     pub const fn after(mut self, guild_id: Id<GuildMarker>) -> Self {
[INFO] [stdout]    |                        ^^^^^^^^ the destructor for this type cannot be evaluated in constant functions
[INFO] [stdout] ...
[INFO] [stdout] 73 |     }
[INFO] [stdout]    |     - value is dropped here
[INFO] [stdout]    |
[INFO] [stdout]    = note: see issue #133214 <https://github.com/rust-lang/rust/issues/133214> for more information
[INFO] [stdout]    = help: add `#![feature(const_destruct)]` to the crate attributes to enable
[INFO] [stdout]    = note: this compiler was built on 2026-10-11; consider upgrading it if it is out of date
[INFO] [stdout] 
[INFO] [stdout] 
[INFO] [stdout] error[E0493]: destructor of `get_current_user_guilds::GetCurrentUserGuilds<'_>` cannot be evaluated at compile-time
[INFO] [stdout]   --> /opt/rustwide/cargo-home/registry/src/index.crates.io-1949cf8c6b5b557f/twilight-http-0.17.0/src/request/user/get_current_user_guilds.rs:76:25
[INFO] [stdout]    |
[INFO] [stdout] 76 |     pub const fn before(mut self, guild_id: Id<GuildMarker>) -> Self {
[INFO] [stdout]    |                         ^^^^^^^^ the destructor for this type cannot be evaluated in constant functions
[INFO] [stdout] ...
[INFO] [stdout] 82 |     }
[INFO] [stdout]    |     - value is dropped here
[INFO] [stdout]    |
[INFO] [stdout]    = note: see issue #133214 <https://github.com/rust-lang/rust/issues/133214> for more information
[INFO] [stdout]    = help: add `#![feature(const_destruct)]` to the crate attributes to enable
[INFO] [stdout]    = note: this compiler was built on 2026-10-11; consider upgrading it if it is out of date
[INFO] [stdout] 
[INFO] [stdout] 
[INFO] [stdout] error[E0493]: destructor of `UpdateCurrentUser<'_>` cannot be evaluated at compile-time
[INFO] [stdout]   --> /opt/rustwide/cargo-home/registry/src/index.crates.io-1949cf8c6b5b557f/twilight-http-0.17.0/src/request/user/update_current_user.rs:56:25
[INFO] [stdout]    |
[INFO] [stdout] 56 |     pub const fn avatar(mut self, avatar: Option<&'a str>) -> Self {
[INFO] [stdout]    |                         ^^^^^^^^ the destructor for this type cannot be evaluated in constant functions
[INFO] [stdout] ...
[INFO] [stdout] 62 |     }
[INFO] [stdout]    |     - value is dropped here
[INFO] [stdout]    |
[INFO] [stdout]    = note: see issue #133214 <https://github.com/rust-lang/rust/issues/133214> for more information
[INFO] [stdout]    = help: add `#![feature(const_destruct)]` to the crate attributes to enable
[INFO] [stdout]    = note: this compiler was built on 2026-10-11; consider upgrading it if it is out of date
[INFO] [stdout] 
[INFO] [stdout] 
[INFO] [stdout] error[E0493]: destructor of `UpdateCurrentUser<'_>` cannot be evaluated at compile-time
[INFO] [stdout]   --> /opt/rustwide/cargo-home/registry/src/index.crates.io-1949cf8c6b5b557f/twilight-http-0.17.0/src/request/user/update_current_user.rs:71:25
[INFO] [stdout]    |
[INFO] [stdout] 71 |     pub const fn banner(mut self, banner: Option<&'a str>) -> Self {
[INFO] [stdout]    |                         ^^^^^^^^ the destructor for this type cannot be evaluated in constant functions
[INFO] [stdout] ...
[INFO] [stdout] 77 |     }
[INFO] [stdout]    |     - value is dropped here
[INFO] [stdout]    |
[INFO] [stdout]    = note: see issue #133214 <https://github.com/rust-lang/rust/issues/133214> for more information
[INFO] [stdout]    = help: add `#![feature(const_destruct)]` to the crate attributes to enable
[INFO] [stdout]    = note: this compiler was built on 2026-10-11; consider upgrading it if it is out of date
[INFO] [stdout] 
[INFO] [stdout] 
[INFO] [stdout] error[E0493]: destructor of `RequestBuilder` cannot be evaluated at compile-time
[INFO] [stdout]    --> /opt/rustwide/cargo-home/registry/src/index.crates.io-1949cf8c6b5b557f/twilight-http-0.17.0/src/request/base.rs:128:42
[INFO] [stdout]     |
[INFO] [stdout] 128 |     pub const fn use_authorization_token(mut self, use_authorization_token: bool) -> Self {
[INFO] [stdout]     |                                          ^^^^^^^^ the destructor for this type cannot be evaluated in constant functions
[INFO] [stdout] ...
[INFO] [stdout] 134 |     }
[INFO] [stdout]     |     - value is dropped here
[INFO] [stdout] 
[INFO] [stdout] 
[INFO] [stdout] For more information about this error, try `rustc --explain E0493`.
[INFO] [stdout] 
[INFO] [stderr] error: could not compile `twilight-http` (lib) due to 88 previous errors
[INFO] [stderr] warning: unused dependency `rand`
[INFO] [stderr]  --> Cargo.toml:8:1
[INFO] [stderr]   |
[INFO] [stderr] 8 | rand = "0.9"
[INFO] [stderr]   | ^^^^^^^^^^^^
[INFO] [stderr]   |
[INFO] [stderr]   = note: `cargo::unused_dependencies` is set to `warn` by default
[INFO] [stderr] help: consider removing the dependency on `rand`
[INFO] [stderr] warning: unused dependency `short-uuid`
[INFO] [stderr]   --> Cargo.toml:31:15
[INFO] [stderr]    |
[INFO] [stderr] 31 | [dependencies.short-uuid]
[INFO] [stderr]    |               ^^^^^^^^^^^
[INFO] [stderr]    |
[INFO] [stderr] help: consider removing the dependency on `short-uuid`
[INFO] [stderr] warning: `fate` (manifest) generated 2 warnings
[INFO] running `Command { std: "docker" "inspect" "134108092fabf37d5ec98d82c0cf8a933bb58798c50304b3a4e832b96e4eb835", kill_on_drop: false }`
[INFO] running `Command { std: "docker" "rm" "-f" "134108092fabf37d5ec98d82c0cf8a933bb58798c50304b3a4e832b96e4eb835", kill_on_drop: false }`
[INFO] [stdout] 134108092fabf37d5ec98d82c0cf8a933bb58798c50304b3a4e832b96e4eb835
