[INFO] cloning repository https://github.com/dragosv/devcroft
[INFO] running `Command { std: "git" "-c" "credential.helper=" "-c" "credential.helper=/workspace/cargo-home/bin/git-credential-null" "clone" "--bare" "https://github.com/dragosv/devcroft" "/workspace/cache/git-repos/https%3A%2F%2Fgithub.com%2Fdragosv%2Fdevcroft", kill_on_drop: false }`
[INFO] [stderr] Cloning into bare repository '/workspace/cache/git-repos/https%3A%2F%2Fgithub.com%2Fdragosv%2Fdevcroft'...
[INFO] running `Command { std: "git" "rev-parse" "HEAD", kill_on_drop: false }`
[INFO] [stdout] d09471c39b33904707c898be2b19d9db3b0b85a9
[INFO] checking dragosv/devcroft against c60b92c03ca8a3b101eb9d57f51e2232690638c7 for pr-164148-crater-rollup
[INFO] running `Command { std: "git" "clone" "/workspace/cache/git-repos/https%3A%2F%2Fgithub.com%2Fdragosv%2Fdevcroft" "/workspace/builds/worker-2-tc2/source", kill_on_drop: false }`
[INFO] [stderr] Cloning into '/workspace/builds/worker-2-tc2/source'...
[INFO] [stderr] done.
[INFO] started tweaking git repo https://github.com/dragosv/devcroft
[INFO] finished tweaking git repo https://github.com/dragosv/devcroft
[INFO] tweaked toml for git repo https://github.com/dragosv/devcroft written to /workspace/builds/worker-2-tc2/source/Cargo.toml
[INFO] validating manifest of git repo https://github.com/dragosv/devcroft on toolchain c60b92c03ca8a3b101eb9d57f51e2232690638c7
[INFO] running `Command { std: CARGO_HOME="/workspace/cargo-home" RUSTUP_HOME="/workspace/rustup-home" "/workspace/cargo-home/bin/cargo" "+c60b92c03ca8a3b101eb9d57f51e2232690638c7" "metadata" "--manifest-path" "Cargo.toml" "--no-deps", kill_on_drop: false }`
[INFO] crate git repo https://github.com/dragosv/devcroft already has a lockfile, it will not be regenerated
[INFO] running `Command { std: CARGO_HOME="/workspace/cargo-home" RUSTUP_HOME="/workspace/rustup-home" "/workspace/cargo-home/bin/cargo" "+c60b92c03ca8a3b101eb9d57f51e2232690638c7" "fetch" "--manifest-path" "Cargo.toml", kill_on_drop: false }`
[INFO] [stderr] warning: `package.homepage` is redundant with `package.repository`
[INFO] [stderr]   --> Cargo.toml:23:12
[INFO] [stderr]    |
[INFO] [stderr] 23 | homepage = "https://github.com/dragosv/devcroft"
[INFO] [stderr]    |            ^^^^^^^^^^^^^^^^^^^^^^^^^^^^^^^^^^^^^
[INFO] [stderr] ...
[INFO] [stderr] 29 | repository = "https://github.com/dragosv/devcroft"
[INFO] [stderr]    |              -------------------------------------
[INFO] [stderr]    |
[INFO] [stderr]    = note: `cargo::redundant_homepage` is set to `warn` by default
[INFO] [stderr] help: consider removing `package.homepage`
[INFO] [stderr] warning: `devcroft` (manifest) generated 1 warning
[INFO] [stderr]     Blocking waiting for file lock on package cache
[INFO] [stderr]     Blocking waiting for file lock on package cache
[INFO] running `Command { std: "docker" "create" "-v" "/var/lib/crater-agent-workspace/builds/worker-2-tc2/source:/opt/rustwide/workdir:ro,Z" "-v" "/var/lib/crater-agent-workspace/builds/worker-2-tc2/target:/opt/rustwide/target:rw,Z" "-v" "/var/lib/crater-agent-workspace/cargo-home:/opt/rustwide/cargo-home:ro,Z" "-v" "/var/lib/crater-agent-workspace/rustup-home:/opt/rustwide/rustup-home:ro,Z" "-m" "1610612736" "--network" "none" "ghcr.io/rust-lang/crates-build-env/linux@sha256:77db811e55d90add9212f6832c23229e3de5f1c1f9905e8cb07319ea15df73ac" "sleep" "infinity", kill_on_drop: false }`
[INFO] [stdout] 7d501751f78d1a34d0279a7c4e26d00ccf8e4e7f3d45047607835434f89700c7
[INFO] running `Command { std: "docker" "start" "7d501751f78d1a34d0279a7c4e26d00ccf8e4e7f3d45047607835434f89700c7", kill_on_drop: false }`
[INFO] running `Command { std: "docker" "inspect" "7d501751f78d1a34d0279a7c4e26d00ccf8e4e7f3d45047607835434f89700c7", kill_on_drop: false }`
[INFO] running `Command { std: "docker" "exec" "-e" "SOURCE_DIR=/opt/rustwide/workdir" "-e" "CARGO_HOME=/opt/rustwide/cargo-home" "-e" "RUSTUP_HOME=/opt/rustwide/rustup-home" "-e" "CARGO_TARGET_DIR=/opt/rustwide/target" "-w" "/opt/rustwide/workdir" "--user" "0:0" "7d501751f78d1a34d0279a7c4e26d00ccf8e4e7f3d45047607835434f89700c7" "/opt/rustwide/cargo-home/bin/cargo" "+c60b92c03ca8a3b101eb9d57f51e2232690638c7" "metadata" "--no-deps" "--format-version=1", kill_on_drop: false }`
[INFO] running `Command { std: "docker" "inspect" "7d501751f78d1a34d0279a7c4e26d00ccf8e4e7f3d45047607835434f89700c7", kill_on_drop: false }`
[INFO] running `Command { std: "docker" "exec" "-e" "SOURCE_DIR=/opt/rustwide/workdir" "-e" "CARGO_HOME=/opt/rustwide/cargo-home" "-e" "RUSTUP_HOME=/opt/rustwide/rustup-home" "-e" "CARGO_TARGET_DIR=/opt/rustwide/target" "-e" "CARGO_INCREMENTAL=0" "-e" "RUST_BACKTRACE=full" "-e" "RUSTFLAGS=--cap-lints=forbid" "-e" "RUSTDOCFLAGS=--cap-lints=forbid" "-w" "/opt/rustwide/workdir" "--user" "0:0" "7d501751f78d1a34d0279a7c4e26d00ccf8e4e7f3d45047607835434f89700c7" "/opt/rustwide/cargo-home/bin/cargo" "+c60b92c03ca8a3b101eb9d57f51e2232690638c7" "check" "--frozen" "--all" "--all-targets" "--message-format=json", kill_on_drop: false }`
[INFO] [stderr] warning: `package.homepage` is redundant with `package.repository`
[INFO] [stderr]   --> Cargo.toml:23:12
[INFO] [stderr]    |
[INFO] [stderr] 23 | homepage = "https://github.com/dragosv/devcroft"
[INFO] [stderr]    |            ^^^^^^^^^^^^^^^^^^^^^^^^^^^^^^^^^^^^^
[INFO] [stderr] ...
[INFO] [stderr] 29 | repository = "https://github.com/dragosv/devcroft"
[INFO] [stderr]    |              -------------------------------------
[INFO] [stderr]    |
[INFO] [stderr]    = note: `cargo::redundant_homepage` is set to `warn` by default
[INFO] [stderr] help: consider removing `package.homepage`
[INFO] [stderr] warning: `devcroft` (manifest) generated 1 warning
[INFO] [stderr]    Compiling libc v0.2.189
[INFO] [stderr]     Checking subtle v2.6.1
[INFO] [stderr]     Checking cmov v0.5.4
[INFO] [stderr]    Compiling getrandom v0.4.3
[INFO] [stderr]    Compiling syn v2.0.119
[INFO] [stderr]    Compiling syn v3.0.3
[INFO] [stderr]     Checking const-oid v0.10.2
[INFO] [stderr]     Checking futures-core v0.3.33
[INFO] [stderr]    Compiling num-traits v0.2.19
[INFO] [stderr]     Checking generic-array v0.14.7
[INFO] [stderr]     Checking cpufeatures v0.3.0
[INFO] [stderr]     Checking futures-io v0.3.33
[INFO] [stderr]     Checking ctutils v0.4.2
[INFO] [stderr]    Compiling jobserver v0.1.35
[INFO] [stderr]     Checking cpubits v0.1.1
[INFO] [stderr]     Checking futures-sink v0.3.33
[INFO] [stderr]    Compiling cc v1.4.0
[INFO] [stderr]     Checking futures-channel v0.3.33
[INFO] [stderr]     Checking crypto-common v0.1.7
[INFO] [stderr]     Checking block-buffer v0.10.4
[INFO] [stderr]     Checking pem-rfc7468 v1.0.0
[INFO] [stderr]     Checking digest v0.10.7
[INFO] [stderr]     Checking bitflags v2.13.1
[INFO] [stderr]     Checking futures-task v0.3.33
[INFO] [stderr]    Compiling thiserror v2.0.19
[INFO] [stderr]    Compiling serde_core v1.0.229
[INFO] [stderr]    Compiling aws-lc-rs v1.17.3
[INFO] [stderr]    Compiling cmake v0.1.58
[INFO] [stderr]     Checking sha1 v0.10.7
[INFO] [stderr]     Checking untrusted v0.7.1
[INFO] [stderr]    Compiling crossbeam-utils v0.8.22
[INFO] [stderr]     Checking log v0.4.33
[INFO] [stderr]    Compiling serde_json v1.0.151
[INFO] [stderr]     Checking http-body v1.1.0
[INFO] [stderr]    Compiling rustls v0.23.43
[INFO] [stderr]    Compiling aws-lc-sys v0.43.0
[INFO] [stderr]    Compiling rustix v1.1.4
[INFO] [stderr]     Checking sha2 v0.10.9
[INFO] [stderr]     Checking parking_lot_core v0.9.12
[INFO] [stderr]     Checking getrandom v0.2.17
[INFO] [stderr]     Checking errno v0.3.14
[INFO] [stderr]     Checking rand_core v0.6.4
[INFO] [stderr]     Checking signal-hook-registry v1.4.8
[INFO] [stderr]     Checking parking_lot v0.12.5
[INFO] [stderr]     Checking socket2 v0.6.5
[INFO] [stderr]     Checking mio v1.2.2
[INFO] [stderr]     Checking signature v2.2.0
[INFO] [stderr]     Checking getrandom v0.3.4
[INFO] [stderr]     Checking ff v0.14.0
[INFO] [stderr]     Checking rand_core v0.9.5
[INFO] [stderr]     Checking pem v3.0.6
[INFO] [stderr]     Checking sync_wrapper v1.0.2
[INFO] [stderr]     Checking ipnet v2.12.1
[INFO] [stderr]     Checking group v0.14.0
[INFO] [stderr]     Checking concurrent-queue v2.5.0
[INFO] [stderr]     Checking num-integer v0.1.46
[INFO] [stderr]     Checking base16ct v1.0.0
[INFO] [stderr]     Checking http-body-util v0.1.5
[INFO] [stderr]     Checking futures-lite v2.6.1
[INFO] [stderr]    Compiling zmij v1.0.23
[INFO] [stderr]    Compiling hashbrown v0.16.1
[INFO] [stderr]    Compiling schemars v0.8.22
[INFO] [stderr]     Checking block-padding v0.3.3
[INFO] [stderr]     Checking jiff-core v0.1.0
[INFO] [stderr]     Checking inout v0.1.4
[INFO] [stderr]    Compiling semver v1.0.28
[INFO] [stderr]    Compiling regress v0.11.1
[INFO] [stderr]    Compiling synstructure v0.13.2
[INFO] [stderr]    Compiling serde_derive_internals v0.29.1
[INFO] [stderr]    Compiling zvariant_utils v2.1.0
[INFO] [stderr]     Checking jiff v0.2.35
[INFO] [stderr]    Compiling rustc_version v0.4.1
[INFO] [stderr]     Checking async-channel v2.5.0
[INFO] [stderr]     Checking num-bigint v0.4.8
[INFO] [stderr]    Compiling nix v0.29.0
[INFO] [stderr]    Compiling serde_derive v1.0.229
[INFO] [stderr]    Compiling thiserror-impl v2.0.19
[INFO] [stderr]    Compiling zeroize_derive v1.5.0
[INFO] [stderr]    Compiling zerofrom-derive v0.1.7
[INFO] [stderr]    Compiling yoke-derive v0.8.2
[INFO] [stderr]    Compiling futures-macro v0.3.33
[INFO] [stderr]    Compiling zerovec-derive v0.11.6
[INFO] [stderr]     Checking zerofrom v0.1.8
[INFO] [stderr]     Checking futures-util v0.3.33
[INFO] [stderr]    Compiling der_derive v0.8.0
[INFO] [stderr]     Checking yoke v0.8.3
[INFO] [stderr]    Compiling tokio-macros v2.7.2
[INFO] [stderr]     Checking zerovec v0.11.8
[INFO] [stderr]    Compiling displaydoc v0.2.7
[INFO] [stderr]     Checking tokio v1.53.1
[INFO] [stderr]     Checking serde v1.0.229
[INFO] [stderr]    Compiling tracing-attributes v0.1.31
[INFO] [stderr]    Compiling der_derive v0.7.3
[INFO] [stderr]     Checking tinystr v0.8.4
[INFO] [stderr]     Checking icu_locale_core v2.3.0
[INFO] [stderr]     Checking zerotrie v0.2.5
[INFO] [stderr]     Checking potential_utf v0.1.6
[INFO] [stderr]    Compiling tls_codec_derive v0.4.2
[INFO] [stderr]     Checking tracing v0.1.44
[INFO] [stderr]     Checking zeroize v1.9.0
[INFO] [stderr]     Checking icu_collections v2.3.0
[INFO] [stderr]     Checking hybrid-array v0.4.14
[INFO] [stderr]     Checking der v0.8.1
[INFO] [stderr]     Checking der v0.7.10
[INFO] [stderr]     Checking icu_provider v2.3.1
[INFO] [stderr]     Checking rustls-pki-types v1.15.1
[INFO] [stderr]     Checking tls_codec v0.4.2
[INFO] [stderr]     Checking icu_normalizer v2.3.0
[INFO] [stderr]     Checking icu_properties v2.3.0
[INFO] [stderr]     Checking rustls-native-certs v0.8.4
[INFO] [stderr]     Checking crypto-common v0.2.2
[INFO] [stderr]     Checking block-buffer v0.12.1
[INFO] [stderr]     Checking block-padding v0.4.2
[INFO] [stderr]     Checking spki v0.8.0
[INFO] [stderr]     Checking inout v0.2.2
[INFO] [stderr]     Checking crypto-bigint v0.7.5
[INFO] [stderr]     Checking sigstore-types v0.11.0
[INFO] [stderr]     Checking spki v0.7.3
[INFO] [stderr]     Checking x509-cert v0.2.5
[INFO] [stderr]     Checking digest v0.11.3
[INFO] [stderr]     Checking cipher v0.5.2
[INFO] [stderr]     Checking hmac v0.13.0
[INFO] [stderr]     Checking universal-hash v0.6.1
[INFO] [stderr]     Checking sha2 v0.11.0
[INFO] [stderr]     Checking polyval v0.7.3
[INFO] [stderr]     Checking ghash v0.6.0
[INFO] [stderr]     Checking pbkdf2 v0.13.0
[INFO] [stderr]     Checking aes v0.9.2
[INFO] [stderr]     Checking ctr v0.10.1
[INFO] [stderr]     Checking aead v0.6.1
[INFO] [stderr]     Checking salsa20 v0.11.0
[INFO] [stderr]     Checking cbc v0.2.1
[INFO] [stderr]     Checking idna_adapter v1.2.2
[INFO] [stderr]     Checking idna v1.1.0
[INFO] [stderr]     Checking signature v3.0.0
[INFO] [stderr]     Checking hkdf v0.13.0
[INFO] [stderr]     Checking sec1 v0.8.1
[INFO] [stderr]     Checking serde_urlencoded v0.7.1
[INFO] [stderr]     Checking scrypt v0.12.0
[INFO] [stderr]     Checking aes-gcm v0.11.0
[INFO] [stderr]     Checking url v2.5.8
[INFO] [stderr]    Compiling enumflags2_derive v0.7.12
[INFO] [stderr]     Checking pkcs5 v0.8.1
[INFO] [stderr]     Checking cms v0.2.3
[INFO] [stderr]    Compiling schemars_derive v0.8.22
[INFO] [stderr]     Checking pkcs8 v0.11.0
[INFO] [stderr]     Checking enumflags2 v0.7.12
[INFO] [stderr]     Checking wnaf v0.14.0
[INFO] [stderr]     Checking crmf v0.2.0
[INFO] [stderr]    Compiling zvariant_derive v4.2.0
[INFO] [stderr]     Checking piper v0.2.5
[INFO] [stderr]     Checking globset v0.4.20
[INFO] [stderr]     Checking blocking v1.6.2
[INFO] [stderr]    Compiling serde_tokenstream v0.2.3
[INFO] [stderr]     Checking chacha20 v0.10.2
[INFO] [stderr]     Checking cmpv2 v0.2.0
[INFO] [stderr]     Checking zvariant v4.2.0
[INFO] [stderr]     Checking polling v3.11.0
[INFO] [stderr]    Compiling curve25519-dalek v5.0.0
[INFO] [stderr]     Checking cipher v0.4.4
[INFO] [stderr]     Checking rand_chacha v0.9.0
[INFO] [stderr]     Checking rand_chacha v0.3.1
[INFO] [stderr]    Compiling nix v0.31.3
[INFO] [stderr]    Compiling prettyplease v0.3.0
[INFO] [stderr]     Checking rand v0.8.7
[INFO] [stderr]     Checking dirs-sys v0.5.0
[INFO] [stderr]     Checking x509-tsp v0.1.0
[INFO] [stderr]     Checking rand v0.9.5
[INFO] [stderr]     Checking async-fs v2.2.0
[INFO] [stderr]     Checking elliptic-curve v0.14.1
[INFO] [stderr]     Checking rfc6979 v0.6.0
[INFO] [stderr]     Checking primefield v0.14.0
[INFO] [stderr]    Compiling typify-impl v0.7.0
[INFO] [stderr]     Checking ssh-encoding v0.3.0
[INFO] [stderr]     Checking primeorder v0.14.0
[INFO] [stderr]     Checking ecdsa v0.17.0
[INFO] [stderr]     Checking async-io v2.6.0
[INFO] [stderr]     Checking tempfile v3.27.0
[INFO] [stderr]     Checking num-rational v0.4.2
[INFO] [stderr]    Compiling zbus_macros v4.4.0
[INFO] [stderr]    Compiling curve25519-dalek-derive v0.1.1
[INFO] [stderr]    Compiling async-trait v0.1.92
[INFO] [stderr]    Compiling serde_repr v0.1.21
[INFO] [stderr]     Checking hyper v1.11.0
[INFO] [stderr]     Checking tower v0.5.3
[INFO] [stderr]     Checking async-executor v1.14.0
[INFO] [stderr]     Checking zbus_names v3.0.0
[INFO] [stderr]     Checking num-iter v0.1.46
[INFO] [stderr]     Checking async-broadcast v0.7.2
[INFO] [stderr]     Checking xdg-home v1.3.0
[INFO] [stderr]     Checking hmac v0.12.1
[INFO] [stderr]     Checking tower-http v0.6.11
[INFO] [stderr]     Checking num-complex v0.4.6
[INFO] [stderr]     Checking ordered-stream v0.2.0
[INFO] [stderr]     Checking keccak v0.2.1
[INFO] [stderr]     Checking blowfish v0.10.0
[INFO] [stderr]     Checking hyper-util v0.1.20
[INFO] [stderr]     Checking hkdf v0.12.4
[INFO] [stderr]     Checking crypto-primes v0.7.2
[INFO] [stderr]     Checking num v0.4.3
[INFO] [stderr]     Checking crossbeam-epoch v0.9.20
[INFO] [stderr]     Checking directories v6.0.0
[INFO] [stderr]     Checking cbc v0.1.2
[INFO] [stderr]     Checking aes v0.8.4
[INFO] [stderr]     Checking ed25519 v3.0.0
[INFO] [stderr]     Checking poly1305 v0.9.1
[INFO] [stderr]     Checking blake2 v0.11.0-rc.6
[INFO] [stderr]     Checking pkcs1 v0.8.0-rc.4
[INFO] [stderr]     Checking ryu-js v1.0.3
[INFO] [stderr]     Checking simd-adler32 v0.3.10
[INFO] [stderr]     Checking serde_json_canonicalizer v0.3.2
[INFO] [stderr]     Checking rsa v0.10.0-rc.18
[INFO] [stderr]     Checking miniz_oxide v0.8.9
[INFO] [stderr]     Checking zbus v4.4.0
[INFO] [stderr]     Checking ssh-cipher v0.3.0
[INFO] [stderr]     Checking argon2 v0.6.0-rc.8
[INFO] [stderr]     Checking ed25519-dalek v3.0.0
[INFO] [stderr]     Checking crossbeam-deque v0.8.7
[INFO] [stderr]     Checking bcrypt-pbkdf v0.11.0
[INFO] [stderr]     Checking sha3 v0.11.0
[INFO] [stderr]     Checking p521 v0.14.0
[INFO] [stderr]     Checking p384 v0.14.0
[INFO] [stderr]     Checking p256 v0.14.0
[INFO] [stderr]     Checking rand v0.10.2
[INFO] [stderr]     Checking futures-executor v0.3.33
[INFO] [stderr]     Checking sha1 v0.11.0
[INFO] [stderr]     Checking kem v0.3.0
[INFO] [stderr]     Checking module-lattice v0.2.3
[INFO] [stderr]     Checking sponge-cursor v0.1.0
[INFO] [stderr]     Checking hashbrown v0.14.5
[INFO] [stderr]     Checking winnow v1.0.4
[INFO] [stderr]    Compiling typify-macro v0.7.0
[INFO] [stderr]    Compiling enum_dispatch v0.3.13
[INFO] [stderr]     Checking toml_parser v1.1.3+spec-1.1.0
[INFO] [stderr]     Checking dashmap v6.2.1
[INFO] [stderr]     Checking ml-kem v0.3.2
[INFO] [stderr]     Checking chrono v0.4.45
[INFO] [stderr]     Checking sha3 v0.12.0
[INFO] [stderr]    Compiling typify v0.7.0
[INFO] [stderr]    Compiling nono v0.74.0
[INFO] [stderr]     Checking internal-russh-num-bigint v0.5.0
[INFO] [stderr]     Checking futures v0.3.33
[INFO] [stderr]     Checking ignore v0.4.33
[INFO] [stderr]     Checking flate2 v1.1.9
[INFO] [stderr]     Checking generic-array v1.4.4
[INFO] [stderr]     Checking russh-cryptovec v0.62.0
[INFO] [stderr]     Checking russh-util v0.52.0
[INFO] [stderr]     Checking tokio-util v0.7.19
[INFO] [stderr]     Checking landlock v0.4.7
[INFO] [stderr]     Checking x509-cert v0.3.0
[INFO] [stdout] error[E0493]: destructor of `ArrayBuilder<T, N>` cannot be evaluated at compile-time
[INFO] [stdout]    --> /opt/rustwide/cargo-home/registry/src/index.crates.io-1949cf8c6b5b557f/generic-array-1.4.4/src/internal.rs:103:31
[INFO] [stdout]     |
[INFO] [stdout] 103 |     pub unsafe fn assume_init(self) -> GenericArray<T, N> {
[INFO] [stdout]     |                               ^^^^ the destructor for this type cannot be evaluated in constant functions
[INFO] [stdout] ...
[INFO] [stdout] 109 |     }
[INFO] [stdout]     |     - value is dropped here
[INFO] [stdout] 
[INFO] [stdout] 
[INFO] [stderr]    Compiling delegate v0.13.5
[INFO] [stdout] error[E0493]: destructor of `GenericArray<core::mem::MaybeUninit<*const T>, N>` cannot be evaluated at compile-time
[INFO] [stdout]    --> /opt/rustwide/cargo-home/registry/src/index.crates.io-1949cf8c6b5b557f/generic-array-1.4.4/src/lib.rs:981:13
[INFO] [stdout]     |
[INFO] [stdout] 981 |         let mut out: GenericArray<MaybeUninit<*const T>, N> = GenericArray::uninit();
[INFO] [stdout]     |             ^^^^^^^ the destructor for this type cannot be evaluated in constant functions
[INFO] [stdout] ...
[INFO] [stdout] 996 |     }
[INFO] [stdout]     |     - value is dropped here
[INFO] [stdout] 
[INFO] [stdout] 
[INFO] [stdout] error[E0493]: destructor of `GenericArray<core::mem::MaybeUninit<*mut T>, N>` cannot be evaluated at compile-time
[INFO] [stdout]     --> /opt/rustwide/cargo-home/registry/src/index.crates.io-1949cf8c6b5b557f/generic-array-1.4.4/src/lib.rs:1016:13
[INFO] [stdout]      |
[INFO] [stdout] 1016 |         let mut out: GenericArray<MaybeUninit<*mut T>, N> = GenericArray::uninit();
[INFO] [stdout]      |             ^^^^^^^ the destructor for this type cannot be evaluated in constant functions
[INFO] [stdout] ...
[INFO] [stdout] 1031 |     }
[INFO] [stdout]      |     - value is dropped here
[INFO] [stdout] 
[INFO] [stdout] 
[INFO] [stdout] For more information about this error, try `rustc --explain E0493`.
[INFO] [stdout] 
[INFO] [stderr] error: could not compile `generic-array` (lib) due to 3 previous errors
[INFO] [stderr] warning: build failed, waiting for other jobs to finish...
[INFO] running `Command { std: "docker" "inspect" "7d501751f78d1a34d0279a7c4e26d00ccf8e4e7f3d45047607835434f89700c7", kill_on_drop: false }`
[INFO] running `Command { std: "docker" "rm" "-f" "7d501751f78d1a34d0279a7c4e26d00ccf8e4e7f3d45047607835434f89700c7", kill_on_drop: false }`
[INFO] [stdout] 7d501751f78d1a34d0279a7c4e26d00ccf8e4e7f3d45047607835434f89700c7
