[INFO] cloning repository https://github.com/dimasfeb19/gitfee
[INFO] running `Command { std: "git" "-c" "credential.helper=" "-c" "credential.helper=/workspace/cargo-home/bin/git-credential-null" "clone" "--bare" "https://github.com/dimasfeb19/gitfee" "/workspace/cache/git-repos/https%3A%2F%2Fgithub.com%2Fdimasfeb19%2Fgitfee", kill_on_drop: false }`
[INFO] [stderr] Cloning into bare repository '/workspace/cache/git-repos/https%3A%2F%2Fgithub.com%2Fdimasfeb19%2Fgitfee'...
[INFO] running `Command { std: "git" "rev-parse" "HEAD", kill_on_drop: false }`
[INFO] [stdout] 9d5c74b835dd1f7346654a4901fa7c1012fdcbbf
[INFO] checking dimasfeb19/gitfee against c60b92c03ca8a3b101eb9d57f51e2232690638c7 for pr-164148-crater-rollup
[INFO] running `Command { std: "git" "clone" "/workspace/cache/git-repos/https%3A%2F%2Fgithub.com%2Fdimasfeb19%2Fgitfee" "/workspace/builds/worker-6-tc2/source", kill_on_drop: false }`
[INFO] [stderr] Cloning into '/workspace/builds/worker-6-tc2/source'...
[INFO] [stderr] done.
[INFO] started tweaking git repo https://github.com/dimasfeb19/gitfee
[INFO] finished tweaking git repo https://github.com/dimasfeb19/gitfee
[INFO] tweaked toml for git repo https://github.com/dimasfeb19/gitfee written to /workspace/builds/worker-6-tc2/source/Cargo.toml
[INFO] validating manifest of git repo https://github.com/dimasfeb19/gitfee on toolchain c60b92c03ca8a3b101eb9d57f51e2232690638c7
[INFO] running `Command { std: CARGO_HOME="/workspace/cargo-home" RUSTUP_HOME="/workspace/rustup-home" "/workspace/cargo-home/bin/cargo" "+c60b92c03ca8a3b101eb9d57f51e2232690638c7" "metadata" "--manifest-path" "Cargo.toml" "--no-deps", kill_on_drop: false }`
[INFO] crate git repo https://github.com/dimasfeb19/gitfee already has a lockfile, it will not be regenerated
[INFO] running `Command { std: CARGO_HOME="/workspace/cargo-home" RUSTUP_HOME="/workspace/rustup-home" "/workspace/cargo-home/bin/cargo" "+c60b92c03ca8a3b101eb9d57f51e2232690638c7" "fetch" "--manifest-path" "Cargo.toml", kill_on_drop: false }`
[INFO] running `Command { std: "docker" "create" "-v" "/var/lib/crater-agent-workspace/builds/worker-6-tc2/source:/opt/rustwide/workdir:ro,Z" "-v" "/var/lib/crater-agent-workspace/builds/worker-6-tc2/target:/opt/rustwide/target:rw,Z" "-v" "/var/lib/crater-agent-workspace/cargo-home:/opt/rustwide/cargo-home:ro,Z" "-v" "/var/lib/crater-agent-workspace/rustup-home:/opt/rustwide/rustup-home:ro,Z" "-m" "1610612736" "--network" "none" "ghcr.io/rust-lang/crates-build-env/linux@sha256:77db811e55d90add9212f6832c23229e3de5f1c1f9905e8cb07319ea15df73ac" "sleep" "infinity", kill_on_drop: false }`
[INFO] [stdout] 005127319bf8cf2515fc10ee0cab810eb1f2bee4a0dce6939397969f174bfab2
[INFO] running `Command { std: "docker" "start" "005127319bf8cf2515fc10ee0cab810eb1f2bee4a0dce6939397969f174bfab2", kill_on_drop: false }`
[INFO] running `Command { std: "docker" "inspect" "005127319bf8cf2515fc10ee0cab810eb1f2bee4a0dce6939397969f174bfab2", kill_on_drop: false }`
[INFO] running `Command { std: "docker" "exec" "-e" "SOURCE_DIR=/opt/rustwide/workdir" "-e" "CARGO_HOME=/opt/rustwide/cargo-home" "-e" "RUSTUP_HOME=/opt/rustwide/rustup-home" "-e" "CARGO_TARGET_DIR=/opt/rustwide/target" "-w" "/opt/rustwide/workdir" "--user" "0:0" "005127319bf8cf2515fc10ee0cab810eb1f2bee4a0dce6939397969f174bfab2" "/opt/rustwide/cargo-home/bin/cargo" "+c60b92c03ca8a3b101eb9d57f51e2232690638c7" "metadata" "--no-deps" "--format-version=1", kill_on_drop: false }`
[INFO] running `Command { std: "docker" "inspect" "005127319bf8cf2515fc10ee0cab810eb1f2bee4a0dce6939397969f174bfab2", kill_on_drop: false }`
[INFO] running `Command { std: "docker" "exec" "-e" "SOURCE_DIR=/opt/rustwide/workdir" "-e" "CARGO_HOME=/opt/rustwide/cargo-home" "-e" "RUSTUP_HOME=/opt/rustwide/rustup-home" "-e" "CARGO_TARGET_DIR=/opt/rustwide/target" "-e" "CARGO_INCREMENTAL=0" "-e" "RUST_BACKTRACE=full" "-e" "RUSTFLAGS=--cap-lints=forbid" "-e" "RUSTDOCFLAGS=--cap-lints=forbid" "-w" "/opt/rustwide/workdir" "--user" "0:0" "005127319bf8cf2515fc10ee0cab810eb1f2bee4a0dce6939397969f174bfab2" "/opt/rustwide/cargo-home/bin/cargo" "+c60b92c03ca8a3b101eb9d57f51e2232690638c7" "check" "--frozen" "--all" "--all-targets" "--message-format=json", kill_on_drop: false }`
[INFO] [stderr]    Compiling libc v0.2.186
[INFO] [stderr]     Checking subtle v2.6.1
[INFO] [stderr]     Checking zeroize v1.9.0
[INFO] [stderr]     Checking cmov v0.5.4
[INFO] [stderr]    Compiling getrandom v0.4.3
[INFO] [stderr]    Compiling num-traits v0.2.19
[INFO] [stderr]     Checking base64ct v1.8.3
[INFO] [stderr]     Checking cpubits v0.1.1
[INFO] [stderr]    Compiling syn v2.0.118
[INFO] [stderr]     Checking crypto-common v0.1.7
[INFO] [stderr]     Checking log v0.4.33
[INFO] [stderr]    Compiling semver v1.0.28
[INFO] [stderr]    Compiling crossbeam-utils v0.8.22
[INFO] [stderr]    Compiling zerocopy v0.8.53
[INFO] [stderr]     Checking base16ct v1.0.0
[INFO] [stderr]    Compiling rustversion v1.0.23
[INFO] [stderr]     Checking serde_json v1.0.150
[INFO] [stderr]     Checking crc-catalog v2.5.0
[INFO] [stderr]     Checking hashlink v0.10.0
[INFO] [stderr]    Compiling fs_extra v1.3.0
[INFO] [stderr]     Checking digest v0.10.7
[INFO] [stderr]     Checking ff v0.14.0
[INFO] [stderr]     Checking crc v3.4.0
[INFO] [stderr]    Compiling rustc_version v0.4.1
[INFO] [stderr]     Checking ctutils v0.4.2
[INFO] [stderr]     Checking group v0.14.0
[INFO] [stderr]     Checking pem-rfc7468 v1.0.0
[INFO] [stderr]    Compiling dunce v1.0.5
[INFO] [stderr]    Compiling curve25519-dalek v4.1.3
[INFO] [stderr]     Checking sha2 v0.10.9
[INFO] [stderr]     Checking hmac v0.12.1
[INFO] [stderr]    Compiling curve25519-dalek v5.0.0-rc.1
[INFO] [stderr]     Checking pem-rfc7468 v0.7.0
[INFO] [stderr]     Checking der v0.8.1
[INFO] [stderr]     Checking hybrid-array v0.4.13
[INFO] [stderr]     Checking unicode-normalization v0.1.25
[INFO] [stderr]     Checking concurrent-queue v2.5.0
[INFO] [stderr]     Checking crossbeam-queue v0.3.13
[INFO] [stderr]     Checking spin v0.9.8
[INFO] [stderr]     Checking unicode-properties v0.1.4
[INFO] [stderr]     Checking signature v2.2.0
[INFO] [stderr]     Checking unicode-bidi v0.3.18
[INFO] [stderr]     Checking event-listener v5.4.1
[INFO] [stderr]    Compiling nix v0.31.3
[INFO] [stderr]     Checking ed25519 v2.2.3
[INFO] [stderr]     Checking ssh-encoding v0.2.0
[INFO] [stderr]     Checking cipher v0.4.4
[INFO] [stderr]     Checking flume v0.11.1
[INFO] [stderr]     Checking num-integer v0.1.46
[INFO] [stderr]     Checking atoi v2.0.0
[INFO] [stderr]     Checking hkdf v0.12.4
[INFO] [stderr]     Checking md-5 v0.10.6
[INFO] [stderr]     Checking home v0.5.12
[INFO] [stderr]     Checking base16ct v0.2.0
[INFO] [stderr]     Checking whoami v1.6.1
[INFO] [stderr]     Checking ssh-cipher v0.2.0
[INFO] [stderr]     Checking arc-swap v1.9.2
[INFO] [stderr]     Checking sec1 v0.7.3
[INFO] [stderr]     Checking blake2 v0.10.6
[INFO] [stderr]     Checking keccak v0.2.0
[INFO] [stderr]    Compiling aws-lc-rs v1.17.1
[INFO] [stderr]     Checking sha1_smol v1.0.1
[INFO] [stderr]     Checking num-bigint v0.4.8
[INFO] [stderr]     Checking openssl-probe v0.1.6
[INFO] [stderr]     Checking untrusted v0.7.1
[INFO] [stderr]     Checking generic-array v1.4.3
[INFO] [stderr]     Checking data-encoding v2.11.0
[INFO] [stderr]     Checking md5 v0.8.0
[INFO] [stderr]     Checking hex-literal v1.1.0
[INFO] [stderr]     Checking rustix v1.1.4
[INFO] [stderr]     Checking sync_wrapper v1.0.2
[INFO] [stderr]     Checking fastrand v2.4.1
[INFO] [stderr]     Checking http-body-util v0.1.3
[INFO] [stderr]     Checking serde_path_to_error v0.1.20
[INFO] [stderr]     Checking stringprep v0.1.5
[INFO] [stderr]    Compiling jobserver v0.1.35
[INFO] [stdout] error[E0493]: destructor of `ArrayBuilder<T, N>` cannot be evaluated at compile-time
[INFO] [stdout]    --> /opt/rustwide/cargo-home/registry/src/index.crates.io-1949cf8c6b5b557f/generic-array-1.4.3/src/internal.rs:103:31
[INFO] [stdout]     |
[INFO] [stdout] 103 |     pub unsafe fn assume_init(self) -> GenericArray<T, N> {
[INFO] [stdout]     |                               ^^^^ the destructor for this type cannot be evaluated in constant functions
[INFO] [stdout] ...
[INFO] [stdout] 109 |     }
[INFO] [stdout]     |     - value is dropped here
[INFO] [stdout] 
[INFO] [stdout] 
[INFO] [stderr]    Compiling cc v1.2.66
[INFO] [stdout] error[E0493]: destructor of `GenericArray<core::mem::MaybeUninit<*const T>, N>` cannot be evaluated at compile-time
[INFO] [stdout]    --> /opt/rustwide/cargo-home/registry/src/index.crates.io-1949cf8c6b5b557f/generic-array-1.4.3/src/lib.rs:970:13
[INFO] [stdout]     |
[INFO] [stdout] 970 |         let mut out: GenericArray<MaybeUninit<*const T>, N> = GenericArray::uninit();
[INFO] [stdout]     |             ^^^^^^^ the destructor for this type cannot be evaluated in constant functions
[INFO] [stdout] ...
[INFO] [stdout] 985 |     }
[INFO] [stdout]     |     - value is dropped here
[INFO] [stdout] 
[INFO] [stdout] 
[INFO] [stdout] error[E0493]: destructor of `GenericArray<core::mem::MaybeUninit<*mut T>, N>` cannot be evaluated at compile-time
[INFO] [stdout]     --> /opt/rustwide/cargo-home/registry/src/index.crates.io-1949cf8c6b5b557f/generic-array-1.4.3/src/lib.rs:1005:13
[INFO] [stdout]      |
[INFO] [stdout] 1005 |         let mut out: GenericArray<MaybeUninit<*mut T>, N> = GenericArray::uninit();
[INFO] [stdout]      |             ^^^^^^^ the destructor for this type cannot be evaluated in constant functions
[INFO] [stdout] ...
[INFO] [stdout] 1020 |     }
[INFO] [stdout]      |     - value is dropped here
[INFO] [stdout] 
[INFO] [stdout] 
[INFO] [stdout] For more information about this error, try `rustc --explain E0493`.
[INFO] [stdout] 
[INFO] [stderr] error: could not compile `generic-array` (lib) due to 3 previous errors
[INFO] [stderr] warning: build failed, waiting for other jobs to finish...
[INFO] running `Command { std: "docker" "inspect" "005127319bf8cf2515fc10ee0cab810eb1f2bee4a0dce6939397969f174bfab2", kill_on_drop: false }`
[INFO] running `Command { std: "docker" "rm" "-f" "005127319bf8cf2515fc10ee0cab810eb1f2bee4a0dce6939397969f174bfab2", kill_on_drop: false }`
[INFO] [stdout] 005127319bf8cf2515fc10ee0cab810eb1f2bee4a0dce6939397969f174bfab2
