[INFO] cloning repository https://github.com/di-osc/asr-data
[INFO] running `Command { std: "git" "-c" "credential.helper=" "-c" "credential.helper=/workspace/cargo-home/bin/git-credential-null" "clone" "--bare" "https://github.com/di-osc/asr-data" "/workspace/cache/git-repos/https%3A%2F%2Fgithub.com%2Fdi-osc%2Fasr-data", kill_on_drop: false }`
[INFO] [stderr] Cloning into bare repository '/workspace/cache/git-repos/https%3A%2F%2Fgithub.com%2Fdi-osc%2Fasr-data'...
[INFO] running `Command { std: "git" "rev-parse" "HEAD", kill_on_drop: false }`
[INFO] [stdout] 6d1c215db977a2076c1e30a372732dd6028841de
[INFO] checking di-osc/asr-data against c60b92c03ca8a3b101eb9d57f51e2232690638c7 for pr-164148-crater-rollup
[INFO] running `Command { std: "git" "clone" "/workspace/cache/git-repos/https%3A%2F%2Fgithub.com%2Fdi-osc%2Fasr-data" "/workspace/builds/worker-7-tc2/source", kill_on_drop: false }`
[INFO] [stderr] Cloning into '/workspace/builds/worker-7-tc2/source'...
[INFO] [stderr] done.
[INFO] started tweaking git repo https://github.com/di-osc/asr-data
[INFO] removed 0 missing tests
[INFO] finished tweaking git repo https://github.com/di-osc/asr-data
[INFO] tweaked toml for git repo https://github.com/di-osc/asr-data written to /workspace/builds/worker-7-tc2/source/Cargo.toml
[INFO] validating manifest of git repo https://github.com/di-osc/asr-data on toolchain c60b92c03ca8a3b101eb9d57f51e2232690638c7
[INFO] running `Command { std: CARGO_HOME="/workspace/cargo-home" RUSTUP_HOME="/workspace/rustup-home" "/workspace/cargo-home/bin/cargo" "+c60b92c03ca8a3b101eb9d57f51e2232690638c7" "metadata" "--manifest-path" "Cargo.toml" "--no-deps", kill_on_drop: false }`
[INFO] crate git repo https://github.com/di-osc/asr-data already has a lockfile, it will not be regenerated
[INFO] running `Command { std: CARGO_HOME="/workspace/cargo-home" RUSTUP_HOME="/workspace/rustup-home" "/workspace/cargo-home/bin/cargo" "+c60b92c03ca8a3b101eb9d57f51e2232690638c7" "fetch" "--manifest-path" "Cargo.toml", kill_on_drop: false }`
[INFO] [stderr] warning: `package.homepage` is redundant with `package.repository`
[INFO] [stderr]   --> Cargo.toml:85:12
[INFO] [stderr]    |
[INFO] [stderr] 85 | homepage = "https://github.com/di-osc/asr-data"
[INFO] [stderr]    |            ^^^^^^^^^^^^^^^^^^^^^^^^^^^^^^^^^^^^
[INFO] [stderr] ...
[INFO] [stderr] 90 | repository = "https://github.com/di-osc/asr-data"
[INFO] [stderr]    |              ------------------------------------
[INFO] [stderr]    |
[INFO] [stderr]    = note: `cargo::redundant_homepage` is set to `warn` by default
[INFO] [stderr] help: consider removing `package.homepage`
[INFO] [stderr] warning: `asr-data` (manifest) generated 1 warning
[INFO] running `Command { std: "docker" "create" "-v" "/var/lib/crater-agent-workspace/builds/worker-7-tc2/source:/opt/rustwide/workdir:ro,Z" "-v" "/var/lib/crater-agent-workspace/builds/worker-7-tc2/target:/opt/rustwide/target:rw,Z" "-v" "/var/lib/crater-agent-workspace/cargo-home:/opt/rustwide/cargo-home:ro,Z" "-v" "/var/lib/crater-agent-workspace/rustup-home:/opt/rustwide/rustup-home:ro,Z" "-m" "1610612736" "--network" "none" "ghcr.io/rust-lang/crates-build-env/linux@sha256:77db811e55d90add9212f6832c23229e3de5f1c1f9905e8cb07319ea15df73ac" "sleep" "infinity", kill_on_drop: false }`
[INFO] [stdout] 6c3f60e0cc480223051f1ac446f0ec0c04d40a1aec20c4b07eecf10afdb4fcaf
[INFO] running `Command { std: "docker" "start" "6c3f60e0cc480223051f1ac446f0ec0c04d40a1aec20c4b07eecf10afdb4fcaf", kill_on_drop: false }`
[INFO] running `Command { std: "docker" "inspect" "6c3f60e0cc480223051f1ac446f0ec0c04d40a1aec20c4b07eecf10afdb4fcaf", kill_on_drop: false }`
[INFO] running `Command { std: "docker" "exec" "-e" "SOURCE_DIR=/opt/rustwide/workdir" "-e" "CARGO_HOME=/opt/rustwide/cargo-home" "-e" "RUSTUP_HOME=/opt/rustwide/rustup-home" "-e" "CARGO_TARGET_DIR=/opt/rustwide/target" "-w" "/opt/rustwide/workdir" "--user" "0:0" "6c3f60e0cc480223051f1ac446f0ec0c04d40a1aec20c4b07eecf10afdb4fcaf" "/opt/rustwide/cargo-home/bin/cargo" "+c60b92c03ca8a3b101eb9d57f51e2232690638c7" "metadata" "--no-deps" "--format-version=1", kill_on_drop: false }`
[INFO] running `Command { std: "docker" "inspect" "6c3f60e0cc480223051f1ac446f0ec0c04d40a1aec20c4b07eecf10afdb4fcaf", kill_on_drop: false }`
[INFO] running `Command { std: "docker" "exec" "-e" "SOURCE_DIR=/opt/rustwide/workdir" "-e" "CARGO_HOME=/opt/rustwide/cargo-home" "-e" "RUSTUP_HOME=/opt/rustwide/rustup-home" "-e" "CARGO_TARGET_DIR=/opt/rustwide/target" "-e" "CARGO_INCREMENTAL=0" "-e" "RUST_BACKTRACE=full" "-e" "RUSTFLAGS=--cap-lints=forbid" "-e" "RUSTDOCFLAGS=--cap-lints=forbid" "-w" "/opt/rustwide/workdir" "--user" "0:0" "6c3f60e0cc480223051f1ac446f0ec0c04d40a1aec20c4b07eecf10afdb4fcaf" "/opt/rustwide/cargo-home/bin/cargo" "+c60b92c03ca8a3b101eb9d57f51e2232690638c7" "check" "--frozen" "--all" "--all-targets" "--message-format=json", kill_on_drop: false }`
[INFO] [stderr] warning: `package.homepage` is redundant with `package.repository`
[INFO] [stderr]   --> Cargo.toml:85:12
[INFO] [stderr]    |
[INFO] [stderr] 85 | homepage = "https://github.com/di-osc/asr-data"
[INFO] [stderr]    |            ^^^^^^^^^^^^^^^^^^^^^^^^^^^^^^^^^^^^
[INFO] [stderr] ...
[INFO] [stderr] 90 | repository = "https://github.com/di-osc/asr-data"
[INFO] [stderr]    |              ------------------------------------
[INFO] [stderr]    |
[INFO] [stderr]    = note: `cargo::redundant_homepage` is set to `warn` by default
[INFO] [stderr] help: consider removing `package.homepage`
[INFO] [stderr] warning: `asr-data` (manifest) generated 1 warning
[INFO] [stderr]     Checking strength_reduce v0.2.4
[INFO] [stderr]     Checking bytemuck v1.25.1
[INFO] [stderr]    Compiling num-traits v0.2.19
[INFO] [stderr]     Checking regex-lite v0.1.9
[INFO] [stderr]    Compiling syn v2.0.119
[INFO] [stderr]    Compiling syn v3.0.6
[INFO] [stderr]     Checking mio v1.2.2
[INFO] [stderr]     Checking socket2 v0.6.5
[INFO] [stderr]     Checking getrandom v0.2.17
[INFO] [stderr]    Compiling cc v1.2.67
[INFO] [stderr]     Checking http-body v1.1.0
[INFO] [stderr]    Compiling rustls v0.23.42
[INFO] [stderr]    Compiling rustix v1.1.5
[INFO] [stderr]     Checking parking_lot_core v0.9.12
[INFO] [stderr]     Checking getrandom v0.3.4
[INFO] [stderr]     Checking webpki-roots v1.0.9
[INFO] [stderr]    Compiling rustversion v1.0.23
[INFO] [stderr]     Checking audio-core v0.2.1
[INFO] [stderr]    Compiling portable-atomic v1.13.1
[INFO] [stderr]     Checking unicode-width v0.2.2
[INFO] [stderr]     Checking parking_lot v0.12.5
[INFO] [stderr]     Checking http-body-util v0.1.4
[INFO] [stderr]     Checking digest v0.10.7
[INFO] [stderr]     Checking ppv-lite86 v0.2.21
[INFO] [stderr]     Checking aho-corasick v1.1.5
[INFO] [stderr]     Checking clap_lex v1.1.1
[INFO] [stderr]     Checking rand_core v0.9.5
[INFO] [stderr]     Checking hashbrown v0.16.1
[INFO] [stderr]     Checking console v0.16.4
[INFO] [stderr]     Checking clap_builder v4.6.7
[INFO] [stderr]     Checking serde_json v1.0.150
[INFO] [stderr]     Checking rand_chacha v0.9.0
[INFO] [stderr]     Checking bstr v1.13.1
[INFO] [stderr]     Checking thread_local v1.1.10
[INFO] [stderr]     Checking unit-prefix v0.5.2
[INFO] [stderr]     Checking extended v0.1.0
[INFO] [stderr]     Checking unicode-segmentation v1.13.3
[INFO] [stderr]     Checking either v1.16.0
[INFO] [stderr]    Compiling unicode-general-category v1.1.0
[INFO] [stderr]     Checking tracing-subscriber v0.3.23
[INFO] [stderr]     Checking hashlink v0.11.1
[INFO] [stderr]     Checking generic-array v1.4.4
[INFO] [stderr]     Checking num-integer v0.1.46
[INFO] [stderr]     Checking num-complex v0.4.6
[INFO] [stderr]     Checking audioadapter-sample v3.0.0
[INFO] [stderr]     Checking audioadapter v3.0.0
[INFO] [stderr]     Checking itertools v0.14.0
[INFO] [stderr]     Checking audioadapter-buffers v3.0.0
[INFO] [stderr]     Checking primal-check v0.3.4
[INFO] [stderr]     Checking transpose v0.2.3
[INFO] [stderr]     Checking indicatif v0.18.6
[INFO] [stderr]     Checking ordered-float v5.3.0
[INFO] [stderr]     Checking rustfft v6.4.1
[INFO] [stderr]     Checking rmp v0.8.15
[INFO] [stderr]     Checking crossterm v0.29.0
[INFO] [stderr]     Checking windowfunctions v0.1.1
[INFO] [stdout] error[E0493]: destructor of `ArrayBuilder<T, N>` cannot be evaluated at compile-time
[INFO] [stdout]    --> /opt/rustwide/cargo-home/registry/src/index.crates.io-1949cf8c6b5b557f/generic-array-1.4.4/src/internal.rs:103:31
[INFO] [stdout]     |
[INFO] [stdout] 103 |     pub unsafe fn assume_init(self) -> GenericArray<T, N> {
[INFO] [stdout]     |                               ^^^^ the destructor for this type cannot be evaluated in constant functions
[INFO] [stdout] ...
[INFO] [stdout] 109 |     }
[INFO] [stdout]     |     - value is dropped here
[INFO] [stdout] 
[INFO] [stdout] 
[INFO] [stdout] error[E0493]: destructor of `GenericArray<core::mem::MaybeUninit<*const T>, N>` cannot be evaluated at compile-time
[INFO] [stdout]    --> /opt/rustwide/cargo-home/registry/src/index.crates.io-1949cf8c6b5b557f/generic-array-1.4.4/src/lib.rs:981:13
[INFO] [stdout]     |
[INFO] [stdout] 981 |         let mut out: GenericArray<MaybeUninit<*const T>, N> = GenericArray::uninit();
[INFO] [stdout]     |             ^^^^^^^ the destructor for this type cannot be evaluated in constant functions
[INFO] [stdout] ...
[INFO] [stdout] 996 |     }
[INFO] [stdout]     |     - value is dropped here
[INFO] [stdout] 
[INFO] [stdout] 
[INFO] [stdout] error[E0493]: destructor of `GenericArray<core::mem::MaybeUninit<*mut T>, N>` cannot be evaluated at compile-time
[INFO] [stdout]     --> /opt/rustwide/cargo-home/registry/src/index.crates.io-1949cf8c6b5b557f/generic-array-1.4.4/src/lib.rs:1016:13
[INFO] [stdout]      |
[INFO] [stdout] 1016 |         let mut out: GenericArray<MaybeUninit<*mut T>, N> = GenericArray::uninit();
[INFO] [stdout]      |             ^^^^^^^ the destructor for this type cannot be evaluated in constant functions
[INFO] [stdout] ...
[INFO] [stdout] 1031 |     }
[INFO] [stdout]      |     - value is dropped here
[INFO] [stdout] 
[INFO] [stdout] 
[INFO] [stderr]     Checking rand v0.9.5
[INFO] [stdout] For more information about this error, try `rustc --explain E0493`.
[INFO] [stdout] 
[INFO] [stderr] error: could not compile `generic-array` (lib) due to 3 previous errors
[INFO] [stderr] warning: build failed, waiting for other jobs to finish...
[INFO] running `Command { std: "docker" "inspect" "6c3f60e0cc480223051f1ac446f0ec0c04d40a1aec20c4b07eecf10afdb4fcaf", kill_on_drop: false }`
[INFO] running `Command { std: "docker" "rm" "-f" "6c3f60e0cc480223051f1ac446f0ec0c04d40a1aec20c4b07eecf10afdb4fcaf", kill_on_drop: false }`
[INFO] [stdout] 6c3f60e0cc480223051f1ac446f0ec0c04d40a1aec20c4b07eecf10afdb4fcaf
