[INFO] cloning repository https://github.com/devops-infinity/ownpg
[INFO] running `Command { std: "git" "-c" "credential.helper=" "-c" "credential.helper=/workspace/cargo-home/bin/git-credential-null" "clone" "--bare" "https://github.com/devops-infinity/ownpg" "/workspace/cache/git-repos/https%3A%2F%2Fgithub.com%2Fdevops-infinity%2Fownpg", kill_on_drop: false }`
[INFO] [stderr] Cloning into bare repository '/workspace/cache/git-repos/https%3A%2F%2Fgithub.com%2Fdevops-infinity%2Fownpg'...
[INFO] running `Command { std: "git" "rev-parse" "HEAD", kill_on_drop: false }`
[INFO] [stdout] b6b12fc8574e640519a3bcbe02f750c9058b1b0d
[INFO] checking devops-infinity/ownpg against c60b92c03ca8a3b101eb9d57f51e2232690638c7 for pr-164148-crater-rollup
[INFO] running `Command { std: "git" "clone" "/workspace/cache/git-repos/https%3A%2F%2Fgithub.com%2Fdevops-infinity%2Fownpg" "/workspace/builds/worker-7-tc2/source", kill_on_drop: false }`
[INFO] [stderr] Cloning into '/workspace/builds/worker-7-tc2/source'...
[INFO] [stderr] done.
[INFO] removed /workspace/builds/worker-7-tc2/source/.cargo/config.toml
[INFO] removed /workspace/builds/worker-7-tc2/source/rust-toolchain.toml
[INFO] started tweaking git repo https://github.com/devops-infinity/ownpg
[INFO] finished tweaking git repo https://github.com/devops-infinity/ownpg
[INFO] tweaked toml for git repo https://github.com/devops-infinity/ownpg written to /workspace/builds/worker-7-tc2/source/Cargo.toml
[INFO] validating manifest of git repo https://github.com/devops-infinity/ownpg on toolchain c60b92c03ca8a3b101eb9d57f51e2232690638c7
[INFO] running `Command { std: CARGO_HOME="/workspace/cargo-home" RUSTUP_HOME="/workspace/rustup-home" "/workspace/cargo-home/bin/cargo" "+c60b92c03ca8a3b101eb9d57f51e2232690638c7" "metadata" "--manifest-path" "Cargo.toml" "--no-deps", kill_on_drop: false }`
[INFO] crate git repo https://github.com/devops-infinity/ownpg already has a lockfile, it will not be regenerated
[INFO] running `Command { std: CARGO_HOME="/workspace/cargo-home" RUSTUP_HOME="/workspace/rustup-home" "/workspace/cargo-home/bin/cargo" "+c60b92c03ca8a3b101eb9d57f51e2232690638c7" "fetch" "--manifest-path" "Cargo.toml", kill_on_drop: false }`
[INFO] [stderr] warning: `package.homepage` is redundant with `package.repository`
[INFO] [stderr]   --> crates/ownpg-core/Cargo.toml:10:1
[INFO] [stderr]    |
[INFO] [stderr]  9 | repository.workspace = true
[INFO] [stderr]    | ----------
[INFO] [stderr] 10 | homepage.workspace = true
[INFO] [stderr]    | ^^^^^^^^
[INFO] [stderr]    |
[INFO] [stderr]    = note: `cargo::redundant_homepage` is set to `warn` by default
[INFO] [stderr] help: consider removing `package.homepage`
[INFO] [stderr] warning: `ownpg-core` (manifest) generated 1 warning
[INFO] [stderr] warning: `package.homepage` is redundant with `package.repository`
[INFO] [stderr]   --> crates/ownpg/Cargo.toml:10:1
[INFO] [stderr]    |
[INFO] [stderr]  9 | repository.workspace = true
[INFO] [stderr]    | ----------
[INFO] [stderr] 10 | homepage.workspace = true
[INFO] [stderr]    | ^^^^^^^^
[INFO] [stderr]    |
[INFO] [stderr]    = note: `cargo::redundant_homepage` is set to `warn` by default
[INFO] [stderr] help: consider removing `package.homepage`
[INFO] [stderr] warning: `ownpg` (manifest) generated 1 warning
[INFO] running `Command { std: "docker" "create" "-v" "/var/lib/crater-agent-workspace/builds/worker-7-tc2/source:/opt/rustwide/workdir:ro,Z" "-v" "/var/lib/crater-agent-workspace/builds/worker-7-tc2/target:/opt/rustwide/target:rw,Z" "-v" "/var/lib/crater-agent-workspace/cargo-home:/opt/rustwide/cargo-home:ro,Z" "-v" "/var/lib/crater-agent-workspace/rustup-home:/opt/rustwide/rustup-home:ro,Z" "-m" "1610612736" "--network" "none" "ghcr.io/rust-lang/crates-build-env/linux@sha256:77db811e55d90add9212f6832c23229e3de5f1c1f9905e8cb07319ea15df73ac" "sleep" "infinity", kill_on_drop: false }`
[INFO] [stdout] 798ffa7e7f58a21fa2d13465752d2b4aa1938828815ac42b98b409e235ee2411
[INFO] running `Command { std: "docker" "start" "798ffa7e7f58a21fa2d13465752d2b4aa1938828815ac42b98b409e235ee2411", kill_on_drop: false }`
[INFO] running `Command { std: "docker" "inspect" "798ffa7e7f58a21fa2d13465752d2b4aa1938828815ac42b98b409e235ee2411", kill_on_drop: false }`
[INFO] running `Command { std: "docker" "exec" "-e" "SOURCE_DIR=/opt/rustwide/workdir" "-e" "CARGO_HOME=/opt/rustwide/cargo-home" "-e" "RUSTUP_HOME=/opt/rustwide/rustup-home" "-e" "CARGO_TARGET_DIR=/opt/rustwide/target" "-w" "/opt/rustwide/workdir" "--user" "0:0" "798ffa7e7f58a21fa2d13465752d2b4aa1938828815ac42b98b409e235ee2411" "/opt/rustwide/cargo-home/bin/cargo" "+c60b92c03ca8a3b101eb9d57f51e2232690638c7" "metadata" "--no-deps" "--format-version=1", kill_on_drop: false }`
[INFO] running `Command { std: "docker" "inspect" "798ffa7e7f58a21fa2d13465752d2b4aa1938828815ac42b98b409e235ee2411", kill_on_drop: false }`
[INFO] running `Command { std: "docker" "exec" "-e" "SOURCE_DIR=/opt/rustwide/workdir" "-e" "CARGO_HOME=/opt/rustwide/cargo-home" "-e" "RUSTUP_HOME=/opt/rustwide/rustup-home" "-e" "CARGO_TARGET_DIR=/opt/rustwide/target" "-e" "CARGO_INCREMENTAL=0" "-e" "RUST_BACKTRACE=full" "-e" "RUSTFLAGS=--cap-lints=forbid" "-e" "RUSTDOCFLAGS=--cap-lints=forbid" "-w" "/opt/rustwide/workdir" "--user" "0:0" "798ffa7e7f58a21fa2d13465752d2b4aa1938828815ac42b98b409e235ee2411" "/opt/rustwide/cargo-home/bin/cargo" "+c60b92c03ca8a3b101eb9d57f51e2232690638c7" "check" "--frozen" "--all" "--all-targets" "--message-format=json", kill_on_drop: false }`
[INFO] [stderr] warning: `package.homepage` is redundant with `package.repository`
[INFO] [stderr]   --> crates/ownpg/Cargo.toml:10:1
[INFO] [stderr]    |
[INFO] [stderr]  9 | repository.workspace = true
[INFO] [stderr]    | ----------
[INFO] [stderr] 10 | homepage.workspace = true
[INFO] [stderr]    | ^^^^^^^^
[INFO] [stderr]    |
[INFO] [stderr]    = note: `cargo::redundant_homepage` is set to `warn` by default
[INFO] [stderr] help: consider removing `package.homepage`
[INFO] [stderr] warning: `ownpg` (manifest) generated 1 warning
[INFO] [stderr] warning: `package.homepage` is redundant with `package.repository`
[INFO] [stderr]   --> crates/ownpg-core/Cargo.toml:10:1
[INFO] [stderr]    |
[INFO] [stderr]  9 | repository.workspace = true
[INFO] [stderr]    | ----------
[INFO] [stderr] 10 | homepage.workspace = true
[INFO] [stderr]    | ^^^^^^^^
[INFO] [stderr]    |
[INFO] [stderr]    = note: `cargo::redundant_homepage` is set to `warn` by default
[INFO] [stderr] help: consider removing `package.homepage`
[INFO] [stderr] warning: `ownpg-core` (manifest) generated 1 warning
[INFO] [stderr]    Compiling proc-macro2 v1.0.107
[INFO] [stderr]    Compiling unicode-ident v1.0.26
[INFO] [stderr]     Checking cfg-if v1.0.5
[INFO] [stderr]     Checking zeroize v1.9.0
[INFO] [stderr]     Checking subtle v2.6.1
[INFO] [stderr]     Checking rand_core v0.10.1
[INFO] [stderr]    Compiling getrandom v0.4.3
[INFO] [stderr]     Checking cmov v0.5.4
[INFO] [stderr]    Compiling serde_core v1.0.229
[INFO] [stderr]    Compiling num-traits v0.2.19
[INFO] [stderr]     Checking mio v1.2.3
[INFO] [stderr]     Checking cpubits v0.1.1
[INFO] [stderr]     Checking base64ct v1.8.3
[INFO] [stderr]     Checking ctutils v0.4.2
[INFO] [stderr]    Compiling rustix v1.1.5
[INFO] [stderr]     Checking linux-raw-sys v0.12.1
[INFO] [stderr]     Checking smallvec v1.16.1
[INFO] [stderr]     Checking hybrid-array v0.4.15
[INFO] [stderr]    Compiling find-msvc-tools v0.1.13
[INFO] [stderr]     Checking pem-rfc7468 v1.0.0
[INFO] [stderr]    Compiling cc v1.4.7
[INFO] [stderr]    Compiling either v1.18.0
[INFO] [stderr]     Checking der v0.8.2
[INFO] [stderr]    Compiling quote v1.0.47
[INFO] [stderr]    Compiling itertools v0.14.0
[INFO] [stderr]    Compiling syn v3.0.6
[INFO] [stderr]    Compiling syn v2.0.119
[INFO] [stderr]     Checking crypto-common v0.2.2
[INFO] [stderr]     Checking block-buffer v0.12.1
[INFO] [stderr]     Checking block-padding v0.4.2
[INFO] [stderr]     Checking inout v0.2.2
[INFO] [stderr]    Compiling ring v0.17.14
[INFO] [stderr]     Checking spki v0.8.0
[INFO] [stderr]    Compiling thiserror v2.0.21
[INFO] [stderr]     Checking digest v0.11.3
[INFO] [stderr]     Checking cipher v0.5.2
[INFO] [stderr]     Checking hmac v0.13.0
[INFO] [stderr]     Checking sha2 v0.11.0
[INFO] [stderr]     Checking universal-hash v0.6.1
[INFO] [stderr]     Checking polyval v0.7.3
[INFO] [stderr]     Checking aes v0.9.3
[INFO] [stderr]     Checking cbc v0.2.1
[INFO] [stderr]     Checking ghash v0.6.0
[INFO] [stderr]     Checking ctr v0.10.1
[INFO] [stderr]     Checking pbkdf2 v0.13.0
[INFO] [stderr]     Checking aead v0.6.1
[INFO] [stderr]     Checking salsa20 v0.11.0
[INFO] [stderr]    Compiling serde v1.0.229
[INFO] [stderr]     Checking hkdf v0.13.0
[INFO] [stderr]     Checking crypto-bigint v0.7.5
[INFO] [stderr]     Checking aes-gcm v0.11.1
[INFO] [stderr]     Checking ff v0.14.0
[INFO] [stderr]     Checking scrypt v0.12.0
[INFO] [stderr]     Checking rustls-pki-types v1.15.1
[INFO] [stderr]     Checking pkcs5 v0.8.1
[INFO] [stderr]     Checking getrandom v0.2.17
[INFO] [stderr]    Compiling getrandom v0.3.4
[INFO] [stderr]    Compiling serde_json v1.0.151
[INFO] [stderr]     Checking pkcs8 v0.11.0
[INFO] [stderr]     Checking chacha20 v0.10.2
[INFO] [stderr]    Compiling libc v0.2.189
[INFO] [stderr]    Compiling zerocopy v0.8.58
[INFO] [stderr]     Checking indexmap v2.14.2
[INFO] [stderr]     Checking regex-automata v0.4.18
[INFO] [stderr]    Compiling synstructure v0.14.0
[INFO] [stderr]     Checking group v0.14.0
[INFO] [stderr]     Checking num-integer v0.1.47
[INFO] [stderr]    Compiling tracing-attributes v0.1.31
[INFO] [stderr]     Checking base16ct v1.0.0
[INFO] [stderr]    Compiling bitflags v2.13.2
[INFO] [stderr]    Compiling rustls v0.23.45
[INFO] [stderr]    Compiling toml_edit v0.25.15+spec-1.1.0
[INFO] [stderr]     Checking sec1 v0.8.1
[INFO] [stderr]    Compiling enumflags2_derive v0.7.12
[INFO] [stderr]     Checking rand_core v0.9.5
[INFO] [stderr]     Checking rustls-webpki v0.103.15
[INFO] [stderr]    Compiling serde_derive v1.0.229
[INFO] [stderr]    Compiling futures-macro v0.3.34
[INFO] [stderr]    Compiling tokio-macros v2.7.2
[INFO] [stderr]    Compiling zerofrom-derive v0.1.8
[INFO] [stderr]     Checking tracing v0.1.44
[INFO] [stderr]    Compiling yoke-derive v0.8.3
[INFO] [stderr]     Checking futures-util v0.3.34
[INFO] [stderr]     Checking tokio v1.53.1
[INFO] [stderr]    Compiling zerovec-derive v0.11.6
[INFO] [stderr]     Checking zerofrom v0.1.8
[INFO] [stderr]    Compiling displaydoc v0.2.7
[INFO] [stderr]    Compiling thiserror-impl v2.0.21
[INFO] [stderr]     Checking yoke v0.8.3
[INFO] [stderr]    Compiling async-trait v0.1.92
[INFO] [stderr]     Checking zerovec v0.11.8
[INFO] [stderr]     Checking zerotrie v0.2.5
[INFO] [stderr]     Checking tinystr v0.8.4
[INFO] [stderr]     Checking potential_utf v0.1.6
[INFO] [stderr]     Checking icu_collections v2.3.0
[INFO] [stderr]     Checking icu_locale_core v2.3.0
[INFO] [stderr]     Checking signature v3.0.0
[INFO] [stderr]    Compiling glob v0.3.4
[INFO] [stderr]    Compiling proc-macro-crate v3.5.0
[INFO] [stderr]    Compiling clang-sys v1.9.1
[INFO] [stderr]     Checking elliptic-curve v0.14.1
[INFO] [stderr]     Checking icu_provider v2.3.1
[INFO] [stderr]     Checking icu_normalizer v2.3.0
[INFO] [stderr]     Checking icu_properties v2.3.0
[INFO] [stderr]     Checking primefield v0.14.0
[INFO] [stderr]    Compiling zvariant_utils v4.2.0
[INFO] [stderr]    Compiling prost-derive v0.13.5
[INFO] [stderr]     Checking rand v0.10.3
[INFO] [stderr]     Checking concurrent-queue v2.5.0
[INFO] [stderr]     Checking futures-executor v0.3.34
[INFO] [stderr]    Compiling rustix v0.38.44
[INFO] [stderr]    Compiling regex-syntax v0.8.11
[INFO] [stderr]     Checking ppv-lite86 v0.2.21
[INFO] [stderr]     Checking idna_adapter v1.2.2
[INFO] [stderr]     Checking idna v1.1.0
[INFO] [stderr]    Compiling zvariant_derive v5.15.0
[INFO] [stderr]     Checking wnaf v0.14.1
[INFO] [stderr]     Checking rand_chacha v0.9.0
[INFO] [stderr]     Checking rfc6979 v0.6.0
[INFO] [stderr]     Checking form_urlencoded v1.2.2
[INFO] [stderr]     Checking tinyvec v1.13.3
[INFO] [stderr]    Compiling bytes v1.12.1
[INFO] [stderr]     Checking ipnet v2.12.2
[INFO] [stderr]    Compiling minimal-lexical v0.2.1
[INFO] [stderr]    Compiling linux-raw-sys v0.4.15
[INFO] [stderr]     Checking unicode-normalization v0.1.25
[INFO] [stderr]    Compiling nom v7.1.3
[INFO] [stderr]     Checking rustls-native-certs v0.8.4
[INFO] [stderr]    Compiling prost v0.13.5
[INFO] [stderr]     Checking rand v0.9.5
[INFO] [stderr]     Checking url v2.5.8
[INFO] [stderr]     Checking ecdsa v0.17.0
[INFO] [stderr]     Checking primeorder v0.14.0
[INFO] [stderr]    Compiling curve25519-dalek v5.0.0
[INFO] [stderr]     Checking parking_lot_core v0.9.12
[INFO] [stderr]    Compiling prettyplease v0.2.37
[INFO] [stderr]    Compiling libloading v0.8.9
[INFO] [stderr]     Checking uuid v1.26.1
[INFO] [stderr]    Compiling log v0.4.34
[INFO] [stderr]    Compiling fastrand v2.5.0
[INFO] [stderr]    Compiling bindgen v0.66.1
[INFO] [stderr]     Checking unicode-properties v0.1.4
[INFO] [stderr]    Compiling tempfile v3.27.0
[INFO] [stderr]    Compiling generic-array v0.14.9
[INFO] [stderr]     Checking stringprep v0.1.5
[INFO] [stderr]     Checking tokio-util v0.7.19
[INFO] [stderr]     Checking tokio-rustls v0.26.5
[INFO] [stderr]     Checking tower v0.5.3
[INFO] [stderr]     Checking tokio-stream v0.1.19
[INFO] [stderr]    Compiling petgraph v0.7.1
[INFO] [stderr]    Compiling nix v0.31.3
[INFO] [stderr]    Compiling which v4.4.2
[INFO] [stderr]    Compiling cexpr v0.6.0
[INFO] [stderr]    Compiling prost-types v0.13.5
[INFO] [stderr]    Compiling enumflags2 v0.7.12
[INFO] [stderr]    Compiling zcheapstr v1.1.0
[INFO] [stderr]     Checking opentelemetry v0.33.0
[INFO] [stderr]     Checking h2 v0.4.19
[INFO] [stderr]    Compiling regex v1.13.1
[INFO] [stderr]     Checking polling v3.11.0
[INFO] [stderr]    Compiling curve25519-dalek-derive v0.1.1
[INFO] [stderr]    Compiling der_derive v0.7.3
[INFO] [stderr]     Checking md-5 v0.11.0
[INFO] [stderr]     Checking ssh-encoding v0.3.0
[INFO] [stderr]     Checking keccak v0.2.2
[INFO] [stderr]    Compiling rustc-hash v1.1.0
[INFO] [stderr]    Compiling peeking_take_while v0.1.2
[INFO] [stderr]     Checking const-oid v0.9.6
[INFO] [stderr]    Compiling crc32fast v1.5.2
[INFO] [stderr]    Compiling lazycell v1.3.0
[INFO] [stderr]     Checking flagset v0.4.7
[INFO] [stderr]    Compiling ref-cast v1.0.27
[INFO] [stderr]     Checking fallible-iterator v0.2.0
[INFO] [stderr]     Checking base64 v0.23.1
[INFO] [stderr]    Compiling zvariant v5.15.0
[INFO] [stderr]     Checking postgres-protocol v0.6.12
[INFO] [stderr]    Compiling prost-build v0.13.5
[INFO] [stderr]     Checking phf_shared v0.13.1
[INFO] [stderr]     Checking async-io v2.6.0
[INFO] [stderr]     Checking der v0.7.10
[INFO] [stderr]     Checking hyper v1.11.1
[INFO] [stderr]     Checking tower-http v0.6.11
[INFO] [stderr]     Checking parking_lot v0.12.5
[INFO] [stderr]     Checking rustls-platform-verifier v0.7.0
[INFO] [stderr]     Checking async-channel v2.5.0
[INFO] [stderr]     Checking futures v0.3.34
[INFO] [stderr]     Checking blowfish v0.10.0
[INFO] [stderr]     Checking ed25519 v3.0.0
[INFO] [stderr]     Checking bstr v1.13.1
[INFO] [stderr]    Compiling ref-cast-impl v1.0.27
[INFO] [stderr]    Compiling prost-derive v0.14.4
[INFO] [stderr]    Compiling serde_derive_internals v0.30.0
[INFO] [stderr]     Checking poly1305 v0.9.1
[INFO] [stderr]     Checking blake2 v0.11.0
[INFO] [stderr]    Compiling fs_extra v1.3.0
[INFO] [stderr]    Compiling portable-atomic v1.15.0
[INFO] [stderr]     Checking simd-adler32 v0.3.10
[INFO] [stderr]     Checking miniz_oxide v0.9.1
[INFO] [stderr]     Checking argon2 v0.6.0
[INFO] [stderr]     Checking ssh-cipher v0.3.0
[INFO] [stderr]    Compiling zbus_names v4.3.4
[INFO] [stderr]     Checking ed25519-dalek v3.0.0
[INFO] [stderr]     Checking spki v0.7.3
[INFO] [stderr]    Compiling schemars_derive v1.2.2
[INFO] [stderr]     Checking hyper-util v0.1.20
[INFO] [stderr]     Checking bcrypt-pbkdf v0.11.0
[INFO] [stderr]     Checking async-signal v0.2.14
[INFO] [stderr]     Checking phf v0.13.1
[INFO] [stderr]     Checking prost v0.14.4
[INFO] [stderr]     Checking postgres-types v0.2.14
[INFO] [stderr]     Checking sha3 v0.11.0
[INFO] [stderr]     Checking opentelemetry_sdk v0.33.0
[INFO] [stderr]     Checking p521 v0.14.0
[INFO] [stderr]     Checking p384 v0.14.0
[INFO] [stderr]     Checking p256 v0.14.0
[INFO] [stderr]     Checking chrono v0.4.45
[INFO] [stderr]     Checking hyper-rustls v0.27.10
[INFO] [stderr]     Checking reqwest v0.13.5
[INFO] [stderr]     Checking num-bigint v0.4.8
[INFO] [stderr]    Compiling thiserror-impl v1.0.69
[INFO] [stderr]     Checking sha1 v0.11.0
[INFO] [stderr]     Checking kem v0.3.0
[INFO] [stderr]     Checking module-lattice v0.2.3
[INFO] [stderr]     Checking raw-cpuid v11.6.0
[INFO] [stderr]     Checking whoami v2.1.3
[INFO] [stderr]     Checking num-conv v0.2.2
[INFO] [stderr]     Checking time-core v0.1.9
[INFO] [stderr]     Checking deranged v0.5.8
[INFO] [stderr]     Checking sponge-cursor v0.1.0
[INFO] [stderr]    Compiling rmcp v3.4.1
[INFO] [stderr]     Checking thiserror v1.0.69
[INFO] [stderr]     Checking axum-core v0.5.6
[INFO] [stderr]     Checking itertools v0.10.5
[INFO] [stderr]     Checking num-rational v0.4.2
[INFO] [stderr]     Checking sha3 v0.12.0
[INFO] [stderr]     Checking time v0.3.55
[INFO] [stderr]     Checking tokio-postgres v0.7.18
[INFO] [stderr]     Checking quanta v0.12.6
[INFO] [stderr]     Checking schemars v1.2.2
[INFO] [stderr]     Checking dashmap v6.2.1
[INFO] [stderr]    Compiling pg_query v6.2.0
[INFO] [stderr]     Checking ml-kem v0.3.2
[INFO] [stderr]     Checking opentelemetry-proto v0.33.0
[INFO] [stderr]     Checking blocking v1.7.0
[INFO] [stderr]     Checking opentelemetry-http v0.33.0
[INFO] [stderr]     Checking async-process v2.5.0
[INFO] [stderr]     Checking flate2 v1.1.10
[INFO] [stderr]     Checking russh-cryptovec v0.62.0
[INFO] [stderr]     Checking generic-array v1.4.5
[INFO] [stderr]    Compiling zbus_macros v5.19.0
[INFO] [stderr]     Checking x509-cert v0.2.5
[INFO] [stderr]     Checking globset v0.4.20
[INFO] [stdout] error[E0493]: destructor of `ArrayBuilder<T, N>` cannot be evaluated at compile-time
[INFO] [stdout]    --> /opt/rustwide/cargo-home/registry/src/index.crates.io-1949cf8c6b5b557f/generic-array-1.4.5/src/internal.rs:103:31
[INFO] [stdout]     |
[INFO] [stdout] 103 |     pub unsafe fn assume_init(self) -> GenericArray<T, N> {
[INFO] [stdout]     |                               ^^^^ the destructor for this type cannot be evaluated in constant functions
[INFO] [stdout] ...
[INFO] [stdout] 109 |     }
[INFO] [stdout]     |     - value is dropped here
[INFO] [stdout] 
[INFO] [stdout] 
[INFO] [stdout] error[E0493]: destructor of `GenericArray<core::mem::MaybeUninit<*const T>, N>` cannot be evaluated at compile-time
[INFO] [stdout]    --> /opt/rustwide/cargo-home/registry/src/index.crates.io-1949cf8c6b5b557f/generic-array-1.4.5/src/lib.rs:983:13
[INFO] [stdout]     |
[INFO] [stdout] 983 |         let mut out: GenericArray<MaybeUninit<*const T>, N> = GenericArray::uninit();
[INFO] [stdout]     |             ^^^^^^^ the destructor for this type cannot be evaluated in constant functions
[INFO] [stdout] ...
[INFO] [stdout] 998 |     }
[INFO] [stdout]     |     - value is dropped here
[INFO] [stdout] 
[INFO] [stdout] 
[INFO] [stdout] error[E0493]: destructor of `GenericArray<core::mem::MaybeUninit<*mut T>, N>` cannot be evaluated at compile-time
[INFO] [stdout]     --> /opt/rustwide/cargo-home/registry/src/index.crates.io-1949cf8c6b5b557f/generic-array-1.4.5/src/lib.rs:1018:13
[INFO] [stdout]      |
[INFO] [stdout] 1018 |         let mut out: GenericArray<MaybeUninit<*mut T>, N> = GenericArray::uninit();
[INFO] [stdout]      |             ^^^^^^^ the destructor for this type cannot be evaluated in constant functions
[INFO] [stdout] ...
[INFO] [stdout] 1033 |     }
[INFO] [stdout]      |     - value is dropped here
[INFO] [stdout] 
[INFO] [stdout] 
[INFO] [stdout] For more information about this error, try `rustc --explain E0493`.
[INFO] [stdout] 
[INFO] [stderr] error: could not compile `generic-array` (lib) due to 3 previous errors
[INFO] [stderr] warning: build failed, waiting for other jobs to finish...
[INFO] running `Command { std: "docker" "inspect" "798ffa7e7f58a21fa2d13465752d2b4aa1938828815ac42b98b409e235ee2411", kill_on_drop: false }`
[INFO] running `Command { std: "docker" "rm" "-f" "798ffa7e7f58a21fa2d13465752d2b4aa1938828815ac42b98b409e235ee2411", kill_on_drop: false }`
[INFO] [stdout] 798ffa7e7f58a21fa2d13465752d2b4aa1938828815ac42b98b409e235ee2411
