[INFO] cloning repository https://github.com/devlawey/filar
[INFO] running `Command { std: "git" "-c" "credential.helper=" "-c" "credential.helper=/workspace/cargo-home/bin/git-credential-null" "clone" "--bare" "https://github.com/devlawey/filar" "/workspace/cache/git-repos/https%3A%2F%2Fgithub.com%2Fdevlawey%2Ffilar", kill_on_drop: false }`
[INFO] [stderr] Cloning into bare repository '/workspace/cache/git-repos/https%3A%2F%2Fgithub.com%2Fdevlawey%2Ffilar'...
[INFO] running `Command { std: "git" "rev-parse" "HEAD", kill_on_drop: false }`
[INFO] [stdout] 15bf3d45557695409d6d67570aafa825bec9ba6d
[INFO] checking devlawey/filar against c60b92c03ca8a3b101eb9d57f51e2232690638c7 for pr-164148-crater-rollup
[INFO] running `Command { std: "git" "clone" "/workspace/cache/git-repos/https%3A%2F%2Fgithub.com%2Fdevlawey%2Ffilar" "/workspace/builds/worker-6-tc2/source", kill_on_drop: false }`
[INFO] [stderr] Cloning into '/workspace/builds/worker-6-tc2/source'...
[INFO] [stderr] done.
[INFO] started tweaking git repo https://github.com/devlawey/filar
[INFO] finished tweaking git repo https://github.com/devlawey/filar
[INFO] tweaked toml for git repo https://github.com/devlawey/filar written to /workspace/builds/worker-6-tc2/source/Cargo.toml
[INFO] validating manifest of git repo https://github.com/devlawey/filar on toolchain c60b92c03ca8a3b101eb9d57f51e2232690638c7
[INFO] running `Command { std: CARGO_HOME="/workspace/cargo-home" RUSTUP_HOME="/workspace/rustup-home" "/workspace/cargo-home/bin/cargo" "+c60b92c03ca8a3b101eb9d57f51e2232690638c7" "metadata" "--manifest-path" "Cargo.toml" "--no-deps", kill_on_drop: false }`
[INFO] crate git repo https://github.com/devlawey/filar already has a lockfile, it will not be regenerated
[INFO] running `Command { std: CARGO_HOME="/workspace/cargo-home" RUSTUP_HOME="/workspace/rustup-home" "/workspace/cargo-home/bin/cargo" "+c60b92c03ca8a3b101eb9d57f51e2232690638c7" "fetch" "--manifest-path" "Cargo.toml", kill_on_drop: false }`
[INFO] [stderr] warning: unused field `rust-version` in `workspace.package`
[INFO] [stderr]   --> Cargo.toml:92:1
[INFO] [stderr]    |
[INFO] [stderr] 92 | rust-version = "1.85"
[INFO] [stderr]    | ^^^^^^^^^^^^
[INFO] [stderr]    |
[INFO] [stderr]    = note: `cargo::unused_workspace_package_fields` is set to `warn` by default
[INFO] [stderr] help: consider removing the field `workspace.package.rust-version`
[INFO] [stderr] warning: workspace (manifest) generated 1 warning
[INFO] running `Command { std: "docker" "create" "-v" "/var/lib/crater-agent-workspace/builds/worker-6-tc2/source:/opt/rustwide/workdir:ro,Z" "-v" "/var/lib/crater-agent-workspace/builds/worker-6-tc2/target:/opt/rustwide/target:rw,Z" "-v" "/var/lib/crater-agent-workspace/cargo-home:/opt/rustwide/cargo-home:ro,Z" "-v" "/var/lib/crater-agent-workspace/rustup-home:/opt/rustwide/rustup-home:ro,Z" "-m" "1610612736" "--network" "none" "ghcr.io/rust-lang/crates-build-env/linux@sha256:77db811e55d90add9212f6832c23229e3de5f1c1f9905e8cb07319ea15df73ac" "sleep" "infinity", kill_on_drop: false }`
[INFO] [stdout] c45b23745c5bc88b3c5592b64efc73ace10afb501a52a437d8104cf6a25764db
[INFO] running `Command { std: "docker" "start" "c45b23745c5bc88b3c5592b64efc73ace10afb501a52a437d8104cf6a25764db", kill_on_drop: false }`
[INFO] running `Command { std: "docker" "inspect" "c45b23745c5bc88b3c5592b64efc73ace10afb501a52a437d8104cf6a25764db", kill_on_drop: false }`
[INFO] running `Command { std: "docker" "exec" "-e" "SOURCE_DIR=/opt/rustwide/workdir" "-e" "CARGO_HOME=/opt/rustwide/cargo-home" "-e" "RUSTUP_HOME=/opt/rustwide/rustup-home" "-e" "CARGO_TARGET_DIR=/opt/rustwide/target" "-w" "/opt/rustwide/workdir" "--user" "0:0" "c45b23745c5bc88b3c5592b64efc73ace10afb501a52a437d8104cf6a25764db" "/opt/rustwide/cargo-home/bin/cargo" "+c60b92c03ca8a3b101eb9d57f51e2232690638c7" "metadata" "--no-deps" "--format-version=1", kill_on_drop: false }`
[INFO] running `Command { std: "docker" "inspect" "c45b23745c5bc88b3c5592b64efc73ace10afb501a52a437d8104cf6a25764db", kill_on_drop: false }`
[INFO] running `Command { std: "docker" "exec" "-e" "SOURCE_DIR=/opt/rustwide/workdir" "-e" "CARGO_HOME=/opt/rustwide/cargo-home" "-e" "RUSTUP_HOME=/opt/rustwide/rustup-home" "-e" "CARGO_TARGET_DIR=/opt/rustwide/target" "-e" "CARGO_INCREMENTAL=0" "-e" "RUST_BACKTRACE=full" "-e" "RUSTFLAGS=--cap-lints=forbid" "-e" "RUSTDOCFLAGS=--cap-lints=forbid" "-w" "/opt/rustwide/workdir" "--user" "0:0" "c45b23745c5bc88b3c5592b64efc73ace10afb501a52a437d8104cf6a25764db" "/opt/rustwide/cargo-home/bin/cargo" "+c60b92c03ca8a3b101eb9d57f51e2232690638c7" "check" "--frozen" "--all" "--all-targets" "--message-format=json", kill_on_drop: false }`
[INFO] [stderr] warning: unused field `rust-version` in `workspace.package`
[INFO] [stderr]   --> Cargo.toml:92:1
[INFO] [stderr]    |
[INFO] [stderr] 92 | rust-version = "1.85"
[INFO] [stderr]    | ^^^^^^^^^^^^
[INFO] [stderr]    |
[INFO] [stderr]    = note: `cargo::unused_workspace_package_fields` is set to `warn` by default
[INFO] [stderr] help: consider removing the field `workspace.package.rust-version`
[INFO] [stderr] warning: workspace (manifest) generated 1 warning
[INFO] [stderr]    Compiling serde_core v1.0.228
[INFO] [stderr]     Checking subtle v2.6.1
[INFO] [stderr]    Compiling getrandom v0.4.3
[INFO] [stderr]     Checking smallvec v1.15.2
[INFO] [stderr]    Compiling syn v2.0.118
[INFO] [stderr]    Compiling rustix v1.1.4
[INFO] [stderr]    Compiling cc v1.2.65
[INFO] [stderr]     Checking linux-raw-sys v0.12.1
[INFO] [stderr]     Checking ctutils v0.4.2
[INFO] [stderr]    Compiling serde v1.0.228
[INFO] [stderr]     Checking errno v0.3.14
[INFO] [stderr]     Checking cpubits v0.1.1
[INFO] [stderr]     Checking parking_lot_core v0.9.12
[INFO] [stderr]     Checking signal-hook-registry v1.4.8
[INFO] [stderr]     Checking futures-io v0.3.32
[INFO] [stderr]     Checking memchr v2.8.2
[INFO] [stderr]     Checking parking_lot v0.12.5
[INFO] [stderr]     Checking bytes v1.12.0
[INFO] [stderr]     Checking dlib v0.5.3
[INFO] [stderr]    Compiling wayland-sys v0.31.11
[INFO] [stderr]     Checking mio v1.2.1
[INFO] [stderr]     Checking socket2 v0.6.4
[INFO] [stderr]    Compiling wayland-client v0.31.14
[INFO] [stderr]     Checking ff v0.14.0
[INFO] [stderr]     Checking simd-adler32 v0.3.9
[INFO] [stderr]     Checking base16ct v1.0.0
[INFO] [stderr]    Compiling quick-xml v0.39.4
[INFO] [stderr]     Checking group v0.14.0
[INFO] [stderr]     Checking miniz_oxide v0.8.9
[INFO] [stderr]    Compiling libdbus-sys v0.2.7
[INFO] [stderr]    Compiling zerocopy v0.8.52
[INFO] [stderr]    Compiling serde_json v1.0.150
[INFO] [stderr]    Compiling cmake v0.1.58
[INFO] [stderr]    Compiling wayland-backend v0.3.15
[INFO] [stderr]     Checking flate2 v1.1.9
[INFO] [stderr]    Compiling curve25519-dalek v5.0.0-rc.0
[INFO] [stderr]    Compiling aws-lc-sys v0.41.0
[INFO] [stderr]    Compiling winnow v1.0.3
[INFO] [stderr]    Compiling rustix v0.38.44
[INFO] [stderr]     Checking dbus v0.9.11
[INFO] [stderr]    Compiling wayland-scanner v0.31.10
[INFO] [stderr]     Checking bitflags v2.13.0
[INFO] [stderr]    Compiling nix v0.31.3
[INFO] [stderr]    Compiling memoffset v0.6.5
[INFO] [stderr]     Checking dirs-sys v0.5.0
[INFO] [stderr]    Compiling toml_parser v1.1.2+spec-1.1.0
[INFO] [stderr]     Checking uuid v1.23.3
[INFO] [stderr]    Compiling synstructure v0.13.2
[INFO] [stderr]    Compiling ring v0.17.14
[INFO] [stderr]     Checking num-integer v0.1.46
[INFO] [stderr]    Compiling syn v3.0.3
[INFO] [stderr]     Checking termios v0.2.2
[INFO] [stderr]     Checking ioctl-rs v0.1.6
[INFO] [stderr]     Checking serial-core v0.4.0
[INFO] [stderr]     Checking keccak v0.2.0
[INFO] [stderr]    Compiling toml_datetime v1.1.1+spec-1.1.0
[INFO] [stderr]    Compiling aws-lc-rs v1.17.0
[INFO] [stderr]     Checking fiat-crypto v0.3.0
[INFO] [stderr]    Compiling toml_edit v0.25.12+spec-1.1.0
[INFO] [stderr]    Compiling zeroize_derive v1.5.0
[INFO] [stderr]    Compiling serde_derive v1.0.228
[INFO] [stderr]     Checking zeroize v1.9.0
[INFO] [stderr]     Checking hybrid-array v0.4.12
[INFO] [stderr]    Compiling zerofrom-derive v0.1.7
[INFO] [stderr]     Checking zerofrom v0.1.8
[INFO] [stderr]     Checking crypto-common v0.2.2
[INFO] [stderr]     Checking block-buffer v0.12.1
[INFO] [stderr]     Checking block-padding v0.4.2
[INFO] [stderr]     Checking inout v0.2.2
[INFO] [stderr]    Compiling yoke-derive v0.8.2
[INFO] [stderr]     Checking digest v0.11.3
[INFO] [stderr]     Checking cipher v0.5.2
[INFO] [stderr]    Compiling tracing-attributes v0.1.31
[INFO] [stderr]     Checking yoke v0.8.3
[INFO] [stderr]     Checking hmac v0.13.0
[INFO] [stderr]    Compiling zerovec-derive v0.11.3
[INFO] [stderr]    Compiling displaydoc v0.2.6
[INFO] [stderr]     Checking tracing v0.1.44
[INFO] [stderr]     Checking der v0.8.0
[INFO] [stderr]     Checking pbkdf2 v0.13.0
[INFO] [stderr]     Checking aes v0.9.1
[INFO] [stderr]     Checking sha2 v0.11.0
[INFO] [stderr]     Checking zerovec v0.11.6
[INFO] [stderr]     Checking cbc v0.2.1
[INFO] [stderr]     Checking salsa20 v0.11.0
[INFO] [stderr]     Checking crypto-bigint v0.7.4
[INFO] [stderr]     Checking zerotrie v0.2.4
[INFO] [stderr]     Checking polling v3.11.0
[INFO] [stderr]    Compiling thiserror-impl v1.0.69
[INFO] [stderr]     Checking scrypt v0.12.0
[INFO] [stderr]     Checking tinystr v0.8.3
[INFO] [stderr]     Checking potential_utf v0.1.5
[INFO] [stderr]     Checking icu_collections v2.2.0
[INFO] [stderr]     Checking icu_locale_core v2.2.0
[INFO] [stderr]     Checking spki v0.8.0
[INFO] [stderr]     Checking pkcs5 v0.8.0
[INFO] [stderr]    Compiling tokio-macros v2.7.0
[INFO] [stderr]     Checking pkcs8 v0.11.0
[INFO] [stderr]    Compiling futures-macro v0.3.32
[INFO] [stderr]     Checking tokio v1.52.3
[INFO] [stderr]     Checking icu_provider v2.2.0
[INFO] [stderr]     Checking thiserror v1.0.69
[INFO] [stderr]     Checking signature v3.0.0
[INFO] [stderr]     Checking sec1 v0.8.1
[INFO] [stderr]     Checking icu_properties v2.2.0
[INFO] [stderr]     Checking icu_normalizer v2.2.0
[INFO] [stderr]     Checking futures-util v0.3.32
[INFO] [stderr]     Checking hkdf v0.13.0
[INFO] [stderr]     Checking universal-hash v0.6.1
[INFO] [stderr]    Compiling thiserror-impl v2.0.18
[INFO] [stderr]     Checking rfc6979 v0.5.0
[INFO] [stderr]    Compiling bytemuck_derive v1.10.2
[INFO] [stderr]     Checking wayland-protocols v0.32.13
[INFO] [stderr]     Checking idna_adapter v1.2.2
[INFO] [stderr]     Checking idna v1.1.0
[INFO] [stderr]     Checking elliptic-curve v0.14.0-rc.33
[INFO] [stderr]     Checking url v2.5.8
[INFO] [stderr]     Checking thiserror v2.0.18
[INFO] [stderr]     Checking primefield v0.14.0-rc.12
[INFO] [stderr]     Checking ecdsa v0.17.0-rc.18
[INFO] [stderr]     Checking bytemuck v1.25.0
[INFO] [stderr]     Checking primeorder v0.14.0-rc.10
[INFO] [stderr]     Checking polyval v0.7.1
[INFO] [stderr]     Checking chacha20 v0.10.0
[INFO] [stderr]     Checking ghash v0.6.0
[INFO] [stderr]     Checking ssh-encoding v0.3.0-rc.9
[INFO] [stderr]     Checking serde_spanned v0.6.9
[INFO] [stderr]     Checking toml_datetime v0.6.11
[INFO] [stderr]     Checking ctr v0.10.1
[INFO] [stderr]     Checking aead v0.6.1
[INFO] [stderr]    Compiling curve25519-dalek-derive v0.1.1
[INFO] [stderr]     Checking toml_edit v0.22.27
[INFO] [stderr]     Checking crypto-primes v0.7.2
[INFO] [stderr]     Checking aes-gcm v0.11.0-rc.4
[INFO] [stderr]     Checking poly1305 v0.9.0
[INFO] [stderr]     Checking ed25519 v3.0.0
[INFO] [stderr]     Checking pkcs1 v0.8.0-rc.4
[INFO] [stderr]     Checking blowfish v0.10.0
[INFO] [stderr]     Checking blake2 v0.11.0-rc.6
[INFO] [stderr]     Checking dbus-secret-service v4.1.0
[INFO] [stderr]    Compiling async-trait v0.1.89
[INFO] [stderr]     Checking ed25519-dalek v3.0.0-rc.0
[INFO] [stderr]     Checking rsa v0.10.0-rc.18
[INFO] [stderr]     Checking futures-executor v0.3.32
[INFO] [stderr]     Checking keyring v3.6.3
[INFO] [stderr]     Checking argon2 v0.6.0-rc.8
[INFO] [stderr]     Checking bcrypt-pbkdf v0.11.0
[INFO] [stderr]     Checking ssh-cipher v0.3.0-rc.9
[INFO] [stderr]     Checking toml v0.8.23
[INFO] [stderr]     Checking rand v0.10.1
[INFO] [stderr]     Checking p384 v0.14.0-rc.10
[INFO] [stderr]     Checking p256 v0.14.0-rc.10
[INFO] [stderr]     Checking p521 v0.14.0-rc.10
[INFO] [stderr]     Checking sha1 v0.11.0
[INFO] [stderr]     Checking sha3 v0.11.0
[INFO] [stderr]     Checking kem v0.3.0
[INFO] [stderr]     Checking module-lattice v0.2.3
[INFO] [stderr]    Compiling enumflags2_derive v0.7.12
[INFO] [stderr]     Checking serial-unix v0.4.0
[INFO] [stderr]     Checking event-listener-strategy v0.5.4
[INFO] [stderr]     Checking generic-array v0.14.9
[INFO] [stderr]     Checking dirs v6.0.0
[INFO] [stderr]     Checking futures-lite v2.6.1
[INFO] [stderr]     Checking http v1.4.2
[INFO] [stderr]     Checking untrusted v0.7.1
[INFO] [stderr]    Compiling xml-rs v0.8.28
[INFO] [stderr]     Checking http-body v1.0.1
[INFO] [stderr]     Checking nix v0.25.1
[INFO] [stderr]    Compiling gl_generator v0.14.0
[INFO] [stderr]    Compiling enum_dispatch v0.3.13
[INFO] [stderr]     Checking russh-util v0.52.0
[INFO] [stderr]     Checking tokio-util v0.7.18
[INFO] [stderr]     Checking russh-cryptovec v0.61.0
[INFO] [stderr]     Checking generic-array v1.4.3
[INFO] [stderr]     Checking serial v0.4.0
[INFO] [stderr]     Checking ml-kem v0.3.2
[INFO] [stderr]     Checking internal-russh-num-bigint v0.5.0
[INFO] [stderr]     Checking futures v0.3.32
[INFO] [stderr]    Compiling zvariant_utils v4.0.0
[INFO] [stderr]     Checking filedescriptor v0.8.3
[INFO] [stderr]     Checking rustls-pki-types v1.14.1
[INFO] [stdout] error[E0493]: destructor of `ArrayBuilder<T, N>` cannot be evaluated at compile-time
[INFO] [stdout]    --> /opt/rustwide/cargo-home/registry/src/index.crates.io-1949cf8c6b5b557f/generic-array-1.4.3/src/internal.rs:103:31
[INFO] [stdout]     |
[INFO] [stdout] 103 |     pub unsafe fn assume_init(self) -> GenericArray<T, N> {
[INFO] [stdout]     |                               ^^^^ the destructor for this type cannot be evaluated in constant functions
[INFO] [stdout] ...
[INFO] [stdout] 109 |     }
[INFO] [stdout]     |     - value is dropped here
[INFO] [stdout] 
[INFO] [stdout] 
[INFO] [stdout] error[E0493]: destructor of `GenericArray<core::mem::MaybeUninit<*const T>, N>` cannot be evaluated at compile-time
[INFO] [stdout]    --> /opt/rustwide/cargo-home/registry/src/index.crates.io-1949cf8c6b5b557f/generic-array-1.4.3/src/lib.rs:970:13
[INFO] [stdout]     |
[INFO] [stdout] 970 |         let mut out: GenericArray<MaybeUninit<*const T>, N> = GenericArray::uninit();
[INFO] [stdout]     |             ^^^^^^^ the destructor for this type cannot be evaluated in constant functions
[INFO] [stdout] ...
[INFO] [stdout] 985 |     }
[INFO] [stdout]     |     - value is dropped here
[INFO] [stdout] 
[INFO] [stdout] 
[INFO] [stdout] error[E0493]: destructor of `GenericArray<core::mem::MaybeUninit<*mut T>, N>` cannot be evaluated at compile-time
[INFO] [stdout]     --> /opt/rustwide/cargo-home/registry/src/index.crates.io-1949cf8c6b5b557f/generic-array-1.4.3/src/lib.rs:1005:13
[INFO] [stdout]      |
[INFO] [stdout] 1005 |         let mut out: GenericArray<MaybeUninit<*mut T>, N> = GenericArray::uninit();
[INFO] [stdout]      |             ^^^^^^^ the destructor for this type cannot be evaluated in constant functions
[INFO] [stdout] ...
[INFO] [stdout] 1020 |     }
[INFO] [stdout]      |     - value is dropped here
[INFO] [stdout] 
[INFO] [stdout] 
[INFO] [stdout] For more information about this error, try `rustc --explain E0493`.
[INFO] [stdout] 
[INFO] [stderr] error: could not compile `generic-array` (lib) due to 3 previous errors
[INFO] [stderr] warning: build failed, waiting for other jobs to finish...
[INFO] running `Command { std: "docker" "inspect" "c45b23745c5bc88b3c5592b64efc73ace10afb501a52a437d8104cf6a25764db", kill_on_drop: false }`
[INFO] running `Command { std: "docker" "rm" "-f" "c45b23745c5bc88b3c5592b64efc73ace10afb501a52a437d8104cf6a25764db", kill_on_drop: false }`
[INFO] [stdout] c45b23745c5bc88b3c5592b64efc73ace10afb501a52a437d8104cf6a25764db
