[INFO] cloning repository https://github.com/davidban77/rastreo
[INFO] running `Command { std: "git" "-c" "credential.helper=" "-c" "credential.helper=/workspace/cargo-home/bin/git-credential-null" "clone" "--bare" "https://github.com/davidban77/rastreo" "/workspace/cache/git-repos/https%3A%2F%2Fgithub.com%2Fdavidban77%2Frastreo", kill_on_drop: false }`
[INFO] [stderr] Cloning into bare repository '/workspace/cache/git-repos/https%3A%2F%2Fgithub.com%2Fdavidban77%2Frastreo'...
[INFO] running `Command { std: "git" "rev-parse" "HEAD", kill_on_drop: false }`
[INFO] [stdout] 621859e1bc8b56b43e6a69b37ab3174a17386242
[INFO] checking davidban77/rastreo against c60b92c03ca8a3b101eb9d57f51e2232690638c7 for pr-164148-crater-rollup
[INFO] running `Command { std: "git" "clone" "/workspace/cache/git-repos/https%3A%2F%2Fgithub.com%2Fdavidban77%2Frastreo" "/workspace/builds/worker-7-tc2/source", kill_on_drop: false }`
[INFO] [stderr] Cloning into '/workspace/builds/worker-7-tc2/source'...
[INFO] [stderr] done.
[INFO] removed /workspace/builds/worker-7-tc2/source/.cargo/config.toml
[INFO] removed /workspace/builds/worker-7-tc2/source/rust-toolchain.toml
[INFO] started tweaking git repo https://github.com/davidban77/rastreo
[INFO] finished tweaking git repo https://github.com/davidban77/rastreo
[INFO] tweaked toml for git repo https://github.com/davidban77/rastreo written to /workspace/builds/worker-7-tc2/source/Cargo.toml
[INFO] validating manifest of git repo https://github.com/davidban77/rastreo on toolchain c60b92c03ca8a3b101eb9d57f51e2232690638c7
[INFO] running `Command { std: CARGO_HOME="/workspace/cargo-home" RUSTUP_HOME="/workspace/rustup-home" "/workspace/cargo-home/bin/cargo" "+c60b92c03ca8a3b101eb9d57f51e2232690638c7" "metadata" "--manifest-path" "Cargo.toml" "--no-deps", kill_on_drop: false }`
[INFO] crate git repo https://github.com/davidban77/rastreo already has a lockfile, it will not be regenerated
[INFO] running `Command { std: CARGO_HOME="/workspace/cargo-home" RUSTUP_HOME="/workspace/rustup-home" "/workspace/cargo-home/bin/cargo" "+c60b92c03ca8a3b101eb9d57f51e2232690638c7" "fetch" "--manifest-path" "Cargo.toml", kill_on_drop: false }`
[INFO] [stderr] warning: unused field `categories` in `workspace.package`
[INFO] [stderr]   --> Cargo.toml:74:1
[INFO] [stderr]    |
[INFO] [stderr] 74 | categories = ["command-line-utilities", "network-programming"]
[INFO] [stderr]    | ^^^^^^^^^^
[INFO] [stderr]    |
[INFO] [stderr]    = note: `cargo::unused_workspace_package_fields` is set to `warn` by default
[INFO] [stderr] help: consider removing the field `workspace.package.categories`
[INFO] [stderr] warning: unused field `description` in `workspace.package`
[INFO] [stderr]   --> Cargo.toml:75:1
[INFO] [stderr]    |
[INFO] [stderr] 75 | description = "Enrichment-aware network discovery in Rust — TCP, UDP, HTTP, DNS, SNMP, and ARP probes fused into deduplicated Device...
[INFO] [stderr]    | ^^^^^^^^^^^
[INFO] [stderr]    |
[INFO] [stderr] help: consider removing the field `workspace.package.description`
[INFO] [stderr] warning: unused field `rust-version` in `workspace.package`
[INFO] [stderr]   --> Cargo.toml:81:1
[INFO] [stderr]    |
[INFO] [stderr] 81 | rust-version = "1.93"
[INFO] [stderr]    | ^^^^^^^^^^^^
[INFO] [stderr]    |
[INFO] [stderr] help: consider removing the field `workspace.package.rust-version`
[INFO] [stderr] warning: workspace (manifest) generated 3 warnings
[INFO] [stderr] warning: `package.homepage` is redundant with `package.repository`
[INFO] [stderr]  --> rastreo-server/Cargo.toml:8:1
[INFO] [stderr]   |
[INFO] [stderr] 7 | repository.workspace = true
[INFO] [stderr]   | ----------
[INFO] [stderr] 8 | homepage.workspace = true
[INFO] [stderr]   | ^^^^^^^^
[INFO] [stderr]   |
[INFO] [stderr]   = note: `cargo::redundant_homepage` is set to `warn` by default
[INFO] [stderr] help: consider removing `package.homepage`
[INFO] [stderr] warning: `rastreo-server` (manifest) generated 1 warning
[INFO] [stderr] warning: missing `[lints]` to inherit `[workspace.lints]`
[INFO] [stderr]   --> xtask/Cargo.toml
[INFO] [stderr]    = note: `cargo::missing_lints_inheritance` is set to `warn` by default
[INFO] [stderr] help: to inherit `workspace.lints, add:
[INFO] [stderr]    |
[INFO] [stderr] 18 ~ serde_yaml_ng = { workspace = true }
[INFO] [stderr] 19 + [lints]
[INFO] [stderr] 20 + workspace = true
[INFO] [stderr]    |
[INFO] [stderr] help: to clarify your intent to not inherit, add:
[INFO] [stderr]    |
[INFO] [stderr] 18 ~ serde_yaml_ng = { workspace = true }
[INFO] [stderr] 19 + [lints]
[INFO] [stderr]    |
[INFO] [stderr] warning: `xtask` (manifest) generated 1 warning
[INFO] [stderr] warning: `package.homepage` is redundant with `package.repository`
[INFO] [stderr]  --> rastreo-core/Cargo.toml:8:1
[INFO] [stderr]   |
[INFO] [stderr] 7 | repository.workspace = true
[INFO] [stderr]   | ----------
[INFO] [stderr] 8 | homepage.workspace = true
[INFO] [stderr]   | ^^^^^^^^
[INFO] [stderr]   |
[INFO] [stderr]   = note: `cargo::redundant_homepage` is set to `warn` by default
[INFO] [stderr] help: consider removing `package.homepage`
[INFO] [stderr] warning: `rastreo-core` (manifest) generated 1 warning
[INFO] [stderr] warning: `package.homepage` is redundant with `package.repository`
[INFO] [stderr]  --> rastreo/Cargo.toml:8:1
[INFO] [stderr]   |
[INFO] [stderr] 7 | repository.workspace = true
[INFO] [stderr]   | ----------
[INFO] [stderr] 8 | homepage.workspace = true
[INFO] [stderr]   | ^^^^^^^^
[INFO] [stderr]   |
[INFO] [stderr]   = note: `cargo::redundant_homepage` is set to `warn` by default
[INFO] [stderr] help: consider removing `package.homepage`
[INFO] [stderr] warning: `rastreo` (manifest) generated 1 warning
[INFO] running `Command { std: "docker" "create" "-v" "/var/lib/crater-agent-workspace/builds/worker-7-tc2/source:/opt/rustwide/workdir:ro,Z" "-v" "/var/lib/crater-agent-workspace/builds/worker-7-tc2/target:/opt/rustwide/target:rw,Z" "-v" "/var/lib/crater-agent-workspace/cargo-home:/opt/rustwide/cargo-home:ro,Z" "-v" "/var/lib/crater-agent-workspace/rustup-home:/opt/rustwide/rustup-home:ro,Z" "-m" "1610612736" "--network" "none" "ghcr.io/rust-lang/crates-build-env/linux@sha256:77db811e55d90add9212f6832c23229e3de5f1c1f9905e8cb07319ea15df73ac" "sleep" "infinity", kill_on_drop: false }`
[INFO] [stdout] e41e8aa9506f46cc7c11e1cebb7f8632c90fdea5e779df9e302b0b7746369bde
[INFO] running `Command { std: "docker" "start" "e41e8aa9506f46cc7c11e1cebb7f8632c90fdea5e779df9e302b0b7746369bde", kill_on_drop: false }`
[INFO] running `Command { std: "docker" "inspect" "e41e8aa9506f46cc7c11e1cebb7f8632c90fdea5e779df9e302b0b7746369bde", kill_on_drop: false }`
[INFO] running `Command { std: "docker" "exec" "-e" "SOURCE_DIR=/opt/rustwide/workdir" "-e" "CARGO_HOME=/opt/rustwide/cargo-home" "-e" "RUSTUP_HOME=/opt/rustwide/rustup-home" "-e" "CARGO_TARGET_DIR=/opt/rustwide/target" "-w" "/opt/rustwide/workdir" "--user" "0:0" "e41e8aa9506f46cc7c11e1cebb7f8632c90fdea5e779df9e302b0b7746369bde" "/opt/rustwide/cargo-home/bin/cargo" "+c60b92c03ca8a3b101eb9d57f51e2232690638c7" "metadata" "--no-deps" "--format-version=1", kill_on_drop: false }`
[INFO] running `Command { std: "docker" "inspect" "e41e8aa9506f46cc7c11e1cebb7f8632c90fdea5e779df9e302b0b7746369bde", kill_on_drop: false }`
[INFO] running `Command { std: "docker" "exec" "-e" "SOURCE_DIR=/opt/rustwide/workdir" "-e" "CARGO_HOME=/opt/rustwide/cargo-home" "-e" "RUSTUP_HOME=/opt/rustwide/rustup-home" "-e" "CARGO_TARGET_DIR=/opt/rustwide/target" "-e" "CARGO_INCREMENTAL=0" "-e" "RUST_BACKTRACE=full" "-e" "RUSTFLAGS=--cap-lints=forbid" "-e" "RUSTDOCFLAGS=--cap-lints=forbid" "-w" "/opt/rustwide/workdir" "--user" "0:0" "e41e8aa9506f46cc7c11e1cebb7f8632c90fdea5e779df9e302b0b7746369bde" "/opt/rustwide/cargo-home/bin/cargo" "+c60b92c03ca8a3b101eb9d57f51e2232690638c7" "check" "--frozen" "--all" "--all-targets" "--message-format=json", kill_on_drop: false }`
[INFO] [stderr] warning: unused field `categories` in `workspace.package`
[INFO] [stderr]   --> Cargo.toml:74:1
[INFO] [stderr]    |
[INFO] [stderr] 74 | categories = ["command-line-utilities", "network-programming"]
[INFO] [stderr]    | ^^^^^^^^^^
[INFO] [stderr]    |
[INFO] [stderr]    = note: `cargo::unused_workspace_package_fields` is set to `warn` by default
[INFO] [stderr] help: consider removing the field `workspace.package.categories`
[INFO] [stderr] warning: unused field `description` in `workspace.package`
[INFO] [stderr]   --> Cargo.toml:75:1
[INFO] [stderr]    |
[INFO] [stderr] 75 | description = "Enrichment-aware network discovery in Rust — TCP, UDP, HTTP, DNS, SNMP, and ARP probes fused into deduplicated Device...
[INFO] [stderr]    | ^^^^^^^^^^^
[INFO] [stderr]    |
[INFO] [stderr] help: consider removing the field `workspace.package.description`
[INFO] [stderr] warning: unused field `rust-version` in `workspace.package`
[INFO] [stderr]   --> Cargo.toml:81:1
[INFO] [stderr]    |
[INFO] [stderr] 81 | rust-version = "1.93"
[INFO] [stderr]    | ^^^^^^^^^^^^
[INFO] [stderr]    |
[INFO] [stderr] help: consider removing the field `workspace.package.rust-version`
[INFO] [stderr] warning: workspace (manifest) generated 3 warnings
[INFO] [stderr] warning: `package.homepage` is redundant with `package.repository`
[INFO] [stderr]  --> rastreo-core/Cargo.toml:8:1
[INFO] [stderr]   |
[INFO] [stderr] 7 | repository.workspace = true
[INFO] [stderr]   | ----------
[INFO] [stderr] 8 | homepage.workspace = true
[INFO] [stderr]   | ^^^^^^^^
[INFO] [stderr]   |
[INFO] [stderr]   = note: `cargo::redundant_homepage` is set to `warn` by default
[INFO] [stderr] help: consider removing `package.homepage`
[INFO] [stderr] warning: `rastreo-core` (manifest) generated 1 warning
[INFO] [stderr] warning: `package.homepage` is redundant with `package.repository`
[INFO] [stderr]  --> rastreo/Cargo.toml:8:1
[INFO] [stderr]   |
[INFO] [stderr] 7 | repository.workspace = true
[INFO] [stderr]   | ----------
[INFO] [stderr] 8 | homepage.workspace = true
[INFO] [stderr]   | ^^^^^^^^
[INFO] [stderr]   |
[INFO] [stderr]   = note: `cargo::redundant_homepage` is set to `warn` by default
[INFO] [stderr] help: consider removing `package.homepage`
[INFO] [stderr] warning: `rastreo` (manifest) generated 1 warning
[INFO] [stderr] warning: `package.homepage` is redundant with `package.repository`
[INFO] [stderr]  --> rastreo-server/Cargo.toml:8:1
[INFO] [stderr]   |
[INFO] [stderr] 7 | repository.workspace = true
[INFO] [stderr]   | ----------
[INFO] [stderr] 8 | homepage.workspace = true
[INFO] [stderr]   | ^^^^^^^^
[INFO] [stderr]   |
[INFO] [stderr]   = note: `cargo::redundant_homepage` is set to `warn` by default
[INFO] [stderr] help: consider removing `package.homepage`
[INFO] [stderr] warning: `rastreo-server` (manifest) generated 1 warning
[INFO] [stderr] warning: missing `[lints]` to inherit `[workspace.lints]`
[INFO] [stderr]   --> xtask/Cargo.toml
[INFO] [stderr]    = note: `cargo::missing_lints_inheritance` is set to `warn` by default
[INFO] [stderr] help: to inherit `workspace.lints, add:
[INFO] [stderr]    |
[INFO] [stderr] 18 ~ serde_yaml_ng = { workspace = true }
[INFO] [stderr] 19 + [lints]
[INFO] [stderr] 20 + workspace = true
[INFO] [stderr]    |
[INFO] [stderr] help: to clarify your intent to not inherit, add:
[INFO] [stderr]    |
[INFO] [stderr] 18 ~ serde_yaml_ng = { workspace = true }
[INFO] [stderr] 19 + [lints]
[INFO] [stderr]    |
[INFO] [stderr] warning: `xtask` (manifest) generated 1 warning
[INFO] [stderr]    Compiling proc-macro2 v1.0.106
[INFO] [stderr]     Checking subtle v2.6.1
[INFO] [stderr]     Checking zeroize v1.9.0
[INFO] [stderr]     Checking typenum v1.20.1
[INFO] [stderr]    Compiling quote v1.0.45
[INFO] [stderr]    Compiling serde_core v1.0.228
[INFO] [stderr]     Checking rand_core v0.10.1
[INFO] [stderr]     Checking cmov v0.5.4
[INFO] [stderr]    Compiling getrandom v0.4.3
[INFO] [stderr]     Checking memchr v2.8.2
[INFO] [stderr]    Compiling portable-atomic v1.13.1
[INFO] [stderr]    Compiling num-traits v0.2.19
[INFO] [stderr]     Checking ctutils v0.4.2
[INFO] [stderr]     Checking critical-section v1.2.0
[INFO] [stderr]     Checking log v0.4.32
[INFO] [stderr]     Checking futures-core v0.3.32
[INFO] [stderr]     Checking const-oid v0.10.2
[INFO] [stderr]     Checking cpufeatures v0.3.0
[INFO] [stderr]    Compiling jobserver v0.1.34
[INFO] [stderr]     Checking socket2 v0.6.5
[INFO] [stderr]     Checking mio v1.2.1
[INFO] [stderr]    Compiling cc v1.2.65
[INFO] [stderr]     Checking futures-sink v0.3.32
[INFO] [stderr]     Checking smallvec v1.15.2
[INFO] [stderr]     Checking base64ct v1.8.3
[INFO] [stderr]     Checking once_cell v1.21.4
[INFO] [stderr]    Compiling syn v2.0.118
[INFO] [stderr]     Checking slab v0.4.12
[INFO] [stderr]     Checking tracing-core v0.1.36
[INFO] [stderr]     Checking futures-channel v0.3.32
[INFO] [stderr]     Checking getrandom v0.2.17
[INFO] [stderr]     Checking futures-io v0.3.32
[INFO] [stderr]     Checking cpubits v0.1.1
[INFO] [stderr]    Compiling fs_extra v1.3.0
[INFO] [stderr]    Compiling syn v3.0.3
[INFO] [stderr]    Compiling ref-cast v1.0.25
[INFO] [stderr]    Compiling semver v1.0.28
[INFO] [stderr]     Checking pem-rfc7468 v1.0.0
[INFO] [stderr]     Checking rustls-pki-types v1.15.0
[INFO] [stderr]     Checking untrusted v0.9.0
[INFO] [stderr]    Compiling rustc_version v0.4.1
[INFO] [stderr]     Checking hybrid-array v0.4.13
[INFO] [stderr]     Checking dyn-clone v1.0.20
[INFO] [stderr]    Compiling aws-lc-rs v1.17.0
[INFO] [stderr]    Compiling zerocopy v0.8.52
[INFO] [stderr]     Checking bitflags v2.13.0
[INFO] [stderr]    Compiling httparse v1.10.1
[INFO] [stderr]    Compiling cmake v0.1.58
[INFO] [stderr]    Compiling thiserror v2.0.19
[INFO] [stderr]    Compiling generic-array v0.14.7
[INFO] [stderr]    Compiling either v1.16.0
[INFO] [stderr]     Checking form_urlencoded v1.2.2
[INFO] [stderr]    Compiling rustls v0.23.43
[INFO] [stderr]     Checking tower-service v0.3.3
[INFO] [stderr]     Checking der v0.8.0
[INFO] [stderr]     Checking atomic-waker v1.1.2
[INFO] [stderr]    Compiling ring v0.17.14
[INFO] [stderr]    Compiling aws-lc-sys v0.41.0
[INFO] [stderr]     Checking serde_json v1.0.150
[INFO] [stderr]     Checking try-lock v0.2.5
[INFO] [stderr]     Checking want v0.3.1
[INFO] [stderr]     Checking crypto-common v0.2.2
[INFO] [stderr]     Checking block-buffer v0.12.1
[INFO] [stderr]     Checking block-padding v0.4.2
[INFO] [stderr]     Checking inout v0.2.2
[INFO] [stderr]     Checking crypto-bigint v0.7.5
[INFO] [stderr]     Checking cipher v0.5.2
[INFO] [stderr]     Checking digest v0.11.3
[INFO] [stderr]     Checking universal-hash v0.6.1
[INFO] [stderr]     Checking polyval v0.7.1
[INFO] [stderr]     Checking ghash v0.6.0
[INFO] [stderr]     Checking aead v0.6.1
[INFO] [stderr]     Checking hmac v0.13.0
[INFO] [stderr]     Checking sha2 v0.11.0
[INFO] [stderr]     Checking pbkdf2 v0.13.0
[INFO] [stderr]     Checking httpdate v1.0.3
[INFO] [stderr]     Checking ctr v0.10.1
[INFO] [stderr]     Checking aes v0.9.1
[INFO] [stderr]     Checking salsa20 v0.11.0
[INFO] [stderr]     Checking spki v0.8.0
[INFO] [stderr]     Checking aes-gcm v0.11.0
[INFO] [stderr]     Checking num-integer v0.1.46
[INFO] [stderr]    Compiling anyhow v1.0.104
[INFO] [stderr]     Checking scrypt v0.12.0
[INFO] [stderr]     Checking chacha20 v0.10.0
[INFO] [stderr]     Checking cbc v0.2.1
[INFO] [stderr]     Checking crypto-common v0.1.7
[INFO] [stderr]     Checking block-buffer v0.10.4
[INFO] [stderr]     Checking sync_wrapper v1.0.2
[INFO] [stderr]     Checking tower-layer v0.3.3
[INFO] [stderr]    Compiling num-conv v0.2.1
[INFO] [stderr]     Checking deranged v0.5.8
[INFO] [stderr]    Compiling time-macros v0.2.27
[INFO] [stderr]     Checking digest v0.10.7
[INFO] [stderr]     Checking pkcs5 v0.8.1
[INFO] [stderr]    Compiling synstructure v0.13.2
[INFO] [stderr]    Compiling serde_derive_internals v0.29.1
[INFO] [stderr]    Compiling thiserror-impl v2.0.19
[INFO] [stderr]     Checking aho-corasick v1.1.4
[INFO] [stderr]     Checking regex-syntax v0.8.11
[INFO] [stderr]     Checking time v0.3.47
[INFO] [stderr]     Checking pkcs8 v0.11.0
[INFO] [stderr]    Compiling serde_derive v1.0.228
[INFO] [stderr]    Compiling tokio-macros v2.7.0
[INFO] [stderr]    Compiling tracing-attributes v0.1.31
[INFO] [stderr]    Compiling futures-macro v0.3.32
[INFO] [stderr]    Compiling zerofrom-derive v0.1.7
[INFO] [stderr]    Compiling displaydoc v0.2.6
[INFO] [stderr]     Checking futures-util v0.3.32
[INFO] [stderr]    Compiling yoke-derive v0.8.2
[INFO] [stderr]    Compiling zerovec-derive v0.11.3
[INFO] [stderr]     Checking tracing v0.1.44
[INFO] [stderr]    Compiling ref-cast-impl v1.0.25
[INFO] [stderr]    Compiling schemars_derive v1.2.1
[INFO] [stderr]     Checking zerofrom v0.1.8
[INFO] [stderr]    Compiling zerocopy-derive v0.8.52
[INFO] [stderr]     Checking yoke v0.8.3
[INFO] [stderr]     Checking regex-automata v0.4.16
[INFO] [stderr]     Checking zerotrie v0.2.4
[INFO] [stderr]     Checking zerovec v0.11.6
[INFO] [stderr]     Checking num-bigint v0.4.6
[INFO] [stderr]     Checking tinystr v0.8.3
[INFO] [stderr]     Checking icu_locale_core v2.2.0
[INFO] [stderr]     Checking potential_utf v0.1.5
[INFO] [stderr]     Checking serde v1.0.228
[INFO] [stderr]     Checking icu_collections v2.2.0
[INFO] [stderr]    Compiling itertools v0.14.0
[INFO] [stderr]     Checking bytes v1.12.1
[INFO] [stderr]     Checking schemars v1.2.1
[INFO] [stderr]     Checking icu_provider v2.2.0
[INFO] [stderr]     Checking icu_properties v2.2.0
[INFO] [stderr]     Checking tokio v1.53.1
[INFO] [stderr]     Checking http v1.5.0
[INFO] [stderr]     Checking ipnet v2.12.0
[INFO] [stderr]     Checking icu_normalizer v2.2.0
[INFO] [stderr]     Checking ff v0.14.0
[INFO] [stderr]     Checking http-body v1.0.1
[INFO] [stderr]     Checking idna_adapter v1.2.2
[INFO] [stderr]     Checking http-body-util v0.1.4
[INFO] [stderr]     Checking ryu v1.0.23
[INFO] [stderr]     Checking idna v1.1.0
[INFO] [stderr]     Checking rand v0.10.1
[INFO] [stderr]     Checking url v2.5.8
[INFO] [stderr]    Compiling prost-derive v0.14.4
[INFO] [stderr]     Checking minimal-lexical v0.2.1
[INFO] [stderr]     Checking serde_urlencoded v0.7.1
[INFO] [stderr]     Checking nom v7.1.3
[INFO] [stderr]     Checking group v0.14.0
[INFO] [stderr]    Compiling async-trait v0.1.89
[INFO] [stderr]    Compiling pin-project-internal v1.1.13
[INFO] [stderr]     Checking prost v0.14.4
[INFO] [stderr]     Checking signature v3.0.0
[INFO] [stderr]     Checking mime v0.3.17
[INFO] [stderr]     Checking base16ct v1.0.0
[INFO] [stderr]     Checking pin-project v1.1.13
[INFO] [stderr]     Checking sec1 v0.8.1
[INFO] [stderr]     Checking axum-core v0.5.6
[INFO] [stderr]    Compiling curve25519-dalek-derive v0.1.1
[INFO] [stderr]     Checking hkdf v0.13.0
[INFO] [stderr]     Checking serde_path_to_error v0.1.20
[INFO] [stderr]    Compiling rustix v1.1.4
[INFO] [stderr]     Checking matchit v0.8.4
[INFO] [stderr]     Checking tinyvec_macros v0.1.1
[INFO] [stderr]     Checking tinyvec v1.11.0
[INFO] [stderr]     Checking elliptic-curve v0.14.1
[INFO] [stderr]     Checking prost-types v0.14.4
[INFO] [stderr]     Checking ppv-lite86 v0.2.21
[INFO] [stderr]     Checking regex v1.13.1
[INFO] [stderr]     Checking rand_core v0.6.4
[INFO] [stderr]     Checking data-encoding v2.11.0
[INFO] [stderr]     Checking cpufeatures v0.2.17
[INFO] [stderr]     Checking openssl-probe v0.2.1
[INFO] [stderr]    Compiling radium v0.7.0
[INFO] [stderr]     Checking linux-raw-sys v0.12.1
[INFO] [stderr]     Checking rustls-native-certs v0.8.4
[INFO] [stderr]     Checking wnaf v0.14.0
[INFO] [stderr]     Checking primefield v0.14.0
[INFO] [stderr]     Checking futures-executor v0.3.32
[INFO] [stderr]     Checking rfc6979 v0.6.0
[INFO] [stderr]     Checking webpki-roots v1.0.9
[INFO] [stderr]     Checking pem-rfc7468 v0.7.0
[INFO] [stderr]     Checking tap v1.0.1
[INFO] [stderr]     Checking hex v0.4.3
[INFO] [stderr]     Checking const-oid v0.9.6
[INFO] [stderr]    Compiling crossbeam-utils v0.8.21
[INFO] [stderr]     Checking der v0.7.10
[INFO] [stderr]     Checking wyz v0.5.1
[INFO] [stderr]     Checking ecdsa v0.17.0
[INFO] [stderr]     Checking primeorder v0.14.0
[INFO] [stderr]    Compiling uuid v1.23.3
[INFO] [stderr]     Checking sha2 v0.10.9
[INFO] [stderr]     Checking rand_chacha v0.3.1
[INFO] [stderr]    Compiling serde_repr v0.1.20
[INFO] [stderr]     Checking signature v2.2.0
[INFO] [stderr]    Compiling itertools v0.13.0
[INFO] [stderr]    Compiling curve25519-dalek v4.1.3
[INFO] [stderr]    Compiling curve25519-dalek v5.0.0-rc.1
[INFO] [stderr]    Compiling cfg_aliases v0.2.1
[INFO] [stderr]     Checking funty v2.0.0
[INFO] [stderr]     Checking iana-time-zone v0.1.65
[INFO] [stderr]    Compiling nix v0.31.3
[INFO] [stderr]     Checking chrono v0.4.45
[INFO] [stderr]     Checking spki v0.7.3
[INFO] [stderr]     Checking rand v0.8.6
[INFO] [stderr]     Checking parking_lot_core v0.9.12
[INFO] [stderr]     Checking bitvec v1.1.1
[INFO] [stderr]     Checking tokio-util v0.7.18
[INFO] [stderr]     Checking tokio-stream v0.1.18
[INFO] [stderr]     Checking futures v0.3.32
[INFO] [stderr]     Checking h2 v0.4.15
[INFO] [stderr]     Checking tower v0.5.3
[INFO] [stderr]    Compiling snafu-derive v0.8.9
[INFO] [stderr]     Checking rusticata-macros v4.1.0
[INFO] [stderr]     Checking ssh-encoding v0.3.0
[INFO] [stderr]    Compiling asn1-rs-impl v0.2.0
[INFO] [stderr]    Compiling asn1-rs-derive v0.6.0
[INFO] [stderr]     Checking no-std-net v0.6.0
[INFO] [stderr]    Compiling rustversion v1.0.22
[INFO] [stderr]    Compiling crossbeam-epoch v0.9.20
[INFO] [stderr]    Compiling rasn-derive-impl v0.28.13
[INFO] [stderr]     Checking lazy_static v1.5.0
[INFO] [stderr]     Checking blowfish v0.10.0
[INFO] [stderr]     Checking pnet_base v0.35.0
[INFO] [stderr]     Checking parking_lot v0.12.5
[INFO] [stderr]     Checking asn1-rs v0.7.2
[INFO] [stderr]     Checking pkcs8 v0.10.2
[INFO] [stderr]     Checking bitvec-nom2 v0.2.1
[INFO] [stderr]     Checking ed25519 v2.2.3
[INFO] [stderr]     Checking unicode-normalization v0.1.25
[INFO] [stderr]     Checking ed25519 v3.0.0
[INFO] [stderr]     Checking snafu v0.8.9
[INFO] [stderr]     Checking prefix-trie v0.8.4
[INFO] [stderr]     Checking crypto-primes v0.7.2
[INFO] [stderr]     Checking pkcs1 v0.8.0-rc.4
[INFO] [stderr]     Checking blake2 v0.11.0-rc.6
[INFO] [stderr]     Checking poly1305 v0.9.0
[INFO] [stderr]    Compiling crc32c v0.6.8
[INFO] [stderr]     Checking keccak v0.2.0
[INFO] [stderr]     Checking unicode-properties v0.1.4
[INFO] [stderr]     Checking unicode-bidi v0.3.18
[INFO] [stderr]     Checking xml-no-std v0.8.26
[INFO] [stderr]    Compiling oid-registry v0.8.1
[INFO] [stderr]     Checking hickory-proto v0.26.1
[INFO] [stderr]     Checking stringprep v0.1.5
[INFO] [stderr]     Checking sha3 v0.11.0
[INFO] [stderr]     Checking ssh-cipher v0.3.0
[INFO] [stderr]     Checking argon2 v0.6.0-rc.8
[INFO] [stderr]    Compiling rasn-derive v0.28.13
[INFO] [stderr]     Checking ed25519-dalek v3.0.0-rc.1
[INFO] [stderr]     Checking ed25519-dalek v2.2.0
[INFO] [stderr]     Checking rasn v0.28.13
[INFO] [stderr]     Checking tower-http v0.6.11
[INFO] [stderr]     Checking signatory v0.27.1
[INFO] [stderr]     Checking bcrypt-pbkdf v0.11.0
[INFO] [stderr]     Checking rsa v0.10.0-rc.18
[INFO] [stderr]     Checking hyper v1.10.1
[INFO] [stderr]     Checking crossbeam-channel v0.5.15
[INFO] [stderr]     Checking p384 v0.14.0-rc.15
[INFO] [stderr]     Checking p256 v0.14.0-rc.15
[INFO] [stderr]     Checking p521 v0.14.0-rc.15
[INFO] [stderr]    Compiling thiserror-impl v1.0.69
[INFO] [stderr]     Checking pbkdf2 v0.12.2
[INFO] [stderr]     Checking hmac v0.12.1
[INFO] [stderr]     Checking sha1 v0.11.0
[INFO] [stderr]     Checking kem v0.3.0
[INFO] [stderr]     Checking module-lattice v0.2.3
[INFO] [stderr]     Checking tagptr v0.2.0
[INFO] [stderr]    Compiling enum_dispatch v0.3.13
[INFO] [stderr]     Checking moka v0.12.15
[INFO] [stderr]     Checking hyper-util v0.1.20
[INFO] [stderr]     Checking thiserror v1.0.69
[INFO] [stderr]     Checking ml-kem v0.3.2
[INFO] [stderr]     Checking rsasl v2.3.1
[INFO] [stderr]     Checking hickory-net v0.26.1
[INFO] [stderr]     Checking generic-array v1.4.3
[INFO] [stdout] error[E0493]: destructor of `ArrayBuilder<T, N>` cannot be evaluated at compile-time
[INFO] [stdout]    --> /opt/rustwide/cargo-home/registry/src/index.crates.io-1949cf8c6b5b557f/generic-array-1.4.3/src/internal.rs:103:31
[INFO] [stdout]     |
[INFO] [stdout] 103 |     pub unsafe fn assume_init(self) -> GenericArray<T, N> {
[INFO] [stdout]     |                               ^^^^ the destructor for this type cannot be evaluated in constant functions
[INFO] [stdout] ...
[INFO] [stdout] 109 |     }
[INFO] [stdout]     |     - value is dropped here
[INFO] [stdout] 
[INFO] [stdout] 
[INFO] [stdout] error[E0493]: destructor of `GenericArray<core::mem::MaybeUninit<*const T>, N>` cannot be evaluated at compile-time
[INFO] [stdout]    --> /opt/rustwide/cargo-home/registry/src/index.crates.io-1949cf8c6b5b557f/generic-array-1.4.3/src/lib.rs:970:13
[INFO] [stdout]     |
[INFO] [stdout] 970 |         let mut out: GenericArray<MaybeUninit<*const T>, N> = GenericArray::uninit();
[INFO] [stdout]     |             ^^^^^^^ the destructor for this type cannot be evaluated in constant functions
[INFO] [stdout] ...
[INFO] [stdout] 985 |     }
[INFO] [stdout]     |     - value is dropped here
[INFO] [stdout] 
[INFO] [stdout] 
[INFO] [stdout] error[E0493]: destructor of `GenericArray<core::mem::MaybeUninit<*mut T>, N>` cannot be evaluated at compile-time
[INFO] [stdout]     --> /opt/rustwide/cargo-home/registry/src/index.crates.io-1949cf8c6b5b557f/generic-array-1.4.3/src/lib.rs:1005:13
[INFO] [stdout]      |
[INFO] [stdout] 1005 |         let mut out: GenericArray<MaybeUninit<*mut T>, N> = GenericArray::uninit();
[INFO] [stdout]      |             ^^^^^^^ the destructor for this type cannot be evaluated in constant functions
[INFO] [stdout] ...
[INFO] [stdout] 1020 |     }
[INFO] [stdout]      |     - value is dropped here
[INFO] [stdout] 
[INFO] [stdout] 
[INFO] [stdout] For more information about this error, try `rustc --explain E0493`.
[INFO] [stdout] 
[INFO] [stderr] error: could not compile `generic-array` (lib) due to 3 previous errors
[INFO] [stderr] warning: build failed, waiting for other jobs to finish...
[INFO] running `Command { std: "docker" "inspect" "e41e8aa9506f46cc7c11e1cebb7f8632c90fdea5e779df9e302b0b7746369bde", kill_on_drop: false }`
[INFO] running `Command { std: "docker" "rm" "-f" "e41e8aa9506f46cc7c11e1cebb7f8632c90fdea5e779df9e302b0b7746369bde", kill_on_drop: false }`
[INFO] [stdout] e41e8aa9506f46cc7c11e1cebb7f8632c90fdea5e779df9e302b0b7746369bde
