[INFO] cloning repository https://github.com/confold/confold
[INFO] running `Command { std: "git" "-c" "credential.helper=" "-c" "credential.helper=/workspace/cargo-home/bin/git-credential-null" "clone" "--bare" "https://github.com/confold/confold" "/workspace/cache/git-repos/https%3A%2F%2Fgithub.com%2Fconfold%2Fconfold", kill_on_drop: false }`
[INFO] [stderr] Cloning into bare repository '/workspace/cache/git-repos/https%3A%2F%2Fgithub.com%2Fconfold%2Fconfold'...
[INFO] running `Command { std: "git" "rev-parse" "HEAD", kill_on_drop: false }`
[INFO] [stdout] 270c82ad4c503d7f06d114b3d2fe3d47570f0f77
[INFO] checking confold/confold against c60b92c03ca8a3b101eb9d57f51e2232690638c7 for pr-164148-crater-rollup
[INFO] running `Command { std: "git" "clone" "/workspace/cache/git-repos/https%3A%2F%2Fgithub.com%2Fconfold%2Fconfold" "/workspace/builds/worker-2-tc2/source", kill_on_drop: false }`
[INFO] [stderr] Cloning into '/workspace/builds/worker-2-tc2/source'...
[INFO] [stderr] done.
[INFO] removed /workspace/builds/worker-2-tc2/source/.cargo/config.toml
[INFO] removed /workspace/builds/worker-2-tc2/source/rust-toolchain.toml
[INFO] started tweaking git repo https://github.com/confold/confold
[INFO] finished tweaking git repo https://github.com/confold/confold
[INFO] tweaked toml for git repo https://github.com/confold/confold written to /workspace/builds/worker-2-tc2/source/Cargo.toml
[INFO] validating manifest of git repo https://github.com/confold/confold on toolchain c60b92c03ca8a3b101eb9d57f51e2232690638c7
[INFO] running `Command { std: CARGO_HOME="/workspace/cargo-home" RUSTUP_HOME="/workspace/rustup-home" "/workspace/cargo-home/bin/cargo" "+c60b92c03ca8a3b101eb9d57f51e2232690638c7" "metadata" "--manifest-path" "Cargo.toml" "--no-deps", kill_on_drop: false }`
[INFO] crate git repo https://github.com/confold/confold already has a lockfile, it will not be regenerated
[INFO] running `Command { std: CARGO_HOME="/workspace/cargo-home" RUSTUP_HOME="/workspace/rustup-home" "/workspace/cargo-home/bin/cargo" "+c60b92c03ca8a3b101eb9d57f51e2232690638c7" "fetch" "--manifest-path" "Cargo.toml", kill_on_drop: false }`
[INFO] [stderr] warning: unused workspace dependency `confold-provider`
[INFO] [stderr]   --> Cargo.toml:28:25
[INFO] [stderr]    |
[INFO] [stderr] 28 | [workspace.dependencies.confold-provider]
[INFO] [stderr]    |                         ^^^^^^^^^^^^^^^^
[INFO] [stderr]    |
[INFO] [stderr]    = note: `cargo::unused_workspace_dependencies` is set to `warn` by default
[INFO] [stderr] help: consider removing the workspace dependency `confold-provider`
[INFO] [stderr] warning: unused workspace dependency `confold-sync`
[INFO] [stderr]   --> Cargo.toml:34:25
[INFO] [stderr]    |
[INFO] [stderr] 34 | [workspace.dependencies.confold-sync]
[INFO] [stderr]    |                         ^^^^^^^^^^^^
[INFO] [stderr]    |
[INFO] [stderr] help: consider removing the workspace dependency `confold-sync`
[INFO] [stderr] warning: unused workspace dependency `confold-textdiff`
[INFO] [stderr]   --> Cargo.toml:37:25
[INFO] [stderr]    |
[INFO] [stderr] 37 | [workspace.dependencies.confold-textdiff]
[INFO] [stderr]    |                         ^^^^^^^^^^^^^^^^
[INFO] [stderr]    |
[INFO] [stderr] help: consider removing the workspace dependency `confold-textdiff`
[INFO] [stderr] warning: workspace (manifest) generated 3 warnings
[INFO] running `Command { std: "docker" "create" "-v" "/var/lib/crater-agent-workspace/builds/worker-2-tc2/source:/opt/rustwide/workdir:ro,Z" "-v" "/var/lib/crater-agent-workspace/builds/worker-2-tc2/target:/opt/rustwide/target:rw,Z" "-v" "/var/lib/crater-agent-workspace/cargo-home:/opt/rustwide/cargo-home:ro,Z" "-v" "/var/lib/crater-agent-workspace/rustup-home:/opt/rustwide/rustup-home:ro,Z" "-m" "1610612736" "--network" "none" "ghcr.io/rust-lang/crates-build-env/linux@sha256:77db811e55d90add9212f6832c23229e3de5f1c1f9905e8cb07319ea15df73ac" "sleep" "infinity", kill_on_drop: false }`
[INFO] [stdout] a72334e69545dd10d3a8f9202f78cf102e78ebc5e5cf7997c65b088e04b812a7
[INFO] running `Command { std: "docker" "start" "a72334e69545dd10d3a8f9202f78cf102e78ebc5e5cf7997c65b088e04b812a7", kill_on_drop: false }`
[INFO] running `Command { std: "docker" "inspect" "a72334e69545dd10d3a8f9202f78cf102e78ebc5e5cf7997c65b088e04b812a7", kill_on_drop: false }`
[INFO] running `Command { std: "docker" "exec" "-e" "SOURCE_DIR=/opt/rustwide/workdir" "-e" "CARGO_HOME=/opt/rustwide/cargo-home" "-e" "RUSTUP_HOME=/opt/rustwide/rustup-home" "-e" "CARGO_TARGET_DIR=/opt/rustwide/target" "-w" "/opt/rustwide/workdir" "--user" "0:0" "a72334e69545dd10d3a8f9202f78cf102e78ebc5e5cf7997c65b088e04b812a7" "/opt/rustwide/cargo-home/bin/cargo" "+c60b92c03ca8a3b101eb9d57f51e2232690638c7" "metadata" "--no-deps" "--format-version=1", kill_on_drop: false }`
[INFO] running `Command { std: "docker" "inspect" "a72334e69545dd10d3a8f9202f78cf102e78ebc5e5cf7997c65b088e04b812a7", kill_on_drop: false }`
[INFO] running `Command { std: "docker" "exec" "-e" "SOURCE_DIR=/opt/rustwide/workdir" "-e" "CARGO_HOME=/opt/rustwide/cargo-home" "-e" "RUSTUP_HOME=/opt/rustwide/rustup-home" "-e" "CARGO_TARGET_DIR=/opt/rustwide/target" "-e" "CARGO_INCREMENTAL=0" "-e" "RUST_BACKTRACE=full" "-e" "RUSTFLAGS=--cap-lints=forbid" "-e" "RUSTDOCFLAGS=--cap-lints=forbid" "-w" "/opt/rustwide/workdir" "--user" "0:0" "a72334e69545dd10d3a8f9202f78cf102e78ebc5e5cf7997c65b088e04b812a7" "/opt/rustwide/cargo-home/bin/cargo" "+c60b92c03ca8a3b101eb9d57f51e2232690638c7" "check" "--frozen" "--all" "--all-targets" "--message-format=json", kill_on_drop: false }`
[INFO] [stderr] warning: unused workspace dependency `confold-provider`
[INFO] [stderr]   --> Cargo.toml:28:25
[INFO] [stderr]    |
[INFO] [stderr] 28 | [workspace.dependencies.confold-provider]
[INFO] [stderr]    |                         ^^^^^^^^^^^^^^^^
[INFO] [stderr]    |
[INFO] [stderr]    = note: `cargo::unused_workspace_dependencies` is set to `warn` by default
[INFO] [stderr] help: consider removing the workspace dependency `confold-provider`
[INFO] [stderr] warning: unused workspace dependency `confold-sync`
[INFO] [stderr]   --> Cargo.toml:34:25
[INFO] [stderr]    |
[INFO] [stderr] 34 | [workspace.dependencies.confold-sync]
[INFO] [stderr]    |                         ^^^^^^^^^^^^
[INFO] [stderr]    |
[INFO] [stderr] help: consider removing the workspace dependency `confold-sync`
[INFO] [stderr] warning: unused workspace dependency `confold-textdiff`
[INFO] [stderr]   --> Cargo.toml:37:25
[INFO] [stderr]    |
[INFO] [stderr] 37 | [workspace.dependencies.confold-textdiff]
[INFO] [stderr]    |                         ^^^^^^^^^^^^^^^^
[INFO] [stderr]    |
[INFO] [stderr] help: consider removing the workspace dependency `confold-textdiff`
[INFO] [stderr] warning: workspace (manifest) generated 3 warnings
[INFO] [stderr]    Compiling libc v0.2.186
[INFO] [stderr]     Checking zeroize v1.8.2
[INFO] [stderr]     Checking subtle v2.6.1
[INFO] [stderr]    Compiling getrandom v0.4.2
[INFO] [stderr]     Checking memchr v2.8.1
[INFO] [stderr]     Checking cpubits v0.1.1
[INFO] [stderr]     Checking base64ct v1.8.3
[INFO] [stderr]     Checking bitflags v2.13.0
[INFO] [stderr]     Checking log v0.4.32
[INFO] [stderr]    Compiling thiserror-impl v1.0.69
[INFO] [stderr]     Checking serde v1.0.228
[INFO] [stderr]     Checking zerofrom v0.1.8
[INFO] [stderr]     Checking smallvec v1.15.1
[INFO] [stderr]    Compiling futures-macro v0.3.32
[INFO] [stderr]    Compiling syn v3.0.3
[INFO] [stderr]    Compiling aws-lc-rs v1.17.0
[INFO] [stderr]     Checking ctutils v0.4.2
[INFO] [stderr]    Compiling rustix v1.1.4
[INFO] [stderr]     Checking yoke v0.8.3
[INFO] [stderr]     Checking regex-syntax v0.8.10
[INFO] [stderr]     Checking ff v0.14.0
[INFO] [stderr]     Checking base16ct v1.0.0
[INFO] [stderr]     Checking rustls-pki-types v1.15.1
[INFO] [stderr]     Checking http v1.5.0
[INFO] [stderr]     Checking group v0.14.0
[INFO] [stderr]     Checking pem-rfc7468 v1.0.0
[INFO] [stderr]     Checking hybrid-array v0.4.12
[INFO] [stderr]     Checking zerovec v0.11.6
[INFO] [stderr]     Checking rayon v1.12.0
[INFO] [stderr]    Compiling rustls v0.23.43
[INFO] [stderr]     Checking der v0.8.0
[INFO] [stderr]    Compiling libm v0.2.16
[INFO] [stderr]     Checking clap_lex v1.0.1
[INFO] [stderr]    Compiling zerocopy v0.8.50
[INFO] [stderr]     Checking serde_json v1.0.150
[INFO] [stderr]     Checking aho-corasick v1.1.4
[INFO] [stderr]    Compiling clap_derive v4.5.61
[INFO] [stderr]     Checking futures-util v0.3.32
[INFO] [stderr]     Checking clap_builder v4.5.61
[INFO] [stderr]    Compiling curve25519-dalek v5.0.0-rc.0
[INFO] [stderr]     Checking http-body v1.1.0
[INFO] [stderr]    Compiling jobserver v0.1.34
[INFO] [stderr]     Checking potential_utf v0.1.5
[INFO] [stderr]    Compiling zerocopy-derive v0.8.50
[INFO] [stderr]     Checking similar v2.7.0
[INFO] [stderr]    Compiling nix v0.31.3
[INFO] [stderr]     Checking thiserror v1.0.69
[INFO] [stderr]    Compiling cc v1.2.63
[INFO] [stderr]    Compiling curve25519-dalek-derive v0.1.1
[INFO] [stderr]     Checking rustls-native-certs v0.8.4
[INFO] [stderr]     Checking keccak v0.2.0
[INFO] [stderr]     Checking ciborium-io v0.2.2
[INFO] [stderr]     Checking plotters-backend v0.3.7
[INFO] [stderr]     Checking spki v0.8.0
[INFO] [stderr]     Checking fiat-crypto v0.3.0
[INFO] [stderr]     Checking block-buffer v0.12.0
[INFO] [stderr]     Checking block-padding v0.4.2
[INFO] [stderr]     Checking sec1 v0.8.1
[INFO] [stderr]     Checking pkcs1 v0.8.0-rc.4
[INFO] [stderr]     Checking inout v0.2.2
[INFO] [stderr]     Checking module-lattice v0.2.3
[INFO] [stderr]     Checking plotters-svg v0.3.7
[INFO] [stderr]     Checking thiserror v2.0.18
[INFO] [stderr]     Checking generic-array v0.14.7
[INFO] [stderr]     Checking http-body-util v0.1.4
[INFO] [stderr]     Checking itertools v0.10.5
[INFO] [stderr]     Checking cast v0.3.0
[INFO] [stderr]     Checking hex v0.4.3
[INFO] [stderr]    Compiling enum_dispatch v0.3.13
[INFO] [stderr]     Checking generic-array v1.4.3
[INFO] [stderr]     Checking regex-automata v0.4.14
[INFO] [stderr]     Checking chrono v0.4.45
[INFO] [stderr]     Checking mio v1.2.1
[INFO] [stderr]     Checking crypto-common v0.2.2
[INFO] [stderr]     Checking socket2 v0.6.4
[INFO] [stderr]    Compiling cmake v0.1.58
[INFO] [stderr]     Checking crypto-bigint v0.7.3
[INFO] [stdout] error[E0493]: destructor of `ArrayBuilder<T, N>` cannot be evaluated at compile-time
[INFO] [stdout]    --> /opt/rustwide/cargo-home/registry/src/index.crates.io-1949cf8c6b5b557f/generic-array-1.4.3/src/internal.rs:103:31
[INFO] [stdout]     |
[INFO] [stdout] 103 |     pub unsafe fn assume_init(self) -> GenericArray<T, N> {
[INFO] [stdout]     |                               ^^^^ the destructor for this type cannot be evaluated in constant functions
[INFO] [stdout] ...
[INFO] [stdout] 109 |     }
[INFO] [stdout]     |     - value is dropped here
[INFO] [stdout] 
[INFO] [stdout] 
[INFO] [stderr]     Checking tokio v1.52.3
[INFO] [stdout] error[E0493]: destructor of `GenericArray<core::mem::MaybeUninit<*const T>, N>` cannot be evaluated at compile-time
[INFO] [stdout]    --> /opt/rustwide/cargo-home/registry/src/index.crates.io-1949cf8c6b5b557f/generic-array-1.4.3/src/lib.rs:970:13
[INFO] [stdout]     |
[INFO] [stdout] 970 |         let mut out: GenericArray<MaybeUninit<*const T>, N> = GenericArray::uninit();
[INFO] [stdout]     |             ^^^^^^^ the destructor for this type cannot be evaluated in constant functions
[INFO] [stdout] ...
[INFO] [stdout] 985 |     }
[INFO] [stdout]     |     - value is dropped here
[INFO] [stdout] 
[INFO] [stdout] 
[INFO] [stderr]     Checking digest v0.11.3
[INFO] [stderr]     Checking cipher v0.5.2
[INFO] [stdout] error[E0493]: destructor of `GenericArray<core::mem::MaybeUninit<*mut T>, N>` cannot be evaluated at compile-time
[INFO] [stdout]     --> /opt/rustwide/cargo-home/registry/src/index.crates.io-1949cf8c6b5b557f/generic-array-1.4.3/src/lib.rs:1005:13
[INFO] [stdout]      |
[INFO] [stdout] 1005 |         let mut out: GenericArray<MaybeUninit<*mut T>, N> = GenericArray::uninit();
[INFO] [stdout]      |             ^^^^^^^ the destructor for this type cannot be evaluated in constant functions
[INFO] [stdout] ...
[INFO] [stdout] 1020 |     }
[INFO] [stdout]      |     - value is dropped here
[INFO] [stdout] 
[INFO] [stdout] 
[INFO] [stdout] For more information about this error, try `rustc --explain E0493`.
[INFO] [stdout] 
[INFO] [stderr] error: could not compile `generic-array` (lib) due to 3 previous errors
[INFO] [stderr] warning: build failed, waiting for other jobs to finish...
[INFO] running `Command { std: "docker" "inspect" "a72334e69545dd10d3a8f9202f78cf102e78ebc5e5cf7997c65b088e04b812a7", kill_on_drop: false }`
[INFO] running `Command { std: "docker" "rm" "-f" "a72334e69545dd10d3a8f9202f78cf102e78ebc5e5cf7997c65b088e04b812a7", kill_on_drop: false }`
[INFO] [stdout] a72334e69545dd10d3a8f9202f78cf102e78ebc5e5cf7997c65b088e04b812a7
