[INFO] cloning repository https://github.com/commonmeasure/commonmeasure
[INFO] running `Command { std: "git" "-c" "credential.helper=" "-c" "credential.helper=/workspace/cargo-home/bin/git-credential-null" "clone" "--bare" "https://github.com/commonmeasure/commonmeasure" "/workspace/cache/git-repos/https%3A%2F%2Fgithub.com%2Fcommonmeasure%2Fcommonmeasure", kill_on_drop: false }`
[INFO] [stderr] Cloning into bare repository '/workspace/cache/git-repos/https%3A%2F%2Fgithub.com%2Fcommonmeasure%2Fcommonmeasure'...
[INFO] running `Command { std: "git" "rev-parse" "HEAD", kill_on_drop: false }`
[INFO] [stdout] d241bf8704853e042ec56e3fe13f07f3907a0935
[INFO] checking commonmeasure/commonmeasure against c60b92c03ca8a3b101eb9d57f51e2232690638c7 for pr-164148-crater-rollup
[INFO] running `Command { std: "git" "clone" "/workspace/cache/git-repos/https%3A%2F%2Fgithub.com%2Fcommonmeasure%2Fcommonmeasure" "/workspace/builds/worker-5-tc2/source", kill_on_drop: false }`
[INFO] [stderr] Cloning into '/workspace/builds/worker-5-tc2/source'...
[INFO] [stderr] done.
[INFO] started tweaking git repo https://github.com/commonmeasure/commonmeasure
[INFO] finished tweaking git repo https://github.com/commonmeasure/commonmeasure
[INFO] tweaked toml for git repo https://github.com/commonmeasure/commonmeasure written to /workspace/builds/worker-5-tc2/source/Cargo.toml
[INFO] validating manifest of git repo https://github.com/commonmeasure/commonmeasure on toolchain c60b92c03ca8a3b101eb9d57f51e2232690638c7
[INFO] running `Command { std: CARGO_HOME="/workspace/cargo-home" RUSTUP_HOME="/workspace/rustup-home" "/workspace/cargo-home/bin/cargo" "+c60b92c03ca8a3b101eb9d57f51e2232690638c7" "metadata" "--manifest-path" "Cargo.toml" "--no-deps", kill_on_drop: false }`
[INFO] crate git repo https://github.com/commonmeasure/commonmeasure already has a lockfile, it will not be regenerated
[INFO] running `Command { std: CARGO_HOME="/workspace/cargo-home" RUSTUP_HOME="/workspace/rustup-home" "/workspace/cargo-home/bin/cargo" "+c60b92c03ca8a3b101eb9d57f51e2232690638c7" "fetch" "--manifest-path" "Cargo.toml", kill_on_drop: false }`
[INFO] running `Command { std: "docker" "create" "-v" "/var/lib/crater-agent-workspace/builds/worker-5-tc2/source:/opt/rustwide/workdir:ro,Z" "-v" "/var/lib/crater-agent-workspace/builds/worker-5-tc2/target:/opt/rustwide/target:rw,Z" "-v" "/var/lib/crater-agent-workspace/cargo-home:/opt/rustwide/cargo-home:ro,Z" "-v" "/var/lib/crater-agent-workspace/rustup-home:/opt/rustwide/rustup-home:ro,Z" "-m" "1610612736" "--network" "none" "ghcr.io/rust-lang/crates-build-env/linux@sha256:77db811e55d90add9212f6832c23229e3de5f1c1f9905e8cb07319ea15df73ac" "sleep" "infinity", kill_on_drop: false }`
[INFO] [stdout] 602ff93f711d101a5c66b68089ed9c7af515f821683e833836d9106228821492
[INFO] running `Command { std: "docker" "start" "602ff93f711d101a5c66b68089ed9c7af515f821683e833836d9106228821492", kill_on_drop: false }`
[INFO] running `Command { std: "docker" "inspect" "602ff93f711d101a5c66b68089ed9c7af515f821683e833836d9106228821492", kill_on_drop: false }`
[INFO] running `Command { std: "docker" "exec" "-e" "SOURCE_DIR=/opt/rustwide/workdir" "-e" "CARGO_HOME=/opt/rustwide/cargo-home" "-e" "RUSTUP_HOME=/opt/rustwide/rustup-home" "-e" "CARGO_TARGET_DIR=/opt/rustwide/target" "-w" "/opt/rustwide/workdir" "--user" "0:0" "602ff93f711d101a5c66b68089ed9c7af515f821683e833836d9106228821492" "/opt/rustwide/cargo-home/bin/cargo" "+c60b92c03ca8a3b101eb9d57f51e2232690638c7" "metadata" "--no-deps" "--format-version=1", kill_on_drop: false }`
[INFO] running `Command { std: "docker" "inspect" "602ff93f711d101a5c66b68089ed9c7af515f821683e833836d9106228821492", kill_on_drop: false }`
[INFO] running `Command { std: "docker" "exec" "-e" "SOURCE_DIR=/opt/rustwide/workdir" "-e" "CARGO_HOME=/opt/rustwide/cargo-home" "-e" "RUSTUP_HOME=/opt/rustwide/rustup-home" "-e" "CARGO_TARGET_DIR=/opt/rustwide/target" "-e" "CARGO_INCREMENTAL=0" "-e" "RUST_BACKTRACE=full" "-e" "RUSTFLAGS=--cap-lints=forbid" "-e" "RUSTDOCFLAGS=--cap-lints=forbid" "-w" "/opt/rustwide/workdir" "--user" "0:0" "602ff93f711d101a5c66b68089ed9c7af515f821683e833836d9106228821492" "/opt/rustwide/cargo-home/bin/cargo" "+c60b92c03ca8a3b101eb9d57f51e2232690638c7" "check" "--frozen" "--all" "--all-targets" "--message-format=json", kill_on_drop: false }`
[INFO] [stderr]    Compiling proc-macro2 v1.0.107
[INFO] [stderr]    Compiling quote v1.0.47
[INFO] [stderr]    Compiling unicode-ident v1.0.24
[INFO] [stderr]    Compiling serde_core v1.0.229
[INFO] [stderr]    Compiling libc v0.2.189
[INFO] [stderr]    Compiling serde v1.0.229
[INFO] [stderr]     Checking typenum v1.20.1
[INFO] [stderr]     Checking memchr v2.8.3
[INFO] [stderr]    Compiling libm v0.2.16
[INFO] [stderr]    Compiling autocfg v1.5.1
[INFO] [stderr]    Compiling generic-array v0.14.7
[INFO] [stderr]     Checking subtle v2.6.1
[INFO] [stderr]     Checking const-oid v0.9.6
[INFO] [stderr]    Compiling num-traits v0.2.19
[INFO] [stderr]     Checking smallvec v1.15.2
[INFO] [stderr]     Checking itoa v1.0.18
[INFO] [stderr]     Checking stable_deref_trait v1.2.1
[INFO] [stderr]     Checking once_cell v1.21.4
[INFO] [stderr]     Checking hashbrown v0.17.1
[INFO] [stderr]     Checking writeable v0.6.3
[INFO] [stderr]    Compiling syn v2.0.119
[INFO] [stderr]    Compiling syn v3.0.3
[INFO] [stderr]     Checking cpufeatures v0.2.17
[INFO] [stderr]    Compiling zmij v1.0.23
[INFO] [stderr]     Checking litemap v0.8.2
[INFO] [stderr]     Checking indexmap v2.14.2
[INFO] [stderr]     Checking rand_core v0.10.1
[INFO] [stderr]     Checking getrandom v0.2.17
[INFO] [stderr]    Compiling icu_normalizer_data v2.2.0
[INFO] [stderr]    Compiling icu_properties_data v2.2.0
[INFO] [stderr]    Compiling serde_json v1.0.151
[INFO] [stderr]    Compiling find-msvc-tools v0.1.9
[INFO] [stderr]    Compiling shlex v2.0.1
[INFO] [stderr]    Compiling cc v1.2.65
[INFO] [stderr]    Compiling getrandom v0.4.3
[INFO] [stderr]     Checking iana-time-zone v0.1.65
[INFO] [stderr]    Compiling crc32fast v1.5.1
[INFO] [stderr]     Checking simd-adler32 v0.3.10
[INFO] [stderr]    Compiling zerocopy v0.8.55
[INFO] [stderr]     Checking miniz_oxide v0.9.1
[INFO] [stderr]    Compiling ref-cast v1.0.27
[INFO] [stderr]     Checking sha1_smol v1.0.1
[INFO] [stderr]     Checking siphasher v1.0.3
[INFO] [stderr]    Compiling anyhow v1.0.104
[INFO] [stderr]     Checking ryu v1.0.23
[INFO] [stderr]     Checking phf_shared v0.12.1
[INFO] [stderr]    Compiling chrono-tz v0.10.4
[INFO] [stderr]    Compiling rustls v0.23.43
[INFO] [stderr]     Checking phf v0.12.1
[INFO] [stderr]     Checking base64ct v1.8.3
[INFO] [stderr]     Checking flate2 v1.1.10
[INFO] [stderr]     Checking bitflags v2.13.1
[INFO] [stderr]     Checking uuid v1.24.0
[INFO] [stderr]     Checking dyn-clone v1.0.20
[INFO] [stderr]     Checking rand_core v0.6.4
[INFO] [stderr]    Compiling rustix v1.1.4
[INFO] [stderr]     Checking linux-raw-sys v0.12.1
[INFO] [stderr]     Checking fastrand v2.5.0
[INFO] [stderr]    Compiling commonmeasure-supply v0.4.14 (/opt/rustwide/workdir/crates/commonmeasure-supply)
[INFO] [stderr]     Checking pem-rfc7468 v0.7.0
[INFO] [stderr]     Checking bytes v1.12.1
[INFO] [stderr]     Checking num-integer v0.1.46
[INFO] [stderr]     Checking const-oid v0.10.2
[INFO] [stderr]    Compiling syn v1.0.109
[INFO] [stderr]    Compiling ring v0.17.14
[INFO] [stderr]     Checking hybrid-array v0.4.14
[INFO] [stderr]     Checking minimal-lexical v0.2.1
[INFO] [stderr]     Checking nom v7.1.3
[INFO] [stderr]     Checking num-bigint v0.4.8
[INFO] [stderr]    Compiling serde_derive_internals v0.30.0
[INFO] [stderr]    Compiling synstructure v0.13.2
[INFO] [stderr]     Checking tempfile v3.27.0
[INFO] [stderr]    Compiling proc-macro-error-attr v1.0.4
[INFO] [stderr]     Checking crypto-common v0.2.2
[INFO] [stderr]     Checking block-buffer v0.12.1
[INFO] [stderr]     Checking ff v0.13.1
[INFO] [stderr]    Compiling slab v0.4.12
[INFO] [stderr]    Compiling getrandom v0.3.4
[INFO] [stderr]    Compiling serde_derive v1.0.229
[INFO] [stderr]    Compiling displaydoc v0.2.7
[INFO] [stderr]    Compiling ref-cast-impl v1.0.27
[INFO] [stderr]    Compiling schemars_derive v1.2.2
[INFO] [stderr]    Compiling zeroize_derive v1.5.0
[INFO] [stderr]    Compiling zerofrom-derive v0.1.7
[INFO] [stderr]    Compiling yoke-derive v0.8.2
[INFO] [stderr]     Checking zeroize v1.9.0
[INFO] [stderr]    Compiling zerovec-derive v0.11.3
[INFO] [stderr]    Compiling zerocopy-derive v0.8.55
[INFO] [stderr]     Checking block-buffer v0.10.4
[INFO] [stderr]     Checking crypto-common v0.1.7
[INFO] [stderr]     Checking zerofrom v0.1.8
[INFO] [stderr]     Checking digest v0.10.7
[INFO] [stderr]     Checking yoke v0.8.3
[INFO] [stderr]     Checking rustls-pki-types v1.15.1
[INFO] [stderr]     Checking sha2 v0.10.9
[INFO] [stderr]     Checking zerotrie v0.2.4
[INFO] [stderr]     Checking der v0.7.10
[INFO] [stderr]     Checking rustls-webpki v0.103.13
[INFO] [stderr]     Checking webpki-roots v1.0.9
[INFO] [stderr]     Checking hmac v0.12.1
[INFO] [stderr]    Compiling thiserror-impl v1.0.69
[INFO] [stderr]     Checking base16ct v0.2.0
[INFO] [stderr]     Checking hkdf v0.12.4
[INFO] [stderr]     Checking signature v2.2.0
[INFO] [stderr]     Checking zerovec v0.11.6
[INFO] [stderr]     Checking crypto-bigint v0.5.5
[INFO] [stderr]     Checking spki v0.7.3
[INFO] [stderr]     Checking tinystr v0.8.3
[INFO] [stderr]     Checking potential_utf v0.1.5
[INFO] [stderr]     Checking icu_collections v2.2.0
[INFO] [stderr]     Checking icu_locale_core v2.2.0
[INFO] [stderr]     Checking pkcs8 v0.10.2
[INFO] [stderr]     Checking sec1 v0.7.3
[INFO] [stderr]     Checking chrono v0.4.45
[INFO] [stderr]     Checking icu_provider v2.2.0
[INFO] [stderr]     Checking schemars v1.2.2
[INFO] [stderr]     Checking icu_properties v2.2.0
[INFO] [stderr]     Checking icu_normalizer v2.2.0
[INFO] [stderr]    Compiling proc-macro-error v1.0.4
[INFO] [stderr]     Checking digest v0.11.3
[INFO] [stderr]    Compiling cc-traits v2.0.0
[INFO] [stderr]     Checking group v0.13.0
[INFO] [stderr]     Checking http v1.5.0
[INFO] [stderr]    Compiling radium v0.7.0
[INFO] [stderr]    Compiling ciborium-io v0.2.2
[INFO] [stderr]    Compiling btree-slab v0.6.1
[INFO] [stderr]     Checking idna_adapter v1.2.2
[INFO] [stderr]     Checking idna v1.1.0
[INFO] [stderr]     Checking url v2.5.8
[INFO] [stderr]     Checking elliptic-curve v0.13.8
[INFO] [stderr]    Compiling abnf-core v0.5.0
[INFO] [stderr]    Compiling thiserror v1.0.69
[INFO] [stderr]    Compiling semver v1.0.28
[INFO] [stderr]    Compiling time-core v0.1.9
[INFO] [stderr]    Compiling either v1.18.0
[INFO] [stderr]     Checking commonmeasure-http v0.4.14 (/opt/rustwide/workdir/crates/commonmeasure-http)
[INFO] [stderr]    Compiling num-conv v0.2.2
[INFO] [stderr]    Compiling range-traits v0.3.2
[INFO] [stderr]    Compiling thiserror v2.0.20
[INFO] [stderr]     Checking tap v1.0.1
[INFO] [stderr]     Checking wyz v0.5.1
[INFO] [stderr]    Compiling btree-range-map v0.7.2
[INFO] [stderr]    Compiling time-macros v0.2.32
[INFO] [stderr]    Compiling rustc_version v0.4.1
[INFO] [stderr]    Compiling itertools v0.13.0
[INFO] [stderr]    Compiling abnf v0.13.0
[INFO] [stderr]    Compiling thiserror-impl v2.0.20
[INFO] [stderr]     Checking powerfmt v0.2.0
[INFO] [stderr]     Checking deranged v0.5.8
[INFO] [stderr]     Checking spin v0.9.9
[INFO] [stderr]    Compiling indoc v2.0.7
[INFO] [stderr]     Checking base64 v0.22.1
[INFO] [stderr]     Checking funty v2.0.0
[INFO] [stderr]     Checking cpufeatures v0.3.1
[INFO] [stderr]    Compiling hex_fmt v0.3.0
[INFO] [stderr]     Checking lazy_static v1.5.0
[INFO] [stderr]    Compiling curve25519-dalek v4.1.3
[INFO] [stderr]    Compiling snafu-derive v0.8.9
[INFO] [stderr]     Checking rfc6979 v0.4.0
[INFO] [stderr]     Checking bitvec v1.1.1
[INFO] [stderr]     Checking num-iter v0.1.46
[INFO] [stderr]    Compiling darling_core v0.23.0
[INFO] [stderr]     Checking time v0.3.55
[INFO] [stderr]    Compiling rasn-derive-impl v0.28.14
[INFO] [stderr]    Compiling half v2.7.1
[INFO] [stderr]     Checking ppv-lite86 v0.2.21
[INFO] [stderr]    Compiling ciborium-ll v0.2.2
[INFO] [stderr]    Compiling ciborium v0.2.2
[INFO] [stderr]     Checking ecdsa v0.16.9
[INFO] [stderr]     Checking snafu v0.8.9
[INFO] [stderr]     Checking primeorder v0.13.6
[INFO] [stderr]    Compiling static-regular-grammar v2.0.2
[INFO] [stderr]     Checking commonmeasure-types v0.4.14 (/opt/rustwide/workdir/crates/commonmeasure-types)
[INFO] [stderr]    Compiling curve25519-dalek-derive v0.1.1
[INFO] [stderr]    Compiling asn1-rs-impl v0.2.0
[INFO] [stderr]    Compiling asn1-rs-derive v0.6.0
[INFO] [stderr]     Checking bitvec-nom2 v0.2.1
[INFO] [stderr]     Checking rusticata-macros v4.1.0
[INFO] [stderr]     Checking aho-corasick v1.1.4
[INFO] [stderr]    Compiling utf8-decode v1.0.1
[INFO] [stderr]    Compiling rasn-derive v0.28.14
[INFO] [stderr]     Checking regex-syntax v0.8.11
[INFO] [stderr]     Checking xml-no-std v0.8.26
[INFO] [stderr]    Compiling pct-str v2.0.0
[INFO] [stderr]     Checking asn1-rs v0.7.2
[INFO] [stderr]     Checking rasn v0.28.14
[INFO] [stderr]     Checking rand_chacha v0.3.1
[INFO] [stderr]    Compiling darling_macro v0.23.0
[INFO] [stderr]     Checking log v0.4.33
[INFO] [stderr]    Compiling oid-registry v0.8.1
[INFO] [stderr]     Checking alloc-no-stdlib v2.0.4
[INFO] [stderr]    Compiling num-bigint-dig v0.8.6
[INFO] [stderr]    Compiling pix v0.14.0
[INFO] [stderr]     Checking alloc-stdlib v0.2.4
[INFO] [stderr]    Compiling darling v0.23.0
[INFO] [stderr]     Checking rand v0.8.8
[INFO] [stderr]    Compiling traitful v0.3.0
[INFO] [stderr]     Checking byteorder v1.5.0
[INFO] [stderr]     Checking tinyvec_macros v0.1.1
[INFO] [stderr]     Checking winnow v1.0.4
[INFO] [stderr]     Checking tinyvec v1.13.2
[INFO] [stderr]     Checking regex-automata v0.4.16
[INFO] [stderr]     Checking parsenic v0.2.1
[INFO] [stderr]     Checking der-parser v10.0.0
[INFO] [stderr]     Checking toml_parser v1.1.3+spec-1.1.0
[INFO] [stderr]    Compiling serde_with_macros v3.22.0
[INFO] [stderr]     Checking brotli-decompressor v4.0.3
[INFO] [stderr]     Checking p384 v0.13.1
[INFO] [stderr]     Checking rand_core v0.9.5
[INFO] [stderr]    Compiling iref-core v3.2.2
[INFO] [stderr]     Checking pkcs1 v0.7.5
[INFO] [stderr]     Checking ed25519 v2.2.3
[INFO] [stderr]    Compiling delegate v0.8.0
[INFO] [stderr]    Compiling async-trait v0.1.92
[INFO] [stderr]     Checking serde_bytes v0.11.19
[INFO] [stderr]     Checking toml_datetime v1.1.1+spec-1.1.0
[INFO] [stderr]     Checking serde_spanned v1.1.1
[INFO] [stderr]     Checking miniz_oxide v0.8.9
[INFO] [stderr]     Checking toml_writer v1.1.2+spec-1.1.0
[INFO] [stderr]     Checking data-encoding v2.11.1
[INFO] [stderr]     Checking typed-path v0.12.3
[INFO] [stderr]     Checking img-parts v0.4.0
[INFO] [stderr]     Checking x509-parser v0.18.1
[INFO] [stderr]     Checking toml v1.1.5+spec-1.1.0
[INFO] [stderr]     Checking non-empty-string v0.2.6
[INFO] [stderr]     Checking c2pa_cbor v0.77.4
[INFO] [stderr]     Checking zip v8.6.0
[INFO] [stderr]     Checking brotli v7.0.0
[INFO] [stderr]     Checking ed25519-dalek v2.2.0
[INFO] [stderr]     Checking iref v3.2.2
[INFO] [stderr]     Checking regex v1.13.1
[INFO] [stderr]     Checking serde_with v3.22.0
[INFO] [stderr]     Checking rsa v0.9.10
[INFO] [stderr]     Checking rand_chacha v0.9.0
[INFO] [stderr]     Checking rasn-pkix v0.28.14
[INFO] [stderr]     Checking coset v0.4.2
[INFO] [stderr]     Checking png_pong v0.10.0
[INFO] [stderr]     Checking unicode-normalization v0.1.25
[INFO] [stderr]    Compiling static-iref v3.0.0
[INFO] [stderr]     Checking id3 v1.17.1
[INFO] [stderr]     Checking byteordered v0.6.0
[INFO] [stderr]     Checking commonmeasure-inference v0.4.14 (/opt/rustwide/workdir/crates/commonmeasure-inference)
[INFO] [stderr]     Checking p256 v0.13.2
[INFO] [stderr]     Checking p521 v0.13.3
[INFO] [stderr]     Checking sha1 v0.11.0
[INFO] [stderr]     Checking sha2 v0.11.0
[INFO] [stderr]     Checking pem v3.0.6
[INFO] [stderr]     Checking serde-transcode v1.1.1
[INFO] [stderr]     Checking nonempty-collections v1.4.0
[INFO] [stderr]    Compiling async-generic v1.1.2
[INFO] [stderr]     Checking bcder v0.7.7
[INFO] [stderr]     Checking range-set v0.1.1
[INFO] [stderr]     Checking const-hex v1.19.1
[INFO] [stderr]     Checking quick-xml v0.41.0
[INFO] [stderr]     Checking web-time v1.1.0
[INFO] [stderr]     Checking jfifdump v0.6.0
[INFO] [stderr]     Checking extfmt v0.2.0
[INFO] [stderr]    Compiling commonmeasure-runtime v0.4.14 (/opt/rustwide/workdir/crates/commonmeasure-runtime)
[INFO] [stderr]     Checking riff v2.0.0
[INFO] [stderr]     Checking hex v0.4.3
[INFO] [stderr]     Checking glob v0.3.4
[INFO] [stderr]     Checking atree v0.5.4
[INFO] [stderr]     Checking c2pa-text v3.0.0
[INFO] [stderr]     Checking pem-rfc7468 v1.0.0
[INFO] [stderr]     Checking cmov v0.5.4
[INFO] [stderr]     Checking base16ct v1.0.0
[INFO] [stderr]     Checking der v0.8.2
[INFO] [stderr]     Checking serdect v0.4.3
[INFO] [stderr]    Compiling rustversion v1.0.23
[INFO] [stderr]    Compiling unicode-segmentation v1.13.3
[INFO] [stderr]     Checking ctutils v0.4.3
[INFO] [stderr]     Checking cpubits v0.1.1
[INFO] [stderr]    Compiling unicode-xid v0.2.6
[INFO] [stderr]     Checking chacha20 v0.10.2
[INFO] [stderr]     Checking signature v3.0.0
[INFO] [stderr]     Checking nom v8.0.0
[INFO] [stderr]     Checking rand v0.10.3
[INFO] [stderr]     Checking crypto-bigint v0.7.5
[INFO] [stderr]     Checking hmac-sha256 v1.1.15
[INFO] [stderr]     Checking rasn-cms v0.28.14
[INFO] [stderr]     Checking rasn-ocsp v0.28.14
[INFO] [stderr]    Compiling convert_case v0.10.0
[INFO] [stderr]     Checking generic-array v1.4.5
[INFO] [stderr]    Compiling derive_more-impl v2.1.1
[INFO] [stderr]     Checking hmac-sha512 v1.1.13
[INFO] [stderr]    Compiling derive-new v0.7.0
[INFO] [stderr]    Compiling tls_codec_derive v0.5.0
[INFO] [stdout] error[E0493]: destructor of `ArrayBuilder<T, N>` cannot be evaluated at compile-time
[INFO] [stdout]    --> /opt/rustwide/cargo-home/registry/src/index.crates.io-1949cf8c6b5b557f/generic-array-1.4.5/src/internal.rs:103:31
[INFO] [stdout]     |
[INFO] [stdout] 103 |     pub unsafe fn assume_init(self) -> GenericArray<T, N> {
[INFO] [stdout]     |                               ^^^^ the destructor for this type cannot be evaluated in constant functions
[INFO] [stdout] ...
[INFO] [stdout] 109 |     }
[INFO] [stdout]     |     - value is dropped here
[INFO] [stdout] 
[INFO] [stdout] 
[INFO] [stdout] error[E0493]: destructor of `GenericArray<core::mem::MaybeUninit<*const T>, N>` cannot be evaluated at compile-time
[INFO] [stdout]    --> /opt/rustwide/cargo-home/registry/src/index.crates.io-1949cf8c6b5b557f/generic-array-1.4.5/src/lib.rs:983:13
[INFO] [stdout]     |
[INFO] [stdout] 983 |         let mut out: GenericArray<MaybeUninit<*const T>, N> = GenericArray::uninit();
[INFO] [stdout]     |             ^^^^^^^ the destructor for this type cannot be evaluated in constant functions
[INFO] [stdout] ...
[INFO] [stdout] 998 |     }
[INFO] [stdout]     |     - value is dropped here
[INFO] [stdout] 
[INFO] [stdout] 
[INFO] [stdout] error[E0493]: destructor of `GenericArray<core::mem::MaybeUninit<*mut T>, N>` cannot be evaluated at compile-time
[INFO] [stdout]     --> /opt/rustwide/cargo-home/registry/src/index.crates.io-1949cf8c6b5b557f/generic-array-1.4.5/src/lib.rs:1018:13
[INFO] [stdout]      |
[INFO] [stdout] 1018 |         let mut out: GenericArray<MaybeUninit<*mut T>, N> = GenericArray::uninit();
[INFO] [stdout]      |             ^^^^^^^ the destructor for this type cannot be evaluated in constant functions
[INFO] [stdout] ...
[INFO] [stdout] 1033 |     }
[INFO] [stdout]      |     - value is dropped here
[INFO] [stdout] 
[INFO] [stdout] 
[INFO] [stdout] For more information about this error, try `rustc --explain E0493`.
[INFO] [stdout] 
[INFO] [stderr] error: could not compile `generic-array` (lib) due to 3 previous errors
[INFO] [stderr] warning: build failed, waiting for other jobs to finish...
[INFO] running `Command { std: "docker" "inspect" "602ff93f711d101a5c66b68089ed9c7af515f821683e833836d9106228821492", kill_on_drop: false }`
[INFO] running `Command { std: "docker" "rm" "-f" "602ff93f711d101a5c66b68089ed9c7af515f821683e833836d9106228821492", kill_on_drop: false }`
[INFO] [stdout] 602ff93f711d101a5c66b68089ed9c7af515f821683e833836d9106228821492
