[INFO] cloning repository https://github.com/chl0e3e/holdfast
[INFO] running `Command { std: "git" "-c" "credential.helper=" "-c" "credential.helper=/workspace/cargo-home/bin/git-credential-null" "clone" "--bare" "https://github.com/chl0e3e/holdfast" "/workspace/cache/git-repos/https%3A%2F%2Fgithub.com%2Fchl0e3e%2Fholdfast", kill_on_drop: false }`
[INFO] [stderr] Cloning into bare repository '/workspace/cache/git-repos/https%3A%2F%2Fgithub.com%2Fchl0e3e%2Fholdfast'...
[INFO] running `Command { std: "git" "rev-parse" "HEAD", kill_on_drop: false }`
[INFO] [stdout] 8f4ef8b69403a81b46f6b4959824ea6a31904109
[INFO] checking chl0e3e/holdfast against c60b92c03ca8a3b101eb9d57f51e2232690638c7 for pr-164148-crater-rollup
[INFO] running `Command { std: "git" "clone" "/workspace/cache/git-repos/https%3A%2F%2Fgithub.com%2Fchl0e3e%2Fholdfast" "/workspace/builds/worker-1-tc2/source", kill_on_drop: false }`
[INFO] [stderr] Cloning into '/workspace/builds/worker-1-tc2/source'...
[INFO] [stderr] done.
[INFO] removed /workspace/builds/worker-1-tc2/source/.cargo/config.toml
[INFO] removed /workspace/builds/worker-1-tc2/source/rust-toolchain.toml
[INFO] started tweaking git repo https://github.com/chl0e3e/holdfast
[INFO] finished tweaking git repo https://github.com/chl0e3e/holdfast
[INFO] tweaked toml for git repo https://github.com/chl0e3e/holdfast written to /workspace/builds/worker-1-tc2/source/Cargo.toml
[INFO] validating manifest of git repo https://github.com/chl0e3e/holdfast on toolchain c60b92c03ca8a3b101eb9d57f51e2232690638c7
[INFO] running `Command { std: CARGO_HOME="/workspace/cargo-home" RUSTUP_HOME="/workspace/rustup-home" "/workspace/cargo-home/bin/cargo" "+c60b92c03ca8a3b101eb9d57f51e2232690638c7" "metadata" "--manifest-path" "Cargo.toml" "--no-deps", kill_on_drop: false }`
[INFO] crate git repo https://github.com/chl0e3e/holdfast already has a lockfile, it will not be regenerated
[INFO] running `Command { std: CARGO_HOME="/workspace/cargo-home" RUSTUP_HOME="/workspace/rustup-home" "/workspace/cargo-home/bin/cargo" "+c60b92c03ca8a3b101eb9d57f51e2232690638c7" "fetch" "--manifest-path" "Cargo.toml", kill_on_drop: false }`
[INFO] [stderr]     Blocking waiting for file lock on package cache
[INFO] running `Command { std: "docker" "create" "-v" "/var/lib/crater-agent-workspace/builds/worker-1-tc2/source:/opt/rustwide/workdir:ro,Z" "-v" "/var/lib/crater-agent-workspace/builds/worker-1-tc2/target:/opt/rustwide/target:rw,Z" "-v" "/var/lib/crater-agent-workspace/cargo-home:/opt/rustwide/cargo-home:ro,Z" "-v" "/var/lib/crater-agent-workspace/rustup-home:/opt/rustwide/rustup-home:ro,Z" "-m" "1610612736" "--network" "none" "ghcr.io/rust-lang/crates-build-env/linux@sha256:77db811e55d90add9212f6832c23229e3de5f1c1f9905e8cb07319ea15df73ac" "sleep" "infinity", kill_on_drop: false }`
[INFO] [stdout] 4d8d9646deff2df15f862598d58c279945457889a0782edf98538ae3faa9b3ba
[INFO] running `Command { std: "docker" "start" "4d8d9646deff2df15f862598d58c279945457889a0782edf98538ae3faa9b3ba", kill_on_drop: false }`
[INFO] running `Command { std: "docker" "inspect" "4d8d9646deff2df15f862598d58c279945457889a0782edf98538ae3faa9b3ba", kill_on_drop: false }`
[INFO] running `Command { std: "docker" "exec" "-e" "SOURCE_DIR=/opt/rustwide/workdir" "-e" "CARGO_HOME=/opt/rustwide/cargo-home" "-e" "RUSTUP_HOME=/opt/rustwide/rustup-home" "-e" "CARGO_TARGET_DIR=/opt/rustwide/target" "-w" "/opt/rustwide/workdir" "--user" "0:0" "4d8d9646deff2df15f862598d58c279945457889a0782edf98538ae3faa9b3ba" "/opt/rustwide/cargo-home/bin/cargo" "+c60b92c03ca8a3b101eb9d57f51e2232690638c7" "metadata" "--no-deps" "--format-version=1", kill_on_drop: false }`
[INFO] running `Command { std: "docker" "inspect" "4d8d9646deff2df15f862598d58c279945457889a0782edf98538ae3faa9b3ba", kill_on_drop: false }`
[INFO] running `Command { std: "docker" "exec" "-e" "SOURCE_DIR=/opt/rustwide/workdir" "-e" "CARGO_HOME=/opt/rustwide/cargo-home" "-e" "RUSTUP_HOME=/opt/rustwide/rustup-home" "-e" "CARGO_TARGET_DIR=/opt/rustwide/target" "-e" "CARGO_INCREMENTAL=0" "-e" "RUST_BACKTRACE=full" "-e" "RUSTFLAGS=--cap-lints=forbid" "-e" "RUSTDOCFLAGS=--cap-lints=forbid" "-w" "/opt/rustwide/workdir" "--user" "0:0" "4d8d9646deff2df15f862598d58c279945457889a0782edf98538ae3faa9b3ba" "/opt/rustwide/cargo-home/bin/cargo" "+c60b92c03ca8a3b101eb9d57f51e2232690638c7" "check" "--frozen" "--all" "--all-targets" "--message-format=json", kill_on_drop: false }`
[INFO] [stderr]     Checking zeroize v1.9.0
[INFO] [stderr]     Checking subtle v2.6.1
[INFO] [stderr]    Compiling getrandom v0.4.3
[INFO] [stderr]     Checking base64ct v1.8.3
[INFO] [stderr]    Compiling num-traits v0.2.19
[INFO] [stderr]    Compiling either v1.16.0
[INFO] [stderr]    Compiling logos-codegen v0.15.1
[INFO] [stderr]    Compiling syn v2.0.119
[INFO] [stderr]    Compiling aho-corasick v1.1.4
[INFO] [stderr]    Compiling beef v0.5.2
[INFO] [stderr]    Compiling unicode-width v0.1.14
[INFO] [stderr]     Checking zerocopy v0.8.54
[INFO] [stderr]    Compiling prettyplease v0.2.37
[INFO] [stderr]     Checking parking_lot_core v0.9.12
[INFO] [stderr]    Compiling indexmap v2.14.0
[INFO] [stderr]    Compiling hashbrown v0.15.5
[INFO] [stderr]     Checking generic-array v0.14.7
[INFO] [stderr]    Compiling rustix v1.1.4
[INFO] [stderr]     Checking ctutils v0.4.2
[INFO] [stderr]    Compiling fixedbitset v0.5.7
[INFO] [stderr]    Compiling fastrand v2.4.1
[INFO] [stderr]     Checking mio v1.2.2
[INFO] [stderr]    Compiling multimap v0.10.1
[INFO] [stderr]     Checking hybrid-array v0.4.13
[INFO] [stderr]     Checking parking_lot v0.12.5
[INFO] [stderr]    Compiling itertools v0.14.0
[INFO] [stderr]     Checking rand_core v0.9.5
[INFO] [stderr]    Compiling nix v0.31.3
[INFO] [stderr]    Compiling cc v1.2.67
[INFO] [stderr]     Checking pem-rfc7468 v0.7.0
[INFO] [stderr]     Checking spin v0.9.9
[INFO] [stderr]     Checking crypto-common v0.1.7
[INFO] [stderr]     Checking block-buffer v0.10.4
[INFO] [stderr]     Checking lazy_static v1.5.0
[INFO] [stderr]    Compiling nix v0.28.0
[INFO] [stderr]     Checking serde_json v1.0.150
[INFO] [stderr]     Checking rustls-pki-types v1.15.0
[INFO] [stderr]     Checking digest v0.10.7
[INFO] [stderr]     Checking num-integer v0.1.46
[INFO] [stderr]     Checking der v0.7.10
[INFO] [stderr]     Checking sha2 v0.10.9
[INFO] [stderr]     Checking serial2 v0.2.37
[INFO] [stderr]     Checking bytemuck v1.25.1
[INFO] [stderr]     Checking shell-words v1.1.1
[INFO] [stderr]    Compiling quinn-udp v0.5.15
[INFO] [stderr]    Compiling petgraph v0.8.3
[INFO] [stderr]     Checking time v0.3.53
[INFO] [stderr]    Compiling quinn v0.11.11
[INFO] [stderr]     Checking rgb v0.8.53
[INFO] [stderr]     Checking rand_pcg v0.10.2
[INFO] [stderr]     Checking lru-slab v0.1.2
[INFO] [stderr]     Checking avt v0.18.0 (/opt/rustwide/workdir/vendor/avt)
[INFO] [stderr]     Checking signature v2.2.0
[INFO] [stderr]     Checking ff v0.13.1
[INFO] [stderr]     Checking crypto-common v0.2.2
[INFO] [stderr]     Checking block-buffer v0.12.1
[INFO] [stderr]     Checking block-padding v0.4.2
[INFO] [stderr]     Checking inout v0.2.2
[INFO] [stderr]     Checking data-encoding v2.11.0
[INFO] [stderr]     Checking group v0.13.0
[INFO] [stderr]     Checking crypto-bigint v0.5.5
[INFO] [stderr]     Checking hmac v0.12.1
[INFO] [stderr]    Compiling num-bigint-dig v0.8.6
[INFO] [stderr]     Checking rfc6979 v0.4.0
[INFO] [stderr]     Checking num-iter v0.1.46
[INFO] [stderr]    Compiling regex-automata v0.4.16
[INFO] [stderr]     Checking inout v0.1.4
[INFO] [stderr]     Checking nom v7.1.3
[INFO] [stderr]     Checking cipher v0.4.4
[INFO] [stderr]     Checking spki v0.7.3
[INFO] [stderr]     Checking ed25519 v2.2.3
[INFO] [stderr]     Checking ssh-encoding v0.2.0
[INFO] [stderr]     Checking cipher v0.5.2
[INFO] [stderr]     Checking digest v0.11.3
[INFO] [stderr]     Checking pkcs8 v0.10.2
[INFO] [stderr]     Checking pem v3.0.6
[INFO] [stderr]     Checking sha2 v0.11.0
[INFO] [stderr]     Checking sec1 v0.7.3
[INFO] [stderr]     Checking pkcs1 v0.7.5
[INFO] [stderr]     Checking chacha20 v0.10.1
[INFO] [stderr]     Checking ssh-cipher v0.2.0
[INFO] [stderr]     Checking num-bigint v0.4.8
[INFO] [stderr]    Compiling oid-registry v0.8.1
[INFO] [stderr]     Checking httlib-huffman v0.3.4
[INFO] [stderr]    Compiling ring v0.17.14
[INFO] [stderr]     Checking rand v0.10.2
[INFO] [stderr]     Checking octets v0.3.6
[INFO] [stderr]    Compiling tempfile v3.27.0
[INFO] [stderr]     Checking rustls-native-certs v0.8.4
[INFO] [stderr]     Checking sharded-slab v0.1.7
[INFO] [stderr]     Checking tracing-log v0.2.0
[INFO] [stderr]     Checking thread_local v1.1.10
[INFO] [stderr]     Checking http-body v1.1.0
[INFO] [stderr]     Checking http-body-util v0.1.4
[INFO] [stderr]     Checking sha1 v0.10.7
[INFO] [stderr]     Checking mime_guess v2.0.5
[INFO] [stderr]     Checking pem-rfc7468 v1.0.0
[INFO] [stderr]     Checking hmac v0.13.0
[INFO] [stderr]     Checking universal-hash v0.6.1
[INFO] [stderr]     Checking sha1 v0.11.0
[INFO] [stderr]     Checking polyval v0.7.3
[INFO] [stderr]     Checking der v0.8.1
[INFO] [stderr]     Checking aes v0.9.1
[INFO] [stderr]     Checking crypto-bigint v0.7.5
[INFO] [stderr]     Checking ctr v0.10.1
[INFO] [stderr]     Checking ghash v0.6.0
[INFO] [stderr]     Checking pbkdf2 v0.13.0
[INFO] [stderr]     Checking aead v0.6.1
[INFO] [stderr]     Checking salsa20 v0.11.0
[INFO] [stderr]     Checking elliptic-curve v0.13.8
[INFO] [stderr]     Checking yasna v0.6.0
[INFO] [stderr]     Checking cbc v0.2.1
[INFO] [stderr]     Checking scrypt v0.12.0
[INFO] [stderr]    Compiling synstructure v0.13.2
[INFO] [stderr]     Checking ecdsa v0.16.9
[INFO] [stderr]     Checking primeorder v0.13.6
[INFO] [stderr]     Checking aes-gcm v0.11.0
[INFO] [stderr]     Checking ff v0.14.0
[INFO] [stderr]     Checking signature v3.0.0
[INFO] [stderr]     Checking base16ct v1.0.0
[INFO] [stderr]     Checking group v0.14.0
[INFO] [stderr]     Checking hkdf v0.13.0
[INFO] [stderr]     Checking wnaf v0.14.0
[INFO] [stderr]     Checking spki v0.8.0
[INFO] [stderr]     Checking sec1 v0.8.1
[INFO] [stderr]    Compiling curve25519-dalek v5.0.0-rc.1
[INFO] [stderr]     Checking p256 v0.13.2
[INFO] [stderr]     Checking blowfish v0.10.0
[INFO] [stderr]     Checking poly1305 v0.9.1
[INFO] [stderr]     Checking pkcs5 v0.8.1
[INFO] [stderr]     Checking pkcs1 v0.8.0-rc.4
[INFO] [stderr]     Checking blake2 v0.11.0-rc.6
[INFO] [stderr]     Checking keccak v0.2.0
[INFO] [stderr]     Checking bcrypt-pbkdf v0.11.0
[INFO] [stderr]     Checking kem v0.3.0
[INFO] [stderr]     Checking sha3 v0.11.0
[INFO] [stderr]     Checking module-lattice v0.2.3
[INFO] [stderr]     Checking hex v0.4.3
[INFO] [stderr]     Checking rusticata-macros v4.1.0
[INFO] [stderr]     Checking pkcs8 v0.11.0
[INFO] [stderr]     Checking argon2 v0.6.0-rc.8
[INFO] [stderr]     Checking generic-array v1.4.4
[INFO] [stderr]     Checking ed25519 v3.0.0
[INFO] [stderr]     Checking internal-russh-num-bigint v0.5.0
[INFO] [stderr]     Checking hex-literal v1.1.0
[INFO] [stderr]     Checking md5 v0.8.1
[INFO] [stderr]     Checking vte v0.15.0
[INFO] [stderr]     Checking hf-xterm-width-tables v0.0.7 (/opt/rustwide/workdir/tools/xterm-width-tables)
[INFO] [stderr]     Checking ml-kem v0.3.2
[INFO] [stderr]     Checking vt100 v0.16.2
[INFO] [stdout] error[E0493]: destructor of `ArrayBuilder<T, N>` cannot be evaluated at compile-time
[INFO] [stdout]    --> /opt/rustwide/cargo-home/registry/src/index.crates.io-1949cf8c6b5b557f/generic-array-1.4.4/src/internal.rs:103:31
[INFO] [stdout]     |
[INFO] [stdout] 103 |     pub unsafe fn assume_init(self) -> GenericArray<T, N> {
[INFO] [stdout]     |                               ^^^^ the destructor for this type cannot be evaluated in constant functions
[INFO] [stdout] ...
[INFO] [stdout] 109 |     }
[INFO] [stdout]     |     - value is dropped here
[INFO] [stdout] 
[INFO] [stdout] 
[INFO] [stdout] error[E0493]: destructor of `GenericArray<core::mem::MaybeUninit<*const T>, N>` cannot be evaluated at compile-time
[INFO] [stdout]    --> /opt/rustwide/cargo-home/registry/src/index.crates.io-1949cf8c6b5b557f/generic-array-1.4.4/src/lib.rs:981:13
[INFO] [stdout]     |
[INFO] [stdout] 981 |         let mut out: GenericArray<MaybeUninit<*const T>, N> = GenericArray::uninit();
[INFO] [stdout]     |             ^^^^^^^ the destructor for this type cannot be evaluated in constant functions
[INFO] [stdout] ...
[INFO] [stdout] 996 |     }
[INFO] [stdout]     |     - value is dropped here
[INFO] [stdout] 
[INFO] [stdout] 
[INFO] [stdout] error[E0493]: destructor of `GenericArray<core::mem::MaybeUninit<*mut T>, N>` cannot be evaluated at compile-time
[INFO] [stdout]     --> /opt/rustwide/cargo-home/registry/src/index.crates.io-1949cf8c6b5b557f/generic-array-1.4.4/src/lib.rs:1016:13
[INFO] [stdout]      |
[INFO] [stdout] 1016 |         let mut out: GenericArray<MaybeUninit<*mut T>, N> = GenericArray::uninit();
[INFO] [stdout]      |             ^^^^^^^ the destructor for this type cannot be evaluated in constant functions
[INFO] [stdout] ...
[INFO] [stdout] 1031 |     }
[INFO] [stdout]      |     - value is dropped here
[INFO] [stdout] 
[INFO] [stdout] 
[INFO] [stdout] For more information about this error, try `rustc --explain E0493`.
[INFO] [stdout] 
[INFO] [stderr] error: could not compile `generic-array` (lib) due to 3 previous errors
[INFO] [stderr] warning: build failed, waiting for other jobs to finish...
[INFO] [stderr] warning: unused dependency `libc`
[INFO] [stderr]   --> tools/xterm-width-tables/Cargo.toml:19:1
[INFO] [stderr]    |
[INFO] [stderr] 19 | libc.workspace = true
[INFO] [stderr]    | ^^^^
[INFO] [stderr]    |
[INFO] [stderr]    = note: `cargo::unused_dependencies` is set to `warn` by default
[INFO] [stderr] help: consider removing the dependency on `libc`
[INFO] [stderr] warning: unused dependency `unicode-width`
[INFO] [stderr]   --> tools/xterm-width-tables/Cargo.toml:16:1
[INFO] [stderr]    |
[INFO] [stderr] 16 | unicode-width = "0.1.13"
[INFO] [stderr]    | ^^^^^^^^^^^^^^^^^^^^^^^^
[INFO] [stderr]    |
[INFO] [stderr] help: consider removing the dependency on `unicode-width`
[INFO] [stderr] help: to still use for development builds, move to `dev-dependencies`
[INFO] [stderr] warning: `hf-xterm-width-tables` (manifest) generated 2 warnings
[INFO] running `Command { std: "docker" "inspect" "4d8d9646deff2df15f862598d58c279945457889a0782edf98538ae3faa9b3ba", kill_on_drop: false }`
[INFO] running `Command { std: "docker" "rm" "-f" "4d8d9646deff2df15f862598d58c279945457889a0782edf98538ae3faa9b3ba", kill_on_drop: false }`
[INFO] [stdout] 4d8d9646deff2df15f862598d58c279945457889a0782edf98538ae3faa9b3ba
