[INFO] cloning repository https://github.com/burtonageo/vectral
[INFO] running `Command { std: "git" "-c" "credential.helper=" "-c" "credential.helper=/workspace/cargo-home/bin/git-credential-null" "clone" "--bare" "https://github.com/burtonageo/vectral" "/workspace/cache/git-repos/https%3A%2F%2Fgithub.com%2Fburtonageo%2Fvectral", kill_on_drop: false }`
[INFO] [stderr] Cloning into bare repository '/workspace/cache/git-repos/https%3A%2F%2Fgithub.com%2Fburtonageo%2Fvectral'...
[INFO] running `Command { std: "git" "rev-parse" "HEAD", kill_on_drop: false }`
[INFO] [stdout] 6407308ab0560863084697d41168b01c4d489bfb
[INFO] checking burtonageo/vectral against c60b92c03ca8a3b101eb9d57f51e2232690638c7 for pr-164148-crater-rollup
[INFO] running `Command { std: "git" "clone" "/workspace/cache/git-repos/https%3A%2F%2Fgithub.com%2Fburtonageo%2Fvectral" "/workspace/builds/worker-3-tc2/source", kill_on_drop: false }`
[INFO] [stderr] Cloning into '/workspace/builds/worker-3-tc2/source'...
[INFO] [stderr] done.
[INFO] started tweaking git repo https://github.com/burtonageo/vectral
[INFO] finished tweaking git repo https://github.com/burtonageo/vectral
[INFO] tweaked toml for git repo https://github.com/burtonageo/vectral written to /workspace/builds/worker-3-tc2/source/Cargo.toml
[INFO] validating manifest of git repo https://github.com/burtonageo/vectral on toolchain c60b92c03ca8a3b101eb9d57f51e2232690638c7
[INFO] running `Command { std: CARGO_HOME="/workspace/cargo-home" RUSTUP_HOME="/workspace/rustup-home" "/workspace/cargo-home/bin/cargo" "+c60b92c03ca8a3b101eb9d57f51e2232690638c7" "metadata" "--manifest-path" "Cargo.toml" "--no-deps", kill_on_drop: false }`
[INFO] crate git repo https://github.com/burtonageo/vectral already has a lockfile, it will not be regenerated
[INFO] running `Command { std: CARGO_HOME="/workspace/cargo-home" RUSTUP_HOME="/workspace/rustup-home" "/workspace/cargo-home/bin/cargo" "+c60b92c03ca8a3b101eb9d57f51e2232690638c7" "fetch" "--manifest-path" "Cargo.toml", kill_on_drop: false }`
[INFO] running `Command { std: "docker" "create" "-v" "/var/lib/crater-agent-workspace/builds/worker-3-tc2/source:/opt/rustwide/workdir:ro,Z" "-v" "/var/lib/crater-agent-workspace/builds/worker-3-tc2/target:/opt/rustwide/target:rw,Z" "-v" "/var/lib/crater-agent-workspace/cargo-home:/opt/rustwide/cargo-home:ro,Z" "-v" "/var/lib/crater-agent-workspace/rustup-home:/opt/rustwide/rustup-home:ro,Z" "-m" "1610612736" "--network" "none" "ghcr.io/rust-lang/crates-build-env/linux@sha256:77db811e55d90add9212f6832c23229e3de5f1c1f9905e8cb07319ea15df73ac" "sleep" "infinity", kill_on_drop: false }`
[INFO] [stdout] 125ad06ff77838cb0f26ae6396def1474b0e8207b6239e8eba215ef1b9fdaae8
[INFO] running `Command { std: "docker" "start" "125ad06ff77838cb0f26ae6396def1474b0e8207b6239e8eba215ef1b9fdaae8", kill_on_drop: false }`
[INFO] running `Command { std: "docker" "inspect" "125ad06ff77838cb0f26ae6396def1474b0e8207b6239e8eba215ef1b9fdaae8", kill_on_drop: false }`
[INFO] running `Command { std: "docker" "exec" "-e" "SOURCE_DIR=/opt/rustwide/workdir" "-e" "CARGO_HOME=/opt/rustwide/cargo-home" "-e" "RUSTUP_HOME=/opt/rustwide/rustup-home" "-e" "CARGO_TARGET_DIR=/opt/rustwide/target" "-w" "/opt/rustwide/workdir" "--user" "0:0" "125ad06ff77838cb0f26ae6396def1474b0e8207b6239e8eba215ef1b9fdaae8" "/opt/rustwide/cargo-home/bin/cargo" "+c60b92c03ca8a3b101eb9d57f51e2232690638c7" "metadata" "--no-deps" "--format-version=1", kill_on_drop: false }`
[INFO] running `Command { std: "docker" "inspect" "125ad06ff77838cb0f26ae6396def1474b0e8207b6239e8eba215ef1b9fdaae8", kill_on_drop: false }`
[INFO] running `Command { std: "docker" "exec" "-e" "SOURCE_DIR=/opt/rustwide/workdir" "-e" "CARGO_HOME=/opt/rustwide/cargo-home" "-e" "RUSTUP_HOME=/opt/rustwide/rustup-home" "-e" "CARGO_TARGET_DIR=/opt/rustwide/target" "-e" "CARGO_INCREMENTAL=0" "-e" "RUST_BACKTRACE=full" "-e" "RUSTFLAGS=--cap-lints=forbid" "-e" "RUSTDOCFLAGS=--cap-lints=forbid" "-w" "/opt/rustwide/workdir" "--user" "0:0" "125ad06ff77838cb0f26ae6396def1474b0e8207b6239e8eba215ef1b9fdaae8" "/opt/rustwide/cargo-home/bin/cargo" "+c60b92c03ca8a3b101eb9d57f51e2232690638c7" "check" "--frozen" "--all" "--all-targets" "--message-format=json", kill_on_drop: false }`
[INFO] [stderr]    Compiling serde_core v1.0.228
[INFO] [stderr]    Compiling serde v1.0.228
[INFO] [stderr]    Compiling serde_json v1.0.150
[INFO] [stderr]     Checking memchr v2.8.1
[INFO] [stderr]     Checking rmp v0.8.15
[INFO] [stderr]     Checking approx v0.5.1
[INFO] [stderr]     Checking mint v0.5.9
[INFO] [stderr]     Checking rmp-serde v1.3.1
[INFO] [stderr]     Checking vectral v0.0.0 (/opt/rustwide/workdir)
[INFO] [stdout] error[E0493]: destructor of `Matrix<T, ROWS, COLS>` cannot be evaluated at compile-time
[INFO] [stdout]    --> src/matrix/mod.rs:186:27
[INFO] [stdout]     |
[INFO] [stdout] 186 |     pub const fn to_array(self) -> [[T; ROWS]; COLS] {
[INFO] [stdout]     |                           ^^^^ the destructor for this type cannot be evaluated in constant functions
[INFO] [stdout] ...
[INFO] [stdout] 190 |     }
[INFO] [stdout]     |     - value is dropped here
[INFO] [stdout] 
[INFO] [stdout] 
[INFO] [stdout] error[E0493]: destructor of `[T; COLS]` cannot be evaluated at compile-time
[INFO] [stdout]    --> src/matrix/mod.rs:607:53
[INFO] [stdout]     |
[INFO] [stdout] 607 |     pub const fn set_row(&mut self, row_idx: usize, mut row: [T; COLS]) -> [T; COLS] {
[INFO] [stdout]     |                                                     ^^^^^^^ the destructor for this type cannot be evaluated in constant functions
[INFO] [stdout] ...
[INFO] [stdout] 626 |     }
[INFO] [stdout]     |     - value is dropped here
[INFO] [stdout] 
[INFO] [stdout] 
[INFO] [stdout] error[E0493]: destructor of `[T; COLS]` cannot be evaluated at compile-time
[INFO] [stdout]    --> src/matrix/mod.rs:664:9
[INFO] [stdout]     |
[INFO] [stdout] 664 |         mut row: [T; COLS],
[INFO] [stdout]     |         ^^^^^^^ the destructor for this type cannot be evaluated in constant functions
[INFO] [stdout] ...
[INFO] [stdout] 682 |     }
[INFO] [stdout]     |     - value is dropped here
[INFO] [stdout] 
[INFO] [stdout] 
[INFO] [stdout] error[E0493]: destructor of `[T; ROWS]` cannot be evaluated at compile-time
[INFO] [stdout]    --> src/matrix/mod.rs:711:53
[INFO] [stdout]     |
[INFO] [stdout] 711 |     pub const fn set_col(&mut self, col_idx: usize, mut col: [T; ROWS]) -> [T; ROWS] {
[INFO] [stdout]     |                                                     ^^^^^^^ the destructor for this type cannot be evaluated in constant functions
[INFO] [stdout] ...
[INFO] [stdout] 714 |     }
[INFO] [stdout]     |     - value is dropped here
[INFO] [stdout] 
[INFO] [stdout] 
[INFO] [stdout] error[E0493]: destructor of `[T; ROWS]` cannot be evaluated at compile-time
[INFO] [stdout]    --> src/matrix/mod.rs:720:9
[INFO] [stdout]     |
[INFO] [stdout] 720 |         mut col: [T; ROWS],
[INFO] [stdout]     |         ^^^^^^^ the destructor for this type cannot be evaluated in constant functions
[INFO] [stdout] ...
[INFO] [stdout] 730 |     }
[INFO] [stdout]     |     - value is dropped here
[INFO] [stdout] 
[INFO] [stdout] 
[INFO] [stdout] error[E0493]: destructor of `Matrix<T, ROWS, COLS>` cannot be evaluated at compile-time
[INFO] [stdout]     --> src/matrix/mod.rs:999:28
[INFO] [stdout]      |
[INFO] [stdout]  999 |     pub const fn transpose(self) -> Matrix<T, COLS, ROWS> {
[INFO] [stdout]      |                            ^^^^ the destructor for this type cannot be evaluated in constant functions
[INFO] [stdout] ...
[INFO] [stdout] 1023 |     }
[INFO] [stdout]      |     - value is dropped here
[INFO] [stdout] 
[INFO] [stdout] 
[INFO] [stdout] error[E0493]: destructor of `Matrix<T, ROWS, COLS>` cannot be evaluated at compile-time
[INFO] [stdout]     --> src/matrix/mod.rs:1056:9
[INFO] [stdout]      |
[INFO] [stdout] 1056 |         self,
[INFO] [stdout]      |         ^^^^ the destructor for this type cannot be evaluated in constant functions
[INFO] [stdout] ...
[INFO] [stdout] 1088 |     }
[INFO] [stdout]      |     - value is dropped here
[INFO] [stdout] 
[INFO] [stdout] 
[INFO] [stdout] error[E0493]: destructor of `Matrix<T, ROWS, COLS>` cannot be evaluated at compile-time
[INFO] [stdout]     --> src/matrix/mod.rs:1321:9
[INFO] [stdout]      |
[INFO] [stdout] 1321 |         self,
[INFO] [stdout]      |         ^^^^ the destructor for this type cannot be evaluated in constant functions
[INFO] [stdout] ...
[INFO] [stdout] 1392 |     }
[INFO] [stdout]      |     - value is dropped here
[INFO] [stdout] 
[INFO] [stdout] 
[INFO] [stdout] error[E0493]: destructor of `Matrix<T, ROWS, 1>` cannot be evaluated at compile-time
[INFO] [stdout]     --> src/matrix/mod.rs:1450:37
[INFO] [stdout]      |
[INFO] [stdout] 1450 |     pub const fn into_column_vector(self) -> Vector<T, ROWS> {
[INFO] [stdout]      |                                     ^^^^ the destructor for this type cannot be evaluated in constant functions
[INFO] [stdout] ...
[INFO] [stdout] 1457 |     }
[INFO] [stdout]      |     - value is dropped here
[INFO] [stdout] 
[INFO] [stdout] 
[INFO] [stdout] error[E0493]: destructor of `Matrix<T, 1>` cannot be evaluated at compile-time
[INFO] [stdout]     --> src/matrix/mod.rs:1471:29
[INFO] [stdout]      |
[INFO] [stdout] 1471 |     pub const fn into_value(self) -> T {
[INFO] [stdout]      |                             ^^^^ the destructor for this type cannot be evaluated in constant functions
[INFO] [stdout] ...
[INFO] [stdout] 1475 |     }
[INFO] [stdout]      |     - value is dropped here
[INFO] [stdout] 
[INFO] [stdout] 
[INFO] [stdout] error[E0493]: destructor of `[T; N]` cannot be evaluated at compile-time
[INFO] [stdout]     --> src/matrix/mod.rs:1860:53
[INFO] [stdout]      |
[INFO] [stdout] 1860 |     pub const fn set_rightwards_diagonal(&mut self, mut new_diagonal: [T; N]) -> [T; N] {
[INFO] [stdout]      |                                                     ^^^^^^^^^^^^^^^^ the destructor for this type cannot be evaluated in constant functions
[INFO] [stdout] ...
[INFO] [stdout] 1872 |     }
[INFO] [stdout]      |     - value is dropped here
[INFO] [stdout] 
[INFO] [stdout] 
[INFO] [stdout] error[E0493]: destructor of `[T; N]` cannot be evaluated at compile-time
[INFO] [stdout]     --> src/matrix/mod.rs:1896:52
[INFO] [stdout]      |
[INFO] [stdout] 1896 |     pub const fn set_leftwards_diagonal(&mut self, mut new_diagonal: [T; N]) -> [T; N] {
[INFO] [stdout]      |                                                    ^^^^^^^^^^^^^^^^ the destructor for this type cannot be evaluated in constant functions
[INFO] [stdout] ...
[INFO] [stdout] 1910 |     }
[INFO] [stdout]      |     - value is dropped here
[INFO] [stdout] 
[INFO] [stdout] 
[INFO] [stdout] error[E0493]: destructor of `Point<T, N>` cannot be evaluated at compile-time
[INFO] [stdout]    --> src/point.rs:436:27
[INFO] [stdout]     |
[INFO] [stdout] 436 |     pub const fn to_array(self) -> [T; N] {
[INFO] [stdout]     |                           ^^^^ the destructor for this type cannot be evaluated in constant functions
[INFO] [stdout] ...
[INFO] [stdout] 440 |     }
[INFO] [stdout]     |     - value is dropped here
[INFO] [stdout] 
[INFO] [stdout] 
[INFO] [stdout] error[E0493]: destructor of `[T; 3]` cannot be evaluated at compile-time
[INFO] [stdout]   --> src/quaternion.rs:66:13
[INFO] [stdout]    |
[INFO] [stdout] 66 |         let arr = unsafe { ptr::read(&self.v).to_array() };
[INFO] [stdout]    |             ^^^ the destructor for this type cannot be evaluated in constant functions
[INFO] [stdout] ...
[INFO] [stdout] 75 |     }
[INFO] [stdout]    |     - value is dropped here
[INFO] [stdout] 
[INFO] [stdout] 
[INFO] [stdout] error[E0493]: destructor of `quaternion::Quaternion<T>` cannot be evaluated at compile-time
[INFO] [stdout]   --> src/quaternion.rs:65:28
[INFO] [stdout]    |
[INFO] [stdout] 65 |     pub const fn to_vector(self) -> Vector4<T> {
[INFO] [stdout]    |                            ^^^^ the destructor for this type cannot be evaluated in constant functions
[INFO] [stdout] ...
[INFO] [stdout] 75 |     }
[INFO] [stdout]    |     - value is dropped here
[INFO] [stdout] 
[INFO] [stdout] 
[INFO] [stdout] error[E0493]: destructor of `vector::Vector<T, 4>` cannot be evaluated at compile-time
[INFO] [stdout]   --> src/quaternion.rs:79:30
[INFO] [stdout]    |
[INFO] [stdout] 79 |     pub const fn from_vector(vector: Vector4<T>) -> Self {
[INFO] [stdout]    |                              ^^^^^^ the destructor for this type cannot be evaluated in constant functions
[INFO] [stdout] ...
[INFO] [stdout] 95 |     }
[INFO] [stdout]    |     - value is dropped here
[INFO] [stdout] 
[INFO] [stdout] 
[INFO] [stdout] error[E0493]: destructor of `[U; N]` cannot be evaluated at compile-time
[INFO] [stdout]    --> src/utils/arrays/zip.rs:258:53
[INFO] [stdout]     |
[INFO] [stdout] 258 | pub const fn zip<T, U, const N: usize>(lhs: [T; N], rhs: [U; N]) -> [(T, U); N] {
[INFO] [stdout]     |                                                     ^^^ the destructor for this type cannot be evaluated in constant functions
[INFO] [stdout] 259 |     zip_impl!([(T, U); N], lhs, rhs)
[INFO] [stdout] 260 | }
[INFO] [stdout]     | - value is dropped here
[INFO] [stdout] 
[INFO] [stdout] 
[INFO] [stdout] error[E0493]: destructor of `[T; N]` cannot be evaluated at compile-time
[INFO] [stdout]    --> src/utils/arrays/zip.rs:258:40
[INFO] [stdout]     |
[INFO] [stdout] 258 | pub const fn zip<T, U, const N: usize>(lhs: [T; N], rhs: [U; N]) -> [(T, U); N] {
[INFO] [stdout]     |                                        ^^^ the destructor for this type cannot be evaluated in constant functions
[INFO] [stdout] 259 |     zip_impl!([(T, U); N], lhs, rhs)
[INFO] [stdout] 260 | }
[INFO] [stdout]     | - value is dropped here
[INFO] [stdout] 
[INFO] [stdout] 
[INFO] [stdout] error[E0493]: destructor of `[V; N]` cannot be evaluated at compile-time
[INFO] [stdout]    --> src/utils/arrays/zip.rs:280:68
[INFO] [stdout]     |
[INFO] [stdout] 280 | pub const fn zip3<T, U, V, const N: usize>(a0: [T; N], a1: [U; N], a2: [V; N]) -> [(T, U, V); N] {
[INFO] [stdout]     |                                                                    ^^ the destructor for this type cannot be evaluated in constant functions
[INFO] [stdout] 281 |     zip_impl!([(T, U, V); N], a0, a1, a2)
[INFO] [stdout] 282 | }
[INFO] [stdout]     | - value is dropped here
[INFO] [stdout] 
[INFO] [stdout] 
[INFO] [stdout] error[E0493]: destructor of `[U; N]` cannot be evaluated at compile-time
[INFO] [stdout]    --> src/utils/arrays/zip.rs:280:56
[INFO] [stdout]     |
[INFO] [stdout] 280 | pub const fn zip3<T, U, V, const N: usize>(a0: [T; N], a1: [U; N], a2: [V; N]) -> [(T, U, V); N] {
[INFO] [stdout]     |                                                        ^^ the destructor for this type cannot be evaluated in constant functions
[INFO] [stdout] 281 |     zip_impl!([(T, U, V); N], a0, a1, a2)
[INFO] [stdout] 282 | }
[INFO] [stdout]     | - value is dropped here
[INFO] [stdout] 
[INFO] [stdout] 
[INFO] [stdout] error[E0493]: destructor of `[T; N]` cannot be evaluated at compile-time
[INFO] [stdout]    --> src/utils/arrays/zip.rs:280:44
[INFO] [stdout]     |
[INFO] [stdout] 280 | pub const fn zip3<T, U, V, const N: usize>(a0: [T; N], a1: [U; N], a2: [V; N]) -> [(T, U, V); N] {
[INFO] [stdout]     |                                            ^^ the destructor for this type cannot be evaluated in constant functions
[INFO] [stdout] 281 |     zip_impl!([(T, U, V); N], a0, a1, a2)
[INFO] [stdout] 282 | }
[INFO] [stdout]     | - value is dropped here
[INFO] [stdout] 
[INFO] [stdout] 
[INFO] [stdout] error[E0493]: destructor of `[W; N]` cannot be evaluated at compile-time
[INFO] [stdout]    --> src/utils/arrays/zip.rs:291:5
[INFO] [stdout]     |
[INFO] [stdout] 291 |     a3: [W; N],
[INFO] [stdout]     |     ^^ the destructor for this type cannot be evaluated in constant functions
[INFO] [stdout] ...
[INFO] [stdout] 294 | }
[INFO] [stdout]     | - value is dropped here
[INFO] [stdout] 
[INFO] [stdout] 
[INFO] [stdout] error[E0493]: destructor of `[V; N]` cannot be evaluated at compile-time
[INFO] [stdout]    --> src/utils/arrays/zip.rs:290:5
[INFO] [stdout]     |
[INFO] [stdout] 290 |     a2: [V; N],
[INFO] [stdout]     |     ^^ the destructor for this type cannot be evaluated in constant functions
[INFO] [stdout] ...
[INFO] [stdout] 294 | }
[INFO] [stdout]     | - value is dropped here
[INFO] [stdout] 
[INFO] [stdout] 
[INFO] [stdout] error[E0493]: destructor of `[U; N]` cannot be evaluated at compile-time
[INFO] [stdout]    --> src/utils/arrays/zip.rs:289:5
[INFO] [stdout]     |
[INFO] [stdout] 289 |     a1: [U; N],
[INFO] [stdout]     |     ^^ the destructor for this type cannot be evaluated in constant functions
[INFO] [stdout] ...
[INFO] [stdout] 294 | }
[INFO] [stdout]     | - value is dropped here
[INFO] [stdout] 
[INFO] [stdout] 
[INFO] [stdout] error[E0493]: destructor of `[T; N]` cannot be evaluated at compile-time
[INFO] [stdout]    --> src/utils/arrays/zip.rs:288:5
[INFO] [stdout]     |
[INFO] [stdout] 288 |     a0: [T; N],
[INFO] [stdout]     |     ^^ the destructor for this type cannot be evaluated in constant functions
[INFO] [stdout] ...
[INFO] [stdout] 294 | }
[INFO] [stdout]     | - value is dropped here
[INFO] [stdout] 
[INFO] [stdout] 
[INFO] [stdout] error[E0493]: destructor of `[X; N]` cannot be evaluated at compile-time
[INFO] [stdout]    --> src/utils/arrays/zip.rs:304:5
[INFO] [stdout]     |
[INFO] [stdout] 304 |     a4: [X; N],
[INFO] [stdout]     |     ^^ the destructor for this type cannot be evaluated in constant functions
[INFO] [stdout] ...
[INFO] [stdout] 307 | }
[INFO] [stdout]     | - value is dropped here
[INFO] [stdout] 
[INFO] [stdout] 
[INFO] [stdout] error[E0493]: destructor of `[W; N]` cannot be evaluated at compile-time
[INFO] [stdout]    --> src/utils/arrays/zip.rs:303:5
[INFO] [stdout]     |
[INFO] [stdout] 303 |     a3: [W; N],
[INFO] [stdout]     |     ^^ the destructor for this type cannot be evaluated in constant functions
[INFO] [stdout] ...
[INFO] [stdout] 307 | }
[INFO] [stdout]     | - value is dropped here
[INFO] [stdout] 
[INFO] [stdout] 
[INFO] [stdout] error[E0493]: destructor of `[V; N]` cannot be evaluated at compile-time
[INFO] [stdout]    --> src/utils/arrays/zip.rs:302:5
[INFO] [stdout]     |
[INFO] [stdout] 302 |     a2: [V; N],
[INFO] [stdout]     |     ^^ the destructor for this type cannot be evaluated in constant functions
[INFO] [stdout] ...
[INFO] [stdout] 307 | }
[INFO] [stdout]     | - value is dropped here
[INFO] [stdout] 
[INFO] [stdout] 
[INFO] [stdout] error[E0493]: destructor of `[U; N]` cannot be evaluated at compile-time
[INFO] [stdout]    --> src/utils/arrays/zip.rs:301:5
[INFO] [stdout]     |
[INFO] [stdout] 301 |     a1: [U; N],
[INFO] [stdout]     |     ^^ the destructor for this type cannot be evaluated in constant functions
[INFO] [stdout] ...
[INFO] [stdout] 307 | }
[INFO] [stdout]     | - value is dropped here
[INFO] [stdout] 
[INFO] [stdout] 
[INFO] [stdout] error[E0493]: destructor of `[T; N]` cannot be evaluated at compile-time
[INFO] [stdout]    --> src/utils/arrays/zip.rs:300:5
[INFO] [stdout]     |
[INFO] [stdout] 300 |     a0: [T; N],
[INFO] [stdout]     |     ^^ the destructor for this type cannot be evaluated in constant functions
[INFO] [stdout] ...
[INFO] [stdout] 307 | }
[INFO] [stdout]     | - value is dropped here
[INFO] [stdout] 
[INFO] [stdout] 
[INFO] [stdout] error[E0493]: destructor of `[Y; N]` cannot be evaluated at compile-time
[INFO] [stdout]    --> src/utils/arrays/zip.rs:318:5
[INFO] [stdout]     |
[INFO] [stdout] 318 |     a5: [Y; N],
[INFO] [stdout]     |     ^^ the destructor for this type cannot be evaluated in constant functions
[INFO] [stdout] ...
[INFO] [stdout] 321 | }
[INFO] [stdout]     | - value is dropped here
[INFO] [stdout] 
[INFO] [stdout] 
[INFO] [stdout] error[E0493]: destructor of `[X; N]` cannot be evaluated at compile-time
[INFO] [stdout]    --> src/utils/arrays/zip.rs:317:5
[INFO] [stdout]     |
[INFO] [stdout] 317 |     a4: [X; N],
[INFO] [stdout]     |     ^^ the destructor for this type cannot be evaluated in constant functions
[INFO] [stdout] ...
[INFO] [stdout] 321 | }
[INFO] [stdout]     | - value is dropped here
[INFO] [stdout] 
[INFO] [stdout] 
[INFO] [stdout] error[E0493]: destructor of `[W; N]` cannot be evaluated at compile-time
[INFO] [stdout]    --> src/utils/arrays/zip.rs:316:5
[INFO] [stdout]     |
[INFO] [stdout] 316 |     a3: [W; N],
[INFO] [stdout]     |     ^^ the destructor for this type cannot be evaluated in constant functions
[INFO] [stdout] ...
[INFO] [stdout] 321 | }
[INFO] [stdout]     | - value is dropped here
[INFO] [stdout] 
[INFO] [stdout] 
[INFO] [stdout] error[E0493]: destructor of `[V; N]` cannot be evaluated at compile-time
[INFO] [stdout]    --> src/utils/arrays/zip.rs:315:5
[INFO] [stdout]     |
[INFO] [stdout] 315 |     a2: [V; N],
[INFO] [stdout]     |     ^^ the destructor for this type cannot be evaluated in constant functions
[INFO] [stdout] ...
[INFO] [stdout] 321 | }
[INFO] [stdout]     | - value is dropped here
[INFO] [stdout] 
[INFO] [stdout] 
[INFO] [stdout] error[E0493]: destructor of `[U; N]` cannot be evaluated at compile-time
[INFO] [stdout]    --> src/utils/arrays/zip.rs:314:5
[INFO] [stdout]     |
[INFO] [stdout] 314 |     a1: [U; N],
[INFO] [stdout]     |     ^^ the destructor for this type cannot be evaluated in constant functions
[INFO] [stdout] ...
[INFO] [stdout] 321 | }
[INFO] [stdout]     | - value is dropped here
[INFO] [stdout] 
[INFO] [stdout] 
[INFO] [stdout] error[E0493]: destructor of `[T; N]` cannot be evaluated at compile-time
[INFO] [stdout]    --> src/utils/arrays/zip.rs:313:5
[INFO] [stdout]     |
[INFO] [stdout] 313 |     a0: [T; N],
[INFO] [stdout]     |     ^^ the destructor for this type cannot be evaluated in constant functions
[INFO] [stdout] ...
[INFO] [stdout] 321 | }
[INFO] [stdout]     | - value is dropped here
[INFO] [stdout] 
[INFO] [stdout] 
[INFO] [stdout] error[E0493]: destructor of `[Z; N]` cannot be evaluated at compile-time
[INFO] [stdout]    --> src/utils/arrays/zip.rs:333:5
[INFO] [stdout]     |
[INFO] [stdout] 333 |     a6: [Z; N],
[INFO] [stdout]     |     ^^ the destructor for this type cannot be evaluated in constant functions
[INFO] [stdout] ...
[INFO] [stdout] 336 | }
[INFO] [stdout]     | - value is dropped here
[INFO] [stdout] 
[INFO] [stdout] 
[INFO] [stdout] error[E0493]: destructor of `[Y; N]` cannot be evaluated at compile-time
[INFO] [stdout]    --> src/utils/arrays/zip.rs:332:5
[INFO] [stdout]     |
[INFO] [stdout] 332 |     a5: [Y; N],
[INFO] [stdout]     |     ^^ the destructor for this type cannot be evaluated in constant functions
[INFO] [stdout] ...
[INFO] [stdout] 336 | }
[INFO] [stdout]     | - value is dropped here
[INFO] [stdout] 
[INFO] [stdout] 
[INFO] [stdout] error[E0493]: destructor of `[X; N]` cannot be evaluated at compile-time
[INFO] [stdout]    --> src/utils/arrays/zip.rs:331:5
[INFO] [stdout]     |
[INFO] [stdout] 331 |     a4: [X; N],
[INFO] [stdout]     |     ^^ the destructor for this type cannot be evaluated in constant functions
[INFO] [stdout] ...
[INFO] [stdout] 336 | }
[INFO] [stdout]     | - value is dropped here
[INFO] [stdout] 
[INFO] [stdout] 
[INFO] [stdout] error[E0493]: destructor of `[W; N]` cannot be evaluated at compile-time
[INFO] [stdout]    --> src/utils/arrays/zip.rs:330:5
[INFO] [stdout]     |
[INFO] [stdout] 330 |     a3: [W; N],
[INFO] [stdout]     |     ^^ the destructor for this type cannot be evaluated in constant functions
[INFO] [stdout] ...
[INFO] [stdout] 336 | }
[INFO] [stdout]     | - value is dropped here
[INFO] [stdout] 
[INFO] [stdout] 
[INFO] [stdout] error[E0493]: destructor of `[V; N]` cannot be evaluated at compile-time
[INFO] [stdout]    --> src/utils/arrays/zip.rs:329:5
[INFO] [stdout]     |
[INFO] [stdout] 329 |     a2: [V; N],
[INFO] [stdout]     |     ^^ the destructor for this type cannot be evaluated in constant functions
[INFO] [stdout] ...
[INFO] [stdout] 336 | }
[INFO] [stdout]     | - value is dropped here
[INFO] [stdout] 
[INFO] [stdout] 
[INFO] [stdout] error[E0493]: destructor of `[U; N]` cannot be evaluated at compile-time
[INFO] [stdout]    --> src/utils/arrays/zip.rs:328:5
[INFO] [stdout]     |
[INFO] [stdout] 328 |     a1: [U; N],
[INFO] [stdout]     |     ^^ the destructor for this type cannot be evaluated in constant functions
[INFO] [stdout] ...
[INFO] [stdout] 336 | }
[INFO] [stdout]     | - value is dropped here
[INFO] [stdout] 
[INFO] [stdout] 
[INFO] [stdout] error[E0493]: destructor of `[T; N]` cannot be evaluated at compile-time
[INFO] [stdout]    --> src/utils/arrays/zip.rs:327:5
[INFO] [stdout]     |
[INFO] [stdout] 327 |     a0: [T; N],
[INFO] [stdout]     |     ^^ the destructor for this type cannot be evaluated in constant functions
[INFO] [stdout] ...
[INFO] [stdout] 336 | }
[INFO] [stdout]     | - value is dropped here
[INFO] [stdout] 
[INFO] [stdout] 
[INFO] [stdout] error[E0493]: destructor of `[(T, U); N]` cannot be evaluated at compile-time
[INFO] [stdout]    --> src/utils/arrays/zip.rs:353:42
[INFO] [stdout]     |
[INFO] [stdout] 353 | pub const fn unzip<T, U, const N: usize>(array: [(T, U); N]) -> ([T; N], [U; N]) {
[INFO] [stdout]     |                                          ^^^^^ the destructor for this type cannot be evaluated in constant functions
[INFO] [stdout] 354 |     unzip_impl!( array, (T: 0, U: 1) )
[INFO] [stdout] 355 | }
[INFO] [stdout]     | - value is dropped here
[INFO] [stdout] 
[INFO] [stdout] 
[INFO] [stdout] error[E0493]: destructor of `[(T, U, V); N]` cannot be evaluated at compile-time
[INFO] [stdout]    --> src/utils/arrays/zip.rs:373:46
[INFO] [stdout]     |
[INFO] [stdout] 373 | pub const fn unzip3<T, U, V, const N: usize>(array: [(T, U, V); N]) -> ([T; N], [U; N], [V; N]) {
[INFO] [stdout]     |                                              ^^^^^ the destructor for this type cannot be evaluated in constant functions
[INFO] [stdout] 374 |     unzip_impl!( array, (T: 0, U: 1, V: 2) )
[INFO] [stdout] 375 | }
[INFO] [stdout]     | - value is dropped here
[INFO] [stdout] 
[INFO] [stdout] 
[INFO] [stdout] error[E0493]: destructor of `[(T, U, V, W); N]` cannot be evaluated at compile-time
[INFO] [stdout]    --> src/utils/arrays/zip.rs:381:5
[INFO] [stdout]     |
[INFO] [stdout] 381 |     array: [(T, U, V, W); N],
[INFO] [stdout]     |     ^^^^^ the destructor for this type cannot be evaluated in constant functions
[INFO] [stdout] ...
[INFO] [stdout] 384 | }
[INFO] [stdout]     | - value is dropped here
[INFO] [stdout] 
[INFO] [stdout] 
[INFO] [stdout] error[E0493]: destructor of `[(T, U, V, W, X); N]` cannot be evaluated at compile-time
[INFO] [stdout]    --> src/utils/arrays/zip.rs:390:5
[INFO] [stdout]     |
[INFO] [stdout] 390 |     array: [(T, U, V, W, X); N],
[INFO] [stdout]     |     ^^^^^ the destructor for this type cannot be evaluated in constant functions
[INFO] [stdout] ...
[INFO] [stdout] 393 | }
[INFO] [stdout]     | - value is dropped here
[INFO] [stdout] 
[INFO] [stdout] 
[INFO] [stdout] error[E0493]: destructor of `[(T, U, V, W, X, Y); N]` cannot be evaluated at compile-time
[INFO] [stdout]    --> src/utils/arrays/zip.rs:399:5
[INFO] [stdout]     |
[INFO] [stdout] 399 |     array: [(T, U, V, W, X, Y); N],
[INFO] [stdout]     |     ^^^^^ the destructor for this type cannot be evaluated in constant functions
[INFO] [stdout] ...
[INFO] [stdout] 402 | }
[INFO] [stdout]     | - value is dropped here
[INFO] [stdout] 
[INFO] [stdout] 
[INFO] [stdout] error[E0493]: destructor of `[(T, U, V, W, X, Y, Z); N]` cannot be evaluated at compile-time
[INFO] [stdout]    --> src/utils/arrays/zip.rs:408:5
[INFO] [stdout]     |
[INFO] [stdout] 408 |     array: [(T, U, V, W, X, Y, Z); N],
[INFO] [stdout]     |     ^^^^^ the destructor for this type cannot be evaluated in constant functions
[INFO] [stdout] ...
[INFO] [stdout] 411 | }
[INFO] [stdout]     | - value is dropped here
[INFO] [stdout] 
[INFO] [stdout] 
[INFO] [stdout] error[E0493]: destructor of `vector::Vector<T, N>` cannot be evaluated at compile-time
[INFO] [stdout]    --> src/vector.rs:337:27
[INFO] [stdout]     |
[INFO] [stdout] 337 |     pub const fn to_array(self) -> [T; N] {
[INFO] [stdout]     |                           ^^^^ the destructor for this type cannot be evaluated in constant functions
[INFO] [stdout] ...
[INFO] [stdout] 341 |     }
[INFO] [stdout]     |     - value is dropped here
[INFO] [stdout] 
[INFO] [stdout] 
[INFO] [stdout] error[E0493]: destructor of `vector::Vector<T, N>` cannot be evaluated at compile-time
[INFO] [stdout]    --> src/vector.rs:373:27
[INFO] [stdout]     |
[INFO] [stdout] 373 |     pub const fn to_point(self) -> Point<T, N> {
[INFO] [stdout]     |                           ^^^^ the destructor for this type cannot be evaluated in constant functions
[INFO] [stdout] ...
[INFO] [stdout] 377 |     }
[INFO] [stdout]     |     - value is dropped here
[INFO] [stdout] 
[INFO] [stdout] 
[INFO] [stdout] For more information about this error, try `rustc --explain E0493`.
[INFO] [stdout] 
[INFO] [stderr] error: could not compile `vectral` (lib) due to 51 previous errors
[INFO] running `Command { std: "docker" "inspect" "125ad06ff77838cb0f26ae6396def1474b0e8207b6239e8eba215ef1b9fdaae8", kill_on_drop: false }`
[INFO] running `Command { std: "docker" "rm" "-f" "125ad06ff77838cb0f26ae6396def1474b0e8207b6239e8eba215ef1b9fdaae8", kill_on_drop: false }`
[INFO] [stdout] 125ad06ff77838cb0f26ae6396def1474b0e8207b6239e8eba215ef1b9fdaae8
