[INFO] cloning repository https://github.com/brunocodutra/chessboard
[INFO] running `Command { std: "git" "-c" "credential.helper=" "-c" "credential.helper=/workspace/cargo-home/bin/git-credential-null" "clone" "--bare" "https://github.com/brunocodutra/chessboard" "/workspace/cache/git-repos/https%3A%2F%2Fgithub.com%2Fbrunocodutra%2Fchessboard", kill_on_drop: false }`
[INFO] [stderr] Cloning into bare repository '/workspace/cache/git-repos/https%3A%2F%2Fgithub.com%2Fbrunocodutra%2Fchessboard'...
[INFO] running `Command { std: "git" "rev-parse" "HEAD", kill_on_drop: false }`
[INFO] [stdout] f771f978b62af9b20a2ecb5f8c83e692f01c2c25
[INFO] checking brunocodutra/chessboard against c60b92c03ca8a3b101eb9d57f51e2232690638c7 for pr-164148-crater-rollup
[INFO] running `Command { std: "git" "clone" "/workspace/cache/git-repos/https%3A%2F%2Fgithub.com%2Fbrunocodutra%2Fchessboard" "/workspace/builds/worker-1-tc2/source", kill_on_drop: false }`
[INFO] [stderr] Cloning into '/workspace/builds/worker-1-tc2/source'...
[INFO] [stderr] done.
[INFO] removed /workspace/builds/worker-1-tc2/source/.cargo/config.toml
[INFO] removed /workspace/builds/worker-1-tc2/source/rust-toolchain.toml
[INFO] started tweaking git repo https://github.com/brunocodutra/chessboard
[INFO] removed 0 missing tests
[INFO] finished tweaking git repo https://github.com/brunocodutra/chessboard
[INFO] tweaked toml for git repo https://github.com/brunocodutra/chessboard written to /workspace/builds/worker-1-tc2/source/Cargo.toml
[INFO] validating manifest of git repo https://github.com/brunocodutra/chessboard on toolchain c60b92c03ca8a3b101eb9d57f51e2232690638c7
[INFO] running `Command { std: CARGO_HOME="/workspace/cargo-home" RUSTUP_HOME="/workspace/rustup-home" "/workspace/cargo-home/bin/cargo" "+c60b92c03ca8a3b101eb9d57f51e2232690638c7" "metadata" "--manifest-path" "Cargo.toml" "--no-deps", kill_on_drop: false }`
[INFO] crate git repo https://github.com/brunocodutra/chessboard already has a lockfile, it will not be regenerated
[INFO] running `Command { std: CARGO_HOME="/workspace/cargo-home" RUSTUP_HOME="/workspace/rustup-home" "/workspace/cargo-home/bin/cargo" "+c60b92c03ca8a3b101eb9d57f51e2232690638c7" "fetch" "--manifest-path" "Cargo.toml", kill_on_drop: false }`
[INFO] [stderr]     Blocking waiting for file lock on package cache
[INFO] running `Command { std: "docker" "create" "-v" "/var/lib/crater-agent-workspace/builds/worker-1-tc2/source:/opt/rustwide/workdir:ro,Z" "-v" "/var/lib/crater-agent-workspace/builds/worker-1-tc2/target:/opt/rustwide/target:rw,Z" "-v" "/var/lib/crater-agent-workspace/cargo-home:/opt/rustwide/cargo-home:ro,Z" "-v" "/var/lib/crater-agent-workspace/rustup-home:/opt/rustwide/rustup-home:ro,Z" "-m" "1610612736" "--network" "none" "ghcr.io/rust-lang/crates-build-env/linux@sha256:77db811e55d90add9212f6832c23229e3de5f1c1f9905e8cb07319ea15df73ac" "sleep" "infinity", kill_on_drop: false }`
[INFO] [stdout] bcf0624d3f4c9070fa4896a4b8e90bd2160a0c4b0ddf3943c76469512e55f48f
[INFO] running `Command { std: "docker" "start" "bcf0624d3f4c9070fa4896a4b8e90bd2160a0c4b0ddf3943c76469512e55f48f", kill_on_drop: false }`
[INFO] running `Command { std: "docker" "inspect" "bcf0624d3f4c9070fa4896a4b8e90bd2160a0c4b0ddf3943c76469512e55f48f", kill_on_drop: false }`
[INFO] running `Command { std: "docker" "exec" "-e" "SOURCE_DIR=/opt/rustwide/workdir" "-e" "CARGO_HOME=/opt/rustwide/cargo-home" "-e" "RUSTUP_HOME=/opt/rustwide/rustup-home" "-e" "CARGO_TARGET_DIR=/opt/rustwide/target" "-w" "/opt/rustwide/workdir" "--user" "0:0" "bcf0624d3f4c9070fa4896a4b8e90bd2160a0c4b0ddf3943c76469512e55f48f" "/opt/rustwide/cargo-home/bin/cargo" "+c60b92c03ca8a3b101eb9d57f51e2232690638c7" "metadata" "--no-deps" "--format-version=1", kill_on_drop: false }`
[INFO] running `Command { std: "docker" "inspect" "bcf0624d3f4c9070fa4896a4b8e90bd2160a0c4b0ddf3943c76469512e55f48f", kill_on_drop: false }`
[INFO] running `Command { std: "docker" "exec" "-e" "SOURCE_DIR=/opt/rustwide/workdir" "-e" "CARGO_HOME=/opt/rustwide/cargo-home" "-e" "RUSTUP_HOME=/opt/rustwide/rustup-home" "-e" "CARGO_TARGET_DIR=/opt/rustwide/target" "-e" "CARGO_INCREMENTAL=0" "-e" "RUST_BACKTRACE=full" "-e" "RUSTFLAGS=--cap-lints=forbid" "-e" "RUSTDOCFLAGS=--cap-lints=forbid" "-w" "/opt/rustwide/workdir" "--user" "0:0" "bcf0624d3f4c9070fa4896a4b8e90bd2160a0c4b0ddf3943c76469512e55f48f" "/opt/rustwide/cargo-home/bin/cargo" "+c60b92c03ca8a3b101eb9d57f51e2232690638c7" "check" "--frozen" "--all" "--all-targets" "--message-format=json", kill_on_drop: false }`
[INFO] [stderr]     Checking pin-project-lite v0.2.17
[INFO] [stderr]     Checking futures-core v0.3.34
[INFO] [stderr]     Checking stable_deref_trait v1.2.1
[INFO] [stderr]     Checking futures-sink v0.3.34
[INFO] [stderr]     Checking bytes v1.12.0
[INFO] [stderr]     Checking cfg-if v1.0.4
[INFO] [stderr]     Checking once_cell v1.21.4
[INFO] [stderr]     Checking slab v0.4.12
[INFO] [stderr]     Checking memchr v2.8.2
[INFO] [stderr]    Compiling libc v0.2.186
[INFO] [stderr]     Checking futures-task v0.3.34
[INFO] [stderr]     Checking futures-io v0.3.34
[INFO] [stderr]     Checking litemap v0.8.2
[INFO] [stderr]     Checking writeable v0.6.3
[INFO] [stderr]     Checking zerofrom v0.1.8
[INFO] [stderr]    Compiling syn v3.0.3
[INFO] [stderr]     Checking itoa v1.0.18
[INFO] [stderr]     Checking smallvec v1.15.2
[INFO] [stderr]    Compiling aws-lc-rs v1.17.1
[INFO] [stderr]     Checking zeroize v1.9.0
[INFO] [stderr]     Checking futures-channel v0.3.34
[INFO] [stderr]     Checking utf8_iter v1.0.4
[INFO] [stderr]    Compiling icu_properties_data v2.2.0
[INFO] [stderr]     Checking yoke v0.8.3
[INFO] [stderr]    Compiling icu_normalizer_data v2.2.0
[INFO] [stderr]    Compiling bytemuck_derive v1.10.2
[INFO] [stderr]    Compiling alloc-no-stdlib v3.0.0
[INFO] [stderr]     Checking fnv v1.0.7
[INFO] [stderr]    Compiling getrandom v0.3.4
[INFO] [stderr]     Checking tracing-core v0.1.36
[INFO] [stderr]     Checking rand_core v0.10.1
[INFO] [stderr]     Checking equivalent v1.0.2
[INFO] [stderr]     Checking zerovec v0.11.6
[INFO] [stderr]     Checking zerotrie v0.2.4
[INFO] [stderr]    Compiling rustls v0.23.41
[INFO] [stderr]    Compiling alloc-stdlib v0.3.0
[INFO] [stderr]     Checking hashbrown v0.17.1
[INFO] [stderr]     Checking rustls-pki-types v1.15.0
[INFO] [stderr]     Checking bitflags v2.13.0
[INFO] [stderr]     Checking percent-encoding v2.3.2
[INFO] [stderr]     Checking untrusted v0.9.0
[INFO] [stderr]    Compiling getrandom v0.4.3
[INFO] [stderr]    Compiling httparse v1.10.1
[INFO] [stderr]    Compiling brotli-decompressor v6.0.1
[INFO] [stderr]     Checking tower-service v0.3.3
[INFO] [stderr]     Checking subtle v2.6.1
[INFO] [stderr]     Checking atomic-waker v1.1.2
[INFO] [stderr]     Checking try-lock v0.2.5
[INFO] [stderr]    Compiling rustix v1.1.4
[INFO] [stderr]    Compiling zerocopy v0.8.52
[INFO] [stderr]     Checking want v0.3.1
[INFO] [stderr]     Checking anstyle v1.0.14
[INFO] [stderr]    Compiling anyhow v1.0.104
[INFO] [stderr]     Checking linux-raw-sys v0.12.1
[INFO] [stderr]     Checking clap_lex v1.1.0
[INFO] [stderr]     Checking tracing v0.1.44
[INFO] [stderr]    Compiling num-traits v0.2.19
[INFO] [stderr]    Compiling derive_more-impl v2.1.1
[INFO] [stderr]     Checking clap_builder v4.6.6
[INFO] [stderr]     Checking form_urlencoded v1.2.2
[INFO] [stderr]     Checking sync_wrapper v1.0.2
[INFO] [stderr]    Compiling structmeta-derive v0.3.0
[INFO] [stderr]     Checking tower-layer v0.3.3
[INFO] [stderr]     Checking http v1.4.2
[INFO] [stderr]     Checking fastrand v2.4.1
[INFO] [stderr]     Checking base64 v0.22.1
[INFO] [stderr]     Checking openssl-probe v0.2.1
[INFO] [stderr]     Checking ipnet v2.12.0
[INFO] [stderr]     Checking rustls-native-certs v0.8.4
[INFO] [stderr]     Checking tinystr v0.8.3
[INFO] [stderr]     Checking potential_utf v0.1.5
[INFO] [stderr]     Checking indexmap v2.14.0
[INFO] [stderr]     Checking icu_locale_core v2.2.0
[INFO] [stderr]     Checking icu_collections v2.2.0
[INFO] [stderr]    Compiling jobserver v0.1.34
[INFO] [stderr]     Checking nom v8.0.0
[INFO] [stderr]     Checking quick-error v1.2.3
[INFO] [stderr]    Compiling cc v1.2.65
[INFO] [stderr]     Checking http-body v1.0.1
[INFO] [stderr]     Checking socket2 v0.6.4
[INFO] [stderr]     Checking mio v1.2.1
[INFO] [stderr]    Compiling structmeta v0.3.0
[INFO] [stderr]     Checking memmap2 v0.9.11
[INFO] [stderr]     Checking rand_core v0.9.5
[INFO] [stderr]    Compiling brotli v9.0.0
[INFO] [stderr]     Checking wait-timeout v0.2.1
[INFO] [stderr]     Checking rustc-hash v2.1.3
[INFO] [stderr]    Compiling bytemuck v1.25.2
[INFO] [stderr]     Checking log v0.4.33
[INFO] [stderr]     Checking byteorder v1.5.0
[INFO] [stderr]     Checking cpufeatures v0.3.0
[INFO] [stderr]     Checking bit-vec v0.8.0
[INFO] [stderr]     Checking tokio v1.52.3
[INFO] [stderr]     Checking chacha20 v0.10.1
[INFO] [stderr]     Checking rand_xorshift v0.4.0
[INFO] [stderr]     Checking atomic v0.6.1
[INFO] [stderr]     Checking rand v0.9.4
[INFO] [stderr]    Compiling derive-ex v0.1.8
[INFO] [stderr]     Checking bit-set v0.8.0
[INFO] [stderr]     Checking http-body-util v0.1.3
[INFO] [stderr]     Checking encoding_rs v0.8.35
[INFO] [stderr]     Checking regex-syntax v0.8.11
[INFO] [stderr]    Compiling cmake v0.1.58
[INFO] [stderr]     Checking icu_provider v2.2.0
[INFO] [stderr]     Checking mime v0.3.17
[INFO] [stderr]     Checking unarray v0.1.4
[INFO] [stderr]     Checking icu_normalizer v2.2.0
[INFO] [stderr]     Checking icu_properties v2.2.0
[INFO] [stderr]     Checking rand v0.10.2
[INFO] [stderr]    Compiling aws-lc-sys v0.42.0
[INFO] [stderr]     Checking derive_more v2.1.1
[INFO] [stderr]     Checking tempfile v3.27.0
[INFO] [stderr]     Checking rusty-fork v0.3.1
[INFO] [stderr]    Compiling test-strategy v0.4.5
[INFO] [stderr]    Compiling futures-macro v0.3.34
[INFO] [stderr]    Compiling clap_derive v4.6.4
[INFO] [stderr]     Checking idna_adapter v1.2.2
[INFO] [stderr]     Checking idna v1.1.0
[INFO] [stderr]     Checking futures-util v0.3.34
[INFO] [stderr]    Compiling cinder v0.6.1 (/opt/rustwide/workdir)
[INFO] [stderr]     Checking url v2.5.8
[INFO] [stderr]     Checking ppv-lite86 v0.2.21
[INFO] [stderr]     Checking clap v4.6.6
[INFO] [stderr]     Checking rand_chacha v0.9.0
[INFO] [stderr]     Checking proptest v1.11.0
[INFO] [stderr]     Checking futures-executor v0.3.34
[INFO] [stderr]     Checking futures v0.3.34
[INFO] [stderr]     Checking tokio-util v0.7.18
[INFO] [stderr]     Checking tower v0.5.3
[INFO] [stdout] error[E0493]: destructor of `Option<T>` cannot be evaluated at compile-time
[INFO] [stdout]   --> lib/util/assume.rs:51:15
[INFO] [stdout]    |
[INFO] [stdout] 51 |     fn assume(self) -> Self::Assumed {
[INFO] [stdout]    |               ^^^^ the destructor for this type cannot be evaluated in constant functions
[INFO] [stdout] ...
[INFO] [stdout] 56 |     }
[INFO] [stdout]    |     - value is dropped here
[INFO] [stdout] 
[INFO] [stdout] 
[INFO] [stderr]     Checking tower-http v0.6.11
[INFO] [stderr]     Checking h2 v0.4.15
[INFO] [stdout] error[E0493]: destructor of `Result<T, E>` cannot be evaluated at compile-time
[INFO] [stdout]   --> lib/util/assume.rs:64:15
[INFO] [stdout]    |
[INFO] [stdout] 64 |     fn assume(self) -> Self::Assumed {
[INFO] [stdout]    |               ^^^^ the destructor for this type cannot be evaluated in constant functions
[INFO] [stdout] ...
[INFO] [stdout] 69 |     }
[INFO] [stdout]    |     - value is dropped here
[INFO] [stdout] 
[INFO] [stdout] 
[INFO] [stdout] error[E0493]: destructor of `M` cannot be evaluated at compile-time
[INFO] [stdout]   --> lib/util/seq.rs:76:13
[INFO] [stdout]    |
[INFO] [stdout] 76 |         let mem = M::zeroed(ConstCapacity);
[INFO] [stdout]    |             ^^^ the destructor for this type cannot be evaluated in constant functions
[INFO] [stdout] ...
[INFO] [stdout] 86 |     }
[INFO] [stdout]    |     - value is dropped here
[INFO] [stdout] 
[INFO] [stdout] 
[INFO] [stdout] error[E0493]: destructor of `seq::Seq<T, M>` cannot be evaluated at compile-time
[INFO] [stdout]    --> lib/util/seq.rs:229:13
[INFO] [stdout]     |
[INFO] [stdout] 229 |         let mut seq = Self::new();
[INFO] [stdout]     |             ^^^^^^^ the destructor for this type cannot be evaluated in constant functions
[INFO] [stdout] ...
[INFO] [stdout] 236 |     }
[INFO] [stdout]     |     - value is dropped here
[INFO] [stdout] 
[INFO] [stdout] 
[INFO] [stdout] For more information about this error, try `rustc --explain E0493`.
[INFO] [stdout] 
[INFO] [stderr] error: could not compile `cinder` (lib) due to 4 previous errors
[INFO] [stderr] warning: build failed, waiting for other jobs to finish...
[INFO] running `Command { std: "docker" "inspect" "bcf0624d3f4c9070fa4896a4b8e90bd2160a0c4b0ddf3943c76469512e55f48f", kill_on_drop: false }`
[INFO] running `Command { std: "docker" "rm" "-f" "bcf0624d3f4c9070fa4896a4b8e90bd2160a0c4b0ddf3943c76469512e55f48f", kill_on_drop: false }`
[INFO] [stdout] bcf0624d3f4c9070fa4896a4b8e90bd2160a0c4b0ddf3943c76469512e55f48f
