[INFO] cloning repository https://github.com/bresilla/nox
[INFO] running `Command { std: "git" "-c" "credential.helper=" "-c" "credential.helper=/workspace/cargo-home/bin/git-credential-null" "clone" "--bare" "https://github.com/bresilla/nox" "/workspace/cache/git-repos/https%3A%2F%2Fgithub.com%2Fbresilla%2Fnox", kill_on_drop: false }`
[INFO] [stderr] Cloning into bare repository '/workspace/cache/git-repos/https%3A%2F%2Fgithub.com%2Fbresilla%2Fnox'...
[INFO] running `Command { std: "git" "rev-parse" "HEAD", kill_on_drop: false }`
[INFO] [stdout] 93d1e76c805f40d0cb1e3ff7810a93e70af1738f
[INFO] checking bresilla/nox against c60b92c03ca8a3b101eb9d57f51e2232690638c7 for pr-164148-crater-rollup
[INFO] running `Command { std: "git" "clone" "/workspace/cache/git-repos/https%3A%2F%2Fgithub.com%2Fbresilla%2Fnox" "/workspace/builds/worker-4-tc2/source", kill_on_drop: false }`
[INFO] [stderr] Cloning into '/workspace/builds/worker-4-tc2/source'...
[INFO] [stderr] done.
[INFO] started tweaking git repo https://github.com/bresilla/nox
[INFO] finished tweaking git repo https://github.com/bresilla/nox
[INFO] tweaked toml for git repo https://github.com/bresilla/nox written to /workspace/builds/worker-4-tc2/source/Cargo.toml
[INFO] validating manifest of git repo https://github.com/bresilla/nox on toolchain c60b92c03ca8a3b101eb9d57f51e2232690638c7
[INFO] running `Command { std: CARGO_HOME="/workspace/cargo-home" RUSTUP_HOME="/workspace/rustup-home" "/workspace/cargo-home/bin/cargo" "+c60b92c03ca8a3b101eb9d57f51e2232690638c7" "metadata" "--manifest-path" "Cargo.toml" "--no-deps", kill_on_drop: false }`
[INFO] crate git repo https://github.com/bresilla/nox already has a lockfile, it will not be regenerated
[INFO] running `Command { std: CARGO_HOME="/workspace/cargo-home" RUSTUP_HOME="/workspace/rustup-home" "/workspace/cargo-home/bin/cargo" "+c60b92c03ca8a3b101eb9d57f51e2232690638c7" "fetch" "--manifest-path" "Cargo.toml", kill_on_drop: false }`
[INFO] running `Command { std: "docker" "create" "-v" "/var/lib/crater-agent-workspace/builds/worker-4-tc2/source:/opt/rustwide/workdir:ro,Z" "-v" "/var/lib/crater-agent-workspace/builds/worker-4-tc2/target:/opt/rustwide/target:rw,Z" "-v" "/var/lib/crater-agent-workspace/cargo-home:/opt/rustwide/cargo-home:ro,Z" "-v" "/var/lib/crater-agent-workspace/rustup-home:/opt/rustwide/rustup-home:ro,Z" "-m" "1610612736" "--network" "none" "ghcr.io/rust-lang/crates-build-env/linux@sha256:77db811e55d90add9212f6832c23229e3de5f1c1f9905e8cb07319ea15df73ac" "sleep" "infinity", kill_on_drop: false }`
[INFO] [stdout] af96b2755ac2214dd81161841c99295389a06870e4e034e992277a40f04fe267
[INFO] running `Command { std: "docker" "start" "af96b2755ac2214dd81161841c99295389a06870e4e034e992277a40f04fe267", kill_on_drop: false }`
[INFO] running `Command { std: "docker" "inspect" "af96b2755ac2214dd81161841c99295389a06870e4e034e992277a40f04fe267", kill_on_drop: false }`
[INFO] running `Command { std: "docker" "exec" "-e" "SOURCE_DIR=/opt/rustwide/workdir" "-e" "CARGO_HOME=/opt/rustwide/cargo-home" "-e" "RUSTUP_HOME=/opt/rustwide/rustup-home" "-e" "CARGO_TARGET_DIR=/opt/rustwide/target" "-w" "/opt/rustwide/workdir" "--user" "0:0" "af96b2755ac2214dd81161841c99295389a06870e4e034e992277a40f04fe267" "/opt/rustwide/cargo-home/bin/cargo" "+c60b92c03ca8a3b101eb9d57f51e2232690638c7" "metadata" "--no-deps" "--format-version=1", kill_on_drop: false }`
[INFO] running `Command { std: "docker" "inspect" "af96b2755ac2214dd81161841c99295389a06870e4e034e992277a40f04fe267", kill_on_drop: false }`
[INFO] running `Command { std: "docker" "exec" "-e" "SOURCE_DIR=/opt/rustwide/workdir" "-e" "CARGO_HOME=/opt/rustwide/cargo-home" "-e" "RUSTUP_HOME=/opt/rustwide/rustup-home" "-e" "CARGO_TARGET_DIR=/opt/rustwide/target" "-e" "CARGO_INCREMENTAL=0" "-e" "RUST_BACKTRACE=full" "-e" "RUSTFLAGS=--cap-lints=forbid" "-e" "RUSTDOCFLAGS=--cap-lints=forbid" "-w" "/opt/rustwide/workdir" "--user" "0:0" "af96b2755ac2214dd81161841c99295389a06870e4e034e992277a40f04fe267" "/opt/rustwide/cargo-home/bin/cargo" "+c60b92c03ca8a3b101eb9d57f51e2232690638c7" "check" "--frozen" "--all" "--all-targets" "--message-format=json", kill_on_drop: false }`
[INFO] [stderr]    Compiling libc v0.2.186
[INFO] [stderr]     Checking ctutils v0.4.2
[INFO] [stderr]     Checking const-oid v0.9.6
[INFO] [stderr]    Compiling num-traits v0.2.19
[INFO] [stderr]    Compiling syn v2.0.118
[INFO] [stderr]    Compiling serde_core v1.0.228
[INFO] [stderr]     Checking smallvec v1.15.2
[INFO] [stderr]     Checking flagset v0.4.7
[INFO] [stderr]    Compiling typenum v1.20.1
[INFO] [stderr]     Checking ff v0.14.0
[INFO] [stderr]    Compiling zerocopy v0.8.52
[INFO] [stderr]     Checking futures-sink v0.3.32
[INFO] [stderr]     Checking futures-core v0.3.32
[INFO] [stderr]     Checking hashbrown v0.17.1
[INFO] [stderr]     Checking base16ct v1.0.0
[INFO] [stderr]     Checking itertools v0.14.0
[INFO] [stderr]     Checking compact_str v0.9.1
[INFO] [stderr]     Checking spin v0.9.8
[INFO] [stderr]     Checking futures-channel v0.3.32
[INFO] [stderr]     Checking group v0.14.0
[INFO] [stderr]    Compiling rustc-hash v2.1.3
[INFO] [stderr]    Compiling type-map v0.5.1
[INFO] [stderr]    Compiling self_cell v1.2.2
[INFO] [stderr]     Checking num_threads v0.1.7
[INFO] [stderr]    Compiling rustix v1.1.4
[INFO] [stderr]    Compiling self_cell v0.10.3
[INFO] [stderr]    Compiling curve25519-dalek v5.0.0-rc.1
[INFO] [stderr]     Checking line-clipping v0.3.7
[INFO] [stderr]     Checking lazy_static v1.5.0
[INFO] [stderr]    Compiling nix v0.31.3
[INFO] [stderr]    Compiling curve25519-dalek v4.1.3
[INFO] [stderr]    Compiling pcsc-sys v1.3.0
[INFO] [stderr]    Compiling num-bigint-dig v0.8.6
[INFO] [stderr]     Checking nom v7.1.3
[INFO] [stderr]     Checking netlink-packet-core v0.8.1
[INFO] [stderr]    Compiling nix v0.30.1
[INFO] [stderr]    Compiling heapless v0.7.17
[INFO] [stderr]    Compiling arc-swap v1.9.2
[INFO] [stderr]    Compiling proc-macro-error-attr2 v2.0.0
[INFO] [stderr]     Checking keccak v0.2.0
[INFO] [stderr]     Checking lru v0.18.1
[INFO] [stderr]    Compiling aws-lc-rs v1.17.1
[INFO] [stderr]     Checking num-integer v0.1.46
[INFO] [stderr]     Checking hash32 v0.2.1
[INFO] [stderr]     Checking aho-corasick v1.1.4
[INFO] [stderr]     Checking num-iter v0.1.45
[INFO] [stderr]     Checking hashbrown v0.14.5
[INFO] [stderr]     Checking text-size v1.1.1
[INFO] [stderr]     Checking countme v3.0.1
[INFO] [stderr]     Checking io_tee v0.1.1
[INFO] [stderr]     Checking hex v0.4.3
[INFO] [stderr]     Checking pcsc v2.9.0
[INFO] [stderr]     Checking num-bigint v0.4.8
[INFO] [stderr]    Compiling jobserver v0.1.35
[INFO] [stderr]    Compiling parking_lot_core v0.9.12
[INFO] [stderr]     Checking serde_json v1.0.150
[INFO] [stderr]     Checking indexmap v2.14.0
[INFO] [stderr]     Checking data-encoding v2.11.0
[INFO] [stderr]    Compiling cc v1.2.66
[INFO] [stderr]    Compiling generic-array v0.14.7
[INFO] [stderr]    Compiling parking_lot v0.12.5
[INFO] [stderr]     Checking md5 v0.8.0
[INFO] [stderr]     Checking rowan v0.16.1
[INFO] [stderr]     Checking bech32 v0.9.1
[INFO] [stderr]     Checking hex-literal v1.1.0
[INFO] [stderr]     Checking rnix v0.14.0
[INFO] [stderr]    Compiling crypto-common v0.1.7
[INFO] [stderr]    Compiling block-buffer v0.10.4
[INFO] [stderr]     Checking regex-automata v0.4.14
[INFO] [stderr]    Compiling digest v0.10.7
[INFO] [stderr]    Compiling sha2 v0.10.9
[INFO] [stderr]    Compiling cmake v0.1.58
[INFO] [stderr]     Checking unicode-truncate v2.0.1
[INFO] [stderr]     Checking getrandom v0.4.3
[INFO] [stderr]     Checking getrandom v0.2.17
[INFO] [stderr]     Checking mio v1.2.1
[INFO] [stderr]     Checking errno v0.3.14
[INFO] [stderr]     Checking socket2 v0.6.4
[INFO] [stderr]     Checking time v0.3.53
[INFO] [stderr]     Checking uuid v1.23.4
[INFO] [stderr]     Checking signal-hook-registry v1.4.8
[INFO] [stderr]    Compiling zstd-sys v2.0.16+zstd.1.5.7
[INFO] [stderr]     Checking rand_core v0.6.4
[INFO] [stderr]     Checking signal-hook v0.3.18
[INFO] [stderr]    Compiling rust-embed-utils v8.11.0
[INFO] [stderr]     Checking ff v0.13.1
[INFO] [stderr]     Checking netlink-packet-route v0.30.0
[INFO] [stderr]    Compiling aws-lc-sys v0.42.0
[INFO] [stderr]     Checking rtoolbox v0.0.5
[INFO] [stderr]     Checking signal-hook-mio v0.2.5
[INFO] [stderr]     Checking rpassword v7.5.4
[INFO] [stderr]     Checking group v0.13.0
[INFO] [stderr]     Checking crossterm v0.28.1
[INFO] [stderr]    Compiling darling_core v0.23.0
[INFO] [stderr]    Compiling darling_core v0.21.3
[INFO] [stderr]    Compiling proc-macro-error2 v2.0.1
[INFO] [stderr]     Checking regex v1.12.4
[INFO] [stderr]    Compiling zeroize_derive v1.5.0
[INFO] [stderr]    Compiling serde_derive v1.0.228
[INFO] [stderr]    Compiling displaydoc v0.2.6
[INFO] [stderr]    Compiling thiserror-impl v1.0.69
[INFO] [stderr]    Compiling thiserror-impl v2.0.18
[INFO] [stderr]    Compiling der_derive v0.7.3
[INFO] [stderr]    Compiling futures-macro v0.3.32
[INFO] [stderr]    Compiling strum_macros v0.28.0
[INFO] [stderr]    Compiling curve25519-dalek-derive v0.1.1
[INFO] [stderr]     Checking zeroize v1.9.0
[INFO] [stderr]    Compiling tinystr v0.8.3
[INFO] [stderr]     Checking hybrid-array v0.4.13
[INFO] [stderr]     Checking der v0.8.0
[INFO] [stderr]     Checking futures-util v0.3.32
[INFO] [stderr]     Checking der v0.7.10
[INFO] [stderr]     Checking inout v0.1.4
[INFO] [stderr]    Compiling thiserror v1.0.69
[INFO] [stderr]     Checking cipher v0.4.4
[INFO] [stderr]     Checking hmac v0.12.1
[INFO] [stderr]     Checking ppv-lite86 v0.2.21
[INFO] [stderr]     Checking thiserror v2.0.18
[INFO] [stderr]     Checking hkdf v0.12.4
[INFO] [stderr]     Checking crypto-common v0.2.2
[INFO] [stderr]     Checking block-buffer v0.12.1
[INFO] [stderr]     Checking block-padding v0.4.2
[INFO] [stderr]     Checking crypto-bigint v0.7.5
[INFO] [stderr]     Checking unic-langid-impl v0.9.6
[INFO] [stderr]     Checking kasuari v0.4.12
[INFO] [stderr]    Compiling zstd-safe v7.2.4
[INFO] [stderr]     Checking inout v0.2.2
[INFO] [stderr]     Checking unic-langid v0.9.6
[INFO] [stderr]     Checking universal-hash v0.5.1
[INFO] [stderr]     Checking wnaf v0.14.0
[INFO] [stderr]     Checking signature v2.2.0
[INFO] [stderr]     Checking crypto-bigint v0.5.5
[INFO] [stderr]    Compiling tokio-macros v2.7.0
[INFO] [stderr]    Compiling rust-embed-impl v8.11.0
[INFO] [stderr]     Checking spki v0.7.3
[INFO] [stderr]     Checking rand_chacha v0.3.1
[INFO] [stderr]     Checking pkcs8 v0.10.2
[INFO] [stderr]    Compiling fluent-syntax v0.11.1
[INFO] [stderr]     Checking spki v0.8.0
[INFO] [stderr]     Checking sec1 v0.8.1
[INFO] [stderr]     Checking rand v0.8.6
[INFO] [stderr]     Checking digest v0.11.3
[INFO] [stderr]     Checking cipher v0.5.2
[INFO] [stderr]     Checking universal-hash v0.6.1
[INFO] [stderr]     Checking polyval v0.7.1
[INFO] [stderr]     Checking aead v0.6.1
[INFO] [stderr]     Checking sec1 v0.7.3
[INFO] [stderr]     Checking hmac v0.13.0
[INFO] [stderr]     Checking aes v0.9.1
[INFO] [stderr]     Checking ctr v0.10.1
[INFO] [stderr]     Checking ghash v0.6.0
[INFO] [stderr]     Checking sha2 v0.11.0
[INFO] [stderr]     Checking salsa20 v0.11.0
[INFO] [stderr]     Checking cbc v0.2.1
[INFO] [stderr]     Checking pbkdf2 v0.13.0
[INFO] [stderr]     Checking signature v3.0.0
[INFO] [stderr]     Checking hkdf v0.13.0
[INFO] [stderr]     Checking tokio v1.52.3
[INFO] [stderr]     Checking chacha20 v0.10.1
[INFO] [stderr]    Compiling derive_more-impl v2.1.1
[INFO] [stderr]     Checking intl_pluralrules v7.0.2
[INFO] [stderr]     Checking strum v0.28.0
[INFO] [stderr]     Checking ratatui-core v0.1.2
[INFO] [stderr]     Checking intl-memoizer v0.5.3
[INFO] [stderr]     Checking fluent-langneg v0.13.1
[INFO] [stderr]     Checking rfc6979 v0.4.0
[INFO] [stderr]     Checking aead v0.5.2
[INFO] [stderr]     Checking aes-gcm v0.11.0
[INFO] [stderr]    Compiling zstd v0.13.3
[INFO] [stderr]    Compiling darling_macro v0.23.0
[INFO] [stderr]     Checking pkcs1 v0.8.0-rc.4
[INFO] [stderr]     Checking fluent-bundle v0.15.3
[INFO] [stderr]    Compiling serde v1.0.228
[INFO] [stderr]     Checking blowfish v0.10.0
[INFO] [stderr]     Checking scrypt v0.12.0
[INFO] [stderr]     Checking blake2 v0.11.0-rc.6
[INFO] [stderr]     Checking derive_more v2.1.1
[INFO] [stderr]     Checking crossterm v0.29.0
[INFO] [stderr]     Checking poly1305 v0.9.0
[INFO] [stderr]     Checking pkcs5 v0.8.1
[INFO] [stderr]    Compiling darling v0.23.0
[INFO] [stderr]     Checking elliptic-curve v0.13.8
[INFO] [stderr]    Compiling rust-embed v8.11.0
[INFO] [stderr]    Compiling darling_macro v0.21.3
[INFO] [stderr]     Checking poly1305 v0.8.0
[INFO] [stderr]    Compiling instability v0.3.12
[INFO] [stderr]     Checking pkcs8 v0.11.0
[INFO] [stderr]     Checking primeorder v0.13.6
[INFO] [stderr]     Checking ecdsa v0.16.9
[INFO] [stderr]     Checking pbkdf2 v0.12.2
[INFO] [stderr]     Checking chacha20 v0.9.1
[INFO] [stderr]     Checking ed25519 v3.0.0
[INFO] [stderr]    Compiling strum_macros v0.26.4
[INFO] [stderr]    Compiling darling v0.21.3
[INFO] [stderr]     Checking argon2 v0.6.0-rc.8
[INFO] [stderr]     Checking fluent v0.16.1
[INFO] [stderr]    Compiling tui-globe v1.0.0
[INFO] [stderr]     Checking bcrypt-pbkdf v0.11.0
[INFO] [stderr]     Checking ratatui-widgets v0.3.2
[INFO] [stderr]     Checking chacha20poly1305 v0.10.1
[INFO] [stderr]     Checking rand v0.10.2
[INFO] [stderr]     Checking sha1 v0.11.0
[INFO] [stderr]    Compiling toml v0.5.11
[INFO] [stderr]    Compiling basic-toml v0.1.10
[INFO] [stderr]     Checking ed25519-dalek v3.0.0-rc.1
[INFO] [stderr]     Checking sha3 v0.11.0
[INFO] [stderr]     Checking pkcs1 v0.7.5
[INFO] [stderr]     Checking kem v0.3.0
[INFO] [stderr]     Checking polyval v0.6.2
[INFO] [stderr]     Checking module-lattice v0.2.3
[INFO] [stderr]     Checking ratatui-crossterm v0.1.2
[INFO] [stderr]     Checking elliptic-curve v0.14.1
[INFO] [stderr]     Checking primefield v0.14.0
[INFO] [stderr]     Checking rfc6979 v0.6.0
[INFO] [stderr]     Checking ssh-encoding v0.3.0
[INFO] [stderr]     Checking crypto-primes v0.7.2
[INFO] [stderr]     Checking salsa20 v0.10.2
[INFO] [stderr]     Checking sha1 v0.10.6
[INFO] [stderr]     Checking secrecy v0.10.3
[INFO] [stderr]     Checking ssh-cipher v0.3.0
[INFO] [stderr]    Compiling pin-project-internal v1.1.13
[INFO] [stderr]     Checking x509-cert v0.2.5
[INFO] [stderr]     Checking futures-executor v0.3.32
[INFO] [stderr]     Checking scrypt v0.11.0
[INFO] [stderr]    Compiling i18n-config v0.4.8
[INFO] [stderr]     Checking ml-kem v0.3.2
[INFO] [stderr]     Checking russh-cryptovec v0.62.0
[INFO] [stderr]     Checking futures v0.3.32
[INFO] [stderr]     Checking cookie-factory v0.3.3
[INFO] [stderr]    Compiling find-crate v0.6.3
[INFO] [stderr]     Checking rsa v0.9.10
[INFO] [stderr]     Checking ecdsa v0.17.0
[INFO] [stderr]     Checking primeorder v0.14.0
[INFO] [stderr]     Checking ratatui-macros v0.7.2
[INFO] [stderr]     Checking internal-russh-num-bigint v0.5.0
[INFO] [stderr]     Checking age-core v0.11.0
[INFO] [stderr]     Checking ratatui v0.30.2
[INFO] [stderr]     Checking ghash v0.5.1
[INFO] [stderr]     Checking x25519-dalek v2.0.1
[INFO] [stderr]     Checking p384 v0.13.1
[INFO] [stderr]     Checking p256 v0.13.2
[INFO] [stderr]    Compiling derive_setters v0.1.9
[INFO] [stderr]     Checking cobs v0.3.0
[INFO] [stderr]     Checking strum v0.26.3
[INFO] [stderr]     Checking ctr v0.9.2
[INFO] [stderr]     Checking des v0.8.1
[INFO] [stderr]     Checking aes v0.8.4
[INFO] [stderr]     Checking rsa v0.10.0-rc.18
[INFO] [stderr]     Checking generic-array v1.4.3
[INFO] [stderr]    Compiling i18n-embed-impl v0.8.4
[INFO] [stderr]     Checking p256 v0.14.0-rc.15
[INFO] [stderr]     Checking p521 v0.14.0-rc.15
[INFO] [stderr]     Checking p384 v0.14.0-rc.15
[INFO] [stderr]     Checking ratatui v0.29.0
[INFO] [stderr]     Checking secrecy v0.8.0
[INFO] [stderr]    Compiling i18n-embed v0.15.4
[INFO] [stderr]    Compiling derive-getters v0.5.0
[INFO] [stdout] error[E0493]: destructor of `ArrayBuilder<T, N>` cannot be evaluated at compile-time
[INFO] [stdout]    --> /opt/rustwide/cargo-home/registry/src/index.crates.io-1949cf8c6b5b557f/generic-array-1.4.3/src/internal.rs:103:31
[INFO] [stdout]     |
[INFO] [stdout] 103 |     pub unsafe fn assume_init(self) -> GenericArray<T, N> {
[INFO] [stdout]     |                               ^^^^ the destructor for this type cannot be evaluated in constant functions
[INFO] [stdout] ...
[INFO] [stdout] 109 |     }
[INFO] [stdout]     |     - value is dropped here
[INFO] [stdout] 
[INFO] [stdout] 
[INFO] [stdout] error[E0493]: destructor of `GenericArray<core::mem::MaybeUninit<*const T>, N>` cannot be evaluated at compile-time
[INFO] [stdout]    --> /opt/rustwide/cargo-home/registry/src/index.crates.io-1949cf8c6b5b557f/generic-array-1.4.3/src/lib.rs:970:13
[INFO] [stdout]     |
[INFO] [stdout] 970 |         let mut out: GenericArray<MaybeUninit<*const T>, N> = GenericArray::uninit();
[INFO] [stdout]     |             ^^^^^^^ the destructor for this type cannot be evaluated in constant functions
[INFO] [stdout] ...
[INFO] [stdout] 985 |     }
[INFO] [stdout]     |     - value is dropped here
[INFO] [stdout] 
[INFO] [stdout] 
[INFO] [stdout] error[E0493]: destructor of `GenericArray<core::mem::MaybeUninit<*mut T>, N>` cannot be evaluated at compile-time
[INFO] [stdout]     --> /opt/rustwide/cargo-home/registry/src/index.crates.io-1949cf8c6b5b557f/generic-array-1.4.3/src/lib.rs:1005:13
[INFO] [stdout]      |
[INFO] [stdout] 1005 |         let mut out: GenericArray<MaybeUninit<*mut T>, N> = GenericArray::uninit();
[INFO] [stdout]      |             ^^^^^^^ the destructor for this type cannot be evaluated in constant functions
[INFO] [stdout] ...
[INFO] [stdout] 1020 |     }
[INFO] [stdout]      |     - value is dropped here
[INFO] [stdout] 
[INFO] [stdout] 
[INFO] [stdout] For more information about this error, try `rustc --explain E0493`.
[INFO] [stdout] 
[INFO] [stderr]    Compiling delegate v0.13.5
[INFO] [stderr] error: could not compile `generic-array` (lib) due to 3 previous errors
[INFO] [stderr] warning: build failed, waiting for other jobs to finish...
[INFO] running `Command { std: "docker" "inspect" "af96b2755ac2214dd81161841c99295389a06870e4e034e992277a40f04fe267", kill_on_drop: false }`
[INFO] running `Command { std: "docker" "rm" "-f" "af96b2755ac2214dd81161841c99295389a06870e4e034e992277a40f04fe267", kill_on_drop: false }`
[INFO] [stdout] af96b2755ac2214dd81161841c99295389a06870e4e034e992277a40f04fe267
