[INFO] cloning repository https://github.com/bpcakes/jury
[INFO] running `Command { std: "git" "-c" "credential.helper=" "-c" "credential.helper=/workspace/cargo-home/bin/git-credential-null" "clone" "--bare" "https://github.com/bpcakes/jury" "/workspace/cache/git-repos/https%3A%2F%2Fgithub.com%2Fbpcakes%2Fjury", kill_on_drop: false }`
[INFO] [stderr] Cloning into bare repository '/workspace/cache/git-repos/https%3A%2F%2Fgithub.com%2Fbpcakes%2Fjury'...
[INFO] running `Command { std: "git" "rev-parse" "HEAD", kill_on_drop: false }`
[INFO] [stdout] 043ae74ca3254fe767ac0677dc760a64b170a533
[INFO] checking bpcakes/jury against c60b92c03ca8a3b101eb9d57f51e2232690638c7 for pr-164148-crater-rollup
[INFO] running `Command { std: "git" "clone" "/workspace/cache/git-repos/https%3A%2F%2Fgithub.com%2Fbpcakes%2Fjury" "/workspace/builds/worker-7-tc2/source", kill_on_drop: false }`
[INFO] [stderr] Cloning into '/workspace/builds/worker-7-tc2/source'...
[INFO] [stderr] done.
[INFO] started tweaking git repo https://github.com/bpcakes/jury
[INFO] finished tweaking git repo https://github.com/bpcakes/jury
[INFO] tweaked toml for git repo https://github.com/bpcakes/jury written to /workspace/builds/worker-7-tc2/source/Cargo.toml
[INFO] validating manifest of git repo https://github.com/bpcakes/jury on toolchain c60b92c03ca8a3b101eb9d57f51e2232690638c7
[INFO] running `Command { std: CARGO_HOME="/workspace/cargo-home" RUSTUP_HOME="/workspace/rustup-home" "/workspace/cargo-home/bin/cargo" "+c60b92c03ca8a3b101eb9d57f51e2232690638c7" "metadata" "--manifest-path" "Cargo.toml" "--no-deps", kill_on_drop: false }`
[INFO] crate git repo https://github.com/bpcakes/jury already has a lockfile, it will not be regenerated
[INFO] running `Command { std: CARGO_HOME="/workspace/cargo-home" RUSTUP_HOME="/workspace/rustup-home" "/workspace/cargo-home/bin/cargo" "+c60b92c03ca8a3b101eb9d57f51e2232690638c7" "fetch" "--manifest-path" "Cargo.toml", kill_on_drop: false }`
[INFO] running `Command { std: "docker" "create" "-v" "/var/lib/crater-agent-workspace/builds/worker-7-tc2/source:/opt/rustwide/workdir:ro,Z" "-v" "/var/lib/crater-agent-workspace/builds/worker-7-tc2/target:/opt/rustwide/target:rw,Z" "-v" "/var/lib/crater-agent-workspace/cargo-home:/opt/rustwide/cargo-home:ro,Z" "-v" "/var/lib/crater-agent-workspace/rustup-home:/opt/rustwide/rustup-home:ro,Z" "-m" "1610612736" "--network" "none" "ghcr.io/rust-lang/crates-build-env/linux@sha256:77db811e55d90add9212f6832c23229e3de5f1c1f9905e8cb07319ea15df73ac" "sleep" "infinity", kill_on_drop: false }`
[INFO] [stdout] 5fee60e63b5cc2b904a1c1fc30627869d326cd894d3bbff1033cda5bcf1a44b5
[INFO] running `Command { std: "docker" "start" "5fee60e63b5cc2b904a1c1fc30627869d326cd894d3bbff1033cda5bcf1a44b5", kill_on_drop: false }`
[INFO] running `Command { std: "docker" "inspect" "5fee60e63b5cc2b904a1c1fc30627869d326cd894d3bbff1033cda5bcf1a44b5", kill_on_drop: false }`
[INFO] running `Command { std: "docker" "exec" "-e" "SOURCE_DIR=/opt/rustwide/workdir" "-e" "CARGO_HOME=/opt/rustwide/cargo-home" "-e" "RUSTUP_HOME=/opt/rustwide/rustup-home" "-e" "CARGO_TARGET_DIR=/opt/rustwide/target" "-w" "/opt/rustwide/workdir" "--user" "0:0" "5fee60e63b5cc2b904a1c1fc30627869d326cd894d3bbff1033cda5bcf1a44b5" "/opt/rustwide/cargo-home/bin/cargo" "+c60b92c03ca8a3b101eb9d57f51e2232690638c7" "metadata" "--no-deps" "--format-version=1", kill_on_drop: false }`
[INFO] running `Command { std: "docker" "inspect" "5fee60e63b5cc2b904a1c1fc30627869d326cd894d3bbff1033cda5bcf1a44b5", kill_on_drop: false }`
[INFO] running `Command { std: "docker" "exec" "-e" "SOURCE_DIR=/opt/rustwide/workdir" "-e" "CARGO_HOME=/opt/rustwide/cargo-home" "-e" "RUSTUP_HOME=/opt/rustwide/rustup-home" "-e" "CARGO_TARGET_DIR=/opt/rustwide/target" "-e" "CARGO_INCREMENTAL=0" "-e" "RUST_BACKTRACE=full" "-e" "RUSTFLAGS=--cap-lints=forbid" "-e" "RUSTDOCFLAGS=--cap-lints=forbid" "-w" "/opt/rustwide/workdir" "--user" "0:0" "5fee60e63b5cc2b904a1c1fc30627869d326cd894d3bbff1033cda5bcf1a44b5" "/opt/rustwide/cargo-home/bin/cargo" "+c60b92c03ca8a3b101eb9d57f51e2232690638c7" "check" "--frozen" "--all" "--all-targets" "--message-format=json", kill_on_drop: false }`
[INFO] [stderr]    Compiling syn v2.0.119
[INFO] [stderr]    Compiling syn v3.0.4
[INFO] [stderr]    Compiling libc v0.2.189
[INFO] [stderr]    Compiling serde_core v1.0.229
[INFO] [stderr]     Checking ctutils v0.4.2
[INFO] [stderr]    Compiling serde_json v1.0.145
[INFO] [stderr]    Compiling rustix v1.1.4
[INFO] [stderr]     Checking linux-raw-sys v0.12.1
[INFO] [stderr]    Compiling find-msvc-tools v0.1.11
[INFO] [stderr]    Compiling rlimit v0.11.0
[INFO] [stderr]     Checking aho-corasick v1.1.3
[INFO] [stderr]     Checking sanitization v2.0.4 (/opt/rustwide/workdir/third_party/sanitization/crates/sanitization)
[INFO] [stderr]     Checking keccak v0.2.2
[INFO] [stderr]    Compiling curve25519-dalek v5.0.0
[INFO] [stderr]     Checking smallvec v1.16.0
[INFO] [stderr]     Checking tracing v0.1.44
[INFO] [stderr]     Checking signature v3.0.0
[INFO] [stderr]    Compiling io-lifetimes v3.0.1
[INFO] [stderr]    Compiling io-lifetimes v2.0.4
[INFO] [stderr]     Checking hashbrown v0.17.1
[INFO] [stderr]     Checking generic-array v1.4.5
[INFO] [stderr]     Checking ff v0.14.0
[INFO] [stderr]    Compiling aws-lc-rs v1.18.1
[INFO] [stderr]     Checking ed25519 v3.0.0
[INFO] [stderr]     Checking base64ct v1.8.3
[INFO] [stderr]    Compiling io-extras v0.19.0
[INFO] [stderr]    Compiling cap-primitives v4.0.3
[INFO] [stderr]     Checking futures-util v0.3.34
[INFO] [stderr]     Checking maybe-owned v0.3.4
[INFO] [stderr]    Compiling cap-std v4.0.3
[INFO] [stderr]     Checking ambient-authority v0.0.2
[INFO] [stderr]    Compiling rustls v0.23.43
[INFO] [stderr]    Compiling cap-fs-ext v4.0.3
[INFO] [stderr]     Checking anstream v0.6.21
[INFO] [stderr]     Checking clap_lex v0.7.7
[INFO] [stderr]    Compiling fs-err v3.3.1
[INFO] [stdout] error[E0493]: destructor of `ArrayBuilder<T, N>` cannot be evaluated at compile-time
[INFO] [stdout]    --> /opt/rustwide/cargo-home/registry/src/index.crates.io-1949cf8c6b5b557f/generic-array-1.4.5/src/internal.rs:103:31
[INFO] [stdout]     |
[INFO] [stdout] 103 |     pub unsafe fn assume_init(self) -> GenericArray<T, N> {
[INFO] [stdout]     |                               ^^^^ the destructor for this type cannot be evaluated in constant functions
[INFO] [stdout] ...
[INFO] [stdout] 109 |     }
[INFO] [stdout]     |     - value is dropped here
[INFO] [stdout] 
[INFO] [stdout] 
[INFO] [stderr]    Compiling zerocopy v0.8.56
[INFO] [stdout] error[E0493]: destructor of `GenericArray<core::mem::MaybeUninit<*const T>, N>` cannot be evaluated at compile-time
[INFO] [stdout]    --> /opt/rustwide/cargo-home/registry/src/index.crates.io-1949cf8c6b5b557f/generic-array-1.4.5/src/lib.rs:983:13
[INFO] [stdout]     |
[INFO] [stdout] 983 |         let mut out: GenericArray<MaybeUninit<*const T>, N> = GenericArray::uninit();
[INFO] [stdout]     |             ^^^^^^^ the destructor for this type cannot be evaluated in constant functions
[INFO] [stdout] ...
[INFO] [stdout] 998 |     }
[INFO] [stdout]     |     - value is dropped here
[INFO] [stdout] 
[INFO] [stdout] 
[INFO] [stdout] error[E0493]: destructor of `GenericArray<core::mem::MaybeUninit<*mut T>, N>` cannot be evaluated at compile-time
[INFO] [stdout]     --> /opt/rustwide/cargo-home/registry/src/index.crates.io-1949cf8c6b5b557f/generic-array-1.4.5/src/lib.rs:1018:13
[INFO] [stdout]      |
[INFO] [stdout] 1018 |         let mut out: GenericArray<MaybeUninit<*mut T>, N> = GenericArray::uninit();
[INFO] [stdout]      |             ^^^^^^^ the destructor for this type cannot be evaluated in constant functions
[INFO] [stdout] ...
[INFO] [stdout] 1033 |     }
[INFO] [stdout]      |     - value is dropped here
[INFO] [stdout] 
[INFO] [stdout] 
[INFO] [stderr]    Compiling nix v0.31.3
[INFO] [stderr]     Checking indexmap v2.14.1
[INFO] [stdout] For more information about this error, try `rustc --explain E0493`.
[INFO] [stdout] 
[INFO] [stderr]     Checking clap_builder v4.5.50
[INFO] [stderr] error: could not compile `generic-array` (lib) due to 3 previous errors
[INFO] [stderr] warning: build failed, waiting for other jobs to finish...
[INFO] running `Command { std: "docker" "inspect" "5fee60e63b5cc2b904a1c1fc30627869d326cd894d3bbff1033cda5bcf1a44b5", kill_on_drop: false }`
[INFO] running `Command { std: "docker" "rm" "-f" "5fee60e63b5cc2b904a1c1fc30627869d326cd894d3bbff1033cda5bcf1a44b5", kill_on_drop: false }`
[INFO] [stdout] 5fee60e63b5cc2b904a1c1fc30627869d326cd894d3bbff1033cda5bcf1a44b5
