[INFO] cloning repository https://github.com/blouargant/llmfs-mount
[INFO] running `Command { std: "git" "-c" "credential.helper=" "-c" "credential.helper=/workspace/cargo-home/bin/git-credential-null" "clone" "--bare" "https://github.com/blouargant/llmfs-mount" "/workspace/cache/git-repos/https%3A%2F%2Fgithub.com%2Fblouargant%2Fllmfs-mount", kill_on_drop: false }`
[INFO] [stderr] Cloning into bare repository '/workspace/cache/git-repos/https%3A%2F%2Fgithub.com%2Fblouargant%2Fllmfs-mount'...
[INFO] running `Command { std: "git" "rev-parse" "HEAD", kill_on_drop: false }`
[INFO] [stdout] 11ec52b69edd076474a6a3aadc9dbddd135eef45
[INFO] checking blouargant/llmfs-mount against c60b92c03ca8a3b101eb9d57f51e2232690638c7 for pr-164148-crater-rollup
[INFO] running `Command { std: "git" "clone" "/workspace/cache/git-repos/https%3A%2F%2Fgithub.com%2Fblouargant%2Fllmfs-mount" "/workspace/builds/worker-1-tc2/source", kill_on_drop: false }`
[INFO] [stderr] Cloning into '/workspace/builds/worker-1-tc2/source'...
[INFO] [stderr] done.
[INFO] started tweaking git repo https://github.com/blouargant/llmfs-mount
[INFO] finished tweaking git repo https://github.com/blouargant/llmfs-mount
[INFO] tweaked toml for git repo https://github.com/blouargant/llmfs-mount written to /workspace/builds/worker-1-tc2/source/Cargo.toml
[INFO] validating manifest of git repo https://github.com/blouargant/llmfs-mount on toolchain c60b92c03ca8a3b101eb9d57f51e2232690638c7
[INFO] running `Command { std: CARGO_HOME="/workspace/cargo-home" RUSTUP_HOME="/workspace/rustup-home" "/workspace/cargo-home/bin/cargo" "+c60b92c03ca8a3b101eb9d57f51e2232690638c7" "metadata" "--manifest-path" "Cargo.toml" "--no-deps", kill_on_drop: false }`
[INFO] crate git repo https://github.com/blouargant/llmfs-mount already has a lockfile, it will not be regenerated
[INFO] running `Command { std: CARGO_HOME="/workspace/cargo-home" RUSTUP_HOME="/workspace/rustup-home" "/workspace/cargo-home/bin/cargo" "+c60b92c03ca8a3b101eb9d57f51e2232690638c7" "fetch" "--manifest-path" "Cargo.toml", kill_on_drop: false }`
[INFO] running `Command { std: "docker" "create" "-v" "/var/lib/crater-agent-workspace/builds/worker-1-tc2/source:/opt/rustwide/workdir:ro,Z" "-v" "/var/lib/crater-agent-workspace/builds/worker-1-tc2/target:/opt/rustwide/target:rw,Z" "-v" "/var/lib/crater-agent-workspace/cargo-home:/opt/rustwide/cargo-home:ro,Z" "-v" "/var/lib/crater-agent-workspace/rustup-home:/opt/rustwide/rustup-home:ro,Z" "-m" "1610612736" "--network" "none" "ghcr.io/rust-lang/crates-build-env/linux@sha256:77db811e55d90add9212f6832c23229e3de5f1c1f9905e8cb07319ea15df73ac" "sleep" "infinity", kill_on_drop: false }`
[INFO] [stdout] d590b591c333860deaa6566ae719c486b96d94d320446847fd2f7bfbc69ff417
[INFO] running `Command { std: "docker" "start" "d590b591c333860deaa6566ae719c486b96d94d320446847fd2f7bfbc69ff417", kill_on_drop: false }`
[INFO] running `Command { std: "docker" "inspect" "d590b591c333860deaa6566ae719c486b96d94d320446847fd2f7bfbc69ff417", kill_on_drop: false }`
[INFO] running `Command { std: "docker" "exec" "-e" "SOURCE_DIR=/opt/rustwide/workdir" "-e" "CARGO_HOME=/opt/rustwide/cargo-home" "-e" "RUSTUP_HOME=/opt/rustwide/rustup-home" "-e" "CARGO_TARGET_DIR=/opt/rustwide/target" "-w" "/opt/rustwide/workdir" "--user" "0:0" "d590b591c333860deaa6566ae719c486b96d94d320446847fd2f7bfbc69ff417" "/opt/rustwide/cargo-home/bin/cargo" "+c60b92c03ca8a3b101eb9d57f51e2232690638c7" "metadata" "--no-deps" "--format-version=1", kill_on_drop: false }`
[INFO] running `Command { std: "docker" "inspect" "d590b591c333860deaa6566ae719c486b96d94d320446847fd2f7bfbc69ff417", kill_on_drop: false }`
[INFO] running `Command { std: "docker" "exec" "-e" "SOURCE_DIR=/opt/rustwide/workdir" "-e" "CARGO_HOME=/opt/rustwide/cargo-home" "-e" "RUSTUP_HOME=/opt/rustwide/rustup-home" "-e" "CARGO_TARGET_DIR=/opt/rustwide/target" "-e" "CARGO_INCREMENTAL=0" "-e" "RUST_BACKTRACE=full" "-e" "RUSTFLAGS=--cap-lints=forbid" "-e" "RUSTDOCFLAGS=--cap-lints=forbid" "-w" "/opt/rustwide/workdir" "--user" "0:0" "d590b591c333860deaa6566ae719c486b96d94d320446847fd2f7bfbc69ff417" "/opt/rustwide/cargo-home/bin/cargo" "+c60b92c03ca8a3b101eb9d57f51e2232690638c7" "check" "--frozen" "--all" "--all-targets" "--message-format=json", kill_on_drop: false }`
[INFO] [stderr]    Compiling libc v0.2.184
[INFO] [stderr]     Checking http v1.4.0
[INFO] [stderr]    Compiling tokio-macros v2.7.0
[INFO] [stderr]    Compiling zerofrom-derive v0.1.7
[INFO] [stderr]    Compiling yoke-derive v0.8.2
[INFO] [stderr]     Checking tracing v0.1.44
[INFO] [stderr]    Compiling zerovec-derive v0.11.3
[INFO] [stderr]    Compiling zerocopy v0.8.48
[INFO] [stderr]     Checking serde v1.0.228
[INFO] [stderr]     Checking bitflags v2.11.0
[INFO] [stderr]    Compiling zerocopy-derive v0.8.48
[INFO] [stderr]     Checking http-body v1.0.1
[INFO] [stderr]     Checking hashbrown v0.16.1
[INFO] [stderr]     Checking zerofrom v0.1.7
[INFO] [stderr]    Compiling aws-lc-rs v1.16.2
[INFO] [stderr]     Checking litemap v0.8.2
[INFO] [stderr]     Checking yoke v0.8.2
[INFO] [stderr]     Checking writeable v0.6.3
[INFO] [stderr]     Checking serde_json v1.0.149
[INFO] [stderr]     Checking zerotrie v0.2.4
[INFO] [stderr]    Compiling icu_normalizer_data v2.2.0
[INFO] [stderr]     Checking zerovec v0.11.6
[INFO] [stderr]    Compiling icu_properties_data v2.2.0
[INFO] [stderr]    Compiling jobserver v0.1.34
[INFO] [stderr]     Checking http-body-util v0.1.3
[INFO] [stderr]     Checking indexmap v2.13.1
[INFO] [stderr]    Compiling rand_core v0.6.4
[INFO] [stderr]    Compiling cc v1.2.59
[INFO] [stderr]    Compiling rustls v0.23.37
[INFO] [stderr]    Compiling siphasher v1.0.2
[INFO] [stderr]    Compiling rand v0.8.5
[INFO] [stderr]    Compiling phf_shared v0.11.3
[INFO] [stderr]     Checking tinystr v0.8.3
[INFO] [stderr]     Checking icu_locale_core v2.2.0
[INFO] [stderr]     Checking potential_utf v0.1.5
[INFO] [stderr]    Compiling crossbeam-utils v0.8.21
[INFO] [stderr]     Checking icu_collections v2.2.0
[INFO] [stderr]     Checking errno v0.3.14
[INFO] [stderr]     Checking signal-hook-registry v1.4.8
[INFO] [stderr]     Checking socket2 v0.6.3
[INFO] [stderr]     Checking mio v1.2.0
[INFO] [stderr]    Compiling phf_generator v0.11.3
[INFO] [stderr]     Checking getrandom v0.3.4
[INFO] [stderr]     Checking getrandom v0.2.17
[INFO] [stderr]    Compiling phf_macros v0.11.3
[INFO] [stderr]     Checking iri-string v0.7.12
[INFO] [stderr]     Checking rand_core v0.9.5
[INFO] [stderr]     Checking tokio v1.51.0
[INFO] [stderr]    Compiling cmake v0.1.58
[INFO] [stderr]     Checking rustls-native-certs v0.8.3
[INFO] [stderr]     Checking bytemuck v1.25.0
[INFO] [stderr]     Checking icu_provider v2.2.0
[INFO] [stderr]    Compiling phf v0.11.3
[INFO] [stderr]     Checking deranged v0.5.8
[INFO] [stderr]    Compiling doxygen-rs v0.4.2
[INFO] [stderr]     Checking icu_properties v2.2.0
[INFO] [stderr]     Checking icu_normalizer v2.2.0
[INFO] [stderr]    Compiling pin-project-internal v1.1.11
[INFO] [stderr]    Compiling aws-lc-sys v0.39.1
[INFO] [stderr]    Compiling openssl-sys v0.9.112
[INFO] [stderr]    Compiling rust_decimal v1.41.0
[INFO] [stderr]     Checking time-core v0.1.8
[INFO] [stderr]     Checking num-conv v0.2.1
[INFO] [stderr]     Checking pin-project v1.1.11
[INFO] [stderr]     Checking dirs-sys v0.5.0
[INFO] [stderr]    Compiling lmdb-master-sys v0.2.6
[INFO] [stderr]     Checking idna_adapter v1.2.1
[INFO] [stderr]     Checking time v0.3.47
[INFO] [stderr]     Checking digest v0.10.7
[INFO] [stderr]     Checking idna v1.1.0
[INFO] [stderr]     Checking safe_arch v0.7.4
[INFO] [stderr]     Checking tracing-serde v0.2.0
[INFO] [stderr]    Compiling matrixmultiply v0.3.10
[INFO] [stderr]     Checking tracing-log v0.2.0
[INFO] [stderr]    Compiling dtor-proc-macro v0.0.6
[INFO] [stderr]     Checking url v2.5.8
[INFO] [stderr]    Compiling openssl v0.10.76
[INFO] [stderr]     Checking typewit v1.15.1
[INFO] [stderr]     Checking dtor v0.1.1
[INFO] [stderr]     Checking wide v0.7.33
[INFO] [stderr]     Checking tracing-subscriber v0.3.23
[INFO] [stderr]     Checking chrono v0.4.44
[INFO] [stderr]     Checking const_panic v0.2.15
[INFO] [stderr]    Compiling mime_guess v2.0.5
[INFO] [stderr]     Checking dirs v6.0.0
[INFO] [stderr]     Checking getrandom v0.4.2
[INFO] [stderr]    Compiling blake3 v1.8.4
[INFO] [stderr]     Checking serde_urlencoded v0.7.1
[INFO] [stderr]     Checking crossbeam-channel v0.5.15
[INFO] [stderr]     Checking crossbeam-queue v0.3.12
[INFO] [stderr]     Checking approx v0.5.1
[INFO] [stderr]     Checking bincode v1.3.3
[INFO] [stderr]    Compiling git-version-macro v0.3.9
[INFO] [stderr]     Checking os_str_bytes v6.6.1
[INFO] [stderr]     Checking heed-traits v0.20.0
[INFO] [stderr]    Compiling ctor-proc-macro v0.0.7
[INFO] [stderr]    Compiling syn v1.0.109
[INFO] [stderr]     Checking rawpointer v0.2.1
[INFO] [stderr]    Compiling mockall_derive v0.14.0
[INFO] [stderr]    Compiling heed v0.22.1
[INFO] [stderr]    Compiling konst_proc_macros v0.4.1
[INFO] [stderr]    Compiling native-tls v0.2.18
[INFO] [stderr]     Checking clap_builder v4.6.0
[INFO] [stderr]     Checking rustix v1.1.4
[INFO] [stderr]     Checking git-version v0.3.9
[INFO] [stderr]     Checking ctor v0.6.3
[INFO] [stderr]     Checking heed-types v0.21.0
[INFO] [stderr]     Checking konst v0.4.3
[INFO] [stderr]     Checking shellexpand v3.1.2
[INFO] [stderr]    Compiling clap_derive v4.6.0
[INFO] [stderr]     Checking ppv-lite86 v0.2.21
[INFO] [stdout] error[E0493]: destructor of `ArrayBuilder<T, N, D>` cannot be evaluated at compile-time
[INFO] [stdout]    --> /opt/rustwide/cargo-home/registry/src/index.crates.io-1949cf8c6b5b557f/konst-0.4.3/src/array/array_builder.rs:421:24
[INFO] [stdout]     |
[INFO] [stdout] 421 |     pub const fn build(self) -> [T; N] {
[INFO] [stdout]     |                        ^^^^ the destructor for this type cannot be evaluated in constant functions
[INFO] [stdout] ...
[INFO] [stdout] 437 |     }
[INFO] [stdout]     |     - value is dropped here
[INFO] [stdout] 
[INFO] [stdout] 
[INFO] [stdout] error[E0493]: destructor of `array_into_iter::IntoIter<T, N, D>` cannot be evaluated at compile-time
[INFO] [stdout]    --> /opt/rustwide/cargo-home/registry/src/index.crates.io-1949cf8c6b5b557f/konst-0.4.3/src/array/array_into_iter.rs:324:34
[INFO] [stdout]     |
[INFO] [stdout] 324 |     pub const fn assert_is_empty(self) {
[INFO] [stdout]     |                                  ^^^^ the destructor for this type cannot be evaluated in constant functions
[INFO] [stdout] ...
[INFO] [stdout] 327 |     }
[INFO] [stdout]     |     - value is dropped here
[INFO] [stdout] 
[INFO] [stdout] 
[INFO] [stdout] error[E0493]: destructor of `Option<(T, U)>` cannot be evaluated at compile-time
[INFO] [stdout]    --> /opt/rustwide/cargo-home/registry/src/index.crates.io-1949cf8c6b5b557f/konst-0.4.3/src/macros/control_flow.rs:83:42
[INFO] [stdout]     |
[INFO] [stdout]  81 |   macro_rules! if_let_Some {
[INFO] [stdout]  82 |       ($some:pat = $e:expr => $then:block $(else $else:block)?) => {
[INFO] [stdout]  83 |           match $crate::option::__opt($e) {opt =>
[INFO] [stdout]     |                                            ^^^ the destructor for this type cannot be evaluated in constant functions
[INFO] [stdout] ...
[INFO] [stdout]  90 |               }
[INFO] [stdout]     |               - value is dropped here
[INFO] [stdout]     |
[INFO] [stdout]    ::: /opt/rustwide/cargo-home/registry/src/index.crates.io-1949cf8c6b5b557f/konst-0.4.3/src/option.rs:635:5
[INFO] [stdout]     |
[INFO] [stdout] 635 | /     crate::if_let_Some! {tuple = opt => {
[INFO] [stdout] 636 | |         crate::destructure!{(l, r) = tuple}
[INFO] [stdout] 637 | |
[INFO] [stdout] 638 | |         (Some(l), Some(r))
[INFO] [stdout] 639 | |     } else {
[INFO] [stdout] 640 | |         (None, None)
[INFO] [stdout] 641 | |     }}
[INFO] [stdout]     | |______- in this macro invocation
[INFO] [stdout] 
[INFO] [stdout] 
[INFO] [stderr]     Checking rand_chacha v0.9.0
[INFO] [stderr]     Checking rand v0.9.2
[INFO] [stdout] For more information about this error, try `rustc --explain E0493`.
[INFO] [stdout] 
[INFO] [stderr] error: could not compile `konst` (lib) due to 3 previous errors
[INFO] [stderr] warning: build failed, waiting for other jobs to finish...
[INFO] running `Command { std: "docker" "inspect" "d590b591c333860deaa6566ae719c486b96d94d320446847fd2f7bfbc69ff417", kill_on_drop: false }`
[INFO] running `Command { std: "docker" "rm" "-f" "d590b591c333860deaa6566ae719c486b96d94d320446847fd2f7bfbc69ff417", kill_on_drop: false }`
[INFO] [stdout] d590b591c333860deaa6566ae719c486b96d94d320446847fd2f7bfbc69ff417
