[INFO] cloning repository https://github.com/benjamin-747/orion-scheduler
[INFO] running `Command { std: "git" "-c" "credential.helper=" "-c" "credential.helper=/workspace/cargo-home/bin/git-credential-null" "clone" "--bare" "https://github.com/benjamin-747/orion-scheduler" "/workspace/cache/git-repos/https%3A%2F%2Fgithub.com%2Fbenjamin-747%2Forion-scheduler", kill_on_drop: false }`
[INFO] [stderr] Cloning into bare repository '/workspace/cache/git-repos/https%3A%2F%2Fgithub.com%2Fbenjamin-747%2Forion-scheduler'...
[INFO] running `Command { std: "git" "rev-parse" "HEAD", kill_on_drop: false }`
[INFO] [stdout] a8ef7cfe4e69ba25b7794500206677fe9f3bede0
[INFO] checking benjamin-747/orion-scheduler against c60b92c03ca8a3b101eb9d57f51e2232690638c7 for pr-164148-crater-rollup
[INFO] running `Command { std: "git" "clone" "/workspace/cache/git-repos/https%3A%2F%2Fgithub.com%2Fbenjamin-747%2Forion-scheduler" "/workspace/builds/worker-2-tc2/source", kill_on_drop: false }`
[INFO] [stderr] Cloning into '/workspace/builds/worker-2-tc2/source'...
[INFO] [stderr] done.
[INFO] started tweaking git repo https://github.com/benjamin-747/orion-scheduler
[INFO] finished tweaking git repo https://github.com/benjamin-747/orion-scheduler
[INFO] tweaked toml for git repo https://github.com/benjamin-747/orion-scheduler written to /workspace/builds/worker-2-tc2/source/Cargo.toml
[INFO] validating manifest of git repo https://github.com/benjamin-747/orion-scheduler on toolchain c60b92c03ca8a3b101eb9d57f51e2232690638c7
[INFO] running `Command { std: CARGO_HOME="/workspace/cargo-home" RUSTUP_HOME="/workspace/rustup-home" "/workspace/cargo-home/bin/cargo" "+c60b92c03ca8a3b101eb9d57f51e2232690638c7" "metadata" "--manifest-path" "Cargo.toml" "--no-deps", kill_on_drop: false }`
[INFO] crate git repo https://github.com/benjamin-747/orion-scheduler already has a lockfile, it will not be regenerated
[INFO] running `Command { std: CARGO_HOME="/workspace/cargo-home" RUSTUP_HOME="/workspace/rustup-home" "/workspace/cargo-home/bin/cargo" "+c60b92c03ca8a3b101eb9d57f51e2232690638c7" "fetch" "--manifest-path" "Cargo.toml", kill_on_drop: false }`
[INFO] running `Command { std: "docker" "create" "-v" "/var/lib/crater-agent-workspace/builds/worker-2-tc2/source:/opt/rustwide/workdir:ro,Z" "-v" "/var/lib/crater-agent-workspace/builds/worker-2-tc2/target:/opt/rustwide/target:rw,Z" "-v" "/var/lib/crater-agent-workspace/cargo-home:/opt/rustwide/cargo-home:ro,Z" "-v" "/var/lib/crater-agent-workspace/rustup-home:/opt/rustwide/rustup-home:ro,Z" "-m" "1610612736" "--network" "none" "ghcr.io/rust-lang/crates-build-env/linux@sha256:77db811e55d90add9212f6832c23229e3de5f1c1f9905e8cb07319ea15df73ac" "sleep" "infinity", kill_on_drop: false }`
[INFO] [stdout] bbf242e15fa4b6d9463538d7a324a59828b640960efcdf5ed6290234ebe3ce16
[INFO] running `Command { std: "docker" "start" "bbf242e15fa4b6d9463538d7a324a59828b640960efcdf5ed6290234ebe3ce16", kill_on_drop: false }`
[INFO] running `Command { std: "docker" "inspect" "bbf242e15fa4b6d9463538d7a324a59828b640960efcdf5ed6290234ebe3ce16", kill_on_drop: false }`
[INFO] running `Command { std: "docker" "exec" "-e" "SOURCE_DIR=/opt/rustwide/workdir" "-e" "CARGO_HOME=/opt/rustwide/cargo-home" "-e" "RUSTUP_HOME=/opt/rustwide/rustup-home" "-e" "CARGO_TARGET_DIR=/opt/rustwide/target" "-w" "/opt/rustwide/workdir" "--user" "0:0" "bbf242e15fa4b6d9463538d7a324a59828b640960efcdf5ed6290234ebe3ce16" "/opt/rustwide/cargo-home/bin/cargo" "+c60b92c03ca8a3b101eb9d57f51e2232690638c7" "metadata" "--no-deps" "--format-version=1", kill_on_drop: false }`
[INFO] running `Command { std: "docker" "inspect" "bbf242e15fa4b6d9463538d7a324a59828b640960efcdf5ed6290234ebe3ce16", kill_on_drop: false }`
[INFO] running `Command { std: "docker" "exec" "-e" "SOURCE_DIR=/opt/rustwide/workdir" "-e" "CARGO_HOME=/opt/rustwide/cargo-home" "-e" "RUSTUP_HOME=/opt/rustwide/rustup-home" "-e" "CARGO_TARGET_DIR=/opt/rustwide/target" "-e" "CARGO_INCREMENTAL=0" "-e" "RUST_BACKTRACE=full" "-e" "RUSTFLAGS=--cap-lints=forbid" "-e" "RUSTDOCFLAGS=--cap-lints=forbid" "-w" "/opt/rustwide/workdir" "--user" "0:0" "bbf242e15fa4b6d9463538d7a324a59828b640960efcdf5ed6290234ebe3ce16" "/opt/rustwide/cargo-home/bin/cargo" "+c60b92c03ca8a3b101eb9d57f51e2232690638c7" "check" "--frozen" "--all" "--all-targets" "--message-format=json", kill_on_drop: false }`
[INFO] [stderr]    Compiling libc v0.2.186
[INFO] [stderr]     Checking typenum v1.20.0
[INFO] [stderr]     Checking base64ct v1.8.3
[INFO] [stderr]     Checking log v0.4.30
[INFO] [stderr]    Compiling zerocopy v0.8.48
[INFO] [stderr]    Compiling syn v2.0.117
[INFO] [stderr]    Compiling num-traits v0.2.19
[INFO] [stderr]     Checking bitflags v2.11.1
[INFO] [stderr]    Compiling aws-lc-rs v1.17.0
[INFO] [stderr]     Checking http-body v1.0.1
[INFO] [stderr]     Checking spin v0.9.8
[INFO] [stderr]    Compiling hax-lib v0.3.5
[INFO] [stderr]     Checking untrusted v0.7.1
[INFO] [stderr]    Compiling serde_json v1.0.150
[INFO] [stderr]    Compiling rustls v0.23.40
[INFO] [stderr]     Checking lazy_static v1.5.0
[INFO] [stderr]     Checking pem-rfc7468 v0.7.0
[INFO] [stderr]    Compiling curve25519-dalek v4.1.3
[INFO] [stderr]    Compiling num-bigint-dig v0.8.6
[INFO] [stderr]    Compiling libcrux-intrinsics v0.0.4
[INFO] [stderr]    Compiling nix v0.29.0
[INFO] [stderr]    Compiling nix v0.31.3
[INFO] [stderr]    Compiling libcrux-sha3 v0.0.4
[INFO] [stderr]     Checking vte v0.15.0
[INFO] [stderr]     Checking http-body-util v0.1.3
[INFO] [stderr]    Compiling libcrux-ml-kem v0.0.4
[INFO] [stderr]     Checking tracing-log v0.2.0
[INFO] [stderr]     Checking vt100 v0.16.2
[INFO] [stderr]     Checking sharded-slab v0.1.7
[INFO] [stderr]    Compiling serde_yml v0.0.12
[INFO] [stderr]     Checking unit-prefix v0.5.2
[INFO] [stderr]    Compiling kvm-ioctls v0.24.0
[INFO] [stderr]     Checking libyml v0.0.5
[INFO] [stderr]     Checking serde_bytes v0.11.19
[INFO] [stderr]     Checking numtoa v0.2.4
[INFO] [stderr]     Checking hex-literal v0.4.1
[INFO] [stderr]     Checking serde_path_to_error v0.1.20
[INFO] [stderr]     Checking shell-escape v0.1.5
[INFO] [stderr]    Compiling jobserver v0.1.34
[INFO] [stderr]     Checking num-integer v0.1.46
[INFO] [stderr]     Checking chrono v0.4.44
[INFO] [stderr]    Compiling cc v1.2.62
[INFO] [stderr]     Checking num-iter v0.1.45
[INFO] [stderr]     Checking hybrid-array v0.4.12
[INFO] [stderr]     Checking getrandom v0.2.17
[INFO] [stderr]     Checking parking_lot_core v0.9.12
[INFO] [stderr]     Checking errno v0.3.14
[INFO] [stderr]     Checking socket2 v0.6.3
[INFO] [stderr]     Checking mio v1.2.0
[INFO] [stderr]     Checking getrandom v0.3.4
[INFO] [stderr]     Checking libcrux-platform v0.0.2
[INFO] [stderr]     Checking console v0.16.3
[INFO] [stderr]     Checking vmm-sys-util v0.15.0
[INFO] [stderr]     Checking signal-hook-registry v1.4.8
[INFO] [stderr]     Checking dirs-sys v0.5.0
[INFO] [stderr]     Checking sysinfo v0.35.2
[INFO] [stderr]     Checking parking_lot v0.12.5
[INFO] [stderr]     Checking rand_core v0.6.4
[INFO] [stderr]     Checking dashmap v6.2.1
[INFO] [stderr]     Checking rand_core v0.9.5
[INFO] [stderr]     Checking ff v0.13.1
[INFO] [stderr]     Checking password-hash v0.5.0
[INFO] [stderr]     Checking indicatif v0.18.4
[INFO] [stderr]     Checking group v0.13.0
[INFO] [stderr]    Compiling cmake v0.1.58
[INFO] [stderr]     Checking kvm-bindings v0.14.0
[INFO] [stderr]     Checking directories v6.0.0
[INFO] [stderr]     Checking termion v4.0.6
[INFO] [stderr]     Checking crypto-common v0.2.2
[INFO] [stderr]     Checking block-buffer v0.12.0
[INFO] [stderr]    Compiling aws-lc-sys v0.41.0
[INFO] [stderr]     Checking digest v0.11.3
[INFO] [stderr]     Checking vsock v0.5.4
[INFO] [stderr]     Checking sha2 v0.11.0
[INFO] [stderr]    Compiling synstructure v0.13.2
[INFO] [stderr]    Compiling zeroize_derive v1.4.3
[INFO] [stderr]    Compiling tokio-macros v2.7.0
[INFO] [stderr]    Compiling futures-macro v0.3.32
[INFO] [stderr]    Compiling zerofrom-derive v0.1.7
[INFO] [stderr]    Compiling yoke-derive v0.8.2
[INFO] [stderr]    Compiling zerovec-derive v0.11.3
[INFO] [stderr]    Compiling serde_derive v1.0.228
[INFO] [stderr]    Compiling tracing-attributes v0.1.31
[INFO] [stderr]    Compiling displaydoc v0.2.5
[INFO] [stderr]    Compiling hax-lib-macros v0.3.5
[INFO] [stderr]     Checking zeroize v1.8.2
[INFO] [stderr]    Compiling curve25519-dalek-derive v0.1.1
[INFO] [stderr]    Compiling thiserror-impl v2.0.18
[INFO] [stderr]     Checking generic-array v0.14.7
[INFO] [stderr]     Checking der v0.7.10
[INFO] [stderr]     Checking tokio v1.52.3
[INFO] [stderr]     Checking futures-util v0.3.32
[INFO] [stderr]     Checking ppv-lite86 v0.2.21
[INFO] [stderr]     Checking rustls-pki-types v1.14.1
[INFO] [stderr]    Compiling tls_codec_derive v0.4.2
[INFO] [stderr]    Compiling thiserror-impl v1.0.69
[INFO] [stderr]     Checking libcrux-secrets v0.0.4
[INFO] [stderr]     Checking crypto-common v0.1.7
[INFO] [stderr]     Checking block-buffer v0.10.4
[INFO] [stderr]     Checking block-padding v0.3.3
[INFO] [stderr]     Checking crypto-bigint v0.5.5
[INFO] [stderr]     Checking universal-hash v0.5.1
[INFO] [stderr]     Checking zerofrom v0.1.8
[INFO] [stderr]     Checking digest v0.10.7
[INFO] [stderr]     Checking rand_chacha v0.3.1
[INFO] [stderr]     Checking inout v0.1.4
[INFO] [stderr]     Checking yoke v0.8.2
[INFO] [stderr]     Checking polyval v0.6.2
[INFO] [stderr]     Checking cipher v0.4.4
[INFO] [stderr]     Checking hmac v0.12.1
[INFO] [stderr]     Checking sha2 v0.10.9
[INFO] [stderr]     Checking zerovec v0.11.6
[INFO] [stderr]     Checking signature v2.2.0
[INFO] [stderr]     Checking pbkdf2 v0.12.2
[INFO] [stderr]     Checking hkdf v0.12.4
[INFO] [stderr]     Checking zerotrie v0.2.4
[INFO] [stderr]     Checking aes v0.8.4
[INFO] [stderr]     Checking cbc v0.1.2
[INFO] [stderr]     Checking salsa20 v0.10.2
[INFO] [stderr]     Checking rfc6979 v0.4.0
[INFO] [stderr]     Checking scrypt v0.11.0
[INFO] [stderr]     Checking rand v0.8.6
[INFO] [stderr]     Checking rand_chacha v0.9.0
[INFO] [stderr]     Checking tracing v0.1.44
[INFO] [stderr]     Checking ssh-encoding v0.2.0
[INFO] [stderr]     Checking rand v0.9.4
[INFO] [stderr]     Checking ctr v0.9.2
[INFO] [stderr]     Checking ghash v0.5.1
[INFO] [stderr]     Checking aead v0.5.2
[INFO] [stderr]     Checking blowfish v0.9.1
[INFO] [stderr]     Checking chacha20 v0.9.1
[INFO] [stderr]     Checking aes-gcm v0.10.3
[INFO] [stderr]     Checking blake2 v0.10.6
[INFO] [stderr]     Checking poly1305 v0.8.0
[INFO] [stderr]     Checking bcrypt-pbkdf v0.10.0
[INFO] [stderr]     Checking tls_codec v0.4.2
[INFO] [stderr]     Checking tinystr v0.8.3
[INFO] [stderr]     Checking potential_utf v0.1.5
[INFO] [stderr]     Checking argon2 v0.5.3
[INFO] [stderr]     Checking spki v0.7.3
[INFO] [stderr]     Checking libcrux-traits v0.0.4
[INFO] [stderr]     Checking icu_locale_core v2.2.0
[INFO] [stderr]     Checking icu_collections v2.2.0
[INFO] [stderr]     Checking thiserror v2.0.18
[INFO] [stderr]     Checking pkcs5 v0.7.1
[INFO] [stderr]     Checking ssh-cipher v0.2.0
[INFO] [stderr]     Checking sha1 v0.10.6
[INFO] [stderr]     Checking rustls-native-certs v0.8.3
[INFO] [stderr]     Checking num-bigint v0.4.6
[INFO] [stderr]     Checking thiserror v1.0.69
[INFO] [stderr]     Checking tracing-subscriber v0.3.23
[INFO] [stderr]     Checking pkcs8 v0.10.2
[INFO] [stderr]     Checking russh-cryptovec v0.52.0
[INFO] [stderr]     Checking generic-array v1.4.1
[INFO] [stderr]    Compiling delegate v0.13.5
[INFO] [stderr]     Checking sec1 v0.7.3
[INFO] [stderr]     Checking ed25519 v2.2.3
[INFO] [stderr]     Checking pkcs1 v0.7.5
[INFO] [stderr]    Compiling enum_dispatch v0.3.13
[INFO] [stderr]     Checking elliptic-curve v0.13.8
[INFO] [stdout] error[E0493]: destructor of `ArrayBuilder<T, N>` cannot be evaluated at compile-time
[INFO] [stdout]    --> /opt/rustwide/cargo-home/registry/src/index.crates.io-1949cf8c6b5b557f/generic-array-1.4.1/src/internal.rs:103:31
[INFO] [stdout]     |
[INFO] [stdout] 103 |     pub unsafe fn assume_init(self) -> GenericArray<T, N> {
[INFO] [stdout]     |                               ^^^^ the destructor for this type cannot be evaluated in constant functions
[INFO] [stdout] ...
[INFO] [stdout] 109 |     }
[INFO] [stdout]     |     - value is dropped here
[INFO] [stdout] 
[INFO] [stdout] 
[INFO] [stdout] error[E0493]: destructor of `GenericArray<core::mem::MaybeUninit<*const T>, N>` cannot be evaluated at compile-time
[INFO] [stdout]    --> /opt/rustwide/cargo-home/registry/src/index.crates.io-1949cf8c6b5b557f/generic-array-1.4.1/src/lib.rs:970:13
[INFO] [stdout]     |
[INFO] [stdout] 970 |         let mut out: GenericArray<MaybeUninit<*const T>, N> = GenericArray::uninit();
[INFO] [stdout]     |             ^^^^^^^ the destructor for this type cannot be evaluated in constant functions
[INFO] [stdout] ...
[INFO] [stdout] 985 |     }
[INFO] [stdout]     |     - value is dropped here
[INFO] [stdout] 
[INFO] [stdout] 
[INFO] [stdout] error[E0493]: destructor of `GenericArray<core::mem::MaybeUninit<*mut T>, N>` cannot be evaluated at compile-time
[INFO] [stdout]     --> /opt/rustwide/cargo-home/registry/src/index.crates.io-1949cf8c6b5b557f/generic-array-1.4.1/src/lib.rs:1005:13
[INFO] [stdout]      |
[INFO] [stdout] 1005 |         let mut out: GenericArray<MaybeUninit<*mut T>, N> = GenericArray::uninit();
[INFO] [stdout]      |             ^^^^^^^ the destructor for this type cannot be evaluated in constant functions
[INFO] [stdout] ...
[INFO] [stdout] 1020 |     }
[INFO] [stdout]      |     - value is dropped here
[INFO] [stdout] 
[INFO] [stdout] 
[INFO] [stdout] For more information about this error, try `rustc --explain E0493`.
[INFO] [stdout] 
[INFO] [stderr] error: could not compile `generic-array` (lib) due to 3 previous errors
[INFO] [stderr] warning: build failed, waiting for other jobs to finish...
[INFO] running `Command { std: "docker" "inspect" "bbf242e15fa4b6d9463538d7a324a59828b640960efcdf5ed6290234ebe3ce16", kill_on_drop: false }`
[INFO] running `Command { std: "docker" "rm" "-f" "bbf242e15fa4b6d9463538d7a324a59828b640960efcdf5ed6290234ebe3ce16", kill_on_drop: false }`
[INFO] [stdout] bbf242e15fa4b6d9463538d7a324a59828b640960efcdf5ed6290234ebe3ce16
