[INFO] cloning repository https://github.com/ayourtch/scarust
[INFO] running `Command { std: "git" "-c" "credential.helper=" "-c" "credential.helper=/workspace/cargo-home/bin/git-credential-null" "clone" "--bare" "https://github.com/ayourtch/scarust" "/workspace/cache/git-repos/https%3A%2F%2Fgithub.com%2Fayourtch%2Fscarust", kill_on_drop: false }`
[INFO] [stderr] Cloning into bare repository '/workspace/cache/git-repos/https%3A%2F%2Fgithub.com%2Fayourtch%2Fscarust'...
[INFO] running `Command { std: "git" "rev-parse" "HEAD", kill_on_drop: false }`
[INFO] [stdout] 1cf138c0caa47e7ae8d3b4c96feade9ad0f2ee6f
[INFO] checking ayourtch/scarust against c60b92c03ca8a3b101eb9d57f51e2232690638c7 for pr-164148-crater-rollup
[INFO] running `Command { std: "git" "clone" "/workspace/cache/git-repos/https%3A%2F%2Fgithub.com%2Fayourtch%2Fscarust" "/workspace/builds/worker-3-tc2/source", kill_on_drop: false }`
[INFO] [stderr] Cloning into '/workspace/builds/worker-3-tc2/source'...
[INFO] [stderr] done.
[INFO] started tweaking git repo https://github.com/ayourtch/scarust
[INFO] finished tweaking git repo https://github.com/ayourtch/scarust
[INFO] tweaked toml for git repo https://github.com/ayourtch/scarust written to /workspace/builds/worker-3-tc2/source/Cargo.toml
[INFO] validating manifest of git repo https://github.com/ayourtch/scarust on toolchain c60b92c03ca8a3b101eb9d57f51e2232690638c7
[INFO] running `Command { std: CARGO_HOME="/workspace/cargo-home" RUSTUP_HOME="/workspace/rustup-home" "/workspace/cargo-home/bin/cargo" "+c60b92c03ca8a3b101eb9d57f51e2232690638c7" "metadata" "--manifest-path" "Cargo.toml" "--no-deps", kill_on_drop: false }`
[INFO] running `Command { std: CARGO_HOME="/workspace/cargo-home" RUSTUP_HOME="/workspace/rustup-home" "/workspace/cargo-home/bin/cargo" "+c60b92c03ca8a3b101eb9d57f51e2232690638c7" "generate-lockfile" "--manifest-path" "Cargo.toml", kill_on_drop: false }`
[INFO] [stderr]     Updating crates.io index
[INFO] [stderr]      Locking 130 packages to highest compatible versions
[INFO] [stderr]       Adding aes v0.8.4 (available: v0.9.3)
[INFO] [stderr]       Adding cbc v0.1.2 (available: v0.2.1)
[INFO] [stderr]       Adding cfb-mode v0.8.2 (available: v0.9.1)
[INFO] [stderr]       Adding cipher v0.4.4 (available: v0.5.2)
[INFO] [stderr]       Adding criterion v0.3.6 (available: v0.8.2)
[INFO] [stderr]       Adding des v0.8.1 (available: v0.9.0)
[INFO] [stderr]       Adding generic-array v0.14.7 (available: v0.14.9)
[INFO] [stderr]       Adding hmac v0.12.1 (available: v0.13.0)
[INFO] [stderr]       Adding itertools v0.14.0 (available: v0.15.0)
[INFO] [stderr]       Adding md-5 v0.10.6 (available: v0.11.0)
[INFO] [stderr]       Adding pcap-parser v0.14.1 (available: v0.17.0)
[INFO] [stderr]       Adding rand v0.8.8 (available: v0.10.3)
[INFO] [stderr]       Adding sha1 v0.10.7 (available: v0.11.0)
[INFO] running `Command { std: CARGO_HOME="/workspace/cargo-home" RUSTUP_HOME="/workspace/rustup-home" "/workspace/cargo-home/bin/cargo" "+c60b92c03ca8a3b101eb9d57f51e2232690638c7" "fetch" "--manifest-path" "Cargo.toml", kill_on_drop: false }`
[INFO] running `Command { std: "docker" "create" "-v" "/var/lib/crater-agent-workspace/builds/worker-3-tc2/source:/opt/rustwide/workdir:ro,Z" "-v" "/var/lib/crater-agent-workspace/builds/worker-3-tc2/target:/opt/rustwide/target:rw,Z" "-v" "/var/lib/crater-agent-workspace/cargo-home:/opt/rustwide/cargo-home:ro,Z" "-v" "/var/lib/crater-agent-workspace/rustup-home:/opt/rustwide/rustup-home:ro,Z" "-m" "1610612736" "--network" "none" "ghcr.io/rust-lang/crates-build-env/linux@sha256:77db811e55d90add9212f6832c23229e3de5f1c1f9905e8cb07319ea15df73ac" "sleep" "infinity", kill_on_drop: false }`
[INFO] [stdout] be9d56f1fa0123ad07a05491271d8cfeb875c47e2d92e96eb72b3b95d7bf1784
[INFO] running `Command { std: "docker" "start" "be9d56f1fa0123ad07a05491271d8cfeb875c47e2d92e96eb72b3b95d7bf1784", kill_on_drop: false }`
[INFO] running `Command { std: "docker" "inspect" "be9d56f1fa0123ad07a05491271d8cfeb875c47e2d92e96eb72b3b95d7bf1784", kill_on_drop: false }`
[INFO] running `Command { std: "docker" "exec" "-e" "SOURCE_DIR=/opt/rustwide/workdir" "-e" "CARGO_HOME=/opt/rustwide/cargo-home" "-e" "RUSTUP_HOME=/opt/rustwide/rustup-home" "-e" "CARGO_TARGET_DIR=/opt/rustwide/target" "-w" "/opt/rustwide/workdir" "--user" "0:0" "be9d56f1fa0123ad07a05491271d8cfeb875c47e2d92e96eb72b3b95d7bf1784" "/opt/rustwide/cargo-home/bin/cargo" "+c60b92c03ca8a3b101eb9d57f51e2232690638c7" "metadata" "--no-deps" "--format-version=1", kill_on_drop: false }`
[INFO] running `Command { std: "docker" "inspect" "be9d56f1fa0123ad07a05491271d8cfeb875c47e2d92e96eb72b3b95d7bf1784", kill_on_drop: false }`
[INFO] running `Command { std: "docker" "exec" "-e" "SOURCE_DIR=/opt/rustwide/workdir" "-e" "CARGO_HOME=/opt/rustwide/cargo-home" "-e" "RUSTUP_HOME=/opt/rustwide/rustup-home" "-e" "CARGO_TARGET_DIR=/opt/rustwide/target" "-e" "CARGO_INCREMENTAL=0" "-e" "RUST_BACKTRACE=full" "-e" "RUSTFLAGS=--cap-lints=forbid" "-e" "RUSTDOCFLAGS=--cap-lints=forbid" "-w" "/opt/rustwide/workdir" "--user" "0:0" "be9d56f1fa0123ad07a05491271d8cfeb875c47e2d92e96eb72b3b95d7bf1784" "/opt/rustwide/cargo-home/bin/cargo" "+c60b92c03ca8a3b101eb9d57f51e2232690638c7" "check" "--frozen" "--all" "--all-targets" "--message-format=json", kill_on_drop: false }`
[INFO] [stderr]    Compiling unicode-ident v1.0.27
[INFO] [stderr]    Compiling serde_core v1.0.229
[INFO] [stderr]    Compiling libc v0.2.190
[INFO] [stderr]     Checking either v1.19.0
[INFO] [stderr]     Checking regex-syntax v0.8.11
[INFO] [stderr]    Compiling zerocopy v0.8.63
[INFO] [stderr]    Compiling typeid v1.0.3
[INFO] [stderr]    Compiling num-traits v0.2.19
[INFO] [stderr]    Compiling nix v0.31.3
[INFO] [stderr]    Compiling erased-serde v0.4.10
[INFO] [stderr]    Compiling linkme-impl v0.3.37
[INFO] [stderr]     Checking block-padding v0.3.3
[INFO] [stderr]    Compiling serde_json v1.0.154
[INFO] [stderr]     Checking digest v0.10.7
[INFO] [stderr]    Compiling linkme v0.3.37
[INFO] [stderr]    Compiling proc-macro2 v1.0.107
[INFO] [stderr]    Compiling typetag v0.2.23
[INFO] [stderr]     Checking inout v0.1.4
[INFO] [stderr]     Checking plotters-backend v0.3.7
[INFO] [stderr]    Compiling doc-comment v0.3.4
[INFO] [stderr]     Checking itertools v0.10.5
[INFO] [stderr]     Checking plotters-svg v0.3.7
[INFO] [stderr]     Checking cipher v0.4.4
[INFO] [stderr]     Checking nom v7.1.3
[INFO] [stderr]    Compiling rustversion v1.0.23
[INFO] [stderr]     Checking textwrap v0.11.0
[INFO] [stderr]     Checking csv-core v0.1.13
[INFO] [stderr]     Checking smallvec v1.16.3
[INFO] [stderr]     Checking cast v0.3.0
[INFO] [stderr]     Checking half v1.8.3
[INFO] [stderr]     Checking inventory v0.3.25
[INFO] [stderr]     Checking cbc v0.1.2
[INFO] [stderr]     Checking des v0.8.1
[INFO] [stderr]     Checking aes v0.8.4
[INFO] [stderr]     Checking cfb-mode v0.8.2
[INFO] [stderr]     Checking clap v2.34.0
[INFO] [stderr]     Checking rayon v1.12.0
[INFO] [stderr]     Checking sha1 v0.10.7
[INFO] [stderr]     Checking hmac v0.12.1
[INFO] [stderr]     Checking md-5 v0.10.6
[INFO] [stderr]     Checking itertools v0.14.0
[INFO] [stderr]    Compiling quote v1.0.47
[INFO] [stderr]     Checking oorandom v11.1.5
[INFO] [stderr]     Checking mopa v0.2.2
[INFO] [stderr]     Checking circular v0.3.0
[INFO] [stderr]    Compiling syn v3.0.9
[INFO] [stderr]    Compiling syn v2.0.119
[INFO] [stderr]     Checking plotters v0.3.7
[INFO] [stderr]     Checking regex-automata v0.4.18
[INFO] [stderr]     Checking criterion-plot v0.4.5
[INFO] [stderr]     Checking rusticata-macros v4.1.0
[INFO] [stderr]     Checking pcap-parser v0.14.1
[INFO] [stderr]     Checking getrandom v0.2.17
[INFO] [stderr]     Checking atty v0.2.14
[INFO] [stderr]     Checking generic-array v1.4.5
[INFO] [stderr]     Checking csv v1.4.0
[INFO] [stderr]     Checking rand_core v0.6.4
[INFO] [stdout] error[E0493]: destructor of `ArrayBuilder<T, N>` cannot be evaluated at compile-time
[INFO] [stdout]    --> /opt/rustwide/cargo-home/registry/src/index.crates.io-1949cf8c6b5b557f/generic-array-1.4.5/src/internal.rs:103:31
[INFO] [stdout]     |
[INFO] [stdout] 103 |     pub unsafe fn assume_init(self) -> GenericArray<T, N> {
[INFO] [stdout]     |                               ^^^^ the destructor for this type cannot be evaluated in constant functions
[INFO] [stdout] ...
[INFO] [stdout] 109 |     }
[INFO] [stdout]     |     - value is dropped here
[INFO] [stdout] 
[INFO] [stdout] 
[INFO] [stdout] error[E0493]: destructor of `GenericArray<core::mem::MaybeUninit<*const T>, N>` cannot be evaluated at compile-time
[INFO] [stdout]    --> /opt/rustwide/cargo-home/registry/src/index.crates.io-1949cf8c6b5b557f/generic-array-1.4.5/src/lib.rs:983:13
[INFO] [stdout]     |
[INFO] [stdout] 983 |         let mut out: GenericArray<MaybeUninit<*const T>, N> = GenericArray::uninit();
[INFO] [stdout]     |             ^^^^^^^ the destructor for this type cannot be evaluated in constant functions
[INFO] [stdout] ...
[INFO] [stdout] 998 |     }
[INFO] [stdout]     |     - value is dropped here
[INFO] [stdout] 
[INFO] [stdout] 
[INFO] [stdout] error[E0493]: destructor of `GenericArray<core::mem::MaybeUninit<*mut T>, N>` cannot be evaluated at compile-time
[INFO] [stdout]     --> /opt/rustwide/cargo-home/registry/src/index.crates.io-1949cf8c6b5b557f/generic-array-1.4.5/src/lib.rs:1018:13
[INFO] [stdout]      |
[INFO] [stdout] 1018 |         let mut out: GenericArray<MaybeUninit<*mut T>, N> = GenericArray::uninit();
[INFO] [stdout]      |             ^^^^^^^ the destructor for this type cannot be evaluated in constant functions
[INFO] [stdout] ...
[INFO] [stdout] 1033 |     }
[INFO] [stdout]      |     - value is dropped here
[INFO] [stdout] 
[INFO] [stdout] 
[INFO] [stdout] For more information about this error, try `rustc --explain E0493`.
[INFO] [stdout] 
[INFO] [stderr] error: could not compile `generic-array` (lib) due to 3 previous errors
[INFO] [stderr] warning: build failed, waiting for other jobs to finish...
[INFO] running `Command { std: "docker" "inspect" "be9d56f1fa0123ad07a05491271d8cfeb875c47e2d92e96eb72b3b95d7bf1784", kill_on_drop: false }`
[INFO] running `Command { std: "docker" "rm" "-f" "be9d56f1fa0123ad07a05491271d8cfeb875c47e2d92e96eb72b3b95d7bf1784", kill_on_drop: false }`
[INFO] [stdout] be9d56f1fa0123ad07a05491271d8cfeb875c47e2d92e96eb72b3b95d7bf1784
