[INFO] cloning repository https://github.com/atoranzo/ZK-SSL-ZK-Sovereign-Settlement-Layer-
[INFO] running `Command { std: "git" "-c" "credential.helper=" "-c" "credential.helper=/workspace/cargo-home/bin/git-credential-null" "clone" "--bare" "https://github.com/atoranzo/ZK-SSL-ZK-Sovereign-Settlement-Layer-" "/workspace/cache/git-repos/https%3A%2F%2Fgithub.com%2Fatoranzo%2FZK-SSL-ZK-Sovereign-Settlement-Layer-", kill_on_drop: false }`
[INFO] [stderr] Cloning into bare repository '/workspace/cache/git-repos/https%3A%2F%2Fgithub.com%2Fatoranzo%2FZK-SSL-ZK-Sovereign-Settlement-Layer-'...
[INFO] running `Command { std: "git" "rev-parse" "HEAD", kill_on_drop: false }`
[INFO] [stdout] ff9d4fcdbf33f8268b11869b633149ea9cd9c40c
[INFO] checking atoranzo/ZK-SSL-ZK-Sovereign-Settlement-Layer- against c60b92c03ca8a3b101eb9d57f51e2232690638c7 for pr-164148-crater-rollup
[INFO] running `Command { std: "git" "clone" "/workspace/cache/git-repos/https%3A%2F%2Fgithub.com%2Fatoranzo%2FZK-SSL-ZK-Sovereign-Settlement-Layer-" "/workspace/builds/worker-4-tc2/source", kill_on_drop: false }`
[INFO] [stderr] Cloning into '/workspace/builds/worker-4-tc2/source'...
[INFO] [stderr] done.
[INFO] started tweaking git repo https://github.com/atoranzo/ZK-SSL-ZK-Sovereign-Settlement-Layer-
[INFO] finished tweaking git repo https://github.com/atoranzo/ZK-SSL-ZK-Sovereign-Settlement-Layer-
[INFO] tweaked toml for git repo https://github.com/atoranzo/ZK-SSL-ZK-Sovereign-Settlement-Layer- written to /workspace/builds/worker-4-tc2/source/Cargo.toml
[INFO] validating manifest of git repo https://github.com/atoranzo/ZK-SSL-ZK-Sovereign-Settlement-Layer- on toolchain c60b92c03ca8a3b101eb9d57f51e2232690638c7
[INFO] running `Command { std: CARGO_HOME="/workspace/cargo-home" RUSTUP_HOME="/workspace/rustup-home" "/workspace/cargo-home/bin/cargo" "+c60b92c03ca8a3b101eb9d57f51e2232690638c7" "metadata" "--manifest-path" "Cargo.toml" "--no-deps", kill_on_drop: false }`
[INFO] crate git repo https://github.com/atoranzo/ZK-SSL-ZK-Sovereign-Settlement-Layer- already has a lockfile, it will not be regenerated
[INFO] running `Command { std: CARGO_HOME="/workspace/cargo-home" RUSTUP_HOME="/workspace/rustup-home" "/workspace/cargo-home/bin/cargo" "+c60b92c03ca8a3b101eb9d57f51e2232690638c7" "fetch" "--manifest-path" "Cargo.toml", kill_on_drop: false }`
[INFO] [stderr] warning: unused field `authors` in `workspace.package`
[INFO] [stderr]   --> Cargo.toml:31:1
[INFO] [stderr]    |
[INFO] [stderr] 31 | authors = ["Angel Toranzo Portela"]
[INFO] [stderr]    | ^^^^^^^
[INFO] [stderr]    |
[INFO] [stderr]    = note: `cargo::unused_workspace_package_fields` is set to `warn` by default
[INFO] [stderr] help: consider removing the field `workspace.package.authors`
[INFO] [stderr] warning: workspace (manifest) generated 1 warning
[INFO] running `Command { std: "docker" "create" "-v" "/var/lib/crater-agent-workspace/builds/worker-4-tc2/source:/opt/rustwide/workdir:ro,Z" "-v" "/var/lib/crater-agent-workspace/builds/worker-4-tc2/target:/opt/rustwide/target:rw,Z" "-v" "/var/lib/crater-agent-workspace/cargo-home:/opt/rustwide/cargo-home:ro,Z" "-v" "/var/lib/crater-agent-workspace/rustup-home:/opt/rustwide/rustup-home:ro,Z" "-m" "1610612736" "--network" "none" "ghcr.io/rust-lang/crates-build-env/linux@sha256:77db811e55d90add9212f6832c23229e3de5f1c1f9905e8cb07319ea15df73ac" "sleep" "infinity", kill_on_drop: false }`
[INFO] [stdout] dd89a2a6372ef84ea506435b8d64a2df89067dac160f0bbd19aa3a949c4dae11
[INFO] running `Command { std: "docker" "start" "dd89a2a6372ef84ea506435b8d64a2df89067dac160f0bbd19aa3a949c4dae11", kill_on_drop: false }`
[INFO] running `Command { std: "docker" "inspect" "dd89a2a6372ef84ea506435b8d64a2df89067dac160f0bbd19aa3a949c4dae11", kill_on_drop: false }`
[INFO] running `Command { std: "docker" "exec" "-e" "SOURCE_DIR=/opt/rustwide/workdir" "-e" "CARGO_HOME=/opt/rustwide/cargo-home" "-e" "RUSTUP_HOME=/opt/rustwide/rustup-home" "-e" "CARGO_TARGET_DIR=/opt/rustwide/target" "-w" "/opt/rustwide/workdir" "--user" "0:0" "dd89a2a6372ef84ea506435b8d64a2df89067dac160f0bbd19aa3a949c4dae11" "/opt/rustwide/cargo-home/bin/cargo" "+c60b92c03ca8a3b101eb9d57f51e2232690638c7" "metadata" "--no-deps" "--format-version=1", kill_on_drop: false }`
[INFO] running `Command { std: "docker" "inspect" "dd89a2a6372ef84ea506435b8d64a2df89067dac160f0bbd19aa3a949c4dae11", kill_on_drop: false }`
[INFO] running `Command { std: "docker" "exec" "-e" "SOURCE_DIR=/opt/rustwide/workdir" "-e" "CARGO_HOME=/opt/rustwide/cargo-home" "-e" "RUSTUP_HOME=/opt/rustwide/rustup-home" "-e" "CARGO_TARGET_DIR=/opt/rustwide/target" "-e" "CARGO_INCREMENTAL=0" "-e" "RUST_BACKTRACE=full" "-e" "RUSTFLAGS=--cap-lints=forbid" "-e" "RUSTDOCFLAGS=--cap-lints=forbid" "-w" "/opt/rustwide/workdir" "--user" "0:0" "dd89a2a6372ef84ea506435b8d64a2df89067dac160f0bbd19aa3a949c4dae11" "/opt/rustwide/cargo-home/bin/cargo" "+c60b92c03ca8a3b101eb9d57f51e2232690638c7" "check" "--frozen" "--all" "--all-targets" "--message-format=json", kill_on_drop: false }`
[INFO] [stderr] warning: unused field `authors` in `workspace.package`
[INFO] [stderr]   --> Cargo.toml:31:1
[INFO] [stderr]    |
[INFO] [stderr] 31 | authors = ["Angel Toranzo Portela"]
[INFO] [stderr]    | ^^^^^^^
[INFO] [stderr]    |
[INFO] [stderr]    = note: `cargo::unused_workspace_package_fields` is set to `warn` by default
[INFO] [stderr] help: consider removing the field `workspace.package.authors`
[INFO] [stderr] warning: workspace (manifest) generated 1 warning
[INFO] [stderr]    Compiling crossbeam-utils v0.8.22
[INFO] [stderr]    Compiling crossbeam-epoch v0.9.20
[INFO] [stderr]     Checking arrayvec v0.7.8
[INFO] [stderr]     Checking log v0.4.33
[INFO] [stderr]    Compiling cc v1.4.0
[INFO] [stderr]    Compiling zerocopy v0.8.55
[INFO] [stderr]     Checking winter-utils v0.13.1
[INFO] [stderr]    Compiling syn v3.0.3
[INFO] [stderr]    Compiling zeroize_derive v1.5.0
[INFO] [stderr]    Compiling parking_lot_core v0.8.6
[INFO] [stderr]    Compiling syn v1.0.109
[INFO] [stderr]     Checking instant v0.1.13
[INFO] [stderr]    Compiling num-traits v0.2.19
[INFO] [stderr]     Checking fs2 v0.4.3
[INFO] [stderr]     Checking settlement-prover v0.1.0 (/opt/rustwide/workdir/crates/settlement-prover)
[INFO] [stderr]     Checking blake2 v0.10.6
[INFO] [stderr]    Compiling crossbeam-deque v0.8.7
[INFO] [stderr]     Checking either v1.17.0
[INFO] [stderr]     Checking spin v0.9.9
[INFO] [stderr]     Checking tracing v0.1.44
[INFO] [stderr]    Compiling winter-maybe-async v0.13.1
[INFO] [stderr]     Checking winter-math v0.13.1
[INFO] [stderr]     Checking lazy_static v1.5.0
[INFO] [stderr]     Checking keccak v0.2.2
[INFO] [stderr]     Checking sponge-cursor v0.1.0
[INFO] [stderr]     Checking serde_json v1.0.151
[INFO] [stderr]     Checking parking_lot v0.11.2
[INFO] [stderr]     Checking poly1305 v0.8.0
[INFO] [stderr]     Checking base64ct v1.8.3
[INFO] [stderr]    Compiling thiserror v2.0.19
[INFO] [stderr]     Checking num-integer v0.1.46
[INFO] [stderr]    Compiling num-bigint v0.3.3
[INFO] [stderr]    Compiling zerovec-derive v0.11.3
[INFO] [stderr]     Checking rand v0.10.2
[INFO] [stderr]     Checking colored v2.2.0
[INFO] [stderr]     Checking zeroize v1.9.0
[INFO] [stderr]     Checking signature v2.2.0
[INFO] [stderr]     Checking bitvec v1.1.1
[INFO] [stderr]     Checking itertools v0.10.5
[INFO] [stderr]     Checking blake2b_simd v1.0.3
[INFO] [stderr]     Checking zk-ssl-guardian v0.1.0 (/opt/rustwide/workdir/crates/zk-ssl-guardian)
[INFO] [stderr]     Checking hybrid-array v0.4.15
[INFO] [stderr]     Checking cipher v0.4.4
[INFO] [stderr]     Checking argon2 v0.5.3
[INFO] [stderr]     Checking hybrid-array v0.2.3
[INFO] [stderr]     Checking rustls-pki-types v1.15.1
[INFO] [stderr]     Checking chacha20 v0.9.1
[INFO] [stderr]     Checking chacha20poly1305 v0.10.1
[INFO] [stderr]     Checking tracing-subscriber v0.2.25
[INFO] [stderr]     Checking sled v0.34.7
[INFO] [stderr]     Checking simd-adler32 v0.3.10
[INFO] [stderr]    Compiling blake3 v1.8.5
[INFO] [stderr]    Compiling ring v0.17.14
[INFO] [stderr]     Checking rayon-core v1.13.0
[INFO] [stderr]    Compiling rustls v0.23.43
[INFO] [stderr]     Checking miniz_oxide v0.8.9
[INFO] [stderr]     Checking webpki-roots v1.0.9
[INFO] [stderr]     Checking webpki-roots v0.26.11
[INFO] [stderr]    Compiling darling_core v0.23.0
[INFO] [stderr]    Compiling num-bigint v0.4.8
[INFO] [stderr]     Checking zerovec v0.11.6
[INFO] [stderr]    Compiling indexmap v1.9.3
[INFO] [stderr]     Checking rayon v1.12.0
[INFO] [stderr]     Checking futures-task v0.3.33
[INFO] [stderr]     Checking flate2 v1.1.9
[INFO] [stderr]     Checking futures-util v0.3.33
[INFO] [stderr]     Checking winter-crypto v0.13.1
[INFO] [stderr]     Checking futures-channel v0.3.33
[INFO] [stderr]     Checking sharded-slab v0.1.7
[INFO] [stderr]     Checking winter-fri v0.13.1
[INFO] [stderr]     Checking winter-air v0.13.1 (/opt/rustwide/workdir/crates/winter-air)
[INFO] [stderr]     Checking zk-ssl-hash v0.1.0 (/opt/rustwide/workdir/crates/zk-ssl-hash)
[INFO] [stderr]     Checking potential_utf v0.1.5
[INFO] [stderr]     Checking tracing-log v0.2.0
[INFO] [stderr]     Checking crypto-common v0.2.2
[INFO] [stderr]     Checking module-lattice v0.2.3
[INFO] [stderr]    Compiling msgpacker-derive v0.3.2
[INFO] [stderr]    Compiling addchain v0.2.1
[INFO] [stderr]     Checking ahash v0.4.8
[INFO] [stderr]    Compiling halo2curves v0.9.0
[INFO] [stderr]     Checking winter-verifier v0.13.1 (/opt/rustwide/workdir/crates/winter-verifier)
[INFO] [stderr]     Checking winter-prover v0.13.1 (/opt/rustwide/workdir/crates/winter-prover)
[INFO] [stderr]     Checking tracing-subscriber v0.3.23
[INFO] [stderr]     Checking hashbrown v0.9.1
[INFO] [stderr]     Checking msgpacker v0.4.8
[INFO] [stderr]     Checking zk-ssl-air v0.1.0 (/opt/rustwide/workdir/crates/zk-ssl-air)
[INFO] [stderr]     Checking digest v0.11.3
[INFO] [stderr]     Checking miniz_oxide v0.7.4
[INFO] [stderr]     Checking shake v0.1.0
[INFO] [stderr]     Checking signature v3.0.0
[INFO] [stderr]     Checking winterfell v0.13.1
[INFO] [stderr]     Checking http-body-util v0.1.4
[INFO] [stderr]     Checking ml-dsa v0.1.1
[INFO] [stderr]     Checking merlin v3.0.0
[INFO] [stderr]     Checking itertools v0.9.0
[INFO] [stderr]     Checking generic-array v1.4.4
[INFO] [stderr]     Checking dusk-safe v0.3.0
[INFO] [stderr]     Checking itertools v0.14.0
[INFO] [stderr]     Checking serde_path_to_error v0.1.20
[INFO] [stderr]     Checking plonky2_maybe_rayon v1.0.0
[INFO] [stderr]     Checking maybe-rayon v0.1.1
[INFO] [stderr]     Checking stark-experiment v0.1.0 (/opt/rustwide/workdir/crates/stark-experiment)
[INFO] [stdout] error[E0493]: destructor of `ArrayBuilder<T, N>` cannot be evaluated at compile-time
[INFO] [stdout]    --> /opt/rustwide/cargo-home/registry/src/index.crates.io-1949cf8c6b5b557f/generic-array-1.4.4/src/internal.rs:103:31
[INFO] [stdout]     |
[INFO] [stdout] 103 |     pub unsafe fn assume_init(self) -> GenericArray<T, N> {
[INFO] [stdout]     |                               ^^^^ the destructor for this type cannot be evaluated in constant functions
[INFO] [stdout] ...
[INFO] [stdout] 109 |     }
[INFO] [stdout]     |     - value is dropped here
[INFO] [stdout] 
[INFO] [stdout] 
[INFO] [stdout] error[E0493]: destructor of `GenericArray<core::mem::MaybeUninit<*const T>, N>` cannot be evaluated at compile-time
[INFO] [stdout]    --> /opt/rustwide/cargo-home/registry/src/index.crates.io-1949cf8c6b5b557f/generic-array-1.4.4/src/lib.rs:981:13
[INFO] [stdout]     |
[INFO] [stdout] 981 |         let mut out: GenericArray<MaybeUninit<*const T>, N> = GenericArray::uninit();
[INFO] [stdout]     |             ^^^^^^^ the destructor for this type cannot be evaluated in constant functions
[INFO] [stdout] ...
[INFO] [stdout] 996 |     }
[INFO] [stdout]     |     - value is dropped here
[INFO] [stdout] 
[INFO] [stdout] 
[INFO] [stdout] error[E0493]: destructor of `GenericArray<core::mem::MaybeUninit<*mut T>, N>` cannot be evaluated at compile-time
[INFO] [stdout]     --> /opt/rustwide/cargo-home/registry/src/index.crates.io-1949cf8c6b5b557f/generic-array-1.4.4/src/lib.rs:1016:13
[INFO] [stdout]      |
[INFO] [stdout] 1016 |         let mut out: GenericArray<MaybeUninit<*mut T>, N> = GenericArray::uninit();
[INFO] [stdout]      |             ^^^^^^^ the destructor for this type cannot be evaluated in constant functions
[INFO] [stdout] ...
[INFO] [stdout] 1031 |     }
[INFO] [stdout]      |     - value is dropped here
[INFO] [stdout] 
[INFO] [stdout] 
[INFO] [stdout] For more information about this error, try `rustc --explain E0493`.
[INFO] [stdout] 
[INFO] [stderr] error: could not compile `generic-array` (lib) due to 3 previous errors
[INFO] [stderr] warning: build failed, waiting for other jobs to finish...
[INFO] running `Command { std: "docker" "inspect" "dd89a2a6372ef84ea506435b8d64a2df89067dac160f0bbd19aa3a949c4dae11", kill_on_drop: false }`
[INFO] running `Command { std: "docker" "rm" "-f" "dd89a2a6372ef84ea506435b8d64a2df89067dac160f0bbd19aa3a949c4dae11", kill_on_drop: false }`
[INFO] [stdout] dd89a2a6372ef84ea506435b8d64a2df89067dac160f0bbd19aa3a949c4dae11
