[INFO] cloning repository https://github.com/ariaandika/rust-unsafed
[INFO] running `Command { std: "git" "-c" "credential.helper=" "-c" "credential.helper=/workspace/cargo-home/bin/git-credential-null" "clone" "--bare" "https://github.com/ariaandika/rust-unsafed" "/workspace/cache/git-repos/https%3A%2F%2Fgithub.com%2Fariaandika%2Frust-unsafed", kill_on_drop: false }`
[INFO] [stderr] Cloning into bare repository '/workspace/cache/git-repos/https%3A%2F%2Fgithub.com%2Fariaandika%2Frust-unsafed'...
[INFO] running `Command { std: "git" "rev-parse" "HEAD", kill_on_drop: false }`
[INFO] [stdout] b2b2f111d33fa902a4e388638932d6a3d8e91e69
[INFO] checking ariaandika/rust-unsafed against c60b92c03ca8a3b101eb9d57f51e2232690638c7 for pr-164148-crater-rollup
[INFO] running `Command { std: "git" "clone" "/workspace/cache/git-repos/https%3A%2F%2Fgithub.com%2Fariaandika%2Frust-unsafed" "/workspace/builds/worker-0-tc2/source", kill_on_drop: false }`
[INFO] [stderr] Cloning into '/workspace/builds/worker-0-tc2/source'...
[INFO] [stderr] done.
[INFO] started tweaking git repo https://github.com/ariaandika/rust-unsafed
[INFO] finished tweaking git repo https://github.com/ariaandika/rust-unsafed
[INFO] tweaked toml for git repo https://github.com/ariaandika/rust-unsafed written to /workspace/builds/worker-0-tc2/source/Cargo.toml
[INFO] validating manifest of git repo https://github.com/ariaandika/rust-unsafed on toolchain c60b92c03ca8a3b101eb9d57f51e2232690638c7
[INFO] running `Command { std: CARGO_HOME="/workspace/cargo-home" RUSTUP_HOME="/workspace/rustup-home" "/workspace/cargo-home/bin/cargo" "+c60b92c03ca8a3b101eb9d57f51e2232690638c7" "metadata" "--manifest-path" "Cargo.toml" "--no-deps", kill_on_drop: false }`
[INFO] crate git repo https://github.com/ariaandika/rust-unsafed already has a lockfile, it will not be regenerated
[INFO] running `Command { std: CARGO_HOME="/workspace/cargo-home" RUSTUP_HOME="/workspace/rustup-home" "/workspace/cargo-home/bin/cargo" "+c60b92c03ca8a3b101eb9d57f51e2232690638c7" "fetch" "--manifest-path" "Cargo.toml", kill_on_drop: false }`
[INFO] running `Command { std: "docker" "create" "-v" "/var/lib/crater-agent-workspace/builds/worker-0-tc2/source:/opt/rustwide/workdir:ro,Z" "-v" "/var/lib/crater-agent-workspace/builds/worker-0-tc2/target:/opt/rustwide/target:rw,Z" "-v" "/var/lib/crater-agent-workspace/cargo-home:/opt/rustwide/cargo-home:ro,Z" "-v" "/var/lib/crater-agent-workspace/rustup-home:/opt/rustwide/rustup-home:ro,Z" "-m" "1610612736" "--network" "none" "ghcr.io/rust-lang/crates-build-env/linux@sha256:77db811e55d90add9212f6832c23229e3de5f1c1f9905e8cb07319ea15df73ac" "sleep" "infinity", kill_on_drop: false }`
[INFO] [stdout] 5c4c4fccae556624c610f0c1b260718ac8ed21a5ecc9684117b51f78cd4c8ab4
[INFO] running `Command { std: "docker" "start" "5c4c4fccae556624c610f0c1b260718ac8ed21a5ecc9684117b51f78cd4c8ab4", kill_on_drop: false }`
[INFO] running `Command { std: "docker" "inspect" "5c4c4fccae556624c610f0c1b260718ac8ed21a5ecc9684117b51f78cd4c8ab4", kill_on_drop: false }`
[INFO] running `Command { std: "docker" "exec" "-e" "SOURCE_DIR=/opt/rustwide/workdir" "-e" "CARGO_HOME=/opt/rustwide/cargo-home" "-e" "RUSTUP_HOME=/opt/rustwide/rustup-home" "-e" "CARGO_TARGET_DIR=/opt/rustwide/target" "-w" "/opt/rustwide/workdir" "--user" "0:0" "5c4c4fccae556624c610f0c1b260718ac8ed21a5ecc9684117b51f78cd4c8ab4" "/opt/rustwide/cargo-home/bin/cargo" "+c60b92c03ca8a3b101eb9d57f51e2232690638c7" "metadata" "--no-deps" "--format-version=1", kill_on_drop: false }`
[INFO] running `Command { std: "docker" "inspect" "5c4c4fccae556624c610f0c1b260718ac8ed21a5ecc9684117b51f78cd4c8ab4", kill_on_drop: false }`
[INFO] running `Command { std: "docker" "exec" "-e" "SOURCE_DIR=/opt/rustwide/workdir" "-e" "CARGO_HOME=/opt/rustwide/cargo-home" "-e" "RUSTUP_HOME=/opt/rustwide/rustup-home" "-e" "CARGO_TARGET_DIR=/opt/rustwide/target" "-e" "CARGO_INCREMENTAL=0" "-e" "RUST_BACKTRACE=full" "-e" "RUSTFLAGS=--cap-lints=forbid" "-e" "RUSTDOCFLAGS=--cap-lints=forbid" "-w" "/opt/rustwide/workdir" "--user" "0:0" "5c4c4fccae556624c610f0c1b260718ac8ed21a5ecc9684117b51f78cd4c8ab4" "/opt/rustwide/cargo-home/bin/cargo" "+c60b92c03ca8a3b101eb9d57f51e2232690638c7" "check" "--frozen" "--all" "--all-targets" "--message-format=json", kill_on_drop: false }`
[INFO] [stderr]     Checking tcio v0.1.4 (/opt/rustwide/workdir)
[INFO] [stdout] error[E0493]: destructor of `bytes::bytes::Bytes` cannot be evaluated at compile-time
[INFO] [stdout]   --> src/bytes/bytestr.rs:28:28
[INFO] [stdout]    |
[INFO] [stdout] 28 |     pub const fn from_utf8(bytes: Bytes) -> Result<Self, FromUtf8Error> {
[INFO] [stdout]    |                            ^^^^^ the destructor for this type cannot be evaluated in constant functions
[INFO] [stdout] ...
[INFO] [stdout] 33 |     }
[INFO] [stdout]    |     - value is dropped here
[INFO] [stdout] 
[INFO] [stdout] 
[INFO] [stdout] error[E0493]: destructor of `bytes::bytes::Bytes` cannot be evaluated at compile-time
[INFO] [stdout]   --> src/bytes/bytestr.rs:53:45
[INFO] [stdout]    |
[INFO] [stdout] 53 |     pub const unsafe fn from_utf8_unchecked(bytes: Bytes) -> Self {
[INFO] [stdout]    |                                             ^^^^^ the destructor for this type cannot be evaluated in constant functions
[INFO] [stdout] ...
[INFO] [stdout] 56 |     }
[INFO] [stdout]    |     - value is dropped here
[INFO] [stdout] 
[INFO] [stdout] 
[INFO] [stdout] For more information about this error, try `rustc --explain E0493`.
[INFO] [stdout] 
[INFO] [stderr] error: could not compile `tcio` (lib) due to 2 previous errors
[INFO] [stderr] warning: build failed, waiting for other jobs to finish...
[INFO] [stdout] error[E0493]: destructor of `bytes::bytes::Bytes` cannot be evaluated at compile-time
[INFO] [stdout]   --> src/bytes/bytestr.rs:28:28
[INFO] [stdout]    |
[INFO] [stdout] 28 |     pub const fn from_utf8(bytes: Bytes) -> Result<Self, FromUtf8Error> {
[INFO] [stdout]    |                            ^^^^^ the destructor for this type cannot be evaluated in constant functions
[INFO] [stdout] ...
[INFO] [stdout] 33 |     }
[INFO] [stdout]    |     - value is dropped here
[INFO] [stdout] 
[INFO] [stdout] 
[INFO] [stdout] error[E0493]: destructor of `bytes::bytes::Bytes` cannot be evaluated at compile-time
[INFO] [stdout]   --> src/bytes/bytestr.rs:53:45
[INFO] [stdout]    |
[INFO] [stdout] 53 |     pub const unsafe fn from_utf8_unchecked(bytes: Bytes) -> Self {
[INFO] [stdout]    |                                             ^^^^^ the destructor for this type cannot be evaluated in constant functions
[INFO] [stdout] ...
[INFO] [stdout] 56 |     }
[INFO] [stdout]    |     - value is dropped here
[INFO] [stdout] 
[INFO] [stdout] 
[INFO] [stdout] For more information about this error, try `rustc --explain E0493`.
[INFO] [stdout] 
[INFO] [stderr] error: could not compile `tcio` (lib test) due to 2 previous errors
[INFO] running `Command { std: "docker" "inspect" "5c4c4fccae556624c610f0c1b260718ac8ed21a5ecc9684117b51f78cd4c8ab4", kill_on_drop: false }`
[INFO] running `Command { std: "docker" "rm" "-f" "5c4c4fccae556624c610f0c1b260718ac8ed21a5ecc9684117b51f78cd4c8ab4", kill_on_drop: false }`
[INFO] [stdout] 5c4c4fccae556624c610f0c1b260718ac8ed21a5ecc9684117b51f78cd4c8ab4
