[INFO] cloning repository https://github.com/anygoober/lsal
[INFO] running `Command { std: "git" "-c" "credential.helper=" "-c" "credential.helper=/workspace/cargo-home/bin/git-credential-null" "clone" "--bare" "https://github.com/anygoober/lsal" "/workspace/cache/git-repos/https%3A%2F%2Fgithub.com%2Fanygoober%2Flsal", kill_on_drop: false }`
[INFO] [stderr] Cloning into bare repository '/workspace/cache/git-repos/https%3A%2F%2Fgithub.com%2Fanygoober%2Flsal'...
[INFO] running `Command { std: "git" "rev-parse" "HEAD", kill_on_drop: false }`
[INFO] [stdout] ca72b24d8be172b9beb27a06d300f52fe8605659
[INFO] checking anygoober/lsal against c60b92c03ca8a3b101eb9d57f51e2232690638c7 for pr-164148-crater-rollup
[INFO] running `Command { std: "git" "clone" "/workspace/cache/git-repos/https%3A%2F%2Fgithub.com%2Fanygoober%2Flsal" "/workspace/builds/worker-3-tc2/source", kill_on_drop: false }`
[INFO] [stderr] Cloning into '/workspace/builds/worker-3-tc2/source'...
[INFO] [stderr] done.
[INFO] started tweaking git repo https://github.com/anygoober/lsal
[INFO] finished tweaking git repo https://github.com/anygoober/lsal
[INFO] tweaked toml for git repo https://github.com/anygoober/lsal written to /workspace/builds/worker-3-tc2/source/Cargo.toml
[INFO] validating manifest of git repo https://github.com/anygoober/lsal on toolchain c60b92c03ca8a3b101eb9d57f51e2232690638c7
[INFO] running `Command { std: CARGO_HOME="/workspace/cargo-home" RUSTUP_HOME="/workspace/rustup-home" "/workspace/cargo-home/bin/cargo" "+c60b92c03ca8a3b101eb9d57f51e2232690638c7" "metadata" "--manifest-path" "Cargo.toml" "--no-deps", kill_on_drop: false }`
[INFO] crate git repo https://github.com/anygoober/lsal already has a lockfile, it will not be regenerated
[INFO] running `Command { std: CARGO_HOME="/workspace/cargo-home" RUSTUP_HOME="/workspace/rustup-home" "/workspace/cargo-home/bin/cargo" "+c60b92c03ca8a3b101eb9d57f51e2232690638c7" "fetch" "--manifest-path" "Cargo.toml", kill_on_drop: false }`
[INFO] running `Command { std: "docker" "create" "-v" "/var/lib/crater-agent-workspace/builds/worker-3-tc2/source:/opt/rustwide/workdir:ro,Z" "-v" "/var/lib/crater-agent-workspace/builds/worker-3-tc2/target:/opt/rustwide/target:rw,Z" "-v" "/var/lib/crater-agent-workspace/cargo-home:/opt/rustwide/cargo-home:ro,Z" "-v" "/var/lib/crater-agent-workspace/rustup-home:/opt/rustwide/rustup-home:ro,Z" "-m" "1610612736" "--network" "none" "ghcr.io/rust-lang/crates-build-env/linux@sha256:77db811e55d90add9212f6832c23229e3de5f1c1f9905e8cb07319ea15df73ac" "sleep" "infinity", kill_on_drop: false }`
[INFO] [stdout] ff2ae7ddbe5120ee2b25f0cecc48cf602bae38a3b63e5b7695a64ac93544b63f
[INFO] running `Command { std: "docker" "start" "ff2ae7ddbe5120ee2b25f0cecc48cf602bae38a3b63e5b7695a64ac93544b63f", kill_on_drop: false }`
[INFO] running `Command { std: "docker" "inspect" "ff2ae7ddbe5120ee2b25f0cecc48cf602bae38a3b63e5b7695a64ac93544b63f", kill_on_drop: false }`
[INFO] running `Command { std: "docker" "exec" "-e" "SOURCE_DIR=/opt/rustwide/workdir" "-e" "CARGO_HOME=/opt/rustwide/cargo-home" "-e" "RUSTUP_HOME=/opt/rustwide/rustup-home" "-e" "CARGO_TARGET_DIR=/opt/rustwide/target" "-w" "/opt/rustwide/workdir" "--user" "0:0" "ff2ae7ddbe5120ee2b25f0cecc48cf602bae38a3b63e5b7695a64ac93544b63f" "/opt/rustwide/cargo-home/bin/cargo" "+c60b92c03ca8a3b101eb9d57f51e2232690638c7" "metadata" "--no-deps" "--format-version=1", kill_on_drop: false }`
[INFO] running `Command { std: "docker" "inspect" "ff2ae7ddbe5120ee2b25f0cecc48cf602bae38a3b63e5b7695a64ac93544b63f", kill_on_drop: false }`
[INFO] running `Command { std: "docker" "exec" "-e" "SOURCE_DIR=/opt/rustwide/workdir" "-e" "CARGO_HOME=/opt/rustwide/cargo-home" "-e" "RUSTUP_HOME=/opt/rustwide/rustup-home" "-e" "CARGO_TARGET_DIR=/opt/rustwide/target" "-e" "CARGO_INCREMENTAL=0" "-e" "RUST_BACKTRACE=full" "-e" "RUSTFLAGS=--cap-lints=forbid" "-e" "RUSTDOCFLAGS=--cap-lints=forbid" "-w" "/opt/rustwide/workdir" "--user" "0:0" "ff2ae7ddbe5120ee2b25f0cecc48cf602bae38a3b63e5b7695a64ac93544b63f" "/opt/rustwide/cargo-home/bin/cargo" "+c60b92c03ca8a3b101eb9d57f51e2232690638c7" "check" "--frozen" "--all" "--all-targets" "--message-format=json", kill_on_drop: false }`
[INFO] [stderr]    Compiling proc-macro2 v1.0.107
[INFO] [stderr]    Compiling unicode-ident v1.0.24
[INFO] [stderr]    Compiling quote v1.0.47
[INFO] [stderr]    Compiling libc v0.2.189
[INFO] [stderr]    Compiling rustversion v1.0.23
[INFO] [stderr]     Checking equivalent v1.0.2
[INFO] [stderr]     Checking foldhash v0.2.0
[INFO] [stderr]     Checking allocator-api2 v0.2.21
[INFO] [stderr]    Compiling strsim v0.11.1
[INFO] [stderr]    Compiling ident_case v1.0.1
[INFO] [stderr]    Compiling thiserror v2.0.19
[INFO] [stderr]     Checking bitflags v2.13.1
[INFO] [stderr]     Checking either v1.17.0
[INFO] [stderr]     Checking static_assertions v1.1.0
[INFO] [stderr]     Checking unicode-width v0.2.2
[INFO] [stderr]    Compiling signal-hook v0.3.18
[INFO] [stderr]     Checking itertools v0.14.0
[INFO] [stderr]     Checking unicode-segmentation v1.13.3
[INFO] [stderr]    Compiling instability v0.3.13
[INFO] [stderr]     Checking hashbrown v0.16.1
[INFO] [stderr]     Checking hashbrown v0.17.1
[INFO] [stderr]     Checking ryu v1.0.23
[INFO] [stderr]     Checking castaway v0.2.4
[INFO] [stderr]     Checking compact_str v0.9.1
[INFO] [stderr]     Checking critical-section v1.2.0
[INFO] [stderr]    Compiling syn v3.0.3
[INFO] [stderr]    Compiling syn v2.0.119
[INFO] [stderr]    Compiling convert_case v0.10.0
[INFO] [stderr]    Compiling indoc v2.0.7
[INFO] [stderr]     Checking lru v0.18.2
[INFO] [stderr]    Compiling rustix v1.1.4
[INFO] [stderr]     Checking log v0.4.33
[INFO] [stderr]     Checking smallvec v1.15.2
[INFO] [stderr]    Compiling litrs v1.0.0
[INFO] [stderr]     Checking linux-raw-sys v0.12.1
[INFO] [stderr]     Checking deranged v0.5.8
[INFO] [stderr]     Checking num_threads v0.1.7
[INFO] [stderr]     Checking time-core v0.1.9
[INFO] [stderr]     Checking powerfmt v0.2.0
[INFO] [stderr]     Checking num-conv v0.2.2
[INFO] [stderr]     Checking errno v0.3.14
[INFO] [stderr]     Checking mio v1.2.2
[INFO] [stderr]     Checking parking_lot_core v0.9.12
[INFO] [stderr]     Checking signal-hook-registry v1.4.8
[INFO] [stderr]    Compiling document-features v0.2.12
[INFO] [stderr]     Checking parking_lot v0.12.5
[INFO] [stderr]     Checking signal-hook-mio v0.2.5
[INFO] [stderr]     Checking line-clipping v0.3.8
[INFO] [stderr]    Compiling anyhow v1.0.104
[INFO] [stderr]     Checking typenum v1.20.1
[INFO] [stderr]     Checking pico-args v0.5.0
[INFO] [stderr]     Checking anstyle v1.0.14
[INFO] [stderr]     Checking unicode-truncate v2.0.1
[INFO] [stderr]     Checking time v0.3.55
[INFO] [stderr]    Compiling strum_macros v0.28.0
[INFO] [stderr]    Compiling derive_more-impl v2.1.1
[INFO] [stderr]     Checking derive_more v2.1.1
[INFO] [stderr]     Checking crossterm v0.29.0
[INFO] [stderr]     Checking generic-array v1.4.4
[INFO] [stdout] error[E0493]: destructor of `ArrayBuilder<T, N>` cannot be evaluated at compile-time
[INFO] [stdout]    --> /opt/rustwide/cargo-home/registry/src/index.crates.io-1949cf8c6b5b557f/generic-array-1.4.4/src/internal.rs:103:31
[INFO] [stdout]     |
[INFO] [stdout] 103 |     pub unsafe fn assume_init(self) -> GenericArray<T, N> {
[INFO] [stdout]     |                               ^^^^ the destructor for this type cannot be evaluated in constant functions
[INFO] [stdout] ...
[INFO] [stdout] 109 |     }
[INFO] [stdout]     |     - value is dropped here
[INFO] [stdout] 
[INFO] [stdout] 
[INFO] [stdout] error[E0493]: destructor of `GenericArray<core::mem::MaybeUninit<*const T>, N>` cannot be evaluated at compile-time
[INFO] [stdout]    --> /opt/rustwide/cargo-home/registry/src/index.crates.io-1949cf8c6b5b557f/generic-array-1.4.4/src/lib.rs:981:13
[INFO] [stdout]     |
[INFO] [stdout] 981 |         let mut out: GenericArray<MaybeUninit<*const T>, N> = GenericArray::uninit();
[INFO] [stdout]     |             ^^^^^^^ the destructor for this type cannot be evaluated in constant functions
[INFO] [stdout] ...
[INFO] [stdout] 996 |     }
[INFO] [stdout]     |     - value is dropped here
[INFO] [stdout] 
[INFO] [stdout] 
[INFO] [stdout] error[E0493]: destructor of `GenericArray<core::mem::MaybeUninit<*mut T>, N>` cannot be evaluated at compile-time
[INFO] [stdout]     --> /opt/rustwide/cargo-home/registry/src/index.crates.io-1949cf8c6b5b557f/generic-array-1.4.4/src/lib.rs:1016:13
[INFO] [stdout]      |
[INFO] [stdout] 1016 |         let mut out: GenericArray<MaybeUninit<*mut T>, N> = GenericArray::uninit();
[INFO] [stdout]      |             ^^^^^^^ the destructor for this type cannot be evaluated in constant functions
[INFO] [stdout] ...
[INFO] [stdout] 1031 |     }
[INFO] [stdout]      |     - value is dropped here
[INFO] [stdout] 
[INFO] [stdout] 
[INFO] [stdout] For more information about this error, try `rustc --explain E0493`.
[INFO] [stdout] 
[INFO] [stderr] error: could not compile `generic-array` (lib) due to 3 previous errors
[INFO] [stderr] warning: build failed, waiting for other jobs to finish...
[INFO] running `Command { std: "docker" "inspect" "ff2ae7ddbe5120ee2b25f0cecc48cf602bae38a3b63e5b7695a64ac93544b63f", kill_on_drop: false }`
[INFO] running `Command { std: "docker" "rm" "-f" "ff2ae7ddbe5120ee2b25f0cecc48cf602bae38a3b63e5b7695a64ac93544b63f", kill_on_drop: false }`
[INFO] [stdout] ff2ae7ddbe5120ee2b25f0cecc48cf602bae38a3b63e5b7695a64ac93544b63f
