[INFO] cloning repository https://github.com/andreytkachenko/voss
[INFO] running `Command { std: "git" "-c" "credential.helper=" "-c" "credential.helper=/workspace/cargo-home/bin/git-credential-null" "clone" "--bare" "https://github.com/andreytkachenko/voss" "/workspace/cache/git-repos/https%3A%2F%2Fgithub.com%2Fandreytkachenko%2Fvoss", kill_on_drop: false }`
[INFO] [stderr] Cloning into bare repository '/workspace/cache/git-repos/https%3A%2F%2Fgithub.com%2Fandreytkachenko%2Fvoss'...
[INFO] running `Command { std: "git" "rev-parse" "HEAD", kill_on_drop: false }`
[INFO] [stdout] 67a2348985ca85e4ab51fe64caf4483626a0aa81
[INFO] checking andreytkachenko/voss against c60b92c03ca8a3b101eb9d57f51e2232690638c7 for pr-164148-crater-rollup
[INFO] running `Command { std: "git" "clone" "/workspace/cache/git-repos/https%3A%2F%2Fgithub.com%2Fandreytkachenko%2Fvoss" "/workspace/builds/worker-3-tc2/source", kill_on_drop: false }`
[INFO] [stderr] Cloning into '/workspace/builds/worker-3-tc2/source'...
[INFO] [stderr] done.
[INFO] started tweaking git repo https://github.com/andreytkachenko/voss
[INFO] finished tweaking git repo https://github.com/andreytkachenko/voss
[INFO] tweaked toml for git repo https://github.com/andreytkachenko/voss written to /workspace/builds/worker-3-tc2/source/Cargo.toml
[INFO] validating manifest of git repo https://github.com/andreytkachenko/voss on toolchain c60b92c03ca8a3b101eb9d57f51e2232690638c7
[INFO] running `Command { std: CARGO_HOME="/workspace/cargo-home" RUSTUP_HOME="/workspace/rustup-home" "/workspace/cargo-home/bin/cargo" "+c60b92c03ca8a3b101eb9d57f51e2232690638c7" "metadata" "--manifest-path" "Cargo.toml" "--no-deps", kill_on_drop: false }`
[INFO] crate git repo https://github.com/andreytkachenko/voss already has a lockfile, it will not be regenerated
[INFO] running `Command { std: CARGO_HOME="/workspace/cargo-home" RUSTUP_HOME="/workspace/rustup-home" "/workspace/cargo-home/bin/cargo" "+c60b92c03ca8a3b101eb9d57f51e2232690638c7" "fetch" "--manifest-path" "Cargo.toml", kill_on_drop: false }`
[INFO] running `Command { std: "docker" "create" "-v" "/var/lib/crater-agent-workspace/builds/worker-3-tc2/source:/opt/rustwide/workdir:ro,Z" "-v" "/var/lib/crater-agent-workspace/builds/worker-3-tc2/target:/opt/rustwide/target:rw,Z" "-v" "/var/lib/crater-agent-workspace/cargo-home:/opt/rustwide/cargo-home:ro,Z" "-v" "/var/lib/crater-agent-workspace/rustup-home:/opt/rustwide/rustup-home:ro,Z" "-m" "1610612736" "--network" "none" "ghcr.io/rust-lang/crates-build-env/linux@sha256:77db811e55d90add9212f6832c23229e3de5f1c1f9905e8cb07319ea15df73ac" "sleep" "infinity", kill_on_drop: false }`
[INFO] [stdout] d2e3e8b1ef442467ed20ffc07435981de91c4d10f6a799d8284f99125b0aabd4
[INFO] running `Command { std: "docker" "start" "d2e3e8b1ef442467ed20ffc07435981de91c4d10f6a799d8284f99125b0aabd4", kill_on_drop: false }`
[INFO] running `Command { std: "docker" "inspect" "d2e3e8b1ef442467ed20ffc07435981de91c4d10f6a799d8284f99125b0aabd4", kill_on_drop: false }`
[INFO] running `Command { std: "docker" "exec" "-e" "SOURCE_DIR=/opt/rustwide/workdir" "-e" "CARGO_HOME=/opt/rustwide/cargo-home" "-e" "RUSTUP_HOME=/opt/rustwide/rustup-home" "-e" "CARGO_TARGET_DIR=/opt/rustwide/target" "-w" "/opt/rustwide/workdir" "--user" "0:0" "d2e3e8b1ef442467ed20ffc07435981de91c4d10f6a799d8284f99125b0aabd4" "/opt/rustwide/cargo-home/bin/cargo" "+c60b92c03ca8a3b101eb9d57f51e2232690638c7" "metadata" "--no-deps" "--format-version=1", kill_on_drop: false }`
[INFO] running `Command { std: "docker" "inspect" "d2e3e8b1ef442467ed20ffc07435981de91c4d10f6a799d8284f99125b0aabd4", kill_on_drop: false }`
[INFO] running `Command { std: "docker" "exec" "-e" "SOURCE_DIR=/opt/rustwide/workdir" "-e" "CARGO_HOME=/opt/rustwide/cargo-home" "-e" "RUSTUP_HOME=/opt/rustwide/rustup-home" "-e" "CARGO_TARGET_DIR=/opt/rustwide/target" "-e" "CARGO_INCREMENTAL=0" "-e" "RUST_BACKTRACE=full" "-e" "RUSTFLAGS=--cap-lints=forbid" "-e" "RUSTDOCFLAGS=--cap-lints=forbid" "-w" "/opt/rustwide/workdir" "--user" "0:0" "d2e3e8b1ef442467ed20ffc07435981de91c4d10f6a799d8284f99125b0aabd4" "/opt/rustwide/cargo-home/bin/cargo" "+c60b92c03ca8a3b101eb9d57f51e2232690638c7" "check" "--frozen" "--all" "--all-targets" "--message-format=json", kill_on_drop: false }`
[INFO] [stderr]     Checking memchr v2.8.3
[INFO] [stderr]     Checking superslice v1.0.0
[INFO] [stderr]     Checking strength_reduce v0.2.4
[INFO] [stderr]    Compiling crc32fast v1.5.1
[INFO] [stderr]    Compiling matrixmultiply v0.3.11
[INFO] [stderr]     Checking cfg-if v0.1.10
[INFO] [stderr]    Compiling syn v3.0.4
[INFO] [stderr]     Checking ppv-lite86 v0.2.21
[INFO] [stderr]     Checking getrandom v0.2.17
[INFO] [stderr]     Checking ordered_iter v0.1.2
[INFO] [stderr]     Checking num_cpus v1.17.0
[INFO] [stderr]     Checking itertools v0.9.0
[INFO] [stderr]     Checking generic-array v0.12.4
[INFO] [stderr]     Checking num-integer v0.1.47
[INFO] [stderr]     Checking num-complex v0.4.6
[INFO] [stderr]     Checking thread-tree v0.3.3
[INFO] [stderr]     Checking stable_bst v0.2.0
[INFO] [stderr]     Checking bimap v0.3.1
[INFO] [stderr]     Checking ordered-float v3.9.2
[INFO] [stderr]     Checking rand_core v0.6.4
[INFO] [stderr]     Checking miniz_oxide v0.9.1
[INFO] [stderr]     Checking binary-heap-plus v0.1.6
[INFO] [stderr]     Checking rawpointer v0.2.1
[INFO] [stderr]     Checking unsafe_unwrap v0.1.0
[INFO] [stderr]    Compiling cc v1.4.4
[INFO] [stderr]     Checking rand_core v0.9.5
[INFO] [stderr]     Checking generic-array v1.4.5
[INFO] [stderr]     Checking transpose v0.2.3
[INFO] [stderr]     Checking primal-check v0.3.4
[INFO] [stderr]     Checking ordered-float v5.5.0
[INFO] [stderr]     Checking itertools v0.14.0
[INFO] [stderr]     Checking bimap v0.6.3
[INFO] [stderr]     Checking rand_chacha v0.3.1
[INFO] [stderr]     Checking indexmap v2.14.1
[INFO] [stderr]     Checking itertools v0.15.0
[INFO] [stderr]     Checking winnow v0.7.15
[INFO] [stderr]     Checking voss-core v0.1.0 (/opt/rustwide/workdir/crates/voss-core)
[INFO] [stderr]     Checking rand_chacha v0.9.0
[INFO] [stderr]     Checking rand v0.8.8
[INFO] [stderr]     Checking flate2 v1.1.10
[INFO] [stderr]     Checking rand v0.9.5
[INFO] [stderr]     Checking rustfft v6.4.1
[INFO] [stdout] error[E0493]: destructor of `ArrayBuilder<T, N>` cannot be evaluated at compile-time
[INFO] [stdout]    --> /opt/rustwide/cargo-home/registry/src/index.crates.io-1949cf8c6b5b557f/generic-array-1.4.5/src/internal.rs:103:31
[INFO] [stdout]     |
[INFO] [stdout] 103 |     pub unsafe fn assume_init(self) -> GenericArray<T, N> {
[INFO] [stdout]     |                               ^^^^ the destructor for this type cannot be evaluated in constant functions
[INFO] [stdout] ...
[INFO] [stdout] 109 |     }
[INFO] [stdout]     |     - value is dropped here
[INFO] [stdout] 
[INFO] [stdout] 
[INFO] [stderr]     Checking nom v7.1.3
[INFO] [stdout] error[E0493]: destructor of `GenericArray<core::mem::MaybeUninit<*const T>, N>` cannot be evaluated at compile-time
[INFO] [stdout]    --> /opt/rustwide/cargo-home/registry/src/index.crates.io-1949cf8c6b5b557f/generic-array-1.4.5/src/lib.rs:983:13
[INFO] [stdout]     |
[INFO] [stdout] 983 |         let mut out: GenericArray<MaybeUninit<*const T>, N> = GenericArray::uninit();
[INFO] [stdout]     |             ^^^^^^^ the destructor for this type cannot be evaluated in constant functions
[INFO] [stdout] ...
[INFO] [stdout] 998 |     }
[INFO] [stdout]     |     - value is dropped here
[INFO] [stdout] 
[INFO] [stdout] 
[INFO] [stdout] error[E0493]: destructor of `GenericArray<core::mem::MaybeUninit<*mut T>, N>` cannot be evaluated at compile-time
[INFO] [stdout]     --> /opt/rustwide/cargo-home/registry/src/index.crates.io-1949cf8c6b5b557f/generic-array-1.4.5/src/lib.rs:1018:13
[INFO] [stdout]      |
[INFO] [stdout] 1018 |         let mut out: GenericArray<MaybeUninit<*mut T>, N> = GenericArray::uninit();
[INFO] [stdout]      |             ^^^^^^^ the destructor for this type cannot be evaluated in constant functions
[INFO] [stdout] ...
[INFO] [stdout] 1033 |     }
[INFO] [stdout]      |     - value is dropped here
[INFO] [stdout] 
[INFO] [stdout] 
[INFO] [stderr]     Checking serde_json v1.0.151
[INFO] [stdout] For more information about this error, try `rustc --explain E0493`.
[INFO] [stdout] 
[INFO] [stderr] error: could not compile `generic-array` (lib) due to 3 previous errors
[INFO] [stderr] warning: build failed, waiting for other jobs to finish...
[INFO] running `Command { std: "docker" "inspect" "d2e3e8b1ef442467ed20ffc07435981de91c4d10f6a799d8284f99125b0aabd4", kill_on_drop: false }`
[INFO] running `Command { std: "docker" "rm" "-f" "d2e3e8b1ef442467ed20ffc07435981de91c4d10f6a799d8284f99125b0aabd4", kill_on_drop: false }`
[INFO] [stdout] d2e3e8b1ef442467ed20ffc07435981de91c4d10f6a799d8284f99125b0aabd4
