[INFO] cloning repository https://github.com/amedeedaboville/mish
[INFO] running `Command { std: "git" "-c" "credential.helper=" "-c" "credential.helper=/workspace/cargo-home/bin/git-credential-null" "clone" "--bare" "https://github.com/amedeedaboville/mish" "/workspace/cache/git-repos/https%3A%2F%2Fgithub.com%2Famedeedaboville%2Fmish", kill_on_drop: false }`
[INFO] [stderr] Cloning into bare repository '/workspace/cache/git-repos/https%3A%2F%2Fgithub.com%2Famedeedaboville%2Fmish'...
[INFO] running `Command { std: "git" "rev-parse" "HEAD", kill_on_drop: false }`
[INFO] [stdout] b307b62591fac33871086fd80b8f81a5857a7a5e
[INFO] checking amedeedaboville/mish against c60b92c03ca8a3b101eb9d57f51e2232690638c7 for pr-164148-crater-rollup
[INFO] running `Command { std: "git" "clone" "/workspace/cache/git-repos/https%3A%2F%2Fgithub.com%2Famedeedaboville%2Fmish" "/workspace/builds/worker-0-tc2/source", kill_on_drop: false }`
[INFO] [stderr] Cloning into '/workspace/builds/worker-0-tc2/source'...
[INFO] [stderr] done.
[INFO] removed /workspace/builds/worker-0-tc2/source/rust-toolchain.toml
[INFO] started tweaking git repo https://github.com/amedeedaboville/mish
[INFO] finished tweaking git repo https://github.com/amedeedaboville/mish
[INFO] tweaked toml for git repo https://github.com/amedeedaboville/mish written to /workspace/builds/worker-0-tc2/source/Cargo.toml
[INFO] validating manifest of git repo https://github.com/amedeedaboville/mish on toolchain c60b92c03ca8a3b101eb9d57f51e2232690638c7
[INFO] running `Command { std: CARGO_HOME="/workspace/cargo-home" RUSTUP_HOME="/workspace/rustup-home" "/workspace/cargo-home/bin/cargo" "+c60b92c03ca8a3b101eb9d57f51e2232690638c7" "metadata" "--manifest-path" "Cargo.toml" "--no-deps", kill_on_drop: false }`
[INFO] crate git repo https://github.com/amedeedaboville/mish already has a lockfile, it will not be regenerated
[INFO] running `Command { std: CARGO_HOME="/workspace/cargo-home" RUSTUP_HOME="/workspace/rustup-home" "/workspace/cargo-home/bin/cargo" "+c60b92c03ca8a3b101eb9d57f51e2232690638c7" "fetch" "--manifest-path" "Cargo.toml", kill_on_drop: false }`
[INFO] [stderr] warning: unused workspace dependency `tokio-test`
[INFO] [stderr]   --> Cargo.toml:15:1
[INFO] [stderr]    |
[INFO] [stderr] 15 | tokio-test = "0.4"
[INFO] [stderr]    | ^^^^^^^^^^
[INFO] [stderr]    |
[INFO] [stderr]    = note: `cargo::unused_workspace_dependencies` is set to `warn` by default
[INFO] [stderr] help: consider removing the workspace dependency `tokio-test`
[INFO] [stderr] warning: unused field `repository` in `workspace.package`
[INFO] [stderr]   --> Cargo.toml:30:1
[INFO] [stderr]    |
[INFO] [stderr] 30 | repository = "https://github.com/example/mish"
[INFO] [stderr]    | ^^^^^^^^^^
[INFO] [stderr]    |
[INFO] [stderr]    = note: `cargo::unused_workspace_package_fields` is set to `warn` by default
[INFO] [stderr] help: consider removing the field `workspace.package.repository`
[INFO] [stderr] warning: workspace (manifest) generated 2 warnings
[INFO] running `Command { std: "docker" "create" "-v" "/var/lib/crater-agent-workspace/builds/worker-0-tc2/source:/opt/rustwide/workdir:ro,Z" "-v" "/var/lib/crater-agent-workspace/builds/worker-0-tc2/target:/opt/rustwide/target:rw,Z" "-v" "/var/lib/crater-agent-workspace/cargo-home:/opt/rustwide/cargo-home:ro,Z" "-v" "/var/lib/crater-agent-workspace/rustup-home:/opt/rustwide/rustup-home:ro,Z" "-m" "1610612736" "--network" "none" "ghcr.io/rust-lang/crates-build-env/linux@sha256:77db811e55d90add9212f6832c23229e3de5f1c1f9905e8cb07319ea15df73ac" "sleep" "infinity", kill_on_drop: false }`
[INFO] [stdout] 71b36aec3e2d45a00d0aae97f1797d6186e1c76d25fec111cc2a6f050b67e137
[INFO] running `Command { std: "docker" "start" "71b36aec3e2d45a00d0aae97f1797d6186e1c76d25fec111cc2a6f050b67e137", kill_on_drop: false }`
[INFO] running `Command { std: "docker" "inspect" "71b36aec3e2d45a00d0aae97f1797d6186e1c76d25fec111cc2a6f050b67e137", kill_on_drop: false }`
[INFO] running `Command { std: "docker" "exec" "-e" "SOURCE_DIR=/opt/rustwide/workdir" "-e" "CARGO_HOME=/opt/rustwide/cargo-home" "-e" "RUSTUP_HOME=/opt/rustwide/rustup-home" "-e" "CARGO_TARGET_DIR=/opt/rustwide/target" "-w" "/opt/rustwide/workdir" "--user" "0:0" "71b36aec3e2d45a00d0aae97f1797d6186e1c76d25fec111cc2a6f050b67e137" "/opt/rustwide/cargo-home/bin/cargo" "+c60b92c03ca8a3b101eb9d57f51e2232690638c7" "metadata" "--no-deps" "--format-version=1", kill_on_drop: false }`
[INFO] running `Command { std: "docker" "inspect" "71b36aec3e2d45a00d0aae97f1797d6186e1c76d25fec111cc2a6f050b67e137", kill_on_drop: false }`
[INFO] running `Command { std: "docker" "exec" "-e" "SOURCE_DIR=/opt/rustwide/workdir" "-e" "CARGO_HOME=/opt/rustwide/cargo-home" "-e" "RUSTUP_HOME=/opt/rustwide/rustup-home" "-e" "CARGO_TARGET_DIR=/opt/rustwide/target" "-e" "CARGO_INCREMENTAL=0" "-e" "RUST_BACKTRACE=full" "-e" "RUSTFLAGS=--cap-lints=forbid" "-e" "RUSTDOCFLAGS=--cap-lints=forbid" "-w" "/opt/rustwide/workdir" "--user" "0:0" "71b36aec3e2d45a00d0aae97f1797d6186e1c76d25fec111cc2a6f050b67e137" "/opt/rustwide/cargo-home/bin/cargo" "+c60b92c03ca8a3b101eb9d57f51e2232690638c7" "check" "--frozen" "--all" "--all-targets" "--message-format=json", kill_on_drop: false }`
[INFO] [stderr] warning: unused workspace dependency `tokio-test`
[INFO] [stderr]   --> Cargo.toml:15:1
[INFO] [stderr]    |
[INFO] [stderr] 15 | tokio-test = "0.4"
[INFO] [stderr]    | ^^^^^^^^^^
[INFO] [stderr]    |
[INFO] [stderr]    = note: `cargo::unused_workspace_dependencies` is set to `warn` by default
[INFO] [stderr] help: consider removing the workspace dependency `tokio-test`
[INFO] [stderr] warning: unused field `repository` in `workspace.package`
[INFO] [stderr]   --> Cargo.toml:30:1
[INFO] [stderr]    |
[INFO] [stderr] 30 | repository = "https://github.com/example/mish"
[INFO] [stderr]    | ^^^^^^^^^^
[INFO] [stderr]    |
[INFO] [stderr]    = note: `cargo::unused_workspace_package_fields` is set to `warn` by default
[INFO] [stderr] help: consider removing the field `workspace.package.repository`
[INFO] [stderr] warning: workspace (manifest) generated 2 warnings
[INFO] [stderr]    Compiling libc v0.2.186
[INFO] [stderr]    Compiling getrandom v0.4.2
[INFO] [stderr]     Checking zeroize v1.8.2
[INFO] [stderr]     Checking log v0.4.32
[INFO] [stderr]    Compiling serde_core v1.0.228
[INFO] [stderr]     Checking ctutils v0.4.2
[INFO] [stderr]    Compiling num-traits v0.2.19
[INFO] [stderr]    Compiling serde v1.0.228
[INFO] [stderr]     Checking simd-adler32 v0.3.9
[INFO] [stderr]     Checking zlib-rs v0.6.3
[INFO] [stderr]    Compiling rustix v1.1.4
[INFO] [stderr]     Checking linux-raw-sys v0.12.1
[INFO] [stderr]    Compiling tokio-macros v2.7.0
[INFO] [stderr]    Compiling async-trait v0.1.89
[INFO] [stderr]     Checking aho-corasick v1.1.4
[INFO] [stderr]    Compiling signal-hook v0.4.4
[INFO] [stderr]     Checking cursor-icon v1.2.0
[INFO] [stderr]     Checking home v0.5.12
[INFO] [stderr]     Checking tracing v0.1.44
[INFO] [stderr]    Compiling ring v0.17.14
[INFO] [stderr]     Checking der v0.8.0
[INFO] [stderr]     Checking rustls-pki-types v1.14.1
[INFO] [stderr]     Checking miniz_oxide v0.8.9
[INFO] [stderr]    Compiling rustls v0.23.40
[INFO] [stderr]     Checking hybrid-array v0.4.12
[INFO] [stderr]    Compiling quinn-udp v0.5.14
[INFO] [stderr]     Checking ff v0.14.0
[INFO] [stderr]     Checking time v0.3.47
[INFO] [stderr]     Checking tinyvec v1.11.0
[INFO] [stderr]    Compiling quinn v0.11.9
[INFO] [stderr]     Checking rustc-hash v2.1.2
[INFO] [stderr]     Checking base16ct v1.0.0
[INFO] [stderr]     Checking lru-slab v0.1.2
[INFO] [stderr]     Checking group v0.14.0
[INFO] [stderr]    Compiling nix v0.28.0
[INFO] [stderr]    Compiling thiserror-impl v1.0.69
[INFO] [stderr]     Checking futures-core v0.3.32
[INFO] [stderr]    Compiling curve25519-dalek v5.0.0-rc.0
[INFO] [stderr]     Checking futures-channel v0.3.32
[INFO] [stderr]    Compiling futures-macro v0.3.32
[INFO] [stderr]    Compiling nix v0.31.3
[INFO] [stderr]    Compiling generic-array v0.14.9
[INFO] [stderr]    Compiling curve25519-dalek-derive v0.1.1
[INFO] [stderr]     Checking keccak v0.2.0
[INFO] [stderr]     Checking fiat-crypto v0.3.0
[INFO] [stderr]     Checking yasna v0.5.2
[INFO] [stderr]    Compiling derive_more-impl v2.1.1
[INFO] [stderr]     Checking bstr v1.12.1
[INFO] [stderr]     Checking regex-automata v0.4.14
[INFO] [stderr]     Checking futures-util v0.3.32
[INFO] [stderr]     Checking hex v0.4.3
[INFO] [stderr]    Compiling enum_dispatch v0.3.13
[INFO] [stderr]     Checking generic-array v1.4.3
[INFO] [stderr]     Checking num-integer v0.1.46
[INFO] [stderr]     Checking spki v0.8.0
[INFO] [stderr]     Checking pkcs1 v0.8.0-rc.4
[INFO] [stderr]     Checking thiserror v1.0.69
[INFO] [stderr]     Checking flate2 v1.1.9
[INFO] [stderr]     Checking tracing-log v0.2.0
[INFO] [stderr]    Compiling delegate v0.13.5
[INFO] [stderr]     Checking md5 v0.8.0
[INFO] [stderr]     Checking hex-literal v1.1.0
[INFO] [stderr]     Checking num-bigint v0.4.6
[INFO] [stderr]     Checking whoami v1.6.1
[INFO] [stderr]     Checking block-buffer v0.12.0
[INFO] [stderr]     Checking block-padding v0.4.2
[INFO] [stderr]     Checking sec1 v0.8.1
[INFO] [stderr]     Checking module-lattice v0.2.3
[INFO] [stderr]     Checking ascii v1.1.0
[INFO] [stderr]     Checking derive_more v2.1.1
[INFO] [stdout] error[E0493]: destructor of `ArrayBuilder<T, N>` cannot be evaluated at compile-time
[INFO] [stdout]    --> /opt/rustwide/cargo-home/registry/src/index.crates.io-1949cf8c6b5b557f/generic-array-1.4.3/src/internal.rs:103:31
[INFO] [stdout]     |
[INFO] [stdout] 103 |     pub unsafe fn assume_init(self) -> GenericArray<T, N> {
[INFO] [stdout]     |                               ^^^^ the destructor for this type cannot be evaluated in constant functions
[INFO] [stdout] ...
[INFO] [stdout] 109 |     }
[INFO] [stdout]     |     - value is dropped here
[INFO] [stdout] 
[INFO] [stdout] 
[INFO] [stdout] error[E0493]: destructor of `GenericArray<core::mem::MaybeUninit<*const T>, N>` cannot be evaluated at compile-time
[INFO] [stdout]    --> /opt/rustwide/cargo-home/registry/src/index.crates.io-1949cf8c6b5b557f/generic-array-1.4.3/src/lib.rs:970:13
[INFO] [stdout]     |
[INFO] [stdout] 970 |         let mut out: GenericArray<MaybeUninit<*const T>, N> = GenericArray::uninit();
[INFO] [stdout]     |             ^^^^^^^ the destructor for this type cannot be evaluated in constant functions
[INFO] [stdout] ...
[INFO] [stdout] 985 |     }
[INFO] [stdout]     |     - value is dropped here
[INFO] [stdout] 
[INFO] [stdout] 
[INFO] [stdout] error[E0493]: destructor of `GenericArray<core::mem::MaybeUninit<*mut T>, N>` cannot be evaluated at compile-time
[INFO] [stdout]     --> /opt/rustwide/cargo-home/registry/src/index.crates.io-1949cf8c6b5b557f/generic-array-1.4.3/src/lib.rs:1005:13
[INFO] [stdout]      |
[INFO] [stdout] 1005 |         let mut out: GenericArray<MaybeUninit<*mut T>, N> = GenericArray::uninit();
[INFO] [stdout]      |             ^^^^^^^ the destructor for this type cannot be evaluated in constant functions
[INFO] [stdout] ...
[INFO] [stdout] 1020 |     }
[INFO] [stdout]      |     - value is dropped here
[INFO] [stdout] 
[INFO] [stdout] 
[INFO] [stdout] For more information about this error, try `rustc --explain E0493`.
[INFO] [stdout] 
[INFO] [stderr]     Checking chunked_transfer v1.5.0
[INFO] [stderr] error: could not compile `generic-array` (lib) due to 3 previous errors
[INFO] [stderr] warning: build failed, waiting for other jobs to finish...
[INFO] running `Command { std: "docker" "inspect" "71b36aec3e2d45a00d0aae97f1797d6186e1c76d25fec111cc2a6f050b67e137", kill_on_drop: false }`
[INFO] running `Command { std: "docker" "rm" "-f" "71b36aec3e2d45a00d0aae97f1797d6186e1c76d25fec111cc2a6f050b67e137", kill_on_drop: false }`
[INFO] [stdout] 71b36aec3e2d45a00d0aae97f1797d6186e1c76d25fec111cc2a6f050b67e137
