[INFO] cloning repository https://github.com/acedward/AA-midnight-evm-experiment-minocrab
[INFO] running `Command { std: "git" "-c" "credential.helper=" "-c" "credential.helper=/workspace/cargo-home/bin/git-credential-null" "clone" "--bare" "https://github.com/acedward/AA-midnight-evm-experiment-minocrab" "/workspace/cache/git-repos/https%3A%2F%2Fgithub.com%2Facedward%2FAA-midnight-evm-experiment-minocrab", kill_on_drop: false }`
[INFO] [stderr] Cloning into bare repository '/workspace/cache/git-repos/https%3A%2F%2Fgithub.com%2Facedward%2FAA-midnight-evm-experiment-minocrab'...
[INFO] running `Command { std: "git" "rev-parse" "HEAD", kill_on_drop: false }`
[INFO] [stdout] 7cdfa5b0c994a70502ab2b564b509c8abe2f7efb
[INFO] checking acedward/AA-midnight-evm-experiment-minocrab against c60b92c03ca8a3b101eb9d57f51e2232690638c7 for pr-164148-crater-rollup
[INFO] running `Command { std: "git" "clone" "/workspace/cache/git-repos/https%3A%2F%2Fgithub.com%2Facedward%2FAA-midnight-evm-experiment-minocrab" "/workspace/builds/worker-2-tc2/source", kill_on_drop: false }`
[INFO] [stderr] Cloning into '/workspace/builds/worker-2-tc2/source'...
[INFO] [stderr] done.
[INFO] started tweaking git repo https://github.com/acedward/AA-midnight-evm-experiment-minocrab
[INFO] finished tweaking git repo https://github.com/acedward/AA-midnight-evm-experiment-minocrab
[INFO] tweaked toml for git repo https://github.com/acedward/AA-midnight-evm-experiment-minocrab written to /workspace/builds/worker-2-tc2/source/Cargo.toml
[INFO] validating manifest of git repo https://github.com/acedward/AA-midnight-evm-experiment-minocrab on toolchain c60b92c03ca8a3b101eb9d57f51e2232690638c7
[INFO] running `Command { std: CARGO_HOME="/workspace/cargo-home" RUSTUP_HOME="/workspace/rustup-home" "/workspace/cargo-home/bin/cargo" "+c60b92c03ca8a3b101eb9d57f51e2232690638c7" "metadata" "--manifest-path" "Cargo.toml" "--no-deps", kill_on_drop: false }`
[INFO] crate git repo https://github.com/acedward/AA-midnight-evm-experiment-minocrab already has a lockfile, it will not be regenerated
[INFO] running `Command { std: CARGO_HOME="/workspace/cargo-home" RUSTUP_HOME="/workspace/rustup-home" "/workspace/cargo-home/bin/cargo" "+c60b92c03ca8a3b101eb9d57f51e2232690638c7" "fetch" "--manifest-path" "Cargo.toml", kill_on_drop: false }`
[INFO] running `Command { std: "docker" "create" "-v" "/var/lib/crater-agent-workspace/builds/worker-2-tc2/source:/opt/rustwide/workdir:ro,Z" "-v" "/var/lib/crater-agent-workspace/builds/worker-2-tc2/target:/opt/rustwide/target:rw,Z" "-v" "/var/lib/crater-agent-workspace/cargo-home:/opt/rustwide/cargo-home:ro,Z" "-v" "/var/lib/crater-agent-workspace/rustup-home:/opt/rustwide/rustup-home:ro,Z" "-m" "1610612736" "--network" "none" "ghcr.io/rust-lang/crates-build-env/linux@sha256:77db811e55d90add9212f6832c23229e3de5f1c1f9905e8cb07319ea15df73ac" "sleep" "infinity", kill_on_drop: false }`
[INFO] [stdout] 5ef31e694089973ba4f50e73656b5e5d8559d812682454025bef284da7507136
[INFO] running `Command { std: "docker" "start" "5ef31e694089973ba4f50e73656b5e5d8559d812682454025bef284da7507136", kill_on_drop: false }`
[INFO] running `Command { std: "docker" "inspect" "5ef31e694089973ba4f50e73656b5e5d8559d812682454025bef284da7507136", kill_on_drop: false }`
[INFO] running `Command { std: "docker" "exec" "-e" "SOURCE_DIR=/opt/rustwide/workdir" "-e" "CARGO_HOME=/opt/rustwide/cargo-home" "-e" "RUSTUP_HOME=/opt/rustwide/rustup-home" "-e" "CARGO_TARGET_DIR=/opt/rustwide/target" "-w" "/opt/rustwide/workdir" "--user" "0:0" "5ef31e694089973ba4f50e73656b5e5d8559d812682454025bef284da7507136" "/opt/rustwide/cargo-home/bin/cargo" "+c60b92c03ca8a3b101eb9d57f51e2232690638c7" "metadata" "--no-deps" "--format-version=1", kill_on_drop: false }`
[INFO] running `Command { std: "docker" "inspect" "5ef31e694089973ba4f50e73656b5e5d8559d812682454025bef284da7507136", kill_on_drop: false }`
[INFO] running `Command { std: "docker" "exec" "-e" "SOURCE_DIR=/opt/rustwide/workdir" "-e" "CARGO_HOME=/opt/rustwide/cargo-home" "-e" "RUSTUP_HOME=/opt/rustwide/rustup-home" "-e" "CARGO_TARGET_DIR=/opt/rustwide/target" "-e" "CARGO_INCREMENTAL=0" "-e" "RUST_BACKTRACE=full" "-e" "RUSTFLAGS=--cap-lints=forbid" "-e" "RUSTDOCFLAGS=--cap-lints=forbid" "-w" "/opt/rustwide/workdir" "--user" "0:0" "5ef31e694089973ba4f50e73656b5e5d8559d812682454025bef284da7507136" "/opt/rustwide/cargo-home/bin/cargo" "+c60b92c03ca8a3b101eb9d57f51e2232690638c7" "check" "--frozen" "--all" "--all-targets" "--message-format=json", kill_on_drop: false }`
[INFO] [stderr]    Compiling proc-macro2 v1.0.107
[INFO] [stderr]    Compiling unicode-ident v1.0.24
[INFO] [stderr]    Compiling quote v1.0.47
[INFO] [stderr]    Compiling libc v0.2.189
[INFO] [stderr]     Checking cfg-if v1.0.4
[INFO] [stderr]     Checking typenum v1.20.1
[INFO] [stderr]     Checking subtle v2.6.1
[INFO] [stderr]    Compiling version_check v0.9.5
[INFO] [stderr]    Compiling shlex v2.0.1
[INFO] [stderr]    Compiling find-msvc-tools v0.1.11
[INFO] [stderr]     Checking const-oid v0.9.6
[INFO] [stderr]    Compiling serde_core v1.0.229
[INFO] [stderr]    Compiling zerocopy v0.8.56
[INFO] [stderr]    Compiling serde v1.0.229
[INFO] [stderr]    Compiling generic-array v0.14.9
[INFO] [stderr]    Compiling syn v2.0.119
[INFO] [stderr]    Compiling syn v3.0.4
[INFO] [stderr]     Checking pin-project-lite v0.2.17
[INFO] [stderr]     Checking once_cell v1.21.4
[INFO] [stderr]    Compiling radium v0.7.0
[INFO] [stderr]    Compiling jobserver v0.1.35
[INFO] [stderr]     Checking tap v1.0.1
[INFO] [stderr]     Checking wyz v0.5.1
[INFO] [stderr]     Checking getrandom v0.2.17
[INFO] [stderr]     Checking rand_core v0.6.4
[INFO] [stderr]    Compiling cc v1.4.4
[INFO] [stderr]     Checking funty v2.0.0
[INFO] [stderr]     Checking rand_xorshift v0.3.0
[INFO] [stderr]    Compiling autocfg v1.5.1
[INFO] [stderr]     Checking bitvec v1.1.1
[INFO] [stderr]     Checking memchr v2.8.3
[INFO] [stderr]     Checking cpufeatures v0.2.17
[INFO] [stderr]     Checking itoa v1.0.18
[INFO] [stderr]     Checking stable_deref_trait v1.2.1
[INFO] [stderr]     Checking tracing-core v0.1.36
[INFO] [stderr]    Compiling crossbeam-utils v0.8.22
[INFO] [stderr]     Checking base16ct v0.2.0
[INFO] [stderr]     Checking lazy_static v1.5.0
[INFO] [stderr]     Checking either v1.18.0
[INFO] [stderr]    Compiling crossbeam-epoch v0.9.20
[INFO] [stderr]     Checking futures-core v0.3.34
[INFO] [stderr]    Compiling num-traits v0.2.19
[INFO] [stderr]    Compiling cmake v0.1.58
[INFO] [stderr]    Compiling dunce v1.0.5
[INFO] [stderr]     Checking bytes v1.12.1
[INFO] [stderr]    Compiling fs_extra v1.3.0
[INFO] [stderr]    Compiling crossbeam-deque v0.8.7
[INFO] [stderr]     Checking smallvec v1.15.2
[INFO] [stderr]    Compiling pkg-config v0.3.34
[INFO] [stderr]     Checking ff v0.13.1
[INFO] [stderr]     Checking futures-sink v0.3.34
[INFO] [stderr]    Compiling rayon-core v1.13.0
[INFO] [stderr]     Checking num_cpus v1.17.0
[INFO] [stderr]    Compiling paste v1.0.15
[INFO] [stderr]     Checking num-integer v0.1.47
[INFO] [stderr]     Checking threadpool v1.8.1
[INFO] [stderr]     Checking futures-channel v0.3.34
[INFO] [stderr]     Checking mio v1.2.2
[INFO] [stderr]     Checking socket2 v0.6.5
[INFO] [stderr]    Compiling synstructure v0.13.2
[INFO] [stderr]     Checking litemap v0.8.3
[INFO] [stderr]     Checking writeable v0.6.4
[INFO] [stderr]    Compiling zmij v1.0.23
[INFO] [stderr]    Compiling aws-lc-rs v1.18.0
[INFO] [stderr]     Checking ppv-lite86 v0.2.21
[INFO] [stderr]     Checking bitflags v2.13.1
[INFO] [stderr]     Checking tokio v1.53.1
[INFO] [stderr]     Checking rayon v1.12.0
[INFO] [stderr]     Checking rand_chacha v0.3.1
[INFO] [stderr]     Checking rand v0.8.8
[INFO] [stderr]     Checking group v0.13.0
[INFO] [stderr]     Checking pairing v0.23.0
[INFO] [stderr]     Checking num-bigint v0.4.8
[INFO] [stderr]     Checking hybrid-array v0.4.14
[INFO] [stderr]     Checking futures-task v0.3.34
[INFO] [stderr]     Checking rand_core v0.10.1
[INFO] [stderr]     Checking slab v0.4.12
[INFO] [stderr]     Checking byte-slice-cast v1.2.3
[INFO] [stderr]    Compiling icu_properties_data v2.3.0
[INFO] [stderr]    Compiling getrandom v0.4.3
[INFO] [stderr]    Compiling icu_normalizer_data v2.3.0
[INFO] [stderr]     Checking futures-io v0.3.34
[INFO] [stderr]     Checking utf8_iter v1.0.4
[INFO] [stderr]    Compiling serde_json v1.0.151
[INFO] [stderr]     Checking http v1.5.0
[INFO] [stderr]     Checking constant_time_eq v0.4.2
[INFO] [stderr]     Checking arrayvec v0.7.8
[INFO] [stderr]     Checking blake2b_simd v1.0.5
[INFO] [stderr]     Checking http-body v1.1.0
[INFO] [stderr]     Checking crypto-common v0.2.2
[INFO] [stderr]     Checking block-buffer v0.12.1
[INFO] [stderr]    Compiling aws-lc-sys v0.44.0
[INFO] [stderr]    Compiling blst v0.3.17
[INFO] [stderr]    Compiling rustls v0.23.43
[INFO] [stderr]    Compiling httparse v1.10.1
[INFO] [stderr]     Checking percent-encoding v2.3.2
[INFO] [stderr]     Checking untrusted v0.9.0
[INFO] [stderr]     Checking const-oid v0.10.2
[INFO] [stderr]     Checking digest v0.11.3
[INFO] [stderr]    Compiling ident_case v1.0.1
[INFO] [stderr]    Compiling rustix v1.1.4
[INFO] [stderr]    Compiling fnv v1.0.7
[INFO] [stderr]     Checking tower-service v0.3.3
[INFO] [stderr]     Checking try-lock v0.2.5
[INFO] [stderr]    Compiling semver v1.0.28
[INFO] [stderr]    Compiling rustc_version v0.4.1
[INFO] [stderr]     Checking want v0.3.1
[INFO] [stderr]    Compiling darling_core v0.20.11
[INFO] [stderr]     Checking itertools v0.14.0
[INFO] [stderr]     Checking scopeguard v1.2.0
[INFO] [stderr]     Checking linux-raw-sys v0.12.1
[INFO] [stderr]    Compiling cfg_aliases v0.2.2
[INFO] [stderr]     Checking atomic-waker v1.1.2
[INFO] [stderr]     Checking cpufeatures v0.3.0
[INFO] [stderr]     Checking hyper v1.11.0
[INFO] [stderr]    Compiling nix v0.31.3
[INFO] [stderr]    Compiling curve25519-dalek v4.1.3
[INFO] [stderr]     Checking form_urlencoded v1.2.2
[INFO] [stderr]     Checking sync_wrapper v1.0.2
[INFO] [stderr]     Checking tower-layer v0.3.3
[INFO] [stderr]     Checking base64 v0.22.1
[INFO] [stderr]     Checking foldhash v0.2.0
[INFO] [stderr]     Checking fastrand v2.5.0
[INFO] [stderr]     Checking typewit v1.15.2
[INFO] [stderr]     Checking openssl-probe v0.2.1
[INFO] [stderr]    Compiling portable-atomic v1.15.0
[INFO] [stderr]    Compiling crc32fast v1.5.1
[INFO] [stderr]     Checking allocator-api2 v0.2.21
[INFO] [stderr]     Checking equivalent v1.0.2
[INFO] [stderr]     Checking ipnet v2.12.1
[INFO] [stderr]     Checking tempfile v3.27.0
[INFO] [stderr]     Checking const_panic v0.2.17
[INFO] [stderr]     Checking chacha20 v0.10.1
[INFO] [stderr]    Compiling parking_lot_core v0.9.12
[INFO] [stderr]     Checking log v0.4.34
[INFO] [stderr]    Compiling anyhow v1.0.104
[INFO] [stderr]    Compiling konst_proc_macros v0.4.1
[INFO] [stderr]     Checking unicode-width v0.2.2
[INFO] [stderr]     Checking adler2 v2.0.1
[INFO] [stderr]     Checking simd-adler32 v0.3.10
[INFO] [stderr]     Checking miniz_oxide v0.8.9
[INFO] [stderr]     Checking console v0.16.4
[INFO] [stderr]     Checking rand v0.10.2
[INFO] [stderr]     Checking tokio-util v0.7.19
[INFO] [stderr]     Checking http-body-util v0.1.5
[INFO] [stderr]     Checking serde_bytes v0.11.19
[INFO] [stderr]     Checking unit-prefix v0.5.2
[INFO] [stderr]     Checking deunicode v1.6.2
[INFO] [stderr]    Compiling syn v1.0.109
[INFO] [stderr]     Checking triomphe v0.1.16
[INFO] [stderr]     Checking archery v1.2.3
[INFO] [stderr]     Checking indicatif v0.18.6
[INFO] [stderr]     Checking konst v0.4.3
[INFO] [stderr]     Checking flate2 v1.1.9
[INFO] [stderr]     Checking atomic-write-file v0.3.1
[INFO] [stderr]     Checking sha2 v0.11.0
[INFO] [stdout] error[E0493]: destructor of `ArrayBuilder<T, N, D>` cannot be evaluated at compile-time
[INFO] [stdout]    --> /opt/rustwide/cargo-home/registry/src/index.crates.io-1949cf8c6b5b557f/konst-0.4.3/src/array/array_builder.rs:421:24
[INFO] [stdout]     |
[INFO] [stdout] 421 |     pub const fn build(self) -> [T; N] {
[INFO] [stdout]     |                        ^^^^ the destructor for this type cannot be evaluated in constant functions
[INFO] [stdout] ...
[INFO] [stdout] 437 |     }
[INFO] [stdout]     |     - value is dropped here
[INFO] [stdout] 
[INFO] [stdout] 
[INFO] [stdout] error[E0493]: destructor of `array_into_iter::IntoIter<T, N, D>` cannot be evaluated at compile-time
[INFO] [stdout]    --> /opt/rustwide/cargo-home/registry/src/index.crates.io-1949cf8c6b5b557f/konst-0.4.3/src/array/array_into_iter.rs:324:34
[INFO] [stdout]     |
[INFO] [stdout] 324 |     pub const fn assert_is_empty(self) {
[INFO] [stdout]     |                                  ^^^^ the destructor for this type cannot be evaluated in constant functions
[INFO] [stdout] ...
[INFO] [stdout] 327 |     }
[INFO] [stdout]     |     - value is dropped here
[INFO] [stdout] 
[INFO] [stdout] 
[INFO] [stdout] error[E0493]: destructor of `Option<(T, U)>` cannot be evaluated at compile-time
[INFO] [stdout]    --> /opt/rustwide/cargo-home/registry/src/index.crates.io-1949cf8c6b5b557f/konst-0.4.3/src/macros/control_flow.rs:83:42
[INFO] [stdout]     |
[INFO] [stdout]  81 |   macro_rules! if_let_Some {
[INFO] [stdout]  82 |       ($some:pat = $e:expr => $then:block $(else $else:block)?) => {
[INFO] [stdout]  83 |           match $crate::option::__opt($e) {opt =>
[INFO] [stdout]     |                                            ^^^ the destructor for this type cannot be evaluated in constant functions
[INFO] [stdout] ...
[INFO] [stdout]  90 |               }
[INFO] [stdout]     |               - value is dropped here
[INFO] [stdout]     |
[INFO] [stdout]    ::: /opt/rustwide/cargo-home/registry/src/index.crates.io-1949cf8c6b5b557f/konst-0.4.3/src/option.rs:635:5
[INFO] [stdout]     |
[INFO] [stdout] 635 | /     crate::if_let_Some! {tuple = opt => {
[INFO] [stdout] 636 | |         crate::destructure!{(l, r) = tuple}
[INFO] [stdout] 637 | |
[INFO] [stdout] 638 | |         (Some(l), Some(r))
[INFO] [stdout] 639 | |     } else {
[INFO] [stdout] 640 | |         (None, None)
[INFO] [stdout] 641 | |     }}
[INFO] [stdout]     | |______- in this macro invocation
[INFO] [stdout] 
[INFO] [stdout] 
[INFO] [stderr]     Checking lock_api v0.4.14
[INFO] [stdout] For more information about this error, try `rustc --explain E0493`.
[INFO] [stdout] 
[INFO] [stderr]     Checking const-hex v1.19.1
[INFO] [stderr] error: could not compile `konst` (lib) due to 3 previous errors
[INFO] [stderr] warning: build failed, waiting for other jobs to finish...
[INFO] running `Command { std: "docker" "inspect" "5ef31e694089973ba4f50e73656b5e5d8559d812682454025bef284da7507136", kill_on_drop: false }`
[INFO] running `Command { std: "docker" "rm" "-f" "5ef31e694089973ba4f50e73656b5e5d8559d812682454025bef284da7507136", kill_on_drop: false }`
[INFO] [stdout] 5ef31e694089973ba4f50e73656b5e5d8559d812682454025bef284da7507136
