[INFO] cloning repository https://github.com/aashish-thapa/flock
[INFO] running `Command { std: "git" "-c" "credential.helper=" "-c" "credential.helper=/workspace/cargo-home/bin/git-credential-null" "clone" "--bare" "https://github.com/aashish-thapa/flock" "/workspace/cache/git-repos/https%3A%2F%2Fgithub.com%2Faashish-thapa%2Fflock", kill_on_drop: false }`
[INFO] [stderr] Cloning into bare repository '/workspace/cache/git-repos/https%3A%2F%2Fgithub.com%2Faashish-thapa%2Fflock'...
[INFO] running `Command { std: "git" "rev-parse" "HEAD", kill_on_drop: false }`
[INFO] [stdout] d3e480961398de8ce9e26c0af2803731523f85f5
[INFO] checking aashish-thapa/flock against c60b92c03ca8a3b101eb9d57f51e2232690638c7 for pr-164148-crater-rollup
[INFO] running `Command { std: "git" "clone" "/workspace/cache/git-repos/https%3A%2F%2Fgithub.com%2Faashish-thapa%2Fflock" "/workspace/builds/worker-5-tc2/source", kill_on_drop: false }`
[INFO] [stderr] Cloning into '/workspace/builds/worker-5-tc2/source'...
[INFO] [stderr] done.
[INFO] started tweaking git repo https://github.com/aashish-thapa/flock
[INFO] finished tweaking git repo https://github.com/aashish-thapa/flock
[INFO] tweaked toml for git repo https://github.com/aashish-thapa/flock written to /workspace/builds/worker-5-tc2/source/Cargo.toml
[INFO] validating manifest of git repo https://github.com/aashish-thapa/flock on toolchain c60b92c03ca8a3b101eb9d57f51e2232690638c7
[INFO] running `Command { std: CARGO_HOME="/workspace/cargo-home" RUSTUP_HOME="/workspace/rustup-home" "/workspace/cargo-home/bin/cargo" "+c60b92c03ca8a3b101eb9d57f51e2232690638c7" "metadata" "--manifest-path" "Cargo.toml" "--no-deps", kill_on_drop: false }`
[INFO] crate git repo https://github.com/aashish-thapa/flock already has a lockfile, it will not be regenerated
[INFO] running `Command { std: CARGO_HOME="/workspace/cargo-home" RUSTUP_HOME="/workspace/rustup-home" "/workspace/cargo-home/bin/cargo" "+c60b92c03ca8a3b101eb9d57f51e2232690638c7" "fetch" "--manifest-path" "Cargo.toml", kill_on_drop: false }`
[INFO] [stderr] warning: `package.homepage` is redundant with `package.repository`
[INFO] [stderr]   --> Cargo.toml:31:12
[INFO] [stderr]    |
[INFO] [stderr] 31 | homepage = "https://github.com/aashish-thapa/flock"
[INFO] [stderr]    |            ^^^^^^^^^^^^^^^^^^^^^^^^^^^^^^^^^^^^^^^^
[INFO] [stderr] ...
[INFO] [stderr] 36 | repository = "https://github.com/aashish-thapa/flock"
[INFO] [stderr]    |              ----------------------------------------
[INFO] [stderr]    |
[INFO] [stderr]    = note: `cargo::redundant_homepage` is set to `warn` by default
[INFO] [stderr] help: consider removing `package.homepage`
[INFO] [stderr] warning: `flockssh` (manifest) generated 1 warning
[INFO] running `Command { std: "docker" "create" "-v" "/var/lib/crater-agent-workspace/builds/worker-5-tc2/source:/opt/rustwide/workdir:ro,Z" "-v" "/var/lib/crater-agent-workspace/builds/worker-5-tc2/target:/opt/rustwide/target:rw,Z" "-v" "/var/lib/crater-agent-workspace/cargo-home:/opt/rustwide/cargo-home:ro,Z" "-v" "/var/lib/crater-agent-workspace/rustup-home:/opt/rustwide/rustup-home:ro,Z" "-m" "1610612736" "--network" "none" "ghcr.io/rust-lang/crates-build-env/linux@sha256:77db811e55d90add9212f6832c23229e3de5f1c1f9905e8cb07319ea15df73ac" "sleep" "infinity", kill_on_drop: false }`
[INFO] [stdout] cf45438b223ede1a7b06d2c524711d5a90d8df5a014e124cc6d1571c46cdabfe
[INFO] running `Command { std: "docker" "start" "cf45438b223ede1a7b06d2c524711d5a90d8df5a014e124cc6d1571c46cdabfe", kill_on_drop: false }`
[INFO] running `Command { std: "docker" "inspect" "cf45438b223ede1a7b06d2c524711d5a90d8df5a014e124cc6d1571c46cdabfe", kill_on_drop: false }`
[INFO] running `Command { std: "docker" "exec" "-e" "SOURCE_DIR=/opt/rustwide/workdir" "-e" "CARGO_HOME=/opt/rustwide/cargo-home" "-e" "RUSTUP_HOME=/opt/rustwide/rustup-home" "-e" "CARGO_TARGET_DIR=/opt/rustwide/target" "-w" "/opt/rustwide/workdir" "--user" "0:0" "cf45438b223ede1a7b06d2c524711d5a90d8df5a014e124cc6d1571c46cdabfe" "/opt/rustwide/cargo-home/bin/cargo" "+c60b92c03ca8a3b101eb9d57f51e2232690638c7" "metadata" "--no-deps" "--format-version=1", kill_on_drop: false }`
[INFO] running `Command { std: "docker" "inspect" "cf45438b223ede1a7b06d2c524711d5a90d8df5a014e124cc6d1571c46cdabfe", kill_on_drop: false }`
[INFO] running `Command { std: "docker" "exec" "-e" "SOURCE_DIR=/opt/rustwide/workdir" "-e" "CARGO_HOME=/opt/rustwide/cargo-home" "-e" "RUSTUP_HOME=/opt/rustwide/rustup-home" "-e" "CARGO_TARGET_DIR=/opt/rustwide/target" "-e" "CARGO_INCREMENTAL=0" "-e" "RUST_BACKTRACE=full" "-e" "RUSTFLAGS=--cap-lints=forbid" "-e" "RUSTDOCFLAGS=--cap-lints=forbid" "-w" "/opt/rustwide/workdir" "--user" "0:0" "cf45438b223ede1a7b06d2c524711d5a90d8df5a014e124cc6d1571c46cdabfe" "/opt/rustwide/cargo-home/bin/cargo" "+c60b92c03ca8a3b101eb9d57f51e2232690638c7" "check" "--frozen" "--all" "--all-targets" "--message-format=json", kill_on_drop: false }`
[INFO] [stderr] warning: `package.homepage` is redundant with `package.repository`
[INFO] [stderr]   --> Cargo.toml:31:12
[INFO] [stderr]    |
[INFO] [stderr] 31 | homepage = "https://github.com/aashish-thapa/flock"
[INFO] [stderr]    |            ^^^^^^^^^^^^^^^^^^^^^^^^^^^^^^^^^^^^^^^^
[INFO] [stderr] ...
[INFO] [stderr] 36 | repository = "https://github.com/aashish-thapa/flock"
[INFO] [stderr]    |              ----------------------------------------
[INFO] [stderr]    |
[INFO] [stderr]    = note: `cargo::redundant_homepage` is set to `warn` by default
[INFO] [stderr] help: consider removing `package.homepage`
[INFO] [stderr] warning: `flockssh` (manifest) generated 1 warning
[INFO] [stderr]    Compiling libc v0.2.186
[INFO] [stderr]     Checking typenum v1.20.1
[INFO] [stderr]     Checking zeroize v1.8.2
[INFO] [stderr]     Checking subtle v2.6.1
[INFO] [stderr]     Checking cmov v0.5.4
[INFO] [stderr]    Compiling getrandom v0.4.2
[INFO] [stderr]     Checking const-oid v0.10.2
[INFO] [stderr]     Checking cpubits v0.1.1
[INFO] [stderr]     Checking base64ct v1.8.3
[INFO] [stderr]    Compiling rustversion v1.0.22
[INFO] [stderr]    Compiling num-traits v0.2.19
[INFO] [stderr]     Checking log v0.4.30
[INFO] [stderr]     Checking futures-core v0.3.32
[INFO] [stderr]     Checking base16ct v1.0.0
[INFO] [stderr]    Compiling cc v1.2.63
[INFO] [stderr]    Compiling syn v2.0.117
[INFO] [stderr]    Compiling semver v1.0.28
[INFO] [stderr]     Checking futures-sink v0.3.32
[INFO] [stderr]     Checking bytes v1.11.1
[INFO] [stderr]     Checking bitflags v2.11.1
[INFO] [stderr]    Compiling generic-array v0.14.9
[INFO] [stderr]    Compiling zerocopy v0.8.50
[INFO] [stderr]    Compiling libm v0.2.16
[INFO] [stderr]    Compiling nix v0.31.3
[INFO] [stderr]     Checking futures-channel v0.3.32
[INFO] [stderr]     Checking ctutils v0.4.2
[INFO] [stderr]     Checking rustcrypto-ff v0.14.0-rc.1
[INFO] [stderr]     Checking rustcrypto-group v0.14.0-rc.1
[INFO] [stderr]     Checking futures-task v0.3.32
[INFO] [stderr]     Checking pem-rfc7468 v1.0.0
[INFO] [stderr]    Compiling rustix v0.38.44
[INFO] [stderr]     Checking slab v0.4.12
[INFO] [stderr]     Checking once_cell v1.21.4
[INFO] [stderr]    Compiling rustc_version v0.4.1
[INFO] [stderr]     Checking der v0.8.0
[INFO] [stderr]     Checking futures-io v0.3.32
[INFO] [stderr]     Checking memchr v2.8.1
[INFO] [stderr]     Checking keccak v0.2.0
[INFO] [stderr]     Checking either v1.16.0
[INFO] [stderr]     Checking simd-adler32 v0.3.9
[INFO] [stderr]     Checking num-integer v0.1.46
[INFO] [stderr]    Compiling instability v0.3.12
[INFO] [stderr]     Checking linux-raw-sys v0.4.15
[INFO] [stderr]     Checking foldhash v0.1.5
[INFO] [stderr]    Compiling curve25519-dalek v5.0.0-pre.6
[INFO] [stderr]     Checking fiat-crypto v0.3.0
[INFO] [stderr]     Checking miniz_oxide v0.8.9
[INFO] [stderr]     Checking itertools v0.13.0
[INFO] [stderr]     Checking hashbrown v0.15.5
[INFO] [stderr]     Checking castaway v0.2.4
[INFO] [stderr]     Checking crc32fast v1.5.0
[INFO] [stderr]     Checking spin v0.9.8
[INFO] [stderr]     Checking hex v0.4.3
[INFO] [stderr]     Checking unicode-width v0.1.14
[INFO] [stderr]     Checking unicode-segmentation v1.13.2
[INFO] [stderr]     Checking option-ext v0.2.0
[INFO] [stderr]    Compiling anyhow v1.0.102
[INFO] [stderr]    Compiling indoc v2.0.7
[INFO] [stderr]     Checking flate2 v1.1.9
[INFO] [stderr]     Checking compact_str v0.8.2
[INFO] [stderr]     Checking flume v0.11.1
[INFO] [stderr]     Checking num-bigint v0.4.6
[INFO] [stderr]     Checking data-encoding v2.11.0
[INFO] [stderr]     Checking lru v0.12.5
[INFO] [stderr]     Checking fastrand v2.4.1
[INFO] [stderr]     Checking cassowary v0.3.0
[INFO] [stderr]     Checking md5 v0.7.0
[INFO] [stderr]     Checking unicode-width v0.2.0
[INFO] [stderr]     Checking hex-literal v1.1.0
[INFO] [stderr]     Checking spki v0.8.0
[INFO] [stderr]    Compiling libsqlite3-sys v0.30.1
[INFO] [stderr]    Compiling ring v0.17.14
[INFO] [stderr]     Checking pkcs1 v0.8.0-rc.4
[INFO] [stderr]     Checking hybrid-array v0.4.12
[INFO] [stderr]     Checking mio v1.2.1
[INFO] [stderr]     Checking errno v0.3.14
[INFO] [stderr]     Checking parking_lot_core v0.9.12
[INFO] [stderr]     Checking socket2 v0.6.4
[INFO] [stderr]     Checking getrandom v0.2.17
[INFO] [stderr]     Checking signal-hook-registry v1.4.8
[INFO] [stderr]     Checking if-addrs v0.13.4
[INFO] [stderr]     Checking socket2 v0.5.10
[INFO] [stderr]     Checking signal-hook v0.3.18
[INFO] [stderr]     Checking dirs-sys v0.4.1
[INFO] [stderr]     Checking parking_lot v0.12.5
[INFO] [stderr]     Checking directories v5.0.1
[INFO] [stderr]     Checking unicode-truncate v1.1.0
[INFO] [stderr]     Checking block-padding v0.3.3
[INFO] [stderr]     Checking generic-array v1.4.3
[INFO] [stderr]     Checking inout v0.1.4
[INFO] [stderr]     Checking signal-hook-mio v0.2.5
[INFO] [stderr]     Checking mdns-sd v0.13.11
[INFO] [stderr]     Checking crossterm v0.28.1
[INFO] [stdout] error[E0493]: destructor of `ArrayBuilder<T, N>` cannot be evaluated at compile-time
[INFO] [stdout]    --> /opt/rustwide/cargo-home/registry/src/index.crates.io-1949cf8c6b5b557f/generic-array-1.4.3/src/internal.rs:103:31
[INFO] [stdout]     |
[INFO] [stdout] 103 |     pub unsafe fn assume_init(self) -> GenericArray<T, N> {
[INFO] [stdout]     |                               ^^^^ the destructor for this type cannot be evaluated in constant functions
[INFO] [stdout] ...
[INFO] [stdout] 109 |     }
[INFO] [stdout]     |     - value is dropped here
[INFO] [stdout] 
[INFO] [stdout] 
[INFO] [stdout] error[E0493]: destructor of `GenericArray<core::mem::MaybeUninit<*const T>, N>` cannot be evaluated at compile-time
[INFO] [stdout]    --> /opt/rustwide/cargo-home/registry/src/index.crates.io-1949cf8c6b5b557f/generic-array-1.4.3/src/lib.rs:970:13
[INFO] [stdout]     |
[INFO] [stdout] 970 |         let mut out: GenericArray<MaybeUninit<*const T>, N> = GenericArray::uninit();
[INFO] [stdout]     |             ^^^^^^^ the destructor for this type cannot be evaluated in constant functions
[INFO] [stdout] ...
[INFO] [stdout] 985 |     }
[INFO] [stdout]     |     - value is dropped here
[INFO] [stdout] 
[INFO] [stdout] 
[INFO] [stdout] error[E0493]: destructor of `GenericArray<core::mem::MaybeUninit<*mut T>, N>` cannot be evaluated at compile-time
[INFO] [stdout]     --> /opt/rustwide/cargo-home/registry/src/index.crates.io-1949cf8c6b5b557f/generic-array-1.4.3/src/lib.rs:1005:13
[INFO] [stdout]      |
[INFO] [stdout] 1005 |         let mut out: GenericArray<MaybeUninit<*mut T>, N> = GenericArray::uninit();
[INFO] [stdout]      |             ^^^^^^^ the destructor for this type cannot be evaluated in constant functions
[INFO] [stdout] ...
[INFO] [stdout] 1020 |     }
[INFO] [stdout]      |     - value is dropped here
[INFO] [stdout] 
[INFO] [stdout] 
[INFO] [stdout] For more information about this error, try `rustc --explain E0493`.
[INFO] [stdout] 
[INFO] [stderr] error: could not compile `generic-array` (lib) due to 3 previous errors
[INFO] [stderr] warning: build failed, waiting for other jobs to finish...
[INFO] running `Command { std: "docker" "inspect" "cf45438b223ede1a7b06d2c524711d5a90d8df5a014e124cc6d1571c46cdabfe", kill_on_drop: false }`
[INFO] running `Command { std: "docker" "rm" "-f" "cf45438b223ede1a7b06d2c524711d5a90d8df5a014e124cc6d1571c46cdabfe", kill_on_drop: false }`
[INFO] [stdout] cf45438b223ede1a7b06d2c524711d5a90d8df5a014e124cc6d1571c46cdabfe
