[INFO] cloning repository https://github.com/Vividness9816/secretagent-rust-agent-2026-06-19
[INFO] running `Command { std: "git" "-c" "credential.helper=" "-c" "credential.helper=/workspace/cargo-home/bin/git-credential-null" "clone" "--bare" "https://github.com/Vividness9816/secretagent-rust-agent-2026-06-19" "/workspace/cache/git-repos/https%3A%2F%2Fgithub.com%2FVividness9816%2Fsecretagent-rust-agent-2026-06-19", kill_on_drop: false }`
[INFO] [stderr] Cloning into bare repository '/workspace/cache/git-repos/https%3A%2F%2Fgithub.com%2FVividness9816%2Fsecretagent-rust-agent-2026-06-19'...
[INFO] running `Command { std: "git" "rev-parse" "HEAD", kill_on_drop: false }`
[INFO] [stdout] d4a8c96c961bfece32a2905f06104fa1651f4f42
[INFO] checking Vividness9816/secretagent-rust-agent-2026-06-19 against c60b92c03ca8a3b101eb9d57f51e2232690638c7 for pr-164148-crater-rollup
[INFO] running `Command { std: "git" "clone" "/workspace/cache/git-repos/https%3A%2F%2Fgithub.com%2FVividness9816%2Fsecretagent-rust-agent-2026-06-19" "/workspace/builds/worker-4-tc2/source", kill_on_drop: false }`
[INFO] [stderr] Cloning into '/workspace/builds/worker-4-tc2/source'...
[INFO] [stderr] done.
[INFO] removed /workspace/builds/worker-4-tc2/source/rust-toolchain.toml
[INFO] started tweaking git repo https://github.com/Vividness9816/secretagent-rust-agent-2026-06-19
[INFO] finished tweaking git repo https://github.com/Vividness9816/secretagent-rust-agent-2026-06-19
[INFO] tweaked toml for git repo https://github.com/Vividness9816/secretagent-rust-agent-2026-06-19 written to /workspace/builds/worker-4-tc2/source/Cargo.toml
[INFO] validating manifest of git repo https://github.com/Vividness9816/secretagent-rust-agent-2026-06-19 on toolchain c60b92c03ca8a3b101eb9d57f51e2232690638c7
[INFO] running `Command { std: CARGO_HOME="/workspace/cargo-home" RUSTUP_HOME="/workspace/rustup-home" "/workspace/cargo-home/bin/cargo" "+c60b92c03ca8a3b101eb9d57f51e2232690638c7" "metadata" "--manifest-path" "Cargo.toml" "--no-deps", kill_on_drop: false }`
[INFO] crate git repo https://github.com/Vividness9816/secretagent-rust-agent-2026-06-19 already has a lockfile, it will not be regenerated
[INFO] running `Command { std: CARGO_HOME="/workspace/cargo-home" RUSTUP_HOME="/workspace/rustup-home" "/workspace/cargo-home/bin/cargo" "+c60b92c03ca8a3b101eb9d57f51e2232690638c7" "fetch" "--manifest-path" "Cargo.toml", kill_on_drop: false }`
[INFO] [stderr]     Blocking waiting for file lock on package cache
[INFO] running `Command { std: "docker" "create" "-v" "/var/lib/crater-agent-workspace/builds/worker-4-tc2/source:/opt/rustwide/workdir:ro,Z" "-v" "/var/lib/crater-agent-workspace/builds/worker-4-tc2/target:/opt/rustwide/target:rw,Z" "-v" "/var/lib/crater-agent-workspace/cargo-home:/opt/rustwide/cargo-home:ro,Z" "-v" "/var/lib/crater-agent-workspace/rustup-home:/opt/rustwide/rustup-home:ro,Z" "-m" "1610612736" "--network" "none" "ghcr.io/rust-lang/crates-build-env/linux@sha256:77db811e55d90add9212f6832c23229e3de5f1c1f9905e8cb07319ea15df73ac" "sleep" "infinity", kill_on_drop: false }`
[INFO] [stdout] 0c03bf75d6c370a813e9732589f0b03218e834824e0cc270bd9682e9615c1128
[INFO] running `Command { std: "docker" "start" "0c03bf75d6c370a813e9732589f0b03218e834824e0cc270bd9682e9615c1128", kill_on_drop: false }`
[INFO] running `Command { std: "docker" "inspect" "0c03bf75d6c370a813e9732589f0b03218e834824e0cc270bd9682e9615c1128", kill_on_drop: false }`
[INFO] running `Command { std: "docker" "exec" "-e" "SOURCE_DIR=/opt/rustwide/workdir" "-e" "CARGO_HOME=/opt/rustwide/cargo-home" "-e" "RUSTUP_HOME=/opt/rustwide/rustup-home" "-e" "CARGO_TARGET_DIR=/opt/rustwide/target" "-w" "/opt/rustwide/workdir" "--user" "0:0" "0c03bf75d6c370a813e9732589f0b03218e834824e0cc270bd9682e9615c1128" "/opt/rustwide/cargo-home/bin/cargo" "+c60b92c03ca8a3b101eb9d57f51e2232690638c7" "metadata" "--no-deps" "--format-version=1", kill_on_drop: false }`
[INFO] running `Command { std: "docker" "inspect" "0c03bf75d6c370a813e9732589f0b03218e834824e0cc270bd9682e9615c1128", kill_on_drop: false }`
[INFO] running `Command { std: "docker" "exec" "-e" "SOURCE_DIR=/opt/rustwide/workdir" "-e" "CARGO_HOME=/opt/rustwide/cargo-home" "-e" "RUSTUP_HOME=/opt/rustwide/rustup-home" "-e" "CARGO_TARGET_DIR=/opt/rustwide/target" "-e" "CARGO_INCREMENTAL=0" "-e" "RUST_BACKTRACE=full" "-e" "RUSTFLAGS=--cap-lints=forbid" "-e" "RUSTDOCFLAGS=--cap-lints=forbid" "-w" "/opt/rustwide/workdir" "--user" "0:0" "0c03bf75d6c370a813e9732589f0b03218e834824e0cc270bd9682e9615c1128" "/opt/rustwide/cargo-home/bin/cargo" "+c60b92c03ca8a3b101eb9d57f51e2232690638c7" "check" "--frozen" "--all" "--all-targets" "--message-format=json", kill_on_drop: false }`
[INFO] [stderr]     Checking memchr v2.8.2
[INFO] [stderr]     Checking subtle v2.6.1
[INFO] [stderr]     Checking smallvec v1.15.2
[INFO] [stderr]     Checking bytes v1.12.0
[INFO] [stderr]    Compiling syn v2.0.118
[INFO] [stderr]     Checking mio v1.2.1
[INFO] [stderr]     Checking bitflags v2.13.0
[INFO] [stderr]     Checking getrandom v0.2.17
[INFO] [stderr]    Compiling ring v0.17.14
[INFO] [stderr]    Compiling zerocopy v0.8.52
[INFO] [stderr]    Compiling rustls v0.23.40
[INFO] [stderr]    Compiling typenum v1.20.1
[INFO] [stderr]     Checking winnow v0.7.15
[INFO] [stderr]     Checking directories v5.0.1
[INFO] [stderr]    Compiling crossbeam-utils v0.8.21
[INFO] [stderr]     Checking inout v0.1.4
[INFO] [stderr]     Checking self_cell v1.2.2
[INFO] [stderr]     Checking rustix v1.1.4
[INFO] [stderr]     Checking digest v0.10.7
[INFO] [stderr]    Compiling rustc-hash v2.1.2
[INFO] [stderr]    Compiling type-map v0.5.1
[INFO] [stderr]    Compiling log v0.4.33
[INFO] [stderr]     Checking parking_lot_core v0.9.12
[INFO] [stderr]    Compiling libsqlite3-sys v0.30.1
[INFO] [stderr]    Compiling self_cell v0.10.3
[INFO] [stderr]     Checking sha2 v0.10.9
[INFO] [stderr]     Checking hmac v0.12.1
[INFO] [stderr]     Checking rand_core v0.6.4
[INFO] [stderr]     Checking serde_json v1.0.150
[INFO] [stderr]     Checking aho-corasick v1.1.4
[INFO] [stderr]     Checking nom v7.1.3
[INFO] [stderr]     Checking ordered-float v2.10.1
[INFO] [stderr]     Checking deranged v0.5.8
[INFO] [stderr]    Compiling syn v1.0.109
[INFO] [stderr]     Checking concurrent-queue v2.5.0
[INFO] [stderr]    Compiling phf_shared v0.11.3
[INFO] [stderr]     Checking http v1.4.2
[INFO] [stderr]    Compiling rand v0.8.6
[INFO] [stderr]     Checking parking_lot v0.12.5
[INFO] [stderr]    Compiling curve25519-dalek v4.1.3
[INFO] [stderr]     Checking universal-hash v0.5.1
[INFO] [stderr]    Compiling blake3 v1.8.5
[INFO] [stderr]     Checking event-listener v5.4.1
[INFO] [stderr]     Checking poly1305 v0.8.0
[INFO] [stderr]    Compiling proc-macro-error-attr v1.0.4
[INFO] [stderr]    Compiling phf_generator v0.11.3
[INFO] [stderr]     Checking rust-embed-utils v8.11.0
[INFO] [stderr]     Checking pbkdf2 v0.12.2
[INFO] [stderr]    Compiling arc-swap v1.9.1
[INFO] [stderr]     Checking http-body v1.0.1
[INFO] [stderr]     Checking aead v0.5.2
[INFO] [stderr]     Checking hashbrown v0.16.1
[INFO] [stderr]     Checking constant_time_eq v0.4.2
[INFO] [stderr]     Checking http-body-util v0.1.3
[INFO] [stderr]     Checking arrayvec v0.7.7
[INFO] [stderr]    Compiling hashbrown v0.14.5
[INFO] [stderr]     Checking async-channel v1.9.0
[INFO] [stderr]    Compiling proc-macro-error v1.0.4
[INFO] [stderr]     Checking regex-automata v0.4.14
[INFO] [stderr]     Checking event-listener-strategy v0.5.4
[INFO] [stderr]     Checking time v0.3.49
[INFO] [stderr]     Checking hkdf v0.12.4
[INFO] [stderr]    Compiling generic-array v0.14.7
[INFO] [stderr]     Checking io_tee v0.1.1
[INFO] [stderr]     Checking zlib-rs v0.6.4
[INFO] [stderr]     Checking quoted_printable v0.5.2
[INFO] [stderr]     Checking simdutf8 v0.1.5
[INFO] [stderr]     Checking charset v0.1.5
[INFO] [stderr]     Checking async-channel v2.5.0
[INFO] [stderr]     Checking stop-token v0.7.0
[INFO] [stderr]     Checking signal-hook v0.3.18
[INFO] [stderr]    Compiling crypto-common v0.1.7
[INFO] [stderr]    Compiling block-buffer v0.10.4
[INFO] [stderr]     Checking nom v8.0.0
[INFO] [stderr]     Checking email-encoding v0.4.1
[INFO] [stderr]     Checking data-encoding v2.11.0
[INFO] [stderr]     Checking imap-proto v0.16.7
[INFO] [stderr]     Checking email_address v0.2.9
[INFO] [stderr]     Checking bech32 v0.9.1
[INFO] [stderr]     Checking rustix v0.38.44
[INFO] [stderr]     Checking mailparse v0.16.1
[INFO] [stderr]    Compiling dashmap v5.5.3
[INFO] [stderr]     Checking signal-hook-mio v0.2.5
[INFO] [stderr]     Checking vte v0.14.1
[INFO] [stderr]     Checking predicates-core v1.0.10
[INFO] [stderr]     Checking strip-ansi-escapes v0.2.1
[INFO] [stderr]     Checking float-cmp v0.10.0
[INFO] [stderr]     Checking rtoolbox v0.0.5
[INFO] [stderr]     Checking tempfile v3.27.0
[INFO] [stderr]     Checking fd-lock v4.0.4
[INFO] [stderr]     Checking normalize-line-endings v0.3.0
[INFO] [stderr]     Checking strum v0.26.3
[INFO] [stderr]     Checking difflib v0.4.0
[INFO] [stderr]     Checking termtree v0.5.1
[INFO] [stderr]    Compiling assert_cmd v2.2.2
[INFO] [stderr]    Compiling secretagent v0.0.0 (/opt/rustwide/workdir/secretagent)
[INFO] [stderr]     Checking predicates-tree v1.0.13
[INFO] [stderr]     Checking rpassword v7.5.4
[INFO] [stderr]     Checking ct-codecs v1.1.7
[INFO] [stderr]     Checking minisign-verify v0.2.5
[INFO] [stderr]     Checking num_cpus v1.17.0
[INFO] [stderr]     Checking deadpool-runtime v0.1.4
[INFO] [stderr]     Checking flate2 v1.1.9
[INFO] [stderr]    Compiling synstructure v0.13.2
[INFO] [stderr]     Checking regex v1.12.4
[INFO] [stderr]     Checking matchers v0.2.0
[INFO] [stderr]     Checking bstr v1.12.1
[INFO] [stderr]     Checking ahash v0.8.12
[INFO] [stderr]     Checking ppv-lite86 v0.2.21
[INFO] [stderr]     Checking predicates v3.1.4
[INFO] [stderr]    Compiling serde_derive v1.0.228
[INFO] [stderr]    Compiling displaydoc v0.2.6
[INFO] [stderr]    Compiling zerofrom-derive v0.1.7
[INFO] [stderr]    Compiling yoke-derive v0.8.2
[INFO] [stderr]    Compiling zerovec-derive v0.11.3
[INFO] [stderr]    Compiling zeroize_derive v1.5.0
[INFO] [stderr]    Compiling tokio-macros v2.7.0
[INFO] [stderr]    Compiling futures-macro v0.3.32
[INFO] [stderr]    Compiling tracing-attributes v0.1.31
[INFO] [stderr]    Compiling thiserror-impl v1.0.69
[INFO] [stderr]    Compiling thiserror-impl v2.0.18
[INFO] [stderr]    Compiling async-trait v0.1.89
[INFO] [stderr]    Compiling enumflags2_derive v0.7.12
[INFO] [stderr]    Compiling rust-embed-impl v8.11.0
[INFO] [stderr]     Checking zeroize v1.9.0
[INFO] [stderr]     Checking tokio v1.52.3
[INFO] [stderr]    Compiling pin-project-internal v1.1.13
[INFO] [stderr]     Checking futures-util v0.3.32
[INFO] [stderr]    Compiling tinystr v0.8.3
[INFO] [stderr]     Checking enumflags2 v0.7.12
[INFO] [stderr]     Checking rustls-pki-types v1.14.1
[INFO] [stderr]     Checking cipher v0.4.4
[INFO] [stderr]     Checking tracing v0.1.44
[INFO] [stderr]    Compiling serde_repr v0.1.20
[INFO] [stderr]     Checking rand_chacha v0.3.1
[INFO] [stderr]    Compiling rust-embed v8.11.0
[INFO] [stderr]     Checking chacha20 v0.9.1
[INFO] [stderr]     Checking salsa20 v0.10.2
[INFO] [stderr]     Checking thiserror v1.0.69
[INFO] [stderr]    Compiling async-stream-impl v0.3.6
[INFO] [stderr]    Compiling curve25519-dalek-derive v0.1.1
[INFO] [stderr]     Checking fluent-syntax v0.11.1
[INFO] [stderr]     Checking zerofrom v0.1.8
[INFO] [stderr]     Checking thiserror v2.0.18
[INFO] [stderr]     Checking landlock v0.4.5
[INFO] [stderr]     Checking chacha20poly1305 v0.10.1
[INFO] [stderr]     Checking yoke v0.8.3
[INFO] [stderr]     Checking scrypt v0.11.0
[INFO] [stderr]     Checking pin-project v1.1.13
[INFO] [stderr]    Compiling phf_macros v0.11.3
[INFO] [stderr]    Compiling clap_derive v4.6.1
[INFO] [stderr]    Compiling strum_macros v0.26.4
[INFO] [stderr]     Checking rustls-webpki v0.103.13
[INFO] [stderr]     Checking webpki-roots v1.0.8
[INFO] [stderr]     Checking tracing-subscriber v0.3.23
[INFO] [stderr]     Checking zerovec v0.11.6
[INFO] [stderr]     Checking zerotrie v0.2.4
[INFO] [stderr]     Checking async-stream v0.3.6
[INFO] [stderr]     Checking minisign v0.9.1
[INFO] [stderr]     Checking phf v0.11.3
[INFO] [stderr]     Checking hashlink v0.9.1
[INFO] [stderr]     Checking serde v1.0.228
[INFO] [stderr]     Checking x25519-dalek v2.0.1
[INFO] [stderr]     Checking serde_spanned v0.6.9
[INFO] [stderr]     Checking potential_utf v0.1.5
[INFO] [stderr]     Checking toml_datetime v0.6.11
[INFO] [stderr]     Checking serde_urlencoded v0.7.1
[INFO] [stderr]     Checking chrono v0.4.45
[INFO] [stderr]     Checking serde-value v0.7.0
[INFO] [stderr]     Checking secrecy v0.8.0
[INFO] [stderr]     Checking sa-audit v0.0.0 (/opt/rustwide/workdir/crates/sa-audit)
[INFO] [stderr]     Checking crossterm v0.28.1
[INFO] [stderr]    Compiling unic-langid-impl v0.9.6
[INFO] [stderr]    Compiling toml v0.5.11
[INFO] [stderr]    Compiling basic-toml v0.1.10
[INFO] [stderr]     Checking icu_collections v2.2.0
[INFO] [stderr]     Checking twilight-model v0.17.1
[INFO] [stderr]     Checking assert-json-diff v2.0.2
[INFO] [stderr]     Checking icu_locale_core v2.2.0
[INFO] [stderr]     Checking toml_edit v0.22.27
[INFO] [stderr]    Compiling unic-langid v0.9.6
[INFO] [stderr]    Compiling intl_pluralrules v7.0.2
[INFO] [stderr]    Compiling intl-memoizer v0.5.3
[INFO] [stderr]    Compiling fluent-langneg v0.13.1
[INFO] [stderr]    Compiling i18n-config v0.4.8
[INFO] [stderr]     Checking clap v4.6.1
[INFO] [stderr]    Compiling fluent-bundle v0.15.3
[INFO] [stderr]    Compiling find-crate v0.6.3
[INFO] [stderr]     Checking icu_provider v2.2.0
[INFO] [stderr]     Checking fluent v0.16.1
[INFO] [stderr]    Compiling i18n-embed-impl v0.8.4
[INFO] [stderr]     Checking icu_normalizer v2.2.0
[INFO] [stderr]     Checking icu_properties v2.2.0
[INFO] [stderr]     Checking cron v0.17.0
[INFO] [stderr]     Checking reedline v0.39.0
[INFO] [stderr]    Compiling i18n-embed v0.14.1
[INFO] [stderr]     Checking toml v0.8.23
[INFO] [stderr]    Compiling i18n-embed-fl v0.7.0
[INFO] [stderr]     Checking sa-core-types v0.0.0 (/opt/rustwide/workdir/crates/sa-core-types)
[INFO] [stderr]     Checking futures-executor v0.3.32
[INFO] [stderr]     Checking futures v0.3.32
[INFO] [stderr]     Checking sa-exec v0.1.0 (/opt/rustwide/workdir/crates/sa-exec)
[INFO] [stderr]     Checking cookie-factory v0.3.3
[INFO] [stderr]     Checking idna_adapter v1.2.2
[INFO] [stderr]     Checking idna v1.1.0
[INFO] [stderr]     Checking age-core v0.10.0
[INFO] [stderr]     Checking rusqlite v0.32.1
[INFO] [stderr]     Checking url v2.5.8
[INFO] [stderr]     Checking age v0.10.1
[INFO] [stderr]     Checking sa-vault v0.0.0 (/opt/rustwide/workdir/crates/sa-vault)
[INFO] [stderr]     Checking sa-memory v0.0.0 (/opt/rustwide/workdir/crates/sa-memory)
[INFO] [stderr]     Checking tokio-util v0.7.18
[INFO] [stderr]     Checking tokio-rustls v0.26.4
[INFO] [stderr]     Checking tower v0.5.3
[INFO] [stderr]     Checking twilight-gateway-queue v0.17.0
[INFO] [stderr]     Checking async-imap v0.11.2
[INFO] [stderr]     Checking deadpool v0.12.3
[INFO] [stderr]     Checking lettre v0.11.22
[INFO] [stderr]     Checking tower-http v0.6.11
[INFO] [stderr]     Checking h2 v0.4.15
[INFO] [stderr]     Checking twilight-http-ratelimiting v0.17.1
[INFO] [stderr]     Checking tokio-websockets v0.13.2
[INFO] [stderr]     Checking hyper v1.10.1
[INFO] [stderr]     Checking hyper-util v0.1.20
[INFO] [stderr]     Checking hyper-rustls v0.27.9
[INFO] [stderr]     Checking wiremock v0.6.5
[INFO] [stderr]     Checking reqwest v0.12.28
[INFO] [stderr]     Checking sa-providers v0.0.0 (/opt/rustwide/workdir/crates/sa-providers)
[INFO] [stderr]     Checking sa-tools v0.0.0 (/opt/rustwide/workdir/crates/sa-tools)
[INFO] [stderr]     Checking sa-core v0.0.0 (/opt/rustwide/workdir/crates/sa-core)
[INFO] [stderr]     Checking twilight-validate v0.17.0
[INFO] [stderr]     Checking twilight-http v0.17.1
[INFO] [stdout] error[E0493]: destructor of `CreateFollowup<'_>` cannot be evaluated at compile-time
[INFO] [stdout]    --> /opt/rustwide/cargo-home/registry/src/index.crates.io-1949cf8c6b5b557f/twilight-http-0.17.1/src/request/application/interaction/create_followup.rs:114:35
[INFO] [stdout]     |
[INFO] [stdout] 114 |     pub const fn allowed_mentions(mut self, allowed_mentions: Option<&'a AllowedMentions>) -> Self {
[INFO] [stdout]     |                                   ^^^^^^^^ the destructor for this type cannot be evaluated in constant functions
[INFO] [stdout] ...
[INFO] [stdout] 120 |     }
[INFO] [stdout]     |     - value is dropped here
[INFO] [stdout] 
[INFO] [stdout] 
[INFO] [stdout] error[E0493]: destructor of `CreateFollowup<'_>` cannot be evaluated at compile-time
[INFO] [stdout]    --> /opt/rustwide/cargo-home/registry/src/index.crates.io-1949cf8c6b5b557f/twilight-http-0.17.1/src/request/application/interaction/create_followup.rs:234:24
[INFO] [stdout]     |
[INFO] [stdout] 234 |     pub const fn flags(mut self, flags: MessageFlags) -> Self {
[INFO] [stdout]     |                        ^^^^^^^^ the destructor for this type cannot be evaluated in constant functions
[INFO] [stdout] ...
[INFO] [stdout] 240 |     }
[INFO] [stdout]     |     - value is dropped here
[INFO] [stdout] 
[INFO] [stdout] 
[INFO] [stdout] error[E0493]: destructor of `CreateFollowup<'_>` cannot be evaluated at compile-time
[INFO] [stdout]    --> /opt/rustwide/cargo-home/registry/src/index.crates.io-1949cf8c6b5b557f/twilight-http-0.17.1/src/request/application/interaction/create_followup.rs:254:31
[INFO] [stdout]     |
[INFO] [stdout] 254 |     pub const fn payload_json(mut self, payload_json: &'a [u8]) -> Self {
[INFO] [stdout]     |                               ^^^^^^^^ the destructor for this type cannot be evaluated in constant functions
[INFO] [stdout] ...
[INFO] [stdout] 260 |     }
[INFO] [stdout]     |     - value is dropped here
[INFO] [stdout] 
[INFO] [stdout] 
[INFO] [stdout] error[E0493]: destructor of `CreateFollowup<'_>` cannot be evaluated at compile-time
[INFO] [stdout]    --> /opt/rustwide/cargo-home/registry/src/index.crates.io-1949cf8c6b5b557f/twilight-http-0.17.1/src/request/application/interaction/create_followup.rs:263:22
[INFO] [stdout]     |
[INFO] [stdout] 263 |     pub const fn tts(mut self, tts: bool) -> Self {
[INFO] [stdout]     |                      ^^^^^^^^ the destructor for this type cannot be evaluated in constant functions
[INFO] [stdout] ...
[INFO] [stdout] 269 |     }
[INFO] [stdout]     |     - value is dropped here
[INFO] [stdout] 
[INFO] [stdout] 
[INFO] [stdout] error[E0493]: destructor of `UpdateFollowup<'_>` cannot be evaluated at compile-time
[INFO] [stdout]    --> /opt/rustwide/cargo-home/registry/src/index.crates.io-1949cf8c6b5b557f/twilight-http-0.17.1/src/request/application/interaction/update_followup.rs:122:35
[INFO] [stdout]     |
[INFO] [stdout] 122 |     pub const fn allowed_mentions(mut self, allowed_mentions: Option<&'a AllowedMentions>) -> Self {
[INFO] [stdout]     |                                   ^^^^^^^^ the destructor for this type cannot be evaluated in constant functions
[INFO] [stdout] ...
[INFO] [stdout] 128 |     }
[INFO] [stdout]     |     - value is dropped here
[INFO] [stdout] 
[INFO] [stdout] 
[INFO] [stdout] error[E0493]: destructor of `UpdateFollowup<'_>` cannot be evaluated at compile-time
[INFO] [stdout]    --> /opt/rustwide/cargo-home/registry/src/index.crates.io-1949cf8c6b5b557f/twilight-http-0.17.1/src/request/application/interaction/update_followup.rs:318:31
[INFO] [stdout]     |
[INFO] [stdout] 318 |     pub const fn payload_json(mut self, payload_json: &'a [u8]) -> Self {
[INFO] [stdout]     |                               ^^^^^^^^ the destructor for this type cannot be evaluated in constant functions
[INFO] [stdout] ...
[INFO] [stdout] 324 |     }
[INFO] [stdout]     |     - value is dropped here
[INFO] [stdout] 
[INFO] [stdout] 
[INFO] [stdout] error[E0493]: destructor of `UpdateResponse<'_>` cannot be evaluated at compile-time
[INFO] [stdout]    --> /opt/rustwide/cargo-home/registry/src/index.crates.io-1949cf8c6b5b557f/twilight-http-0.17.1/src/request/application/interaction/update_response.rs:122:35
[INFO] [stdout]     |
[INFO] [stdout] 122 |     pub const fn allowed_mentions(mut self, allowed_mentions: Option<&'a AllowedMentions>) -> Self {
[INFO] [stdout]     |                                   ^^^^^^^^ the destructor for this type cannot be evaluated in constant functions
[INFO] [stdout] ...
[INFO] [stdout] 128 |     }
[INFO] [stdout]     |     - value is dropped here
[INFO] [stdout] 
[INFO] [stdout] 
[INFO] [stdout] error[E0493]: destructor of `UpdateResponse<'_>` cannot be evaluated at compile-time
[INFO] [stdout]    --> /opt/rustwide/cargo-home/registry/src/index.crates.io-1949cf8c6b5b557f/twilight-http-0.17.1/src/request/application/interaction/update_response.rs:290:24
[INFO] [stdout]     |
[INFO] [stdout] 290 |     pub const fn flags(mut self, flags: MessageFlags) -> Self {
[INFO] [stdout]     |                        ^^^^^^^^ the destructor for this type cannot be evaluated in constant functions
[INFO] [stdout] ...
[INFO] [stdout] 296 |     }
[INFO] [stdout]     |     - value is dropped here
[INFO] [stdout] 
[INFO] [stdout] 
[INFO] [stdout] error[E0493]: destructor of `UpdateResponse<'_>` cannot be evaluated at compile-time
[INFO] [stdout]    --> /opt/rustwide/cargo-home/registry/src/index.crates.io-1949cf8c6b5b557f/twilight-http-0.17.1/src/request/application/interaction/update_response.rs:331:31
[INFO] [stdout]     |
[INFO] [stdout] 331 |     pub const fn payload_json(mut self, payload_json: &'a [u8]) -> Self {
[INFO] [stdout]     |                               ^^^^^^^^ the destructor for this type cannot be evaluated in constant functions
[INFO] [stdout] ...
[INFO] [stdout] 337 |     }
[INFO] [stdout]     |     - value is dropped here
[INFO] [stdout] 
[INFO] [stdout] 
[INFO] [stdout] error[E0493]: destructor of `CreateInvite<'_>` cannot be evaluated at compile-time
[INFO] [stdout]    --> /opt/rustwide/cargo-home/registry/src/index.crates.io-1949cf8c6b5b557f/twilight-http-0.17.1/src/request/channel/invite/create_invite.rs:180:9
[INFO] [stdout]     |
[INFO] [stdout] 180 |         mut self,
[INFO] [stdout]     |         ^^^^^^^^ the destructor for this type cannot be evaluated in constant functions
[INFO] [stdout] ...
[INFO] [stdout] 188 |     }
[INFO] [stdout]     |     - value is dropped here
[INFO] [stdout]     |
[INFO] [stdout]     = note: see issue #133214 <https://github.com/rust-lang/rust/issues/133214> for more information
[INFO] [stdout]     = help: add `#![feature(const_destruct)]` to the crate attributes to enable
[INFO] [stdout]     = note: this compiler was built on 2026-10-11; consider upgrading it if it is out of date
[INFO] [stdout] 
[INFO] [stdout] 
[INFO] [stdout] error[E0493]: destructor of `CreateInvite<'_>` cannot be evaluated at compile-time
[INFO] [stdout]    --> /opt/rustwide/cargo-home/registry/src/index.crates.io-1949cf8c6b5b557f/twilight-http-0.17.1/src/request/channel/invite/create_invite.rs:191:33
[INFO] [stdout]     |
[INFO] [stdout] 191 |     pub const fn target_user_id(mut self, target_user_id: Id<UserMarker>) -> Self {
[INFO] [stdout]     |                                 ^^^^^^^^ the destructor for this type cannot be evaluated in constant functions
[INFO] [stdout] ...
[INFO] [stdout] 197 |     }
[INFO] [stdout]     |     - value is dropped here
[INFO] [stdout]     |
[INFO] [stdout]     = note: see issue #133214 <https://github.com/rust-lang/rust/issues/133214> for more information
[INFO] [stdout]     = help: add `#![feature(const_destruct)]` to the crate attributes to enable
[INFO] [stdout]     = note: this compiler was built on 2026-10-11; consider upgrading it if it is out of date
[INFO] [stdout] 
[INFO] [stdout] 
[INFO] [stdout] error[E0493]: destructor of `CreateInvite<'_>` cannot be evaluated at compile-time
[INFO] [stdout]    --> /opt/rustwide/cargo-home/registry/src/index.crates.io-1949cf8c6b5b557f/twilight-http-0.17.1/src/request/channel/invite/create_invite.rs:200:30
[INFO] [stdout]     |
[INFO] [stdout] 200 |     pub const fn target_type(mut self, target_type: TargetType) -> Self {
[INFO] [stdout]     |                              ^^^^^^^^ the destructor for this type cannot be evaluated in constant functions
[INFO] [stdout] ...
[INFO] [stdout] 206 |     }
[INFO] [stdout]     |     - value is dropped here
[INFO] [stdout]     |
[INFO] [stdout]     = note: see issue #133214 <https://github.com/rust-lang/rust/issues/133214> for more information
[INFO] [stdout]     = help: add `#![feature(const_destruct)]` to the crate attributes to enable
[INFO] [stdout]     = note: this compiler was built on 2026-10-11; consider upgrading it if it is out of date
[INFO] [stdout] 
[INFO] [stdout] 
[INFO] [stdout] error[E0493]: destructor of `CreateInvite<'_>` cannot be evaluated at compile-time
[INFO] [stdout]    --> /opt/rustwide/cargo-home/registry/src/index.crates.io-1949cf8c6b5b557f/twilight-http-0.17.1/src/request/channel/invite/create_invite.rs:211:28
[INFO] [stdout]     |
[INFO] [stdout] 211 |     pub const fn temporary(mut self, temporary: bool) -> Self {
[INFO] [stdout]     |                            ^^^^^^^^ the destructor for this type cannot be evaluated in constant functions
[INFO] [stdout] ...
[INFO] [stdout] 217 |     }
[INFO] [stdout]     |     - value is dropped here
[INFO] [stdout]     |
[INFO] [stdout]     = note: see issue #133214 <https://github.com/rust-lang/rust/issues/133214> for more information
[INFO] [stdout]     = help: add `#![feature(const_destruct)]` to the crate attributes to enable
[INFO] [stdout]     = note: this compiler was built on 2026-10-11; consider upgrading it if it is out of date
[INFO] [stdout] 
[INFO] [stdout] 
[INFO] [stdout] error[E0493]: destructor of `CreateInvite<'_>` cannot be evaluated at compile-time
[INFO] [stdout]    --> /opt/rustwide/cargo-home/registry/src/index.crates.io-1949cf8c6b5b557f/twilight-http-0.17.1/src/request/channel/invite/create_invite.rs:225:25
[INFO] [stdout]     |
[INFO] [stdout] 225 |     pub const fn unique(mut self, unique: bool) -> Self {
[INFO] [stdout]     |                         ^^^^^^^^ the destructor for this type cannot be evaluated in constant functions
[INFO] [stdout] ...
[INFO] [stdout] 231 |     }
[INFO] [stdout]     |     - value is dropped here
[INFO] [stdout]     |
[INFO] [stdout]     = note: see issue #133214 <https://github.com/rust-lang/rust/issues/133214> for more information
[INFO] [stdout]     = help: add `#![feature(const_destruct)]` to the crate attributes to enable
[INFO] [stdout]     = note: this compiler was built on 2026-10-11; consider upgrading it if it is out of date
[INFO] [stdout] 
[INFO] [stdout] 
[INFO] [stdout] error[E0493]: destructor of `CreateMessage<'_>` cannot be evaluated at compile-time
[INFO] [stdout]    --> /opt/rustwide/cargo-home/registry/src/index.crates.io-1949cf8c6b5b557f/twilight-http-0.17.1/src/request/channel/message/create_message.rs:121:35
[INFO] [stdout]     |
[INFO] [stdout] 121 |     pub const fn allowed_mentions(mut self, allowed_mentions: Option<&'a AllowedMentions>) -> Self {
[INFO] [stdout]     |                                   ^^^^^^^^ the destructor for this type cannot be evaluated in constant functions
[INFO] [stdout] ...
[INFO] [stdout] 127 |     }
[INFO] [stdout]     |     - value is dropped here
[INFO] [stdout] 
[INFO] [stdout] 
[INFO] [stdout] error[E0493]: destructor of `CreateMessage<'_>` cannot be evaluated at compile-time
[INFO] [stdout]    --> /opt/rustwide/cargo-home/registry/src/index.crates.io-1949cf8c6b5b557f/twilight-http-0.17.1/src/request/channel/message/create_message.rs:235:23
[INFO] [stdout]     |
[INFO] [stdout] 235 |     pub const fn poll(mut self, poll: &'a Poll) -> Self {
[INFO] [stdout]     |                       ^^^^^^^^ the destructor for this type cannot be evaluated in constant functions
[INFO] [stdout] ...
[INFO] [stdout] 241 |     }
[INFO] [stdout]     |     - value is dropped here
[INFO] [stdout] 
[INFO] [stdout] 
[INFO] [stdout] error[E0493]: destructor of `CreateMessage<'_>` cannot be evaluated at compile-time
[INFO] [stdout]    --> /opt/rustwide/cargo-home/registry/src/index.crates.io-1949cf8c6b5b557f/twilight-http-0.17.1/src/request/channel/message/create_message.rs:271:24
[INFO] [stdout]     |
[INFO] [stdout] 271 |     pub const fn flags(mut self, flags: MessageFlags) -> Self {
[INFO] [stdout]     |                        ^^^^^^^^ the destructor for this type cannot be evaluated in constant functions
[INFO] [stdout] ...
[INFO] [stdout] 277 |     }
[INFO] [stdout]     |     - value is dropped here
[INFO] [stdout] 
[INFO] [stdout] 
[INFO] [stdout] error[E0493]: destructor of `CreateMessage<'_>` cannot be evaluated at compile-time
[INFO] [stdout]    --> /opt/rustwide/cargo-home/registry/src/index.crates.io-1949cf8c6b5b557f/twilight-http-0.17.1/src/request/channel/message/create_message.rs:280:24
[INFO] [stdout]     |
[INFO] [stdout] 280 |     pub const fn nonce(mut self, nonce: u64) -> Self {
[INFO] [stdout]     |                        ^^^^^^^^ the destructor for this type cannot be evaluated in constant functions
[INFO] [stdout] ...
[INFO] [stdout] 286 |     }
[INFO] [stdout]     |     - value is dropped here
[INFO] [stdout] 
[INFO] [stdout] 
[INFO] [stdout] error[E0493]: destructor of `CreateMessage<'_>` cannot be evaluated at compile-time
[INFO] [stdout]    --> /opt/rustwide/cargo-home/registry/src/index.crates.io-1949cf8c6b5b557f/twilight-http-0.17.1/src/request/channel/message/create_message.rs:300:31
[INFO] [stdout]     |
[INFO] [stdout] 300 |     pub const fn payload_json(mut self, payload_json: &'a [u8]) -> Self {
[INFO] [stdout]     |                               ^^^^^^^^ the destructor for this type cannot be evaluated in constant functions
[INFO] [stdout] ...
[INFO] [stdout] 306 |     }
[INFO] [stdout]     |     - value is dropped here
[INFO] [stdout] 
[INFO] [stdout] 
[INFO] [stdout] error[E0493]: destructor of `CreateMessage<'_>` cannot be evaluated at compile-time
[INFO] [stdout]    --> /opt/rustwide/cargo-home/registry/src/index.crates.io-1949cf8c6b5b557f/twilight-http-0.17.1/src/request/channel/message/create_message.rs:383:22
[INFO] [stdout]     |
[INFO] [stdout] 383 |     pub const fn tts(mut self, tts: bool) -> Self {
[INFO] [stdout]     |                      ^^^^^^^^ the destructor for this type cannot be evaluated in constant functions
[INFO] [stdout] ...
[INFO] [stdout] 389 |     }
[INFO] [stdout]     |     - value is dropped here
[INFO] [stdout] 
[INFO] [stdout] 
[INFO] [stdout] error[E0493]: destructor of `update_message::UpdateMessage<'_>` cannot be evaluated at compile-time
[INFO] [stdout]    --> /opt/rustwide/cargo-home/registry/src/index.crates.io-1949cf8c6b5b557f/twilight-http-0.17.1/src/request/channel/message/update_message.rs:124:35
[INFO] [stdout]     |
[INFO] [stdout] 124 |     pub const fn allowed_mentions(mut self, allowed_mentions: Option<&'a AllowedMentions>) -> Self {
[INFO] [stdout]     |                                   ^^^^^^^^ the destructor for this type cannot be evaluated in constant functions
[INFO] [stdout] ...
[INFO] [stdout] 130 |     }
[INFO] [stdout]     |     - value is dropped here
[INFO] [stdout] 
[INFO] [stdout] 
[INFO] [stdout] error[E0493]: destructor of `update_message::UpdateMessage<'_>` cannot be evaluated at compile-time
[INFO] [stdout]    --> /opt/rustwide/cargo-home/registry/src/index.crates.io-1949cf8c6b5b557f/twilight-http-0.17.1/src/request/channel/message/update_message.rs:258:24
[INFO] [stdout]     |
[INFO] [stdout] 258 |     pub const fn flags(mut self, flags: MessageFlags) -> Self {
[INFO] [stdout]     |                        ^^^^^^^^ the destructor for this type cannot be evaluated in constant functions
[INFO] [stdout] ...
[INFO] [stdout] 264 |     }
[INFO] [stdout]     |     - value is dropped here
[INFO] [stdout] 
[INFO] [stdout] 
[INFO] [stdout] error[E0493]: destructor of `update_message::UpdateMessage<'_>` cannot be evaluated at compile-time
[INFO] [stdout]    --> /opt/rustwide/cargo-home/registry/src/index.crates.io-1949cf8c6b5b557f/twilight-http-0.17.1/src/request/channel/message/update_message.rs:299:31
[INFO] [stdout]     |
[INFO] [stdout] 299 |     pub const fn payload_json(mut self, payload_json: &'a [u8]) -> Self {
[INFO] [stdout]     |                               ^^^^^^^^ the destructor for this type cannot be evaluated in constant functions
[INFO] [stdout] ...
[INFO] [stdout] 305 |     }
[INFO] [stdout]     |     - value is dropped here
[INFO] [stdout] 
[INFO] [stdout] 
[INFO] [stdout] error[E0493]: destructor of `get_reactions::GetReactions<'_>` cannot be evaluated at compile-time
[INFO] [stdout]   --> /opt/rustwide/cargo-home/registry/src/index.crates.io-1949cf8c6b5b557f/twilight-http-0.17.1/src/request/channel/reaction/get_reactions.rs:62:24
[INFO] [stdout]    |
[INFO] [stdout] 62 |     pub const fn after(mut self, after: Id<UserMarker>) -> Self {
[INFO] [stdout]    |                        ^^^^^^^^ the destructor for this type cannot be evaluated in constant functions
[INFO] [stdout] ...
[INFO] [stdout] 68 |     }
[INFO] [stdout]    |     - value is dropped here
[INFO] [stdout]    |
[INFO] [stdout]    = note: see issue #133214 <https://github.com/rust-lang/rust/issues/133214> for more information
[INFO] [stdout]    = help: add `#![feature(const_destruct)]` to the crate attributes to enable
[INFO] [stdout]    = note: this compiler was built on 2026-10-11; consider upgrading it if it is out of date
[INFO] [stdout] 
[INFO] [stdout] 
[INFO] [stdout] error[E0493]: destructor of `get_reactions::GetReactions<'_>` cannot be evaluated at compile-time
[INFO] [stdout]    --> /opt/rustwide/cargo-home/registry/src/index.crates.io-1949cf8c6b5b557f/twilight-http-0.17.1/src/request/channel/reaction/get_reactions.rs:95:23
[INFO] [stdout]     |
[INFO] [stdout]  95 |     pub const fn kind(mut self, kind: ReactionType) -> Self {
[INFO] [stdout]     |                       ^^^^^^^^ the destructor for this type cannot be evaluated in constant functions
[INFO] [stdout] ...
[INFO] [stdout] 101 |     }
[INFO] [stdout]     |     - value is dropped here
[INFO] [stdout]     |
[INFO] [stdout]     = note: see issue #133214 <https://github.com/rust-lang/rust/issues/133214> for more information
[INFO] [stdout]     = help: add `#![feature(const_destruct)]` to the crate attributes to enable
[INFO] [stdout]     = note: this compiler was built on 2026-10-11; consider upgrading it if it is out of date
[INFO] [stdout] 
[INFO] [stdout] 
[INFO] [stdout] error[E0493]: destructor of `CreateStageInstance<'_>` cannot be evaluated at compile-time
[INFO] [stdout]   --> /opt/rustwide/cargo-home/registry/src/index.crates.io-1949cf8c6b5b557f/twilight-http-0.17.1/src/request/channel/stage/create_stage_instance.rs:60:9
[INFO] [stdout]    |
[INFO] [stdout] 60 |         mut self,
[INFO] [stdout]    |         ^^^^^^^^ the destructor for this type cannot be evaluated in constant functions
[INFO] [stdout] ...
[INFO] [stdout] 68 |     }
[INFO] [stdout]    |     - value is dropped here
[INFO] [stdout]    |
[INFO] [stdout]    = note: see issue #133214 <https://github.com/rust-lang/rust/issues/133214> for more information
[INFO] [stdout]    = help: add `#![feature(const_destruct)]` to the crate attributes to enable
[INFO] [stdout]    = note: this compiler was built on 2026-10-11; consider upgrading it if it is out of date
[INFO] [stdout] 
[INFO] [stdout] 
[INFO] [stdout] error[E0493]: destructor of `CreateStageInstance<'_>` cannot be evaluated at compile-time
[INFO] [stdout]   --> /opt/rustwide/cargo-home/registry/src/index.crates.io-1949cf8c6b5b557f/twilight-http-0.17.1/src/request/channel/stage/create_stage_instance.rs:71:32
[INFO] [stdout]    |
[INFO] [stdout] 71 |     pub const fn privacy_level(mut self, privacy_level: PrivacyLevel) -> Self {
[INFO] [stdout]    |                                ^^^^^^^^ the destructor for this type cannot be evaluated in constant functions
[INFO] [stdout] ...
[INFO] [stdout] 77 |     }
[INFO] [stdout]    |     - value is dropped here
[INFO] [stdout]    |
[INFO] [stdout]    = note: see issue #133214 <https://github.com/rust-lang/rust/issues/133214> for more information
[INFO] [stdout]    = help: add `#![feature(const_destruct)]` to the crate attributes to enable
[INFO] [stdout]    = note: this compiler was built on 2026-10-11; consider upgrading it if it is out of date
[INFO] [stdout] 
[INFO] [stdout] 
[INFO] [stdout] error[E0493]: destructor of `CreateStageInstance<'_>` cannot be evaluated at compile-time
[INFO] [stdout]   --> /opt/rustwide/cargo-home/registry/src/index.crates.io-1949cf8c6b5b557f/twilight-http-0.17.1/src/request/channel/stage/create_stage_instance.rs:85:42
[INFO] [stdout]    |
[INFO] [stdout] 85 |     pub const fn send_start_notification(mut self, send_start_notification: bool) -> Self {
[INFO] [stdout]    |                                          ^^^^^^^^ the destructor for this type cannot be evaluated in constant functions
[INFO] [stdout] ...
[INFO] [stdout] 91 |     }
[INFO] [stdout]    |     - value is dropped here
[INFO] [stdout]    |
[INFO] [stdout]    = note: see issue #133214 <https://github.com/rust-lang/rust/issues/133214> for more information
[INFO] [stdout]    = help: add `#![feature(const_destruct)]` to the crate attributes to enable
[INFO] [stdout]    = note: this compiler was built on 2026-10-11; consider upgrading it if it is out of date
[INFO] [stdout] 
[INFO] [stdout] 
[INFO] [stdout] error[E0493]: destructor of `UpdateStageInstance<'_>` cannot be evaluated at compile-time
[INFO] [stdout]   --> /opt/rustwide/cargo-home/registry/src/index.crates.io-1949cf8c6b5b557f/twilight-http-0.17.1/src/request/channel/stage/update_stage_instance.rs:47:32
[INFO] [stdout]    |
[INFO] [stdout] 47 |     pub const fn privacy_level(mut self, privacy_level: PrivacyLevel) -> Self {
[INFO] [stdout]    |                                ^^^^^^^^ the destructor for this type cannot be evaluated in constant functions
[INFO] [stdout] ...
[INFO] [stdout] 53 |     }
[INFO] [stdout]    |     - value is dropped here
[INFO] [stdout]    |
[INFO] [stdout]    = note: see issue #133214 <https://github.com/rust-lang/rust/issues/133214> for more information
[INFO] [stdout]    = help: add `#![feature(const_destruct)]` to the crate attributes to enable
[INFO] [stdout]    = note: this compiler was built on 2026-10-11; consider upgrading it if it is out of date
[INFO] [stdout] 
[INFO] [stdout] 
[INFO] [stdout] error[E0493]: destructor of `CreateForumThreadMessage<'_>` cannot be evaluated at compile-time
[INFO] [stdout]   --> /opt/rustwide/cargo-home/registry/src/index.crates.io-1949cf8c6b5b557f/twilight-http-0.17.1/src/request/channel/thread/create_forum_thread/message.rs:53:35
[INFO] [stdout]    |
[INFO] [stdout] 53 |     pub const fn allowed_mentions(mut self, allowed_mentions: Option<&'a AllowedMentions>) -> Self {
[INFO] [stdout]    |                                   ^^^^^^^^ the destructor for this type cannot be evaluated in constant functions
[INFO] [stdout] ...
[INFO] [stdout] 59 |     }
[INFO] [stdout]    |     - value is dropped here
[INFO] [stdout] 
[INFO] [stdout] 
[INFO] [stdout] error[E0493]: destructor of `CreateForumThreadMessage<'_>` cannot be evaluated at compile-time
[INFO] [stdout]    --> /opt/rustwide/cargo-home/registry/src/index.crates.io-1949cf8c6b5b557f/twilight-http-0.17.1/src/request/channel/thread/create_forum_thread/message.rs:178:24
[INFO] [stdout]     |
[INFO] [stdout] 178 |     pub const fn flags(mut self, flags: MessageFlags) -> Self {
[INFO] [stdout]     |                        ^^^^^^^^ the destructor for this type cannot be evaluated in constant functions
[INFO] [stdout] ...
[INFO] [stdout] 184 |     }
[INFO] [stdout]     |     - value is dropped here
[INFO] [stdout] 
[INFO] [stdout] 
[INFO] [stdout] error[E0493]: destructor of `CreateForumThreadMessage<'_>` cannot be evaluated at compile-time
[INFO] [stdout]    --> /opt/rustwide/cargo-home/registry/src/index.crates.io-1949cf8c6b5b557f/twilight-http-0.17.1/src/request/channel/thread/create_forum_thread/message.rs:198:31
[INFO] [stdout]     |
[INFO] [stdout] 198 |     pub const fn payload_json(mut self, payload_json: &'a [u8]) -> Self {
[INFO] [stdout]     |                               ^^^^^^^^ the destructor for this type cannot be evaluated in constant functions
[INFO] [stdout] ...
[INFO] [stdout] 204 |     }
[INFO] [stdout]     |     - value is dropped here
[INFO] [stdout] 
[INFO] [stdout] 
[INFO] [stdout] error[E0493]: destructor of `ExecuteWebhook<'_>` cannot be evaluated at compile-time
[INFO] [stdout]    --> /opt/rustwide/cargo-home/registry/src/index.crates.io-1949cf8c6b5b557f/twilight-http-0.17.1/src/request/channel/webhook/execute_webhook.rs:126:35
[INFO] [stdout]     |
[INFO] [stdout] 126 |     pub const fn allowed_mentions(mut self, allowed_mentions: Option<&'a AllowedMentions>) -> Self {
[INFO] [stdout]     |                                   ^^^^^^^^ the destructor for this type cannot be evaluated in constant functions
[INFO] [stdout] ...
[INFO] [stdout] 132 |     }
[INFO] [stdout]     |     - value is dropped here
[INFO] [stdout] 
[INFO] [stdout] 
[INFO] [stdout] error[E0493]: destructor of `ExecuteWebhook<'_>` cannot be evaluated at compile-time
[INFO] [stdout]    --> /opt/rustwide/cargo-home/registry/src/index.crates.io-1949cf8c6b5b557f/twilight-http-0.17.1/src/request/channel/webhook/execute_webhook.rs:163:29
[INFO] [stdout]     |
[INFO] [stdout] 163 |     pub const fn avatar_url(mut self, avatar_url: &'a str) -> Self {
[INFO] [stdout]     |                             ^^^^^^^^ the destructor for this type cannot be evaluated in constant functions
[INFO] [stdout] ...
[INFO] [stdout] 169 |     }
[INFO] [stdout]     |     - value is dropped here
[INFO] [stdout] 
[INFO] [stdout] 
[INFO] [stdout] error[E0493]: destructor of `ExecuteWebhook<'_>` cannot be evaluated at compile-time
[INFO] [stdout]    --> /opt/rustwide/cargo-home/registry/src/index.crates.io-1949cf8c6b5b557f/twilight-http-0.17.1/src/request/channel/webhook/execute_webhook.rs:258:24
[INFO] [stdout]     |
[INFO] [stdout] 258 |     pub const fn flags(mut self, flags: MessageFlags) -> Self {
[INFO] [stdout]     |                        ^^^^^^^^ the destructor for this type cannot be evaluated in constant functions
[INFO] [stdout] ...
[INFO] [stdout] 264 |     }
[INFO] [stdout]     |     - value is dropped here
[INFO] [stdout] 
[INFO] [stdout] 
[INFO] [stdout] error[E0493]: destructor of `ExecuteWebhook<'_>` cannot be evaluated at compile-time
[INFO] [stdout]    --> /opt/rustwide/cargo-home/registry/src/index.crates.io-1949cf8c6b5b557f/twilight-http-0.17.1/src/request/channel/webhook/execute_webhook.rs:320:31
[INFO] [stdout]     |
[INFO] [stdout] 320 |     pub const fn payload_json(mut self, payload_json: &'a [u8]) -> Self {
[INFO] [stdout]     |                               ^^^^^^^^ the destructor for this type cannot be evaluated in constant functions
[INFO] [stdout] ...
[INFO] [stdout] 326 |     }
[INFO] [stdout]     |     - value is dropped here
[INFO] [stdout] 
[INFO] [stdout] 
[INFO] [stdout] error[E0493]: destructor of `ExecuteWebhook<'_>` cannot be evaluated at compile-time
[INFO] [stdout]    --> /opt/rustwide/cargo-home/registry/src/index.crates.io-1949cf8c6b5b557f/twilight-http-0.17.1/src/request/channel/webhook/execute_webhook.rs:347:22
[INFO] [stdout]     |
[INFO] [stdout] 347 |     pub const fn tts(mut self, tts: bool) -> Self {
[INFO] [stdout]     |                      ^^^^^^^^ the destructor for this type cannot be evaluated in constant functions
[INFO] [stdout] ...
[INFO] [stdout] 353 |     }
[INFO] [stdout]     |     - value is dropped here
[INFO] [stdout] 
[INFO] [stdout] 
[INFO] [stdout] error[E0493]: destructor of `UpdateWebhookMessage<'_>` cannot be evaluated at compile-time
[INFO] [stdout]    --> /opt/rustwide/cargo-home/registry/src/index.crates.io-1949cf8c6b5b557f/twilight-http-0.17.1/src/request/channel/webhook/update_webhook_message.rs:121:35
[INFO] [stdout]     |
[INFO] [stdout] 121 |     pub const fn allowed_mentions(mut self, allowed_mentions: Option<&'a AllowedMentions>) -> Self {
[INFO] [stdout]     |                                   ^^^^^^^^ the destructor for this type cannot be evaluated in constant functions
[INFO] [stdout] ...
[INFO] [stdout] 127 |     }
[INFO] [stdout]     |     - value is dropped here
[INFO] [stdout] 
[INFO] [stdout] 
[INFO] [stdout] error[E0493]: destructor of `UpdateWebhookMessage<'_>` cannot be evaluated at compile-time
[INFO] [stdout]    --> /opt/rustwide/cargo-home/registry/src/index.crates.io-1949cf8c6b5b557f/twilight-http-0.17.1/src/request/channel/webhook/update_webhook_message.rs:316:31
[INFO] [stdout]     |
[INFO] [stdout] 316 |     pub const fn payload_json(mut self, payload_json: &'a [u8]) -> Self {
[INFO] [stdout]     |                               ^^^^^^^^ the destructor for this type cannot be evaluated in constant functions
[INFO] [stdout] ...
[INFO] [stdout] 322 |     }
[INFO] [stdout]     |     - value is dropped here
[INFO] [stdout] 
[INFO] [stdout] 
[INFO] [stdout] error[E0493]: destructor of `UpdateWebhook<'_>` cannot be evaluated at compile-time
[INFO] [stdout]   --> /opt/rustwide/cargo-home/registry/src/index.crates.io-1949cf8c6b5b557f/twilight-http-0.17.1/src/request/channel/webhook/update_webhook.rs:63:25
[INFO] [stdout]    |
[INFO] [stdout] 63 |     pub const fn avatar(mut self, avatar: Option<&'a str>) -> Self {
[INFO] [stdout]    |                         ^^^^^^^^ the destructor for this type cannot be evaluated in constant functions
[INFO] [stdout] ...
[INFO] [stdout] 69 |     }
[INFO] [stdout]    |     - value is dropped here
[INFO] [stdout]    |
[INFO] [stdout]    = note: see issue #133214 <https://github.com/rust-lang/rust/issues/133214> for more information
[INFO] [stdout]    = help: add `#![feature(const_destruct)]` to the crate attributes to enable
[INFO] [stdout]    = note: this compiler was built on 2026-10-11; consider upgrading it if it is out of date
[INFO] [stdout] 
[INFO] [stdout] 
[INFO] [stdout] error[E0493]: destructor of `UpdateWebhook<'_>` cannot be evaluated at compile-time
[INFO] [stdout]   --> /opt/rustwide/cargo-home/registry/src/index.crates.io-1949cf8c6b5b557f/twilight-http-0.17.1/src/request/channel/webhook/update_webhook.rs:72:29
[INFO] [stdout]    |
[INFO] [stdout] 72 |     pub const fn channel_id(mut self, channel_id: Id<ChannelMarker>) -> Self {
[INFO] [stdout]    |                             ^^^^^^^^ the destructor for this type cannot be evaluated in constant functions
[INFO] [stdout] ...
[INFO] [stdout] 78 |     }
[INFO] [stdout]    |     - value is dropped here
[INFO] [stdout]    |
[INFO] [stdout]    = note: see issue #133214 <https://github.com/rust-lang/rust/issues/133214> for more information
[INFO] [stdout]    = help: add `#![feature(const_destruct)]` to the crate attributes to enable
[INFO] [stdout]    = note: this compiler was built on 2026-10-11; consider upgrading it if it is out of date
[INFO] [stdout] 
[INFO] [stdout] 
[INFO] [stdout] error[E0493]: destructor of `UpdateWebhookWithToken<'_>` cannot be evaluated at compile-time
[INFO] [stdout]   --> /opt/rustwide/cargo-home/registry/src/index.crates.io-1949cf8c6b5b557f/twilight-http-0.17.1/src/request/channel/webhook/update_webhook_with_token.rs:57:25
[INFO] [stdout]    |
[INFO] [stdout] 57 |     pub const fn avatar(mut self, avatar: Option<&'a str>) -> Self {
[INFO] [stdout]    |                         ^^^^^^^^ the destructor for this type cannot be evaluated in constant functions
[INFO] [stdout] ...
[INFO] [stdout] 63 |     }
[INFO] [stdout]    |     - value is dropped here
[INFO] [stdout]    |
[INFO] [stdout]    = note: see issue #133214 <https://github.com/rust-lang/rust/issues/133214> for more information
[INFO] [stdout]    = help: add `#![feature(const_destruct)]` to the crate attributes to enable
[INFO] [stdout]    = note: this compiler was built on 2026-10-11; consider upgrading it if it is out of date
[INFO] [stdout] 
[INFO] [stdout] 
[INFO] [stdout] error[E0493]: destructor of `GetPins<'_>` cannot be evaluated at compile-time
[INFO] [stdout]   --> /opt/rustwide/cargo-home/registry/src/index.crates.io-1949cf8c6b5b557f/twilight-http-0.17.1/src/request/channel/get_pins.rs:44:25
[INFO] [stdout]    |
[INFO] [stdout] 44 |     pub const fn before(mut self, timestamp: Timestamp) -> Self {
[INFO] [stdout]    |                         ^^^^^^^^ the destructor for this type cannot be evaluated in constant functions
[INFO] [stdout] ...
[INFO] [stdout] 50 |     }
[INFO] [stdout]    |     - value is dropped here
[INFO] [stdout]    |
[INFO] [stdout]    = note: see issue #133214 <https://github.com/rust-lang/rust/issues/133214> for more information
[INFO] [stdout]    = help: add `#![feature(const_destruct)]` to the crate attributes to enable
[INFO] [stdout]    = note: this compiler was built on 2026-10-11; consider upgrading it if it is out of date
[INFO] [stdout] 
[INFO] [stdout] 
[INFO] [stdout] error[E0493]: destructor of `GetBans<'_>` cannot be evaluated at compile-time
[INFO] [stdout]   --> /opt/rustwide/cargo-home/registry/src/index.crates.io-1949cf8c6b5b557f/twilight-http-0.17.1/src/request/guild/ban/get_bans.rs:78:24
[INFO] [stdout]    |
[INFO] [stdout] 78 |     pub const fn after(mut self, user_id: Id<UserMarker>) -> Self {
[INFO] [stdout]    |                        ^^^^^^^^ the destructor for this type cannot be evaluated in constant functions
[INFO] [stdout] ...
[INFO] [stdout] 84 |     }
[INFO] [stdout]    |     - value is dropped here
[INFO] [stdout]    |
[INFO] [stdout]    = note: see issue #133214 <https://github.com/rust-lang/rust/issues/133214> for more information
[INFO] [stdout]    = help: add `#![feature(const_destruct)]` to the crate attributes to enable
[INFO] [stdout]    = note: this compiler was built on 2026-10-11; consider upgrading it if it is out of date
[INFO] [stdout] 
[INFO] [stdout] 
[INFO] [stdout] error[E0493]: destructor of `GetBans<'_>` cannot be evaluated at compile-time
[INFO] [stdout]   --> /opt/rustwide/cargo-home/registry/src/index.crates.io-1949cf8c6b5b557f/twilight-http-0.17.1/src/request/guild/ban/get_bans.rs:93:25
[INFO] [stdout]    |
[INFO] [stdout] 93 |     pub const fn before(mut self, user_id: Id<UserMarker>) -> Self {
[INFO] [stdout]    |                         ^^^^^^^^ the destructor for this type cannot be evaluated in constant functions
[INFO] [stdout] ...
[INFO] [stdout] 99 |     }
[INFO] [stdout]    |     - value is dropped here
[INFO] [stdout]    |
[INFO] [stdout]    = note: see issue #133214 <https://github.com/rust-lang/rust/issues/133214> for more information
[INFO] [stdout]    = help: add `#![feature(const_destruct)]` to the crate attributes to enable
[INFO] [stdout]    = note: this compiler was built on 2026-10-11; consider upgrading it if it is out of date
[INFO] [stdout] 
[INFO] [stdout] 
[INFO] [stdout] error[E0493]: destructor of `AddGuildMember<'_>` cannot be evaluated at compile-time
[INFO] [stdout]   --> /opt/rustwide/cargo-home/registry/src/index.crates.io-1949cf8c6b5b557f/twilight-http-0.17.1/src/request/guild/member/add_guild_member.rs:69:23
[INFO] [stdout]    |
[INFO] [stdout] 69 |     pub const fn deaf(mut self, deaf: bool) -> Self {
[INFO] [stdout]    |                       ^^^^^^^^ the destructor for this type cannot be evaluated in constant functions
[INFO] [stdout] ...
[INFO] [stdout] 75 |     }
[INFO] [stdout]    |     - value is dropped here
[INFO] [stdout]    |
[INFO] [stdout]    = note: see issue #133214 <https://github.com/rust-lang/rust/issues/133214> for more information
[INFO] [stdout]    = help: add `#![feature(const_destruct)]` to the crate attributes to enable
[INFO] [stdout]    = note: this compiler was built on 2026-10-11; consider upgrading it if it is out of date
[INFO] [stdout] 
[INFO] [stdout] 
[INFO] [stdout] error[E0493]: destructor of `AddGuildMember<'_>` cannot be evaluated at compile-time
[INFO] [stdout]   --> /opt/rustwide/cargo-home/registry/src/index.crates.io-1949cf8c6b5b557f/twilight-http-0.17.1/src/request/guild/member/add_guild_member.rs:78:23
[INFO] [stdout]    |
[INFO] [stdout] 78 |     pub const fn mute(mut self, mute: bool) -> Self {
[INFO] [stdout]    |                       ^^^^^^^^ the destructor for this type cannot be evaluated in constant functions
[INFO] [stdout] ...
[INFO] [stdout] 84 |     }
[INFO] [stdout]    |     - value is dropped here
[INFO] [stdout]    |
[INFO] [stdout]    = note: see issue #133214 <https://github.com/rust-lang/rust/issues/133214> for more information
[INFO] [stdout]    = help: add `#![feature(const_destruct)]` to the crate attributes to enable
[INFO] [stdout]    = note: this compiler was built on 2026-10-11; consider upgrading it if it is out of date
[INFO] [stdout] 
[INFO] [stdout] 
[INFO] [stdout] error[E0493]: destructor of `AddGuildMember<'_>` cannot be evaluated at compile-time
[INFO] [stdout]    --> /opt/rustwide/cargo-home/registry/src/index.crates.io-1949cf8c6b5b557f/twilight-http-0.17.1/src/request/guild/member/add_guild_member.rs:110:24
[INFO] [stdout]     |
[INFO] [stdout] 110 |     pub const fn roles(mut self, roles: &'a [Id<RoleMarker>]) -> Self {
[INFO] [stdout]     |                        ^^^^^^^^ the destructor for this type cannot be evaluated in constant functions
[INFO] [stdout] ...
[INFO] [stdout] 116 |     }
[INFO] [stdout]     |     - value is dropped here
[INFO] [stdout]     |
[INFO] [stdout]     = note: see issue #133214 <https://github.com/rust-lang/rust/issues/133214> for more information
[INFO] [stdout]     = help: add `#![feature(const_destruct)]` to the crate attributes to enable
[INFO] [stdout]     = note: this compiler was built on 2026-10-11; consider upgrading it if it is out of date
[INFO] [stdout] 
[INFO] [stdout] 
[INFO] [stdout] error[E0493]: destructor of `get_guild_members::GetGuildMembers<'_>` cannot be evaluated at compile-time
[INFO] [stdout]   --> /opt/rustwide/cargo-home/registry/src/index.crates.io-1949cf8c6b5b557f/twilight-http-0.17.1/src/request/guild/member/get_guild_members.rs:71:24
[INFO] [stdout]    |
[INFO] [stdout] 71 |     pub const fn after(mut self, after: Id<UserMarker>) -> Self {
[INFO] [stdout]    |                        ^^^^^^^^ the destructor for this type cannot be evaluated in constant functions
[INFO] [stdout] ...
[INFO] [stdout] 77 |     }
[INFO] [stdout]    |     - value is dropped here
[INFO] [stdout]    |
[INFO] [stdout]    = note: see issue #133214 <https://github.com/rust-lang/rust/issues/133214> for more information
[INFO] [stdout]    = help: add `#![feature(const_destruct)]` to the crate attributes to enable
[INFO] [stdout]    = note: this compiler was built on 2026-10-11; consider upgrading it if it is out of date
[INFO] [stdout] 
[INFO] [stdout] 
[INFO] [stdout] error[E0493]: destructor of `UpdateGuildMember<'_>` cannot be evaluated at compile-time
[INFO] [stdout]   --> /opt/rustwide/cargo-home/registry/src/index.crates.io-1949cf8c6b5b557f/twilight-http-0.17.1/src/request/guild/member/update_guild_member.rs:78:29
[INFO] [stdout]    |
[INFO] [stdout] 78 |     pub const fn channel_id(mut self, channel_id: Option<Id<ChannelMarker>>) -> Self {
[INFO] [stdout]    |                             ^^^^^^^^ the destructor for this type cannot be evaluated in constant functions
[INFO] [stdout] ...
[INFO] [stdout] 84 |     }
[INFO] [stdout]    |     - value is dropped here
[INFO] [stdout]    |
[INFO] [stdout]    = note: see issue #133214 <https://github.com/rust-lang/rust/issues/133214> for more information
[INFO] [stdout]    = help: add `#![feature(const_destruct)]` to the crate attributes to enable
[INFO] [stdout]    = note: this compiler was built on 2026-10-11; consider upgrading it if it is out of date
[INFO] [stdout] 
[INFO] [stdout] 
[INFO] [stdout] error[E0493]: destructor of `UpdateGuildMember<'_>` cannot be evaluated at compile-time
[INFO] [stdout]    --> /opt/rustwide/cargo-home/registry/src/index.crates.io-1949cf8c6b5b557f/twilight-http-0.17.1/src/request/guild/member/update_guild_member.rs:117:23
[INFO] [stdout]     |
[INFO] [stdout] 117 |     pub const fn deaf(mut self, deaf: bool) -> Self {
[INFO] [stdout]     |                       ^^^^^^^^ the destructor for this type cannot be evaluated in constant functions
[INFO] [stdout] ...
[INFO] [stdout] 123 |     }
[INFO] [stdout]     |     - value is dropped here
[INFO] [stdout]     |
[INFO] [stdout]     = note: see issue #133214 <https://github.com/rust-lang/rust/issues/133214> for more information
[INFO] [stdout]     = help: add `#![feature(const_destruct)]` to the crate attributes to enable
[INFO] [stdout]     = note: this compiler was built on 2026-10-11; consider upgrading it if it is out of date
[INFO] [stdout] 
[INFO] [stdout] 
[INFO] [stdout] error[E0493]: destructor of `UpdateGuildMember<'_>` cannot be evaluated at compile-time
[INFO] [stdout]    --> /opt/rustwide/cargo-home/registry/src/index.crates.io-1949cf8c6b5b557f/twilight-http-0.17.1/src/request/guild/member/update_guild_member.rs:126:23
[INFO] [stdout]     |
[INFO] [stdout] 126 |     pub const fn mute(mut self, mute: bool) -> Self {
[INFO] [stdout]     |                       ^^^^^^^^ the destructor for this type cannot be evaluated in constant functions
[INFO] [stdout] ...
[INFO] [stdout] 132 |     }
[INFO] [stdout]     |     - value is dropped here
[INFO] [stdout]     |
[INFO] [stdout]     = note: see issue #133214 <https://github.com/rust-lang/rust/issues/133214> for more information
[INFO] [stdout]     = help: add `#![feature(const_destruct)]` to the crate attributes to enable
[INFO] [stdout]     = note: this compiler was built on 2026-10-11; consider upgrading it if it is out of date
[INFO] [stdout] 
[INFO] [stdout] 
[INFO] [stdout] error[E0493]: destructor of `UpdateGuildMember<'_>` cannot be evaluated at compile-time
[INFO] [stdout]    --> /opt/rustwide/cargo-home/registry/src/index.crates.io-1949cf8c6b5b557f/twilight-http-0.17.1/src/request/guild/member/update_guild_member.rs:159:24
[INFO] [stdout]     |
[INFO] [stdout] 159 |     pub const fn roles(mut self, roles: &'a [Id<RoleMarker>]) -> Self {
[INFO] [stdout]     |                        ^^^^^^^^ the destructor for this type cannot be evaluated in constant functions
[INFO] [stdout] ...
[INFO] [stdout] 165 |     }
[INFO] [stdout]     |     - value is dropped here
[INFO] [stdout]     |
[INFO] [stdout]     = note: see issue #133214 <https://github.com/rust-lang/rust/issues/133214> for more information
[INFO] [stdout]     = help: add `#![feature(const_destruct)]` to the crate attributes to enable
[INFO] [stdout]     = note: this compiler was built on 2026-10-11; consider upgrading it if it is out of date
[INFO] [stdout] 
[INFO] [stdout] 
[INFO] [stdout] error[E0493]: destructor of `CreateGuildPrune<'_>` cannot be evaluated at compile-time
[INFO] [stdout]   --> /opt/rustwide/cargo-home/registry/src/index.crates.io-1949cf8c6b5b557f/twilight-http-0.17.1/src/request/guild/create_guild_prune.rs:55:32
[INFO] [stdout]    |
[INFO] [stdout] 55 |     pub const fn include_roles(mut self, roles: &'a [Id<RoleMarker>]) -> Self {
[INFO] [stdout]    |                                ^^^^^^^^ the destructor for this type cannot be evaluated in constant functions
[INFO] [stdout] ...
[INFO] [stdout] 61 |     }
[INFO] [stdout]    |     - value is dropped here
[INFO] [stdout]    |
[INFO] [stdout]    = note: see issue #133214 <https://github.com/rust-lang/rust/issues/133214> for more information
[INFO] [stdout]    = help: add `#![feature(const_destruct)]` to the crate attributes to enable
[INFO] [stdout]    = note: this compiler was built on 2026-10-11; consider upgrading it if it is out of date
[INFO] [stdout] 
[INFO] [stdout] 
[INFO] [stdout] error[E0493]: destructor of `CreateGuildPrune<'_>` cannot be evaluated at compile-time
[INFO] [stdout]   --> /opt/rustwide/cargo-home/registry/src/index.crates.io-1949cf8c6b5b557f/twilight-http-0.17.1/src/request/guild/create_guild_prune.rs:64:38
[INFO] [stdout]    |
[INFO] [stdout] 64 |     pub const fn compute_prune_count(mut self, compute_prune_count: bool) -> Self {
[INFO] [stdout]    |                                      ^^^^^^^^ the destructor for this type cannot be evaluated in constant functions
[INFO] [stdout] ...
[INFO] [stdout] 70 |     }
[INFO] [stdout]    |     - value is dropped here
[INFO] [stdout]    |
[INFO] [stdout]    = note: see issue #133214 <https://github.com/rust-lang/rust/issues/133214> for more information
[INFO] [stdout]    = help: add `#![feature(const_destruct)]` to the crate attributes to enable
[INFO] [stdout]    = note: this compiler was built on 2026-10-11; consider upgrading it if it is out of date
[INFO] [stdout] 
[INFO] [stdout] 
[INFO] [stdout] error[E0493]: destructor of `GetAuditLog<'_>` cannot be evaluated at compile-time
[INFO] [stdout]   --> /opt/rustwide/cargo-home/registry/src/index.crates.io-1949cf8c6b5b557f/twilight-http-0.17.1/src/request/guild/get_audit_log.rs:77:30
[INFO] [stdout]    |
[INFO] [stdout] 77 |     pub const fn action_type(mut self, action_type: AuditLogEventType) -> Self {
[INFO] [stdout]    |                              ^^^^^^^^ the destructor for this type cannot be evaluated in constant functions
[INFO] [stdout] ...
[INFO] [stdout] 83 |     }
[INFO] [stdout]    |     - value is dropped here
[INFO] [stdout]    |
[INFO] [stdout]    = note: see issue #133214 <https://github.com/rust-lang/rust/issues/133214> for more information
[INFO] [stdout]    = help: add `#![feature(const_destruct)]` to the crate attributes to enable
[INFO] [stdout]    = note: this compiler was built on 2026-10-11; consider upgrading it if it is out of date
[INFO] [stdout] 
[INFO] [stdout] 
[INFO] [stdout] error[E0493]: destructor of `GetAuditLog<'_>` cannot be evaluated at compile-time
[INFO] [stdout]   --> /opt/rustwide/cargo-home/registry/src/index.crates.io-1949cf8c6b5b557f/twilight-http-0.17.1/src/request/guild/get_audit_log.rs:86:24
[INFO] [stdout]    |
[INFO] [stdout] 86 |     pub const fn after(mut self, after: u64) -> Self {
[INFO] [stdout]    |                        ^^^^^^^^ the destructor for this type cannot be evaluated in constant functions
[INFO] [stdout] ...
[INFO] [stdout] 92 |     }
[INFO] [stdout]    |     - value is dropped here
[INFO] [stdout]    |
[INFO] [stdout]    = note: see issue #133214 <https://github.com/rust-lang/rust/issues/133214> for more information
[INFO] [stdout]    = help: add `#![feature(const_destruct)]` to the crate attributes to enable
[INFO] [stdout]    = note: this compiler was built on 2026-10-11; consider upgrading it if it is out of date
[INFO] [stdout] 
[INFO] [stdout] 
[INFO] [stdout] error[E0493]: destructor of `GetAuditLog<'_>` cannot be evaluated at compile-time
[INFO] [stdout]    --> /opt/rustwide/cargo-home/registry/src/index.crates.io-1949cf8c6b5b557f/twilight-http-0.17.1/src/request/guild/get_audit_log.rs:95:25
[INFO] [stdout]     |
[INFO] [stdout]  95 |     pub const fn before(mut self, before: u64) -> Self {
[INFO] [stdout]     |                         ^^^^^^^^ the destructor for this type cannot be evaluated in constant functions
[INFO] [stdout] ...
[INFO] [stdout] 101 |     }
[INFO] [stdout]     |     - value is dropped here
[INFO] [stdout]     |
[INFO] [stdout]     = note: see issue #133214 <https://github.com/rust-lang/rust/issues/133214> for more information
[INFO] [stdout]     = help: add `#![feature(const_destruct)]` to the crate attributes to enable
[INFO] [stdout]     = note: this compiler was built on 2026-10-11; consider upgrading it if it is out of date
[INFO] [stdout] 
[INFO] [stdout] 
[INFO] [stdout] error[E0493]: destructor of `GetAuditLog<'_>` cannot be evaluated at compile-time
[INFO] [stdout]    --> /opt/rustwide/cargo-home/registry/src/index.crates.io-1949cf8c6b5b557f/twilight-http-0.17.1/src/request/guild/get_audit_log.rs:127:26
[INFO] [stdout]     |
[INFO] [stdout] 127 |     pub const fn user_id(mut self, user_id: Id<UserMarker>) -> Self {
[INFO] [stdout]     |                          ^^^^^^^^ the destructor for this type cannot be evaluated in constant functions
[INFO] [stdout] ...
[INFO] [stdout] 133 |     }
[INFO] [stdout]     |     - value is dropped here
[INFO] [stdout]     |
[INFO] [stdout]     = note: see issue #133214 <https://github.com/rust-lang/rust/issues/133214> for more information
[INFO] [stdout]     = help: add `#![feature(const_destruct)]` to the crate attributes to enable
[INFO] [stdout]     = note: this compiler was built on 2026-10-11; consider upgrading it if it is out of date
[INFO] [stdout] 
[INFO] [stdout] 
[INFO] [stdout] error[E0493]: destructor of `GetGuildPruneCount<'_>` cannot be evaluated at compile-time
[INFO] [stdout]   --> /opt/rustwide/cargo-home/registry/src/index.crates.io-1949cf8c6b5b557f/twilight-http-0.17.1/src/request/guild/get_guild_prune_count.rs:66:32
[INFO] [stdout]    |
[INFO] [stdout] 66 |     pub const fn include_roles(mut self, roles: &'a [Id<RoleMarker>]) -> Self {
[INFO] [stdout]    |                                ^^^^^^^^ the destructor for this type cannot be evaluated in constant functions
[INFO] [stdout] ...
[INFO] [stdout] 72 |     }
[INFO] [stdout]    |     - value is dropped here
[INFO] [stdout]    |
[INFO] [stdout]    = note: see issue #133214 <https://github.com/rust-lang/rust/issues/133214> for more information
[INFO] [stdout]    = help: add `#![feature(const_destruct)]` to the crate attributes to enable
[INFO] [stdout]    = note: this compiler was built on 2026-10-11; consider upgrading it if it is out of date
[INFO] [stdout] 
[INFO] [stdout] 
[INFO] [stdout] error[E0493]: destructor of `UpdateCurrentMember<'_>` cannot be evaluated at compile-time
[INFO] [stdout]   --> /opt/rustwide/cargo-home/registry/src/index.crates.io-1949cf8c6b5b557f/twilight-http-0.17.1/src/request/guild/update_current_member.rs:83:25
[INFO] [stdout]    |
[INFO] [stdout] 83 |     pub const fn banner(mut self, banner: Option<&'a str>) -> Self {
[INFO] [stdout]    |                         ^^^^^^^^ the destructor for this type cannot be evaluated in constant functions
[INFO] [stdout] ...
[INFO] [stdout] 89 |     }
[INFO] [stdout]    |     - value is dropped here
[INFO] [stdout]    |
[INFO] [stdout]    = note: see issue #133214 <https://github.com/rust-lang/rust/issues/133214> for more information
[INFO] [stdout]    = help: add `#![feature(const_destruct)]` to the crate attributes to enable
[INFO] [stdout]    = note: this compiler was built on 2026-10-11; consider upgrading it if it is out of date
[INFO] [stdout] 
[INFO] [stdout] 
[INFO] [stdout] error[E0493]: destructor of `UpdateCurrentMember<'_>` cannot be evaluated at compile-time
[INFO] [stdout]    --> /opt/rustwide/cargo-home/registry/src/index.crates.io-1949cf8c6b5b557f/twilight-http-0.17.1/src/request/guild/update_current_member.rs:96:25
[INFO] [stdout]     |
[INFO] [stdout]  96 |     pub const fn avatar(mut self, avatar: Option<&'a str>) -> Self {
[INFO] [stdout]     |                         ^^^^^^^^ the destructor for this type cannot be evaluated in constant functions
[INFO] [stdout] ...
[INFO] [stdout] 102 |     }
[INFO] [stdout]     |     - value is dropped here
[INFO] [stdout]     |
[INFO] [stdout]     = note: see issue #133214 <https://github.com/rust-lang/rust/issues/133214> for more information
[INFO] [stdout]     = help: add `#![feature(const_destruct)]` to the crate attributes to enable
[INFO] [stdout]     = note: this compiler was built on 2026-10-11; consider upgrading it if it is out of date
[INFO] [stdout] 
[INFO] [stdout] 
[INFO] [stdout] error[E0493]: destructor of `UpdateGuild<'_>` cannot be evaluated at compile-time
[INFO] [stdout]    --> /opt/rustwide/cargo-home/registry/src/index.crates.io-1949cf8c6b5b557f/twilight-http-0.17.1/src/request/guild/update_guild.rs:107:33
[INFO] [stdout]     |
[INFO] [stdout] 107 |     pub const fn afk_channel_id(mut self, afk_channel_id: Option<Id<ChannelMarker>>) -> Self {
[INFO] [stdout]     |                                 ^^^^^^^^ the destructor for this type cannot be evaluated in constant functions
[INFO] [stdout] ...
[INFO] [stdout] 113 |     }
[INFO] [stdout]     |     - value is dropped here
[INFO] [stdout]     |
[INFO] [stdout]     = note: see issue #133214 <https://github.com/rust-lang/rust/issues/133214> for more information
[INFO] [stdout]     = help: add `#![feature(const_destruct)]` to the crate attributes to enable
[INFO] [stdout]     = note: this compiler was built on 2026-10-11; consider upgrading it if it is out of date
[INFO] [stdout] 
[INFO] [stdout] 
[INFO] [stdout] error[E0493]: destructor of `UpdateGuild<'_>` cannot be evaluated at compile-time
[INFO] [stdout]    --> /opt/rustwide/cargo-home/registry/src/index.crates.io-1949cf8c6b5b557f/twilight-http-0.17.1/src/request/guild/update_guild.rs:116:30
[INFO] [stdout]     |
[INFO] [stdout] 116 |     pub const fn afk_timeout(mut self, afk_timeout: u64) -> Self {
[INFO] [stdout]     |                              ^^^^^^^^ the destructor for this type cannot be evaluated in constant functions
[INFO] [stdout] ...
[INFO] [stdout] 122 |     }
[INFO] [stdout]     |     - value is dropped here
[INFO] [stdout]     |
[INFO] [stdout]     = note: see issue #133214 <https://github.com/rust-lang/rust/issues/133214> for more information
[INFO] [stdout]     = help: add `#![feature(const_destruct)]` to the crate attributes to enable
[INFO] [stdout]     = note: this compiler was built on 2026-10-11; consider upgrading it if it is out of date
[INFO] [stdout] 
[INFO] [stdout] 
[INFO] [stdout] error[E0493]: destructor of `UpdateGuild<'_>` cannot be evaluated at compile-time
[INFO] [stdout]    --> /opt/rustwide/cargo-home/registry/src/index.crates.io-1949cf8c6b5b557f/twilight-http-0.17.1/src/request/guild/update_guild.rs:130:25
[INFO] [stdout]     |
[INFO] [stdout] 130 |     pub const fn banner(mut self, banner: Option<&'a str>) -> Self {
[INFO] [stdout]     |                         ^^^^^^^^ the destructor for this type cannot be evaluated in constant functions
[INFO] [stdout] ...
[INFO] [stdout] 136 |     }
[INFO] [stdout]     |     - value is dropped here
[INFO] [stdout]     |
[INFO] [stdout]     = note: see issue #133214 <https://github.com/rust-lang/rust/issues/133214> for more information
[INFO] [stdout]     = help: add `#![feature(const_destruct)]` to the crate attributes to enable
[INFO] [stdout]     = note: this compiler was built on 2026-10-11; consider upgrading it if it is out of date
[INFO] [stdout] 
[INFO] [stdout] 
[INFO] [stdout] error[E0493]: destructor of `UpdateGuild<'_>` cannot be evaluated at compile-time
[INFO] [stdout]    --> /opt/rustwide/cargo-home/registry/src/index.crates.io-1949cf8c6b5b557f/twilight-http-0.17.1/src/request/guild/update_guild.rs:143:9
[INFO] [stdout]     |
[INFO] [stdout] 143 |         mut self,
[INFO] [stdout]     |         ^^^^^^^^ the destructor for this type cannot be evaluated in constant functions
[INFO] [stdout] ...
[INFO] [stdout] 151 |     }
[INFO] [stdout]     |     - value is dropped here
[INFO] [stdout]     |
[INFO] [stdout]     = note: see issue #133214 <https://github.com/rust-lang/rust/issues/133214> for more information
[INFO] [stdout]     = help: add `#![feature(const_destruct)]` to the crate attributes to enable
[INFO] [stdout]     = note: this compiler was built on 2026-10-11; consider upgrading it if it is out of date
[INFO] [stdout] 
[INFO] [stdout] 
[INFO] [stdout] error[E0493]: destructor of `UpdateGuild<'_>` cannot be evaluated at compile-time
[INFO] [stdout]    --> /opt/rustwide/cargo-home/registry/src/index.crates.io-1949cf8c6b5b557f/twilight-http-0.17.1/src/request/guild/update_guild.rs:156:35
[INFO] [stdout]     |
[INFO] [stdout] 156 |     pub const fn discovery_splash(mut self, discovery_splash: Option<&'a str>) -> Self {
[INFO] [stdout]     |                                   ^^^^^^^^ the destructor for this type cannot be evaluated in constant functions
[INFO] [stdout] ...
[INFO] [stdout] 162 |     }
[INFO] [stdout]     |     - value is dropped here
[INFO] [stdout]     |
[INFO] [stdout]     = note: see issue #133214 <https://github.com/rust-lang/rust/issues/133214> for more information
[INFO] [stdout]     = help: add `#![feature(const_destruct)]` to the crate attributes to enable
[INFO] [stdout]     = note: this compiler was built on 2026-10-11; consider upgrading it if it is out of date
[INFO] [stdout] 
[INFO] [stdout] 
[INFO] [stdout] error[E0493]: destructor of `UpdateGuild<'_>` cannot be evaluated at compile-time
[INFO] [stdout]    --> /opt/rustwide/cargo-home/registry/src/index.crates.io-1949cf8c6b5b557f/twilight-http-0.17.1/src/request/guild/update_guild.rs:166:9
[INFO] [stdout]     |
[INFO] [stdout] 166 |         mut self,
[INFO] [stdout]     |         ^^^^^^^^ the destructor for this type cannot be evaluated in constant functions
[INFO] [stdout] ...
[INFO] [stdout] 174 |     }
[INFO] [stdout]     |     - value is dropped here
[INFO] [stdout]     |
[INFO] [stdout]     = note: see issue #133214 <https://github.com/rust-lang/rust/issues/133214> for more information
[INFO] [stdout]     = help: add `#![feature(const_destruct)]` to the crate attributes to enable
[INFO] [stdout]     = note: this compiler was built on 2026-10-11; consider upgrading it if it is out of date
[INFO] [stdout] 
[INFO] [stdout] 
[INFO] [stdout] error[E0493]: destructor of `UpdateGuild<'_>` cannot be evaluated at compile-time
[INFO] [stdout]    --> /opt/rustwide/cargo-home/registry/src/index.crates.io-1949cf8c6b5b557f/twilight-http-0.17.1/src/request/guild/update_guild.rs:193:27
[INFO] [stdout]     |
[INFO] [stdout] 193 |     pub const fn features(mut self, features: &'a [&'a str]) -> Self {
[INFO] [stdout]     |                           ^^^^^^^^ the destructor for this type cannot be evaluated in constant functions
[INFO] [stdout] ...
[INFO] [stdout] 199 |     }
[INFO] [stdout]     |     - value is dropped here
[INFO] [stdout]     |
[INFO] [stdout]     = note: see issue #133214 <https://github.com/rust-lang/rust/issues/133214> for more information
[INFO] [stdout]     = help: add `#![feature(const_destruct)]` to the crate attributes to enable
[INFO] [stdout]     = note: this compiler was built on 2026-10-11; consider upgrading it if it is out of date
[INFO] [stdout] 
[INFO] [stdout] 
[INFO] [stdout] error[E0493]: destructor of `UpdateGuild<'_>` cannot be evaluated at compile-time
[INFO] [stdout]    --> /opt/rustwide/cargo-home/registry/src/index.crates.io-1949cf8c6b5b557f/twilight-http-0.17.1/src/request/guild/update_guild.rs:208:23
[INFO] [stdout]     |
[INFO] [stdout] 208 |     pub const fn icon(mut self, icon: Option<&'a str>) -> Self {
[INFO] [stdout]     |                       ^^^^^^^^ the destructor for this type cannot be evaluated in constant functions
[INFO] [stdout] ...
[INFO] [stdout] 214 |     }
[INFO] [stdout]     |     - value is dropped here
[INFO] [stdout]     |
[INFO] [stdout]     = note: see issue #133214 <https://github.com/rust-lang/rust/issues/133214> for more information
[INFO] [stdout]     = help: add `#![feature(const_destruct)]` to the crate attributes to enable
[INFO] [stdout]     = note: this compiler was built on 2026-10-11; consider upgrading it if it is out of date
[INFO] [stdout] 
[INFO] [stdout] 
[INFO] [stdout] error[E0493]: destructor of `UpdateGuild<'_>` cannot be evaluated at compile-time
[INFO] [stdout]    --> /opt/rustwide/cargo-home/registry/src/index.crates.io-1949cf8c6b5b557f/twilight-http-0.17.1/src/request/guild/update_guild.rs:241:27
[INFO] [stdout]     |
[INFO] [stdout] 241 |     pub const fn owner_id(mut self, owner_id: Id<UserMarker>) -> Self {
[INFO] [stdout]     |                           ^^^^^^^^ the destructor for this type cannot be evaluated in constant functions
[INFO] [stdout] ...
[INFO] [stdout] 247 |     }
[INFO] [stdout]     |     - value is dropped here
[INFO] [stdout]     |
[INFO] [stdout]     = note: see issue #133214 <https://github.com/rust-lang/rust/issues/133214> for more information
[INFO] [stdout]     = help: add `#![feature(const_destruct)]` to the crate attributes to enable
[INFO] [stdout]     = note: this compiler was built on 2026-10-11; consider upgrading it if it is out of date
[INFO] [stdout] 
[INFO] [stdout] 
[INFO] [stdout] error[E0493]: destructor of `UpdateGuild<'_>` cannot be evaluated at compile-time
[INFO] [stdout]    --> /opt/rustwide/cargo-home/registry/src/index.crates.io-1949cf8c6b5b557f/twilight-http-0.17.1/src/request/guild/update_guild.rs:252:25
[INFO] [stdout]     |
[INFO] [stdout] 252 |     pub const fn splash(mut self, splash: Option<&'a str>) -> Self {
[INFO] [stdout]     |                         ^^^^^^^^ the destructor for this type cannot be evaluated in constant functions
[INFO] [stdout] ...
[INFO] [stdout] 258 |     }
[INFO] [stdout]     |     - value is dropped here
[INFO] [stdout]     |
[INFO] [stdout]     = note: see issue #133214 <https://github.com/rust-lang/rust/issues/133214> for more information
[INFO] [stdout]     = help: add `#![feature(const_destruct)]` to the crate attributes to enable
[INFO] [stdout]     = note: this compiler was built on 2026-10-11; consider upgrading it if it is out of date
[INFO] [stdout] 
[INFO] [stdout] 
[INFO] [stdout] error[E0493]: destructor of `UpdateGuild<'_>` cannot be evaluated at compile-time
[INFO] [stdout]    --> /opt/rustwide/cargo-home/registry/src/index.crates.io-1949cf8c6b5b557f/twilight-http-0.17.1/src/request/guild/update_guild.rs:261:33
[INFO] [stdout]     |
[INFO] [stdout] 261 |     pub const fn system_channel(mut self, system_channel_id: Option<Id<ChannelMarker>>) -> Self {
[INFO] [stdout]     |                                 ^^^^^^^^ the destructor for this type cannot be evaluated in constant functions
[INFO] [stdout] ...
[INFO] [stdout] 267 |     }
[INFO] [stdout]     |     - value is dropped here
[INFO] [stdout]     |
[INFO] [stdout]     = note: see issue #133214 <https://github.com/rust-lang/rust/issues/133214> for more information
[INFO] [stdout]     = help: add `#![feature(const_destruct)]` to the crate attributes to enable
[INFO] [stdout]     = note: this compiler was built on 2026-10-11; consider upgrading it if it is out of date
[INFO] [stdout] 
[INFO] [stdout] 
[INFO] [stdout] error[E0493]: destructor of `UpdateGuild<'_>` cannot be evaluated at compile-time
[INFO] [stdout]    --> /opt/rustwide/cargo-home/registry/src/index.crates.io-1949cf8c6b5b557f/twilight-http-0.17.1/src/request/guild/update_guild.rs:271:9
[INFO] [stdout]     |
[INFO] [stdout] 271 |         mut self,
[INFO] [stdout]     |         ^^^^^^^^ the destructor for this type cannot be evaluated in constant functions
[INFO] [stdout] ...
[INFO] [stdout] 279 |     }
[INFO] [stdout]     |     - value is dropped here
[INFO] [stdout]     |
[INFO] [stdout]     = note: see issue #133214 <https://github.com/rust-lang/rust/issues/133214> for more information
[INFO] [stdout]     = help: add `#![feature(const_destruct)]` to the crate attributes to enable
[INFO] [stdout]     = note: this compiler was built on 2026-10-11; consider upgrading it if it is out of date
[INFO] [stdout] 
[INFO] [stdout] 
[INFO] [stdout] error[E0493]: destructor of `UpdateGuild<'_>` cannot be evaluated at compile-time
[INFO] [stdout]    --> /opt/rustwide/cargo-home/registry/src/index.crates.io-1949cf8c6b5b557f/twilight-http-0.17.1/src/request/guild/update_guild.rs:286:32
[INFO] [stdout]     |
[INFO] [stdout] 286 |     pub const fn rules_channel(mut self, rules_channel_id: Option<Id<ChannelMarker>>) -> Self {
[INFO] [stdout]     |                                ^^^^^^^^ the destructor for this type cannot be evaluated in constant functions
[INFO] [stdout] ...
[INFO] [stdout] 292 |     }
[INFO] [stdout]     |     - value is dropped here
[INFO] [stdout]     |
[INFO] [stdout]     = note: see issue #133214 <https://github.com/rust-lang/rust/issues/133214> for more information
[INFO] [stdout]     = help: add `#![feature(const_destruct)]` to the crate attributes to enable
[INFO] [stdout]     = note: this compiler was built on 2026-10-11; consider upgrading it if it is out of date
[INFO] [stdout] 
[INFO] [stdout] 
[INFO] [stdout] error[E0493]: destructor of `UpdateGuild<'_>` cannot be evaluated at compile-time
[INFO] [stdout]    --> /opt/rustwide/cargo-home/registry/src/index.crates.io-1949cf8c6b5b557f/twilight-http-0.17.1/src/request/guild/update_guild.rs:298:9
[INFO] [stdout]     |
[INFO] [stdout] 298 |         mut self,
[INFO] [stdout]     |         ^^^^^^^^ the destructor for this type cannot be evaluated in constant functions
[INFO] [stdout] ...
[INFO] [stdout] 306 |     }
[INFO] [stdout]     |     - value is dropped here
[INFO] [stdout]     |
[INFO] [stdout]     = note: see issue #133214 <https://github.com/rust-lang/rust/issues/133214> for more information
[INFO] [stdout]     = help: add `#![feature(const_destruct)]` to the crate attributes to enable
[INFO] [stdout]     = note: this compiler was built on 2026-10-11; consider upgrading it if it is out of date
[INFO] [stdout] 
[INFO] [stdout] 
[INFO] [stdout] error[E0493]: destructor of `UpdateGuild<'_>` cannot be evaluated at compile-time
[INFO] [stdout]    --> /opt/rustwide/cargo-home/registry/src/index.crates.io-1949cf8c6b5b557f/twilight-http-0.17.1/src/request/guild/update_guild.rs:311:35
[INFO] [stdout]     |
[INFO] [stdout] 311 |     pub const fn preferred_locale(mut self, preferred_locale: Option<&'a str>) -> Self {
[INFO] [stdout]     |                                   ^^^^^^^^ the destructor for this type cannot be evaluated in constant functions
[INFO] [stdout] ...
[INFO] [stdout] 317 |     }
[INFO] [stdout]     |     - value is dropped here
[INFO] [stdout]     |
[INFO] [stdout]     = note: see issue #133214 <https://github.com/rust-lang/rust/issues/133214> for more information
[INFO] [stdout]     = help: add `#![feature(const_destruct)]` to the crate attributes to enable
[INFO] [stdout]     = note: this compiler was built on 2026-10-11; consider upgrading it if it is out of date
[INFO] [stdout] 
[INFO] [stdout] 
[INFO] [stdout] error[E0493]: destructor of `UpdateGuild<'_>` cannot be evaluated at compile-time
[INFO] [stdout]    --> /opt/rustwide/cargo-home/registry/src/index.crates.io-1949cf8c6b5b557f/twilight-http-0.17.1/src/request/guild/update_guild.rs:325:9
[INFO] [stdout]     |
[INFO] [stdout] 325 |         mut self,
[INFO] [stdout]     |         ^^^^^^^^ the destructor for this type cannot be evaluated in constant functions
[INFO] [stdout] ...
[INFO] [stdout] 333 |     }
[INFO] [stdout]     |     - value is dropped here
[INFO] [stdout]     |
[INFO] [stdout]     = note: see issue #133214 <https://github.com/rust-lang/rust/issues/133214> for more information
[INFO] [stdout]     = help: add `#![feature(const_destruct)]` to the crate attributes to enable
[INFO] [stdout]     = note: this compiler was built on 2026-10-11; consider upgrading it if it is out of date
[INFO] [stdout] 
[INFO] [stdout] 
[INFO] [stdout] error[E0493]: destructor of `UpdateGuild<'_>` cannot be evaluated at compile-time
[INFO] [stdout]    --> /opt/rustwide/cargo-home/registry/src/index.crates.io-1949cf8c6b5b557f/twilight-http-0.17.1/src/request/guild/update_guild.rs:337:9
[INFO] [stdout]     |
[INFO] [stdout] 337 |         mut self,
[INFO] [stdout]     |         ^^^^^^^^ the destructor for this type cannot be evaluated in constant functions
[INFO] [stdout] ...
[INFO] [stdout] 345 |     }
[INFO] [stdout]     |     - value is dropped here
[INFO] [stdout]     |
[INFO] [stdout]     = note: see issue #133214 <https://github.com/rust-lang/rust/issues/133214> for more information
[INFO] [stdout]     = help: add `#![feature(const_destruct)]` to the crate attributes to enable
[INFO] [stdout]     = note: this compiler was built on 2026-10-11; consider upgrading it if it is out of date
[INFO] [stdout] 
[INFO] [stdout] 
[INFO] [stdout] error[E0493]: destructor of `GetGuildScheduledEventUsers<'_>` cannot be evaluated at compile-time
[INFO] [stdout]   --> /opt/rustwide/cargo-home/registry/src/index.crates.io-1949cf8c6b5b557f/twilight-http-0.17.1/src/request/scheduled_event/get_guild_scheduled_event_users.rs:71:24
[INFO] [stdout]    |
[INFO] [stdout] 71 |     pub const fn after(mut self, after: Id<UserMarker>) -> Self {
[INFO] [stdout]    |                        ^^^^^^^^ the destructor for this type cannot be evaluated in constant functions
[INFO] [stdout] ...
[INFO] [stdout] 77 |     }
[INFO] [stdout]    |     - value is dropped here
[INFO] [stdout]    |
[INFO] [stdout]    = note: see issue #133214 <https://github.com/rust-lang/rust/issues/133214> for more information
[INFO] [stdout]    = help: add `#![feature(const_destruct)]` to the crate attributes to enable
[INFO] [stdout]    = note: this compiler was built on 2026-10-11; consider upgrading it if it is out of date
[INFO] [stdout] 
[INFO] [stdout] 
[INFO] [stdout] error[E0493]: destructor of `GetGuildScheduledEventUsers<'_>` cannot be evaluated at compile-time
[INFO] [stdout]   --> /opt/rustwide/cargo-home/registry/src/index.crates.io-1949cf8c6b5b557f/twilight-http-0.17.1/src/request/scheduled_event/get_guild_scheduled_event_users.rs:84:25
[INFO] [stdout]    |
[INFO] [stdout] 84 |     pub const fn before(mut self, before: Id<UserMarker>) -> Self {
[INFO] [stdout]    |                         ^^^^^^^^ the destructor for this type cannot be evaluated in constant functions
[INFO] [stdout] ...
[INFO] [stdout] 90 |     }
[INFO] [stdout]    |     - value is dropped here
[INFO] [stdout]    |
[INFO] [stdout]    = note: see issue #133214 <https://github.com/rust-lang/rust/issues/133214> for more information
[INFO] [stdout]    = help: add `#![feature(const_destruct)]` to the crate attributes to enable
[INFO] [stdout]    = note: this compiler was built on 2026-10-11; consider upgrading it if it is out of date
[INFO] [stdout] 
[INFO] [stdout] 
[INFO] [stdout] error[E0493]: destructor of `GetGuildScheduledEventUsers<'_>` cannot be evaluated at compile-time
[INFO] [stdout]    --> /opt/rustwide/cargo-home/registry/src/index.crates.io-1949cf8c6b5b557f/twilight-http-0.17.1/src/request/scheduled_event/get_guild_scheduled_event_users.rs:114:30
[INFO] [stdout]     |
[INFO] [stdout] 114 |     pub const fn with_member(mut self, with_member: bool) -> Self {
[INFO] [stdout]     |                              ^^^^^^^^ the destructor for this type cannot be evaluated in constant functions
[INFO] [stdout] ...
[INFO] [stdout] 120 |     }
[INFO] [stdout]     |     - value is dropped here
[INFO] [stdout]     |
[INFO] [stdout]     = note: see issue #133214 <https://github.com/rust-lang/rust/issues/133214> for more information
[INFO] [stdout]     = help: add `#![feature(const_destruct)]` to the crate attributes to enable
[INFO] [stdout]     = note: this compiler was built on 2026-10-11; consider upgrading it if it is out of date
[INFO] [stdout] 
[INFO] [stdout] 
[INFO] [stdout] error[E0493]: destructor of `CreateGuildFromTemplate<'_>` cannot be evaluated at compile-time
[INFO] [stdout]   --> /opt/rustwide/cargo-home/registry/src/index.crates.io-1949cf8c6b5b557f/twilight-http-0.17.1/src/request/template/create_guild_from_template.rs:59:23
[INFO] [stdout]    |
[INFO] [stdout] 59 |     pub const fn icon(mut self, icon: &'a str) -> Self {
[INFO] [stdout]    |                       ^^^^^^^^ the destructor for this type cannot be evaluated in constant functions
[INFO] [stdout] ...
[INFO] [stdout] 65 |     }
[INFO] [stdout]    |     - value is dropped here
[INFO] [stdout]    |
[INFO] [stdout]    = note: see issue #133214 <https://github.com/rust-lang/rust/issues/133214> for more information
[INFO] [stdout]    = help: add `#![feature(const_destruct)]` to the crate attributes to enable
[INFO] [stdout]    = note: this compiler was built on 2026-10-11; consider upgrading it if it is out of date
[INFO] [stdout] 
[INFO] [stdout] 
[INFO] [stdout] error[E0493]: destructor of `get_current_user_guilds::GetCurrentUserGuilds<'_>` cannot be evaluated at compile-time
[INFO] [stdout]   --> /opt/rustwide/cargo-home/registry/src/index.crates.io-1949cf8c6b5b557f/twilight-http-0.17.1/src/request/user/get_current_user_guilds.rs:67:24
[INFO] [stdout]    |
[INFO] [stdout] 67 |     pub const fn after(mut self, guild_id: Id<GuildMarker>) -> Self {
[INFO] [stdout]    |                        ^^^^^^^^ the destructor for this type cannot be evaluated in constant functions
[INFO] [stdout] ...
[INFO] [stdout] 73 |     }
[INFO] [stdout]    |     - value is dropped here
[INFO] [stdout]    |
[INFO] [stdout]    = note: see issue #133214 <https://github.com/rust-lang/rust/issues/133214> for more information
[INFO] [stdout]    = help: add `#![feature(const_destruct)]` to the crate attributes to enable
[INFO] [stdout]    = note: this compiler was built on 2026-10-11; consider upgrading it if it is out of date
[INFO] [stdout] 
[INFO] [stdout] 
[INFO] [stdout] error[E0493]: destructor of `get_current_user_guilds::GetCurrentUserGuilds<'_>` cannot be evaluated at compile-time
[INFO] [stdout]   --> /opt/rustwide/cargo-home/registry/src/index.crates.io-1949cf8c6b5b557f/twilight-http-0.17.1/src/request/user/get_current_user_guilds.rs:76:25
[INFO] [stdout]    |
[INFO] [stdout] 76 |     pub const fn before(mut self, guild_id: Id<GuildMarker>) -> Self {
[INFO] [stdout]    |                         ^^^^^^^^ the destructor for this type cannot be evaluated in constant functions
[INFO] [stdout] ...
[INFO] [stdout] 82 |     }
[INFO] [stdout]    |     - value is dropped here
[INFO] [stdout]    |
[INFO] [stdout]    = note: see issue #133214 <https://github.com/rust-lang/rust/issues/133214> for more information
[INFO] [stdout]    = help: add `#![feature(const_destruct)]` to the crate attributes to enable
[INFO] [stdout]    = note: this compiler was built on 2026-10-11; consider upgrading it if it is out of date
[INFO] [stdout] 
[INFO] [stdout] 
[INFO] [stdout] error[E0493]: destructor of `UpdateCurrentUser<'_>` cannot be evaluated at compile-time
[INFO] [stdout]   --> /opt/rustwide/cargo-home/registry/src/index.crates.io-1949cf8c6b5b557f/twilight-http-0.17.1/src/request/user/update_current_user.rs:56:25
[INFO] [stdout]    |
[INFO] [stdout] 56 |     pub const fn avatar(mut self, avatar: Option<&'a str>) -> Self {
[INFO] [stdout]    |                         ^^^^^^^^ the destructor for this type cannot be evaluated in constant functions
[INFO] [stdout] ...
[INFO] [stdout] 62 |     }
[INFO] [stdout]    |     - value is dropped here
[INFO] [stdout]    |
[INFO] [stdout]    = note: see issue #133214 <https://github.com/rust-lang/rust/issues/133214> for more information
[INFO] [stdout]    = help: add `#![feature(const_destruct)]` to the crate attributes to enable
[INFO] [stdout]    = note: this compiler was built on 2026-10-11; consider upgrading it if it is out of date
[INFO] [stdout] 
[INFO] [stdout] 
[INFO] [stdout] error[E0493]: destructor of `UpdateCurrentUser<'_>` cannot be evaluated at compile-time
[INFO] [stdout]   --> /opt/rustwide/cargo-home/registry/src/index.crates.io-1949cf8c6b5b557f/twilight-http-0.17.1/src/request/user/update_current_user.rs:71:25
[INFO] [stdout]    |
[INFO] [stdout] 71 |     pub const fn banner(mut self, banner: Option<&'a str>) -> Self {
[INFO] [stdout]    |                         ^^^^^^^^ the destructor for this type cannot be evaluated in constant functions
[INFO] [stdout] ...
[INFO] [stdout] 77 |     }
[INFO] [stdout]    |     - value is dropped here
[INFO] [stdout]    |
[INFO] [stdout]    = note: see issue #133214 <https://github.com/rust-lang/rust/issues/133214> for more information
[INFO] [stdout]    = help: add `#![feature(const_destruct)]` to the crate attributes to enable
[INFO] [stdout]    = note: this compiler was built on 2026-10-11; consider upgrading it if it is out of date
[INFO] [stdout] 
[INFO] [stdout] 
[INFO] [stdout] error[E0493]: destructor of `RequestBuilder` cannot be evaluated at compile-time
[INFO] [stdout]    --> /opt/rustwide/cargo-home/registry/src/index.crates.io-1949cf8c6b5b557f/twilight-http-0.17.1/src/request/base.rs:128:42
[INFO] [stdout]     |
[INFO] [stdout] 128 |     pub const fn use_authorization_token(mut self, use_authorization_token: bool) -> Self {
[INFO] [stdout]     |                                          ^^^^^^^^ the destructor for this type cannot be evaluated in constant functions
[INFO] [stdout] ...
[INFO] [stdout] 134 |     }
[INFO] [stdout]     |     - value is dropped here
[INFO] [stdout] 
[INFO] [stdout] 
[INFO] [stdout] For more information about this error, try `rustc --explain E0493`.
[INFO] [stdout] 
[INFO] [stderr] error: could not compile `twilight-http` (lib) due to 88 previous errors
[INFO] [stderr] warning: unused dependency `thiserror`
[INFO] [stderr]   --> crates/sa-audit/Cargo.toml:12:1
[INFO] [stderr]    |
[INFO] [stderr] 12 | thiserror.workspace = true
[INFO] [stderr]    | ^^^^^^^^^
[INFO] [stderr]    |
[INFO] [stderr]    = note: `cargo::unused_dependencies` is set to `warn` by default
[INFO] [stderr] help: consider removing the dependency on `thiserror`
[INFO] [stderr] warning: `sa-audit` (manifest) generated 1 warning
[INFO] [stderr] warning: unused dependency `thiserror`
[INFO] [stderr]   --> crates/sa-core-types/Cargo.toml:11:1
[INFO] [stderr]    |
[INFO] [stderr] 11 | thiserror.workspace = true
[INFO] [stderr]    | ^^^^^^^^^
[INFO] [stderr]    |
[INFO] [stderr]    = note: `cargo::unused_dependencies` is set to `warn` by default
[INFO] [stderr] help: consider removing the dependency on `thiserror`
[INFO] [stderr] warning: `sa-core-types` (manifest) generated 1 warning
[INFO] [stderr] warning: unused dependency `thiserror`
[INFO] [stderr]   --> crates/sa-memory/Cargo.toml:10:1
[INFO] [stderr]    |
[INFO] [stderr] 10 | thiserror.workspace = true
[INFO] [stderr]    | ^^^^^^^^^
[INFO] [stderr]    |
[INFO] [stderr]    = note: `cargo::unused_dependencies` is set to `warn` by default
[INFO] [stderr] help: consider removing the dependency on `thiserror`
[INFO] [stderr] warning: `sa-memory` (manifest) generated 1 warning
[INFO] [stderr] warning: unused dependency `sa-core-types`
[INFO] [stderr]  --> crates/sa-vault/Cargo.toml:8:1
[INFO] [stderr]   |
[INFO] [stderr] 8 | sa-core-types = { path = "../sa-core-types" }
[INFO] [stderr]   | ^^^^^^^^^^^^^^^^^^^^^^^^^^^^^^^^^^^^^^^^^^^^^
[INFO] [stderr]   |
[INFO] [stderr]   = note: `cargo::unused_dependencies` is set to `warn` by default
[INFO] [stderr] help: consider removing the dependency on `sa-core-types`
[INFO] [stderr] warning: `sa-vault` (manifest) generated 1 warning
[INFO] running `Command { std: "docker" "inspect" "0c03bf75d6c370a813e9732589f0b03218e834824e0cc270bd9682e9615c1128", kill_on_drop: false }`
[INFO] running `Command { std: "docker" "rm" "-f" "0c03bf75d6c370a813e9732589f0b03218e834824e0cc270bd9682e9615c1128", kill_on_drop: false }`
[INFO] [stdout] 0c03bf75d6c370a813e9732589f0b03218e834824e0cc270bd9682e9615c1128
