[INFO] cloning repository https://github.com/VakeDomen/time_attack_homomorphic_encryption
[INFO] running `Command { std: "git" "-c" "credential.helper=" "-c" "credential.helper=/workspace/cargo-home/bin/git-credential-null" "clone" "--bare" "https://github.com/VakeDomen/time_attack_homomorphic_encryption" "/workspace/cache/git-repos/https%3A%2F%2Fgithub.com%2FVakeDomen%2Ftime_attack_homomorphic_encryption", kill_on_drop: false }`
[INFO] [stderr] Cloning into bare repository '/workspace/cache/git-repos/https%3A%2F%2Fgithub.com%2FVakeDomen%2Ftime_attack_homomorphic_encryption'...
[INFO] running `Command { std: "git" "rev-parse" "HEAD", kill_on_drop: false }`
[INFO] [stdout] 83967b86cbd57ba2aee292bb28b4c31cb3b3f772
[INFO] checking VakeDomen/time_attack_homomorphic_encryption against c60b92c03ca8a3b101eb9d57f51e2232690638c7 for pr-164148-crater-rollup
[INFO] running `Command { std: "git" "clone" "/workspace/cache/git-repos/https%3A%2F%2Fgithub.com%2FVakeDomen%2Ftime_attack_homomorphic_encryption" "/workspace/builds/worker-2-tc2/source", kill_on_drop: false }`
[INFO] [stderr] Cloning into '/workspace/builds/worker-2-tc2/source'...
[INFO] [stderr] done.
[INFO] started tweaking git repo https://github.com/VakeDomen/time_attack_homomorphic_encryption
[INFO] finished tweaking git repo https://github.com/VakeDomen/time_attack_homomorphic_encryption
[INFO] tweaked toml for git repo https://github.com/VakeDomen/time_attack_homomorphic_encryption written to /workspace/builds/worker-2-tc2/source/Cargo.toml
[INFO] validating manifest of git repo https://github.com/VakeDomen/time_attack_homomorphic_encryption on toolchain c60b92c03ca8a3b101eb9d57f51e2232690638c7
[INFO] running `Command { std: CARGO_HOME="/workspace/cargo-home" RUSTUP_HOME="/workspace/rustup-home" "/workspace/cargo-home/bin/cargo" "+c60b92c03ca8a3b101eb9d57f51e2232690638c7" "metadata" "--manifest-path" "Cargo.toml" "--no-deps", kill_on_drop: false }`
[INFO] crate git repo https://github.com/VakeDomen/time_attack_homomorphic_encryption already has a lockfile, it will not be regenerated
[INFO] running `Command { std: CARGO_HOME="/workspace/cargo-home" RUSTUP_HOME="/workspace/rustup-home" "/workspace/cargo-home/bin/cargo" "+c60b92c03ca8a3b101eb9d57f51e2232690638c7" "fetch" "--manifest-path" "Cargo.toml", kill_on_drop: false }`
[INFO] running `Command { std: "docker" "create" "-v" "/var/lib/crater-agent-workspace/builds/worker-2-tc2/source:/opt/rustwide/workdir:ro,Z" "-v" "/var/lib/crater-agent-workspace/builds/worker-2-tc2/target:/opt/rustwide/target:rw,Z" "-v" "/var/lib/crater-agent-workspace/cargo-home:/opt/rustwide/cargo-home:ro,Z" "-v" "/var/lib/crater-agent-workspace/rustup-home:/opt/rustwide/rustup-home:ro,Z" "-m" "1610612736" "--network" "none" "ghcr.io/rust-lang/crates-build-env/linux@sha256:77db811e55d90add9212f6832c23229e3de5f1c1f9905e8cb07319ea15df73ac" "sleep" "infinity", kill_on_drop: false }`
[INFO] [stdout] 077ee206408b9ea6e4ec5b62e5e4877d5aa7cd14e2d703db987f105c509a4d1b
[INFO] running `Command { std: "docker" "start" "077ee206408b9ea6e4ec5b62e5e4877d5aa7cd14e2d703db987f105c509a4d1b", kill_on_drop: false }`
[INFO] running `Command { std: "docker" "inspect" "077ee206408b9ea6e4ec5b62e5e4877d5aa7cd14e2d703db987f105c509a4d1b", kill_on_drop: false }`
[INFO] running `Command { std: "docker" "exec" "-e" "SOURCE_DIR=/opt/rustwide/workdir" "-e" "CARGO_HOME=/opt/rustwide/cargo-home" "-e" "RUSTUP_HOME=/opt/rustwide/rustup-home" "-e" "CARGO_TARGET_DIR=/opt/rustwide/target" "-w" "/opt/rustwide/workdir" "--user" "0:0" "077ee206408b9ea6e4ec5b62e5e4877d5aa7cd14e2d703db987f105c509a4d1b" "/opt/rustwide/cargo-home/bin/cargo" "+c60b92c03ca8a3b101eb9d57f51e2232690638c7" "metadata" "--no-deps" "--format-version=1", kill_on_drop: false }`
[INFO] running `Command { std: "docker" "inspect" "077ee206408b9ea6e4ec5b62e5e4877d5aa7cd14e2d703db987f105c509a4d1b", kill_on_drop: false }`
[INFO] running `Command { std: "docker" "exec" "-e" "SOURCE_DIR=/opt/rustwide/workdir" "-e" "CARGO_HOME=/opt/rustwide/cargo-home" "-e" "RUSTUP_HOME=/opt/rustwide/rustup-home" "-e" "CARGO_TARGET_DIR=/opt/rustwide/target" "-e" "CARGO_INCREMENTAL=0" "-e" "RUST_BACKTRACE=full" "-e" "RUSTFLAGS=--cap-lints=forbid" "-e" "RUSTDOCFLAGS=--cap-lints=forbid" "-w" "/opt/rustwide/workdir" "--user" "0:0" "077ee206408b9ea6e4ec5b62e5e4877d5aa7cd14e2d703db987f105c509a4d1b" "/opt/rustwide/cargo-home/bin/cargo" "+c60b92c03ca8a3b101eb9d57f51e2232690638c7" "check" "--frozen" "--all" "--all-targets" "--message-format=json", kill_on_drop: false }`
[INFO] [stderr]    Compiling libc v0.2.151
[INFO] [stderr]    Compiling proc-macro2 v1.0.70
[INFO] [stderr]    Compiling crossbeam-utils v0.8.17
[INFO] [stderr]    Compiling serde v1.0.193
[INFO] [stderr]    Compiling num-traits v0.2.17
[INFO] [stderr]     Checking bytemuck v1.14.0
[INFO] [stderr]     Checking either v1.9.0
[INFO] [stderr]     Checking smallvec v1.11.2
[INFO] [stderr]     Checking reborrow v0.5.5
[INFO] [stderr]    Compiling concrete-csprng v0.4.0
[INFO] [stderr]    Compiling tfhe v0.4.1
[INFO] [stderr]     Checking crypto-common v0.1.6
[INFO] [stderr]     Checking inout v0.1.3
[INFO] [stderr]     Checking anyhow v1.0.75
[INFO] [stderr]     Checking cipher v0.4.4
[INFO] [stderr]     Checking itertools v0.11.0
[INFO] [stderr]     Checking aes v0.8.3
[INFO] [stderr]     Checking pulp v0.11.11
[INFO] [stderr]     Checking dyn-stack v0.9.1
[INFO] [stderr]    Compiling quote v1.0.33
[INFO] [stderr]    Compiling syn v2.0.41
[INFO] [stderr]     Checking crossbeam-epoch v0.9.16
[INFO] [stderr]     Checking crossbeam-deque v0.8.4
[INFO] [stderr]     Checking signal-hook-registry v1.4.1
[INFO] [stderr]     Checking mio v0.8.10
[INFO] [stderr]     Checking parking_lot_core v0.9.9
[INFO] [stderr]     Checking getrandom v0.2.11
[INFO] [stderr]     Checking cpu-time v1.0.0
[INFO] [stderr]     Checking rand_core v0.6.4
[INFO] [stderr]     Checking rayon-core v1.12.0
[INFO] [stderr]     Checking signal-hook v0.3.17
[INFO] [stderr]     Checking parking_lot v0.12.1
[INFO] [stderr]     Checking signal-hook-mio v0.2.3
[INFO] [stderr]     Checking rand_chacha v0.3.1
[INFO] [stderr]     Checking crossterm v0.25.0
[INFO] [stderr]     Checking rand v0.8.5
[INFO] [stderr]     Checking rayon v1.8.0
[INFO] [stderr]     Checking tqdm v0.6.0
[INFO] [stderr]    Compiling serde_derive v1.0.193
[INFO] [stderr]     Checking num-complex v0.4.4
[INFO] [stderr]     Checking aligned-vec v0.5.0
[INFO] [stderr]     Checking pulp v0.13.2
[INFO] [stderr]     Checking concrete-fft v0.3.0
[INFO] [stdout] error[E0277]: `impl DispersionParameter + Sync` cannot be sent between threads safely
[INFO] [stdout]    --> /opt/rustwide/cargo-home/registry/src/index.crates.io-1949cf8c6b5b557f/tfhe-0.4.1/src/core_crypto/algorithms/ggsw_encryption.rs:257:9
[INFO] [stdout]     |
[INFO] [stdout] 256 |       output.par_iter_mut().zip(gen_iter).enumerate().for_each(
[INFO] [stdout]     |                                                       -------- required by a bound introduced by this call
[INFO] [stdout] 257 |           |(level_index, (mut level_matrix, mut generator))| {
[INFO] [stdout]     |           ^-------------------------------------------------
[INFO] [stdout]     |           |
[INFO] [stdout]     |  _________within this `{closure@ggsw_encryption.rs:257:9}`
[INFO] [stdout]     | |
[INFO] [stdout] 258 | |             let decomp_level = DecompositionLevel(level_index + 1);
[INFO] [stdout] ...   |
[INFO] [stdout] 289 | |                 });
[INFO] [stdout] 290 | |         },
[INFO] [stdout]     | |_________^ `impl DispersionParameter + Sync` cannot be sent between threads safely
[INFO] [stdout]     |
[INFO] [stdout] note: required because `noise_parameters` is used within this closure
[INFO] [stdout]    --> /opt/rustwide/cargo-home/registry/src/index.crates.io-1949cf8c6b5b557f/tfhe-0.4.1/src/core_crypto/algorithms/ggsw_encryption.rs:286:25
[INFO] [stdout]     |
[INFO] [stdout] 286 |                         noise_parameters,
[INFO] [stdout]     |                         ^^^^^^^^^^^^^^^^
[INFO] [stdout] note: required by a bound in `rayon::iter::ParallelIterator::for_each`
[INFO] [stdout]    --> /opt/rustwide/cargo-home/registry/src/index.crates.io-1949cf8c6b5b557f/rayon-1.8.0/src/iter/mod.rs:377:37
[INFO] [stdout]     |
[INFO] [stdout] 358 | pub trait ParallelIterator: Sized + Send {
[INFO] [stdout] ...
[INFO] [stdout] 375 |     fn for_each<OP>(self, op: OP)
[INFO] [stdout] 376 |     where
[INFO] [stdout] 377 |         OP: Fn(Self::Item) + Sync + Send,
[INFO] [stdout]     |                                     ^^^^ required by this bound in `ParallelIterator::for_each`
[INFO] [stdout]     = note: the full name for the type has been written to '/opt/rustwide/target/debug/build/tfhe/fcea1a413ff8953d/out/tfhe-fcea1a413ff8953d.long-type-15032276108829080443.txt'
[INFO] [stdout]     = note: consider using `--verbose` to print the full type name to the console
[INFO] [stdout] help: consider restricting opaque type `impl DispersionParameter + Sync` with trait `Send`
[INFO] [stdout]     |
[INFO] [stdout] 216 |     noise_parameters: impl DispersionParameter + Sync + std::marker::Send,
[INFO] [stdout]     |                                                       +++++++++++++++++++
[INFO] [stdout] 
[INFO] [stdout] 
[INFO] [stdout] error[E0277]: `impl DispersionParameter + Sync` cannot be sent between threads safely
[INFO] [stdout]    --> /opt/rustwide/cargo-home/registry/src/index.crates.io-1949cf8c6b5b557f/tfhe-0.4.1/src/core_crypto/algorithms/ggsw_encryption.rs:280:27
[INFO] [stdout]     |
[INFO] [stdout] 280 |                   .for_each(|((row_index, mut row_as_glwe), mut generator)| {
[INFO] [stdout]     |                    -------- ^----------------------------------------------
[INFO] [stdout]     |                    |        |
[INFO] [stdout]     |  __________________|________within this `{closure@ggsw_encryption.rs:280:27}`
[INFO] [stdout]     | |                  |
[INFO] [stdout]     | |                  required by a bound introduced by this call
[INFO] [stdout] 281 | |                     encrypt_constant_ggsw_level_matrix_row(
[INFO] [stdout] 282 | |                         glwe_secret_key,
[INFO] [stdout] 283 | |                         (row_index, last_row_index),
[INFO] [stdout] ...   |
[INFO] [stdout] 288 | |                     );
[INFO] [stdout] 289 | |                 });
[INFO] [stdout]     | |_________________^ `impl DispersionParameter + Sync` cannot be sent between threads safely
[INFO] [stdout]     |
[INFO] [stdout] note: required because `noise_parameters` is used within this closure
[INFO] [stdout]    --> /opt/rustwide/cargo-home/registry/src/index.crates.io-1949cf8c6b5b557f/tfhe-0.4.1/src/core_crypto/algorithms/ggsw_encryption.rs:286:25
[INFO] [stdout]     |
[INFO] [stdout] 286 |                         noise_parameters,
[INFO] [stdout]     |                         ^^^^^^^^^^^^^^^^
[INFO] [stdout] note: required by a bound in `rayon::iter::ParallelIterator::for_each`
[INFO] [stdout]    --> /opt/rustwide/cargo-home/registry/src/index.crates.io-1949cf8c6b5b557f/rayon-1.8.0/src/iter/mod.rs:377:37
[INFO] [stdout]     |
[INFO] [stdout] 358 | pub trait ParallelIterator: Sized + Send {
[INFO] [stdout] ...
[INFO] [stdout] 375 |     fn for_each<OP>(self, op: OP)
[INFO] [stdout] 376 |     where
[INFO] [stdout] 377 |         OP: Fn(Self::Item) + Sync + Send,
[INFO] [stdout]     |                                     ^^^^ required by this bound in `ParallelIterator::for_each`
[INFO] [stdout]     = note: the full name for the type has been written to '/opt/rustwide/target/debug/build/tfhe/fcea1a413ff8953d/out/tfhe-fcea1a413ff8953d.long-type-7631647457840253057.txt'
[INFO] [stdout]     = note: consider using `--verbose` to print the full type name to the console
[INFO] [stdout] help: consider restricting opaque type `impl DispersionParameter + Sync` with trait `Send`
[INFO] [stdout]     |
[INFO] [stdout] 216 |     noise_parameters: impl DispersionParameter + Sync + std::marker::Send,
[INFO] [stdout]     |                                                       +++++++++++++++++++
[INFO] [stdout] 
[INFO] [stdout] 
[INFO] [stdout] error[E0277]: `impl DispersionParameter + Sync` cannot be sent between threads safely
[INFO] [stdout]    --> /opt/rustwide/cargo-home/registry/src/index.crates.io-1949cf8c6b5b557f/tfhe-0.4.1/src/core_crypto/algorithms/ggsw_encryption.rs:554:9
[INFO] [stdout]     |
[INFO] [stdout] 553 |       output.par_iter_mut().zip(gen_iter).enumerate().for_each(
[INFO] [stdout]     |                                                       -------- required by a bound introduced by this call
[INFO] [stdout] 554 |           |(level_index, (mut level_matrix, mut generator))| {
[INFO] [stdout]     |           ^-------------------------------------------------
[INFO] [stdout]     |           |
[INFO] [stdout]     |  _________within this `{closure@ggsw_encryption.rs:554:9}`
[INFO] [stdout]     | |
[INFO] [stdout] 555 | |             let decomp_level = DecompositionLevel(level_index + 1);
[INFO] [stdout] ...   |
[INFO] [stdout] 585 | |                 });
[INFO] [stdout] 586 | |         },
[INFO] [stdout]     | |_________^ `impl DispersionParameter + Sync` cannot be sent between threads safely
[INFO] [stdout]     |
[INFO] [stdout] note: required because `noise_parameters` is used within this closure
[INFO] [stdout]    --> /opt/rustwide/cargo-home/registry/src/index.crates.io-1949cf8c6b5b557f/tfhe-0.4.1/src/core_crypto/algorithms/ggsw_encryption.rs:582:25
[INFO] [stdout]     |
[INFO] [stdout] 582 |                         noise_parameters,
[INFO] [stdout]     |                         ^^^^^^^^^^^^^^^^
[INFO] [stdout] note: required by a bound in `rayon::iter::ParallelIterator::for_each`
[INFO] [stdout]    --> /opt/rustwide/cargo-home/registry/src/index.crates.io-1949cf8c6b5b557f/rayon-1.8.0/src/iter/mod.rs:377:37
[INFO] [stdout]     |
[INFO] [stdout] 358 | pub trait ParallelIterator: Sized + Send {
[INFO] [stdout] ...
[INFO] [stdout] 375 |     fn for_each<OP>(self, op: OP)
[INFO] [stdout] 376 |     where
[INFO] [stdout] 377 |         OP: Fn(Self::Item) + Sync + Send,
[INFO] [stdout]     |                                     ^^^^ required by this bound in `ParallelIterator::for_each`
[INFO] [stdout]     = note: the full name for the type has been written to '/opt/rustwide/target/debug/build/tfhe/fcea1a413ff8953d/out/tfhe-fcea1a413ff8953d.long-type-18181252096389120210.txt'
[INFO] [stdout]     = note: consider using `--verbose` to print the full type name to the console
[INFO] [stdout] help: consider restricting opaque type `impl DispersionParameter + Sync` with trait `Send`
[INFO] [stdout]     |
[INFO] [stdout] 529 |     noise_parameters: impl DispersionParameter + Sync + std::marker::Send,
[INFO] [stdout]     |                                                       +++++++++++++++++++
[INFO] [stdout] 
[INFO] [stdout] 
[INFO] [stdout] error[E0277]: `impl DispersionParameter + Sync` cannot be sent between threads safely
[INFO] [stdout]    --> /opt/rustwide/cargo-home/registry/src/index.crates.io-1949cf8c6b5b557f/tfhe-0.4.1/src/core_crypto/algorithms/ggsw_encryption.rs:576:27
[INFO] [stdout]     |
[INFO] [stdout] 576 |                   .for_each(|((row_index, mut row_as_glwe), mut generator)| {
[INFO] [stdout]     |                    -------- ^----------------------------------------------
[INFO] [stdout]     |                    |        |
[INFO] [stdout]     |  __________________|________within this `{closure@ggsw_encryption.rs:576:27}`
[INFO] [stdout]     | |                  |
[INFO] [stdout]     | |                  required by a bound introduced by this call
[INFO] [stdout] 577 | |                     encrypt_constant_seeded_ggsw_level_matrix_row(
[INFO] [stdout] 578 | |                         glwe_secret_key,
[INFO] [stdout] 579 | |                         (row_index, last_row_index),
[INFO] [stdout] ...   |
[INFO] [stdout] 584 | |                     );
[INFO] [stdout] 585 | |                 });
[INFO] [stdout]     | |_________________^ `impl DispersionParameter + Sync` cannot be sent between threads safely
[INFO] [stdout]     |
[INFO] [stdout] note: required because `noise_parameters` is used within this closure
[INFO] [stdout]    --> /opt/rustwide/cargo-home/registry/src/index.crates.io-1949cf8c6b5b557f/tfhe-0.4.1/src/core_crypto/algorithms/ggsw_encryption.rs:582:25
[INFO] [stdout]     |
[INFO] [stdout] 582 |                         noise_parameters,
[INFO] [stdout]     |                         ^^^^^^^^^^^^^^^^
[INFO] [stdout] note: required by a bound in `rayon::iter::ParallelIterator::for_each`
[INFO] [stdout]    --> /opt/rustwide/cargo-home/registry/src/index.crates.io-1949cf8c6b5b557f/rayon-1.8.0/src/iter/mod.rs:377:37
[INFO] [stdout]     |
[INFO] [stdout] 358 | pub trait ParallelIterator: Sized + Send {
[INFO] [stdout] ...
[INFO] [stdout] 375 |     fn for_each<OP>(self, op: OP)
[INFO] [stdout] 376 |     where
[INFO] [stdout] 377 |         OP: Fn(Self::Item) + Sync + Send,
[INFO] [stdout]     |                                     ^^^^ required by this bound in `ParallelIterator::for_each`
[INFO] [stdout]     = note: the full name for the type has been written to '/opt/rustwide/target/debug/build/tfhe/fcea1a413ff8953d/out/tfhe-fcea1a413ff8953d.long-type-7002255845087680944.txt'
[INFO] [stdout]     = note: consider using `--verbose` to print the full type name to the console
[INFO] [stdout] help: consider restricting opaque type `impl DispersionParameter + Sync` with trait `Send`
[INFO] [stdout]     |
[INFO] [stdout] 529 |     noise_parameters: impl DispersionParameter + Sync + std::marker::Send,
[INFO] [stdout]     |                                                       +++++++++++++++++++
[INFO] [stdout] 
[INFO] [stdout] 
[INFO] [stdout] error[E0277]: `impl DispersionParameter + Sync` cannot be sent between threads safely
[INFO] [stdout]    --> /opt/rustwide/cargo-home/registry/src/index.crates.io-1949cf8c6b5b557f/tfhe-0.4.1/src/core_crypto/algorithms/lwe_bootstrap_key_generation.rs:287:19
[INFO] [stdout]     |
[INFO] [stdout] 287 |           .for_each(|((mut ggsw, &input_key_element), mut generator)| {
[INFO] [stdout]     |            -------- ^------------------------------------------------
[INFO] [stdout]     |            |        |
[INFO] [stdout]     |  __________|________within this `{closure@lwe_bootstrap_key_generation.rs:287:19}`
[INFO] [stdout]     | |          |
[INFO] [stdout]     | |          required by a bound introduced by this call
[INFO] [stdout] 288 | |             par_encrypt_constant_ggsw_ciphertext(
[INFO] [stdout] 289 | |                 output_glwe_secret_key,
[INFO] [stdout] 290 | |                 &mut ggsw,
[INFO] [stdout] ...   |
[INFO] [stdout] 294 | |             );
[INFO] [stdout] 295 | |         });
[INFO] [stdout]     | |_________^ `impl DispersionParameter + Sync` cannot be sent between threads safely
[INFO] [stdout]     |
[INFO] [stdout] note: required because `noise_parameters` is used within this closure
[INFO] [stdout]    --> /opt/rustwide/cargo-home/registry/src/index.crates.io-1949cf8c6b5b557f/tfhe-0.4.1/src/core_crypto/algorithms/lwe_bootstrap_key_generation.rs:292:17
[INFO] [stdout]     |
[INFO] [stdout] 292 |                 noise_parameters,
[INFO] [stdout]     |                 ^^^^^^^^^^^^^^^^
[INFO] [stdout] note: required by a bound in `rayon::iter::ParallelIterator::for_each`
[INFO] [stdout]    --> /opt/rustwide/cargo-home/registry/src/index.crates.io-1949cf8c6b5b557f/rayon-1.8.0/src/iter/mod.rs:377:37
[INFO] [stdout]     |
[INFO] [stdout] 358 | pub trait ParallelIterator: Sized + Send {
[INFO] [stdout] ...
[INFO] [stdout] 375 |     fn for_each<OP>(self, op: OP)
[INFO] [stdout] 376 |     where
[INFO] [stdout] 377 |         OP: Fn(Self::Item) + Sync + Send,
[INFO] [stdout]     |                                     ^^^^ required by this bound in `ParallelIterator::for_each`
[INFO] [stdout]     = note: the full name for the type has been written to '/opt/rustwide/target/debug/build/tfhe/fcea1a413ff8953d/out/tfhe-fcea1a413ff8953d.long-type-5531445600531044755.txt'
[INFO] [stdout]     = note: consider using `--verbose` to print the full type name to the console
[INFO] [stdout] help: consider restricting opaque type `impl DispersionParameter + Sync` with trait `Send`
[INFO] [stdout]     |
[INFO] [stdout] 241 |     noise_parameters: impl DispersionParameter + Sync + std::marker::Send,
[INFO] [stdout]     |                                                       +++++++++++++++++++
[INFO] [stdout] 
[INFO] [stdout] 
[INFO] [stdout] error[E0277]: `impl DispersionParameter + Sync` cannot be sent between threads safely
[INFO] [stdout]    --> /opt/rustwide/cargo-home/registry/src/index.crates.io-1949cf8c6b5b557f/tfhe-0.4.1/src/core_crypto/algorithms/lwe_bootstrap_key_generation.rs:529:19
[INFO] [stdout]     |
[INFO] [stdout] 529 |           .for_each(|((mut ggsw, &input_key_element), mut generator)| {
[INFO] [stdout]     |            -------- ^------------------------------------------------
[INFO] [stdout]     |            |        |
[INFO] [stdout]     |  __________|________within this `{closure@lwe_bootstrap_key_generation.rs:529:19}`
[INFO] [stdout]     | |          |
[INFO] [stdout]     | |          required by a bound introduced by this call
[INFO] [stdout] 530 | |             par_encrypt_constant_seeded_ggsw_ciphertext_with_existing_generator(
[INFO] [stdout] 531 | |                 output_glwe_secret_key,
[INFO] [stdout] 532 | |                 &mut ggsw,
[INFO] [stdout] ...   |
[INFO] [stdout] 536 | |             );
[INFO] [stdout] 537 | |         })
[INFO] [stdout]     | |_________^ `impl DispersionParameter + Sync` cannot be sent between threads safely
[INFO] [stdout]     |
[INFO] [stdout] note: required because `noise_parameters` is used within this closure
[INFO] [stdout]    --> /opt/rustwide/cargo-home/registry/src/index.crates.io-1949cf8c6b5b557f/tfhe-0.4.1/src/core_crypto/algorithms/lwe_bootstrap_key_generation.rs:534:17
[INFO] [stdout]     |
[INFO] [stdout] 534 |                 noise_parameters,
[INFO] [stdout]     |                 ^^^^^^^^^^^^^^^^
[INFO] [stdout] note: required by a bound in `rayon::iter::ParallelIterator::for_each`
[INFO] [stdout]    --> /opt/rustwide/cargo-home/registry/src/index.crates.io-1949cf8c6b5b557f/rayon-1.8.0/src/iter/mod.rs:377:37
[INFO] [stdout]     |
[INFO] [stdout] 358 | pub trait ParallelIterator: Sized + Send {
[INFO] [stdout] ...
[INFO] [stdout] 375 |     fn for_each<OP>(self, op: OP)
[INFO] [stdout] 376 |     where
[INFO] [stdout] 377 |         OP: Fn(Self::Item) + Sync + Send,
[INFO] [stdout]     |                                     ^^^^ required by this bound in `ParallelIterator::for_each`
[INFO] [stdout]     = note: the full name for the type has been written to '/opt/rustwide/target/debug/build/tfhe/fcea1a413ff8953d/out/tfhe-fcea1a413ff8953d.long-type-11033065914356716574.txt'
[INFO] [stdout]     = note: consider using `--verbose` to print the full type name to the console
[INFO] [stdout] help: consider restricting opaque type `impl DispersionParameter + Sync` with trait `Send`
[INFO] [stdout]     |
[INFO] [stdout] 477 |     noise_parameters: impl DispersionParameter + Sync + std::marker::Send,
[INFO] [stdout]     |                                                       +++++++++++++++++++
[INFO] [stdout] 
[INFO] [stdout] 
[INFO] [stdout] error[E0277]: `impl DispersionParameter + Sync` cannot be sent between threads safely
[INFO] [stdout]    --> /opt/rustwide/cargo-home/registry/src/index.crates.io-1949cf8c6b5b557f/tfhe-0.4.1/src/core_crypto/algorithms/lwe_encryption.rs:648:19
[INFO] [stdout]     |
[INFO] [stdout] 648 |           .for_each(|((encoded_plaintext_ref, mut ciphertext), mut generator)| {
[INFO] [stdout]     |            -------- ^---------------------------------------------------------
[INFO] [stdout]     |            |        |
[INFO] [stdout]     |  __________|________within this `{closure@lwe_encryption.rs:648:19}`
[INFO] [stdout]     | |          |
[INFO] [stdout]     | |          required by a bound introduced by this call
[INFO] [stdout] 649 | |             encrypt_lwe_ciphertext(
[INFO] [stdout] 650 | |                 lwe_secret_key,
[INFO] [stdout] 651 | |                 &mut ciphertext,
[INFO] [stdout] ...   |
[INFO] [stdout] 656 | |         });
[INFO] [stdout]     | |_________^ `impl DispersionParameter + Sync` cannot be sent between threads safely
[INFO] [stdout]     |
[INFO] [stdout] note: required because `noise_parameters` is used within this closure
[INFO] [stdout]    --> /opt/rustwide/cargo-home/registry/src/index.crates.io-1949cf8c6b5b557f/tfhe-0.4.1/src/core_crypto/algorithms/lwe_encryption.rs:653:17
[INFO] [stdout]     |
[INFO] [stdout] 653 |                 noise_parameters,
[INFO] [stdout]     |                 ^^^^^^^^^^^^^^^^
[INFO] [stdout] note: required by a bound in `rayon::iter::ParallelIterator::for_each`
[INFO] [stdout]    --> /opt/rustwide/cargo-home/registry/src/index.crates.io-1949cf8c6b5b557f/rayon-1.8.0/src/iter/mod.rs:377:37
[INFO] [stdout]     |
[INFO] [stdout] 358 | pub trait ParallelIterator: Sized + Send {
[INFO] [stdout] ...
[INFO] [stdout] 375 |     fn for_each<OP>(self, op: OP)
[INFO] [stdout] 376 |     where
[INFO] [stdout] 377 |         OP: Fn(Self::Item) + Sync + Send,
[INFO] [stdout]     |                                     ^^^^ required by this bound in `ParallelIterator::for_each`
[INFO] [stdout]     = note: the full name for the type has been written to '/opt/rustwide/target/debug/build/tfhe/fcea1a413ff8953d/out/tfhe-fcea1a413ff8953d.long-type-15002288737884327571.txt'
[INFO] [stdout]     = note: consider using `--verbose` to print the full type name to the console
[INFO] [stdout] help: consider restricting opaque type `impl DispersionParameter + Sync` with trait `Send`
[INFO] [stdout]     |
[INFO] [stdout] 623 |     noise_parameters: impl DispersionParameter + Sync + std::marker::Send,
[INFO] [stdout]     |                                                       +++++++++++++++++++
[INFO] [stdout] 
[INFO] [stdout] 
[INFO] [stdout] error[E0277]: `impl DispersionParameter + Sync` cannot be sent between threads safely
[INFO] [stdout]     --> /opt/rustwide/cargo-home/registry/src/index.crates.io-1949cf8c6b5b557f/tfhe-0.4.1/src/core_crypto/algorithms/lwe_encryption.rs:1169:19
[INFO] [stdout]      |
[INFO] [stdout] 1169 |           .for_each(|((output_body, plaintext), mut loop_generator)| {
[INFO] [stdout]      |            -------- ^-----------------------------------------------
[INFO] [stdout]      |            |        |
[INFO] [stdout]      |  __________|________within this `{closure@lwe_encryption.rs:1169:19}`
[INFO] [stdout]      | |          |
[INFO] [stdout]      | |          required by a bound introduced by this call
[INFO] [stdout] 1170 | |             let mut output_mask =
[INFO] [stdout] 1171 | |                 LweMask::from_container(vec![Scalar::ZERO; lwe_dimension.0], ciphertext_modulus);
[INFO] [stdout] 1172 | |             fill_lwe_mask_and_body_for_encryption(
[INFO] [stdout] ...    |
[INFO] [stdout] 1180 | |         });
[INFO] [stdout]      | |_________^ `impl DispersionParameter + Sync` cannot be sent between threads safely
[INFO] [stdout]      |
[INFO] [stdout] note: required because `noise_parameters` is used within this closure
[INFO] [stdout]     --> /opt/rustwide/cargo-home/registry/src/index.crates.io-1949cf8c6b5b557f/tfhe-0.4.1/src/core_crypto/algorithms/lwe_encryption.rs:1177:17
[INFO] [stdout]      |
[INFO] [stdout] 1177 |                 noise_parameters,
[INFO] [stdout]      |                 ^^^^^^^^^^^^^^^^
[INFO] [stdout] note: required by a bound in `rayon::iter::ParallelIterator::for_each`
[INFO] [stdout]     --> /opt/rustwide/cargo-home/registry/src/index.crates.io-1949cf8c6b5b557f/rayon-1.8.0/src/iter/mod.rs:377:37
[INFO] [stdout]      |
[INFO] [stdout]  358 | pub trait ParallelIterator: Sized + Send {
[INFO] [stdout] ...
[INFO] [stdout]  375 |     fn for_each<OP>(self, op: OP)
[INFO] [stdout]  376 |     where
[INFO] [stdout]  377 |         OP: Fn(Self::Item) + Sync + Send,
[INFO] [stdout]      |                                     ^^^^ required by this bound in `ParallelIterator::for_each`
[INFO] [stdout]      = note: the full name for the type has been written to '/opt/rustwide/target/debug/build/tfhe/fcea1a413ff8953d/out/tfhe-fcea1a413ff8953d.long-type-14165025581288497554.txt'
[INFO] [stdout]      = note: consider using `--verbose` to print the full type name to the console
[INFO] [stdout] help: consider restricting opaque type `impl DispersionParameter + Sync` with trait `Send`
[INFO] [stdout]      |
[INFO] [stdout] 1134 |     noise_parameters: impl DispersionParameter + Sync + std::marker::Send,
[INFO] [stdout]      |                                                       +++++++++++++++++++
[INFO] [stdout] 
[INFO] [stdout] 
[INFO] [stdout] error[E0277]: `impl DispersionParameter + Sync` cannot be sent between threads safely
[INFO] [stdout]     --> /opt/rustwide/cargo-home/registry/src/index.crates.io-1949cf8c6b5b557f/tfhe-0.4.1/src/core_crypto/algorithms/lwe_encryption.rs:1992:13
[INFO] [stdout]      |
[INFO] [stdout] 1991 |            .for_each(
[INFO] [stdout]      |             -------- required by a bound introduced by this call
[INFO] [stdout] 1992 | //             |(
[INFO] [stdout] 1993 | ||                 mut output_mask,
[INFO] [stdout] 1994 | ||                 (
[INFO] [stdout] 1995 | ||                     ((mut output_body_chunk, input_plaintext_chunk), binary_random_slice),
[INFO] [stdout] 1996 | ||                     mut loop_generator,
[INFO] [stdout] 1997 | ||                 ),
[INFO] [stdout] 1998 | ||             )| {
[INFO] [stdout]      | ||______________- within this `{closure@lwe_encryption.rs:1992:13}`
[INFO] [stdout] ...    |
[INFO] [stdout] 2037 | |                      });
[INFO] [stdout] 2038 | |              },
[INFO] [stdout]      | |______________^ `impl DispersionParameter + Sync` cannot be sent between threads safely
[INFO] [stdout]      |
[INFO] [stdout] note: required because `mask_noise_parameters` is used within this closure
[INFO] [stdout]     --> /opt/rustwide/cargo-home/registry/src/index.crates.io-1949cf8c6b5b557f/tfhe-0.4.1/src/core_crypto/algorithms/lwe_encryption.rs:2024:21
[INFO] [stdout]      |
[INFO] [stdout] 2024 |                     mask_noise_parameters,
[INFO] [stdout]      |                     ^^^^^^^^^^^^^^^^^^^^^
[INFO] [stdout] note: required by a bound in `rayon::iter::ParallelIterator::for_each`
[INFO] [stdout]     --> /opt/rustwide/cargo-home/registry/src/index.crates.io-1949cf8c6b5b557f/rayon-1.8.0/src/iter/mod.rs:377:37
[INFO] [stdout]      |
[INFO] [stdout]  358 | pub trait ParallelIterator: Sized + Send {
[INFO] [stdout] ...
[INFO] [stdout]  375 |     fn for_each<OP>(self, op: OP)
[INFO] [stdout]  376 |     where
[INFO] [stdout]  377 |         OP: Fn(Self::Item) + Sync + Send,
[INFO] [stdout]      |                                     ^^^^ required by this bound in `ParallelIterator::for_each`
[INFO] [stdout]      = note: the full name for the type has been written to '/opt/rustwide/target/debug/build/tfhe/fcea1a413ff8953d/out/tfhe-fcea1a413ff8953d.long-type-9632207315474544078.txt'
[INFO] [stdout]      = note: consider using `--verbose` to print the full type name to the console
[INFO] [stdout] help: consider restricting opaque type `impl DispersionParameter + Sync` with trait `Send`
[INFO] [stdout]      |
[INFO] [stdout] 1925 |     mask_noise_parameters: impl DispersionParameter + Sync + std::marker::Send,
[INFO] [stdout]      |                                                            +++++++++++++++++++
[INFO] [stdout] 
[INFO] [stdout] 
[INFO] [stdout] error[E0277]: `impl DispersionParameter + Sync` cannot be sent between threads safely
[INFO] [stdout]    --> /opt/rustwide/cargo-home/registry/src/index.crates.io-1949cf8c6b5b557f/tfhe-0.4.1/src/core_crypto/algorithms/lwe_multi_bit_bootstrap_key_generation.rs:371:13
[INFO] [stdout]     |
[INFO] [stdout] 370 |           .for_each(
[INFO] [stdout]     |            -------- required by a bound introduced by this call
[INFO] [stdout] 371 |               |((mut ggsw_group, input_key_elements), mut loop_generator)| {
[INFO] [stdout]     |               ^-----------------------------------------------------------
[INFO] [stdout]     |               |
[INFO] [stdout]     |  _____________within this `{closure@lwe_multi_bit_bootstrap_key_generation.rs:371:13}`
[INFO] [stdout]     | |
[INFO] [stdout] 372 | |                 let gen_iter = loop_generator
[INFO] [stdout] 373 | |                     .par_fork_multi_bit_bsk_ggsw_group_to_ggsw::<Scalar>(
[INFO] [stdout] 374 | |                         output_decomposition_level_count,
[INFO] [stdout] ...   |
[INFO] [stdout] 396 | |                     });
[INFO] [stdout] 397 | |             },
[INFO] [stdout]     | |_____________^ `impl DispersionParameter + Sync` cannot be sent between threads safely
[INFO] [stdout]     |
[INFO] [stdout] note: required because `noise_parameters` is used within this closure
[INFO] [stdout]    --> /opt/rustwide/cargo-home/registry/src/index.crates.io-1949cf8c6b5b557f/tfhe-0.4.1/src/core_crypto/algorithms/lwe_multi_bit_bootstrap_key_generation.rs:393:29
[INFO] [stdout]     |
[INFO] [stdout] 393 | ...                   noise_parameters,
[INFO] [stdout]     |                       ^^^^^^^^^^^^^^^^
[INFO] [stdout] note: required by a bound in `rayon::iter::ParallelIterator::for_each`
[INFO] [stdout]    --> /opt/rustwide/cargo-home/registry/src/index.crates.io-1949cf8c6b5b557f/rayon-1.8.0/src/iter/mod.rs:377:37
[INFO] [stdout]     |
[INFO] [stdout] 358 | pub trait ParallelIterator: Sized + Send {
[INFO] [stdout] ...
[INFO] [stdout] 375 |     fn for_each<OP>(self, op: OP)
[INFO] [stdout] 376 |     where
[INFO] [stdout] 377 |         OP: Fn(Self::Item) + Sync + Send,
[INFO] [stdout]     |                                     ^^^^ required by this bound in `ParallelIterator::for_each`
[INFO] [stdout]     = note: the full name for the type has been written to '/opt/rustwide/target/debug/build/tfhe/fcea1a413ff8953d/out/tfhe-fcea1a413ff8953d.long-type-11732996851407367422.txt'
[INFO] [stdout]     = note: consider using `--verbose` to print the full type name to the console
[INFO] [stdout] help: consider restricting opaque type `impl DispersionParameter + Sync` with trait `Send`
[INFO] [stdout]     |
[INFO] [stdout] 312 |     noise_parameters: impl DispersionParameter + Sync + std::marker::Send,
[INFO] [stdout]     |                                                       +++++++++++++++++++
[INFO] [stdout] 
[INFO] [stdout] 
[INFO] [stdout] error[E0277]: `impl DispersionParameter + Sync` cannot be sent between threads safely
[INFO] [stdout]    --> /opt/rustwide/cargo-home/registry/src/index.crates.io-1949cf8c6b5b557f/tfhe-0.4.1/src/core_crypto/algorithms/lwe_multi_bit_bootstrap_key_generation.rs:384:31
[INFO] [stdout]     |
[INFO] [stdout] 384 |                       .for_each(|((bit_inversion_idx, ggsw), mut inner_loop_generator)| {
[INFO] [stdout]     |                        -------- ^------------------------------------------------------
[INFO] [stdout]     |                        |        |
[INFO] [stdout]     |  ______________________|________within this `{closure@lwe_multi_bit_bootstrap_key_generation.rs:384:31}`
[INFO] [stdout]     | |                      |
[INFO] [stdout]     | |                      required by a bound introduced by this call
[INFO] [stdout] 385 | |                         // Use the index of the ggsw as a way to know which bit to invert
[INFO] [stdout] 386 | |                         let key_bits_plaintext =
[INFO] [stdout] 387 | |                             combine_key_bits(bit_inversion_idx, input_key_elements);
[INFO] [stdout] ...   |
[INFO] [stdout] 395 | |                         );
[INFO] [stdout] 396 | |                     });
[INFO] [stdout]     | |_____________________^ `impl DispersionParameter + Sync` cannot be sent between threads safely
[INFO] [stdout]     |
[INFO] [stdout] note: required because `noise_parameters` is used within this closure
[INFO] [stdout]    --> /opt/rustwide/cargo-home/registry/src/index.crates.io-1949cf8c6b5b557f/tfhe-0.4.1/src/core_crypto/algorithms/lwe_multi_bit_bootstrap_key_generation.rs:393:29
[INFO] [stdout]     |
[INFO] [stdout] 393 | ...                   noise_parameters,
[INFO] [stdout]     |                       ^^^^^^^^^^^^^^^^
[INFO] [stdout] note: required by a bound in `rayon::iter::ParallelIterator::for_each`
[INFO] [stdout]    --> /opt/rustwide/cargo-home/registry/src/index.crates.io-1949cf8c6b5b557f/rayon-1.8.0/src/iter/mod.rs:377:37
[INFO] [stdout]     |
[INFO] [stdout] 358 | pub trait ParallelIterator: Sized + Send {
[INFO] [stdout] ...
[INFO] [stdout] 375 |     fn for_each<OP>(self, op: OP)
[INFO] [stdout] 376 |     where
[INFO] [stdout] 377 |         OP: Fn(Self::Item) + Sync + Send,
[INFO] [stdout]     |                                     ^^^^ required by this bound in `ParallelIterator::for_each`
[INFO] [stdout]     = note: the full name for the type has been written to '/opt/rustwide/target/debug/build/tfhe/fcea1a413ff8953d/out/tfhe-fcea1a413ff8953d.long-type-12072816750218377852.txt'
[INFO] [stdout]     = note: consider using `--verbose` to print the full type name to the console
[INFO] [stdout] help: consider restricting opaque type `impl DispersionParameter + Sync` with trait `Send`
[INFO] [stdout]     |
[INFO] [stdout] 312 |     noise_parameters: impl DispersionParameter + Sync + std::marker::Send,
[INFO] [stdout]     |                                                       +++++++++++++++++++
[INFO] [stdout] 
[INFO] [stdout] 
[INFO] [stdout] error[E0277]: `impl DispersionParameter + Sync` cannot be sent between threads safely
[INFO] [stdout]    --> /opt/rustwide/cargo-home/registry/src/index.crates.io-1949cf8c6b5b557f/tfhe-0.4.1/src/core_crypto/algorithms/lwe_multi_bit_bootstrap_key_generation.rs:733:13
[INFO] [stdout]     |
[INFO] [stdout] 732 |           .for_each(
[INFO] [stdout]     |            -------- required by a bound introduced by this call
[INFO] [stdout] 733 |               |((mut ggsw_group, input_key_elements), mut loop_generator)| {
[INFO] [stdout]     |               ^-----------------------------------------------------------
[INFO] [stdout]     |               |
[INFO] [stdout]     |  _____________within this `{closure@lwe_multi_bit_bootstrap_key_generation.rs:733:13}`
[INFO] [stdout]     | |
[INFO] [stdout] 734 | |                 let gen_iter = loop_generator
[INFO] [stdout] 735 | |                     .par_fork_multi_bit_bsk_ggsw_group_to_ggsw::<Scalar>(
[INFO] [stdout] 736 | |                         output_decomposition_level_count,
[INFO] [stdout] ...   |
[INFO] [stdout] 758 | |                     });
[INFO] [stdout] 759 | |             },
[INFO] [stdout]     | |_____________^ `impl DispersionParameter + Sync` cannot be sent between threads safely
[INFO] [stdout]     |
[INFO] [stdout] note: required because `noise_parameters` is used within this closure
[INFO] [stdout]    --> /opt/rustwide/cargo-home/registry/src/index.crates.io-1949cf8c6b5b557f/tfhe-0.4.1/src/core_crypto/algorithms/lwe_multi_bit_bootstrap_key_generation.rs:755:29
[INFO] [stdout]     |
[INFO] [stdout] 755 | ...                   noise_parameters,
[INFO] [stdout]     |                       ^^^^^^^^^^^^^^^^
[INFO] [stdout] note: required by a bound in `rayon::iter::ParallelIterator::for_each`
[INFO] [stdout]    --> /opt/rustwide/cargo-home/registry/src/index.crates.io-1949cf8c6b5b557f/rayon-1.8.0/src/iter/mod.rs:377:37
[INFO] [stdout]     |
[INFO] [stdout] 358 | pub trait ParallelIterator: Sized + Send {
[INFO] [stdout] ...
[INFO] [stdout] 375 |     fn for_each<OP>(self, op: OP)
[INFO] [stdout] 376 |     where
[INFO] [stdout] 377 |         OP: Fn(Self::Item) + Sync + Send,
[INFO] [stdout]     |                                     ^^^^ required by this bound in `ParallelIterator::for_each`
[INFO] [stdout]     = note: the full name for the type has been written to '/opt/rustwide/target/debug/build/tfhe/fcea1a413ff8953d/out/tfhe-fcea1a413ff8953d.long-type-5129751986156158218.txt'
[INFO] [stdout]     = note: consider using `--verbose` to print the full type name to the console
[INFO] [stdout] help: consider restricting opaque type `impl DispersionParameter + Sync` with trait `Send`
[INFO] [stdout]     |
[INFO] [stdout] 668 |     noise_parameters: impl DispersionParameter + Sync + std::marker::Send,
[INFO] [stdout]     |                                                       +++++++++++++++++++
[INFO] [stdout] 
[INFO] [stdout] 
[INFO] [stdout] error[E0277]: `impl DispersionParameter + Sync` cannot be sent between threads safely
[INFO] [stdout]    --> /opt/rustwide/cargo-home/registry/src/index.crates.io-1949cf8c6b5b557f/tfhe-0.4.1/src/core_crypto/algorithms/lwe_multi_bit_bootstrap_key_generation.rs:746:31
[INFO] [stdout]     |
[INFO] [stdout] 746 |                       .for_each(|((bit_inversion_idx, ggsw), mut inner_loop_generator)| {
[INFO] [stdout]     |                        -------- ^------------------------------------------------------
[INFO] [stdout]     |                        |        |
[INFO] [stdout]     |  ______________________|________within this `{closure@lwe_multi_bit_bootstrap_key_generation.rs:746:31}`
[INFO] [stdout]     | |                      |
[INFO] [stdout]     | |                      required by a bound introduced by this call
[INFO] [stdout] 747 | |                         // Use the index of the ggsw as a way to know which bit to invert
[INFO] [stdout] 748 | |                         let key_bits_plaintext =
[INFO] [stdout] 749 | |                             combine_key_bits(bit_inversion_idx, input_key_elements);
[INFO] [stdout] ...   |
[INFO] [stdout] 757 | |                         );
[INFO] [stdout] 758 | |                     });
[INFO] [stdout]     | |_____________________^ `impl DispersionParameter + Sync` cannot be sent between threads safely
[INFO] [stdout]     |
[INFO] [stdout] note: required because `noise_parameters` is used within this closure
[INFO] [stdout]    --> /opt/rustwide/cargo-home/registry/src/index.crates.io-1949cf8c6b5b557f/tfhe-0.4.1/src/core_crypto/algorithms/lwe_multi_bit_bootstrap_key_generation.rs:755:29
[INFO] [stdout]     |
[INFO] [stdout] 755 | ...                   noise_parameters,
[INFO] [stdout]     |                       ^^^^^^^^^^^^^^^^
[INFO] [stdout] note: required by a bound in `rayon::iter::ParallelIterator::for_each`
[INFO] [stdout]    --> /opt/rustwide/cargo-home/registry/src/index.crates.io-1949cf8c6b5b557f/rayon-1.8.0/src/iter/mod.rs:377:37
[INFO] [stdout]     |
[INFO] [stdout] 358 | pub trait ParallelIterator: Sized + Send {
[INFO] [stdout] ...
[INFO] [stdout] 375 |     fn for_each<OP>(self, op: OP)
[INFO] [stdout] 376 |     where
[INFO] [stdout] 377 |         OP: Fn(Self::Item) + Sync + Send,
[INFO] [stdout]     |                                     ^^^^ required by this bound in `ParallelIterator::for_each`
[INFO] [stdout]     = note: the full name for the type has been written to '/opt/rustwide/target/debug/build/tfhe/fcea1a413ff8953d/out/tfhe-fcea1a413ff8953d.long-type-15086730217246442204.txt'
[INFO] [stdout]     = note: consider using `--verbose` to print the full type name to the console
[INFO] [stdout] help: consider restricting opaque type `impl DispersionParameter + Sync` with trait `Send`
[INFO] [stdout]     |
[INFO] [stdout] 668 |     noise_parameters: impl DispersionParameter + Sync + std::marker::Send,
[INFO] [stdout]     |                                                       +++++++++++++++++++
[INFO] [stdout] 
[INFO] [stdout] 
[INFO] [stdout] error[E0277]: `impl DispersionParameter + Sync` cannot be sent between threads safely
[INFO] [stdout]    --> /opt/rustwide/cargo-home/registry/src/index.crates.io-1949cf8c6b5b557f/tfhe-0.4.1/src/core_crypto/algorithms/lwe_private_functional_packing_keyswitch_key_generation.rs:221:13
[INFO] [stdout]     |
[INFO] [stdout] 220 |           .for_each(
[INFO] [stdout]     |            -------- required by a bound introduced by this call
[INFO] [stdout] 221 |               |((&input_key_bit, mut keyswitch_key_block), mut loop_generator)| {
[INFO] [stdout]     |               ^----------------------------------------------------------------
[INFO] [stdout]     |               |
[INFO] [stdout]     |  _____________within this `{closure@lwe_private_functional_packing_keyswitch_key_generation.rs:221:13}`
[INFO] [stdout]     | |
[INFO] [stdout] 222 | |                 // We instantiate a buffer
[INFO] [stdout] 223 | |                 let mut messages = PlaintextListOwned::new(Scalar::ZERO, plaintext_count);
[INFO] [stdout] ...   |
[INFO] [stdout] 250 | |             },
[INFO] [stdout]     | |_____________^ `impl DispersionParameter + Sync` cannot be sent between threads safely
[INFO] [stdout]     |
[INFO] [stdout] note: required because `noise_parameters` is used within this closure
[INFO] [stdout]    --> /opt/rustwide/cargo-home/registry/src/index.crates.io-1949cf8c6b5b557f/tfhe-0.4.1/src/core_crypto/algorithms/lwe_private_functional_packing_keyswitch_key_generation.rs:247:21
[INFO] [stdout]     |
[INFO] [stdout] 247 |                     noise_parameters,
[INFO] [stdout]     |                     ^^^^^^^^^^^^^^^^
[INFO] [stdout] note: required by a bound in `rayon::iter::ParallelIterator::for_each`
[INFO] [stdout]    --> /opt/rustwide/cargo-home/registry/src/index.crates.io-1949cf8c6b5b557f/rayon-1.8.0/src/iter/mod.rs:377:37
[INFO] [stdout]     |
[INFO] [stdout] 358 | pub trait ParallelIterator: Sized + Send {
[INFO] [stdout] ...
[INFO] [stdout] 375 |     fn for_each<OP>(self, op: OP)
[INFO] [stdout] 376 |     where
[INFO] [stdout] 377 |         OP: Fn(Self::Item) + Sync + Send,
[INFO] [stdout]     |                                     ^^^^ required by this bound in `ParallelIterator::for_each`
[INFO] [stdout]     = note: the full name for the type has been written to '/opt/rustwide/target/debug/build/tfhe/fcea1a413ff8953d/out/tfhe-fcea1a413ff8953d.long-type-6307648937761407020.txt'
[INFO] [stdout]     = note: consider using `--verbose` to print the full type name to the console
[INFO] [stdout] help: consider restricting opaque type `impl DispersionParameter + Sync` with trait `Send`
[INFO] [stdout]     |
[INFO] [stdout] 150 |     noise_parameters: impl DispersionParameter + Sync + std::marker::Send,
[INFO] [stdout]     |                                                       +++++++++++++++++++
[INFO] [stdout] 
[INFO] [stdout] 
[INFO] [stdout] error[E0277]: `impl DispersionParameter + Sync` cannot be sent between threads safely
[INFO] [stdout]    --> /opt/rustwide/cargo-home/registry/src/index.crates.io-1949cf8c6b5b557f/tfhe-0.4.1/src/core_crypto/algorithms/lwe_wopbs.rs:286:13
[INFO] [stdout]     |
[INFO] [stdout] 285 |           .for_each(
[INFO] [stdout]     |            -------- required by a bound introduced by this call
[INFO] [stdout] 286 |               |((mut lwe_pfpksk, polynomial_to_encrypt), mut loop_generator)| {
[INFO] [stdout]     |               ^--------------------------------------------------------------
[INFO] [stdout]     |               |
[INFO] [stdout]     |  _____________within this `{closure@lwe_wopbs.rs:286:13}`
[INFO] [stdout]     | |
[INFO] [stdout] 287 | |                 par_generate_lwe_private_functional_packing_keyswitch_key(
[INFO] [stdout] 288 | |                     input_lwe_secret_key,
[INFO] [stdout] 289 | |                     output_glwe_secret_key,
[INFO] [stdout] ...   |
[INFO] [stdout] 295 | |                 );
[INFO] [stdout] 296 | |             },
[INFO] [stdout]     | |_____________^ `impl DispersionParameter + Sync` cannot be sent between threads safely
[INFO] [stdout]     |
[INFO] [stdout] note: required because `noise_parameters` is used within this closure
[INFO] [stdout]    --> /opt/rustwide/cargo-home/registry/src/index.crates.io-1949cf8c6b5b557f/tfhe-0.4.1/src/core_crypto/algorithms/lwe_wopbs.rs:291:21
[INFO] [stdout]     |
[INFO] [stdout] 291 |                     noise_parameters,
[INFO] [stdout]     |                     ^^^^^^^^^^^^^^^^
[INFO] [stdout] note: required by a bound in `rayon::iter::ParallelIterator::for_each`
[INFO] [stdout]    --> /opt/rustwide/cargo-home/registry/src/index.crates.io-1949cf8c6b5b557f/rayon-1.8.0/src/iter/mod.rs:377:37
[INFO] [stdout]     |
[INFO] [stdout] 358 | pub trait ParallelIterator: Sized + Send {
[INFO] [stdout] ...
[INFO] [stdout] 375 |     fn for_each<OP>(self, op: OP)
[INFO] [stdout] 376 |     where
[INFO] [stdout] 377 |         OP: Fn(Self::Item) + Sync + Send,
[INFO] [stdout]     |                                     ^^^^ required by this bound in `ParallelIterator::for_each`
[INFO] [stdout]     = note: the full name for the type has been written to '/opt/rustwide/target/debug/build/tfhe/fcea1a413ff8953d/out/tfhe-fcea1a413ff8953d.long-type-16368824073522770094.txt'
[INFO] [stdout]     = note: consider using `--verbose` to print the full type name to the console
[INFO] [stdout] help: consider restricting opaque type `impl DispersionParameter + Sync` with trait `Send`
[INFO] [stdout]     |
[INFO] [stdout] 228 |     noise_parameters: impl DispersionParameter + Sync + std::marker::Send,
[INFO] [stdout]     |                                                       +++++++++++++++++++
[INFO] [stdout] 
[INFO] [stdout] 
[INFO] [stdout] For more information about this error, try `rustc --explain E0277`.
[INFO] [stdout] 
[INFO] [stderr] error: could not compile `tfhe` (lib) due to 15 previous errors
[INFO] running `Command { std: "docker" "inspect" "077ee206408b9ea6e4ec5b62e5e4877d5aa7cd14e2d703db987f105c509a4d1b", kill_on_drop: false }`
[INFO] running `Command { std: "docker" "rm" "-f" "077ee206408b9ea6e4ec5b62e5e4877d5aa7cd14e2d703db987f105c509a4d1b", kill_on_drop: false }`
[INFO] [stdout] 077ee206408b9ea6e4ec5b62e5e4877d5aa7cd14e2d703db987f105c509a4d1b
