[INFO] cloning repository https://github.com/TrystanScottLambert/fof
[INFO] running `Command { std: "git" "-c" "credential.helper=" "-c" "credential.helper=/workspace/cargo-home/bin/git-credential-null" "clone" "--bare" "https://github.com/TrystanScottLambert/fof" "/workspace/cache/git-repos/https%3A%2F%2Fgithub.com%2FTrystanScottLambert%2Ffof", kill_on_drop: false }`
[INFO] [stderr] Cloning into bare repository '/workspace/cache/git-repos/https%3A%2F%2Fgithub.com%2FTrystanScottLambert%2Ffof'...
[INFO] running `Command { std: "git" "rev-parse" "HEAD", kill_on_drop: false }`
[INFO] [stdout] 1e0dc737b03e05cd871cd14940fbcc2dbece2611
[INFO] checking TrystanScottLambert/fof against c60b92c03ca8a3b101eb9d57f51e2232690638c7 for pr-164148-crater-rollup
[INFO] running `Command { std: "git" "clone" "/workspace/cache/git-repos/https%3A%2F%2Fgithub.com%2FTrystanScottLambert%2Ffof" "/workspace/builds/worker-1-tc2/source", kill_on_drop: false }`
[INFO] [stderr] Cloning into '/workspace/builds/worker-1-tc2/source'...
[INFO] [stderr] done.
[INFO] started tweaking git repo https://github.com/TrystanScottLambert/fof
[INFO] finished tweaking git repo https://github.com/TrystanScottLambert/fof
[INFO] tweaked toml for git repo https://github.com/TrystanScottLambert/fof written to /workspace/builds/worker-1-tc2/source/Cargo.toml
[INFO] validating manifest of git repo https://github.com/TrystanScottLambert/fof on toolchain c60b92c03ca8a3b101eb9d57f51e2232690638c7
[INFO] running `Command { std: CARGO_HOME="/workspace/cargo-home" RUSTUP_HOME="/workspace/rustup-home" "/workspace/cargo-home/bin/cargo" "+c60b92c03ca8a3b101eb9d57f51e2232690638c7" "metadata" "--manifest-path" "Cargo.toml" "--no-deps", kill_on_drop: false }`
[INFO] crate git repo https://github.com/TrystanScottLambert/fof already has a lockfile, it will not be regenerated
[INFO] running `Command { std: CARGO_HOME="/workspace/cargo-home" RUSTUP_HOME="/workspace/rustup-home" "/workspace/cargo-home/bin/cargo" "+c60b92c03ca8a3b101eb9d57f51e2232690638c7" "fetch" "--manifest-path" "Cargo.toml", kill_on_drop: false }`
[INFO] running `Command { std: "docker" "create" "-v" "/var/lib/crater-agent-workspace/builds/worker-1-tc2/source:/opt/rustwide/workdir:ro,Z" "-v" "/var/lib/crater-agent-workspace/builds/worker-1-tc2/target:/opt/rustwide/target:rw,Z" "-v" "/var/lib/crater-agent-workspace/cargo-home:/opt/rustwide/cargo-home:ro,Z" "-v" "/var/lib/crater-agent-workspace/rustup-home:/opt/rustwide/rustup-home:ro,Z" "-m" "1610612736" "--network" "none" "ghcr.io/rust-lang/crates-build-env/linux@sha256:77db811e55d90add9212f6832c23229e3de5f1c1f9905e8cb07319ea15df73ac" "sleep" "infinity", kill_on_drop: false }`
[INFO] [stdout] 2faaea99e30cc0671755750d05094784f3ae94e3b13dd8607cc2418888294bd5
[INFO] running `Command { std: "docker" "start" "2faaea99e30cc0671755750d05094784f3ae94e3b13dd8607cc2418888294bd5", kill_on_drop: false }`
[INFO] running `Command { std: "docker" "inspect" "2faaea99e30cc0671755750d05094784f3ae94e3b13dd8607cc2418888294bd5", kill_on_drop: false }`
[INFO] running `Command { std: "docker" "exec" "-e" "SOURCE_DIR=/opt/rustwide/workdir" "-e" "CARGO_HOME=/opt/rustwide/cargo-home" "-e" "RUSTUP_HOME=/opt/rustwide/rustup-home" "-e" "CARGO_TARGET_DIR=/opt/rustwide/target" "-w" "/opt/rustwide/workdir" "--user" "0:0" "2faaea99e30cc0671755750d05094784f3ae94e3b13dd8607cc2418888294bd5" "/opt/rustwide/cargo-home/bin/cargo" "+c60b92c03ca8a3b101eb9d57f51e2232690638c7" "metadata" "--no-deps" "--format-version=1", kill_on_drop: false }`
[INFO] running `Command { std: "docker" "inspect" "2faaea99e30cc0671755750d05094784f3ae94e3b13dd8607cc2418888294bd5", kill_on_drop: false }`
[INFO] running `Command { std: "docker" "exec" "-e" "SOURCE_DIR=/opt/rustwide/workdir" "-e" "CARGO_HOME=/opt/rustwide/cargo-home" "-e" "RUSTUP_HOME=/opt/rustwide/rustup-home" "-e" "CARGO_TARGET_DIR=/opt/rustwide/target" "-e" "CARGO_INCREMENTAL=0" "-e" "RUST_BACKTRACE=full" "-e" "RUSTFLAGS=--cap-lints=forbid" "-e" "RUSTDOCFLAGS=--cap-lints=forbid" "-w" "/opt/rustwide/workdir" "--user" "0:0" "2faaea99e30cc0671755750d05094784f3ae94e3b13dd8607cc2418888294bd5" "/opt/rustwide/cargo-home/bin/cargo" "+c60b92c03ca8a3b101eb9d57f51e2232690638c7" "check" "--frozen" "--all" "--all-targets" "--message-format=json", kill_on_drop: false }`
[INFO] [stderr]    Compiling num-traits v0.2.19
[INFO] [stderr]    Compiling rustversion v1.0.21
[INFO] [stderr]     Checking tracing-core v0.1.34
[INFO] [stderr]    Compiling cc v1.2.29
[INFO] [stderr]    Compiling libc v0.2.174
[INFO] [stderr]    Compiling az v1.2.1
[INFO] [stderr]    Compiling syn v2.0.104
[INFO] [stderr]    Compiling typenum v1.18.0
[INFO] [stderr]     Checking log v0.4.27
[INFO] [stderr]    Compiling doc-comment v0.3.3
[INFO] [stderr]    Compiling fixed v1.29.0
[INFO] [stderr]     Checking overload v0.1.1
[INFO] [stderr]    Compiling serde v1.0.219
[INFO] [stderr]     Checking nu-ansi-term v0.46.0
[INFO] [stderr]     Checking tracing-log v0.2.0
[INFO] [stderr]     Checking thread_local v1.1.9
[INFO] [stderr]     Checking half v2.6.0
[INFO] [stderr]     Checking smallvec v1.15.1
[INFO] [stderr]     Checking memchr v2.7.5
[INFO] [stderr]     Checking num-integer v0.1.46
[INFO] [stderr]     Checking num-complex v0.4.6
[INFO] [stderr]     Checking num-bigint v0.4.6
[INFO] [stderr]     Checking num-iter v0.1.45
[INFO] [stderr]     Checking bytemuck v1.23.1
[INFO] [stderr]     Checking ordered-float v5.0.0
[INFO] [stderr]     Checking tracing-subscriber v0.3.19
[INFO] [stderr]     Checking csv-core v0.1.12
[INFO] [stderr]     Checking itertools v0.13.0
[INFO] [stderr]     Checking itoa v1.0.15
[INFO] [stderr]     Checking divrem v1.0.0
[INFO] [stderr]    Compiling generator v0.8.5
[INFO] [stderr]     Checking array-init v2.1.0
[INFO] [stderr]     Checking sorted-vec v0.8.6
[INFO] [stderr]     Checking ryu v1.0.20
[INFO] [stderr]     Checking cmov v0.3.1
[INFO] [stderr]     Checking roots v0.0.8
[INFO] [stderr]     Checking num-rational v0.4.2
[INFO] [stderr]     Checking num v0.4.3
[INFO] [stderr]     Checking integrate v0.1.11
[INFO] [stdout] error[E0277]: `F1` cannot be sent between threads safely
[INFO] [stdout]    --> /opt/rustwide/cargo-home/registry/src/index.crates.io-1949cf8c6b5b557f/integrate-0.1.11/src/gauss_quadrature.rs:59:14
[INFO] [stdout]     |
[INFO] [stdout]  59 |           .map(|k| {
[INFO] [stdout]     |            --- ^--
[INFO] [stdout]     |            |   |
[INFO] [stdout]     |  __________|___within this `{closure@gauss_quadrature.rs:59:14}`
[INFO] [stdout]     | |          |
[INFO] [stdout]     | |          required by a bound introduced by this call
[INFO] [stdout]  60 | |             // getting gauss-legendre weights and nodes
[INFO] [stdout]  61 | |             let (_, weight, x) = glpair(n, k);
[INFO] [stdout] ...   |
[INFO] [stdout]  67 | |             weight * func(c * x + d).to_f64().unwrap() * c.to_f64().unwrap()
[INFO] [stdout]  68 | |         })
[INFO] [stdout]     | |_________^ `F1` cannot be sent between threads safely
[INFO] [stdout]     |
[INFO] [stdout] note: required because `d` is used within this closure
[INFO] [stdout]    --> /opt/rustwide/cargo-home/registry/src/index.crates.io-1949cf8c6b5b557f/integrate-0.1.11/src/gauss_quadrature.rs:67:35
[INFO] [stdout]     |
[INFO] [stdout]  67 |             weight * func(c * x + d).to_f64().unwrap() * c.to_f64().unwrap()
[INFO] [stdout]     |                                   ^
[INFO] [stdout] note: required by a bound in `rayon::iter::ParallelIterator::map`
[INFO] [stdout]    --> /opt/rustwide/cargo-home/registry/src/index.crates.io-1949cf8c6b5b557f/rayon-1.11.0/src/iter/mod.rs:594:41
[INFO] [stdout]     |
[INFO] [stdout] 356 | pub trait ParallelIterator: Sized + Send {
[INFO] [stdout] ...
[INFO] [stdout] 592 |     fn map<F, R>(self, map_op: F) -> Map<Self, F>
[INFO] [stdout] 593 |     where
[INFO] [stdout] 594 |         F: Fn(Self::Item) -> R + Sync + Send,
[INFO] [stdout]     |                                         ^^^^ required by this bound in `ParallelIterator::map`
[INFO] [stdout]     = note: the full name for the type has been written to '/opt/rustwide/target/debug/build/integrate/148374145418ba73/out/integrate-148374145418ba73.long-type-18210447335001918236.txt'
[INFO] [stdout]     = note: consider using `--verbose` to print the full type name to the console
[INFO] [stdout] help: consider further restricting type parameter `F1` with trait `Send`
[INFO] [stdout]     |
[INFO] [stdout]  38 |     F1: Float + Sync + std::marker::Send,
[INFO] [stdout]     |                      +++++++++++++++++++
[INFO] [stdout] 
[INFO] [stdout] 
[INFO] [stdout] error[E0277]: `F1` cannot be sent between threads safely
[INFO] [stdout]   --> /opt/rustwide/cargo-home/registry/src/index.crates.io-1949cf8c6b5b557f/integrate-0.1.11/src/gauss_quadrature.rs:57:25
[INFO] [stdout]    |
[INFO] [stdout] 57 |       let integral: f64 = (1..=n)
[INFO] [stdout]    |  _________________________^
[INFO] [stdout] 58 | |         .into_par_iter()
[INFO] [stdout] 59 | |         .map(|k| {
[INFO] [stdout]    | |              --- within this `{closure@gauss_quadrature.rs:59:14}`
[INFO] [stdout] ...  |
[INFO] [stdout] 68 | |         })
[INFO] [stdout] 69 | |         .sum();
[INFO] [stdout]    | |______________^ `F1` cannot be sent between threads safely
[INFO] [stdout]    |
[INFO] [stdout] note: required because `d` is used within this closure
[INFO] [stdout]   --> /opt/rustwide/cargo-home/registry/src/index.crates.io-1949cf8c6b5b557f/integrate-0.1.11/src/gauss_quadrature.rs:67:35
[INFO] [stdout]    |
[INFO] [stdout] 67 |             weight * func(c * x + d).to_f64().unwrap() * c.to_f64().unwrap()
[INFO] [stdout]    |                                   ^
[INFO] [stdout]    = note: required for `Map<Iter<usize>, {closure@gauss_quadrature.rs:59:14}>` to implement `rayon::iter::ParallelIterator`
[INFO] [stdout]    = note: the full name for the type has been written to '/opt/rustwide/target/debug/build/integrate/148374145418ba73/out/integrate-148374145418ba73.long-type-18210447335001918236.txt'
[INFO] [stdout]    = note: consider using `--verbose` to print the full type name to the console
[INFO] [stdout] help: consider further restricting type parameter `F1` with trait `Send`
[INFO] [stdout]    |
[INFO] [stdout] 38 |     F1: Float + Sync + std::marker::Send,
[INFO] [stdout]    |                      +++++++++++++++++++
[INFO] [stdout] 
[INFO] [stdout] 
[INFO] [stdout] error[E0277]: `F1` cannot be sent between threads safely
[INFO] [stdout]    --> /opt/rustwide/cargo-home/registry/src/index.crates.io-1949cf8c6b5b557f/integrate-0.1.11/src/newton_cotes.rs:51:14
[INFO] [stdout]     |
[INFO] [stdout]  51 |           .map(|i| {
[INFO] [stdout]     |            --- ^--
[INFO] [stdout]     |            |   |
[INFO] [stdout]     |  __________|___within this `{closure@newton_cotes.rs:51:14}`
[INFO] [stdout]     | |          |
[INFO] [stdout]     | |          required by a bound introduced by this call
[INFO] [stdout]  52 | |             // subinterval index (as real)
[INFO] [stdout]  53 | |             let i = F1::from(i).expect("failed to convert subinterval index i");
[INFO] [stdout] ...   |
[INFO] [stdout]  63 | |         })
[INFO] [stdout]     | |_________^ `F1` cannot be sent between threads safely
[INFO] [stdout]     |
[INFO] [stdout] note: required because `lower_limit` is used within this closure
[INFO] [stdout]    --> /opt/rustwide/cargo-home/registry/src/index.crates.io-1949cf8c6b5b557f/integrate-0.1.11/src/newton_cotes.rs:56:21
[INFO] [stdout]     |
[INFO] [stdout]  56 |             let x = lower_limit
[INFO] [stdout]     |                     ^^^^^^^^^^^
[INFO] [stdout] note: required by a bound in `rayon::iter::ParallelIterator::map`
[INFO] [stdout]    --> /opt/rustwide/cargo-home/registry/src/index.crates.io-1949cf8c6b5b557f/rayon-1.11.0/src/iter/mod.rs:594:41
[INFO] [stdout]     |
[INFO] [stdout] 356 | pub trait ParallelIterator: Sized + Send {
[INFO] [stdout] ...
[INFO] [stdout] 592 |     fn map<F, R>(self, map_op: F) -> Map<Self, F>
[INFO] [stdout] 593 |     where
[INFO] [stdout] 594 |         F: Fn(Self::Item) -> R + Sync + Send,
[INFO] [stdout]     |                                         ^^^^ required by this bound in `ParallelIterator::map`
[INFO] [stdout]     = note: the full name for the type has been written to '/opt/rustwide/target/debug/build/integrate/148374145418ba73/out/integrate-148374145418ba73.long-type-8608635553966018416.txt'
[INFO] [stdout]     = note: consider using `--verbose` to print the full type name to the console
[INFO] [stdout] help: consider further restricting type parameter `F1` with trait `Send`
[INFO] [stdout]     |
[INFO] [stdout]  33 | pub fn rectangle_rule<Func, F1: Float + Sync + std::marker::Send, F2: Float + Sync, U: Unsigned + ToPrimitive + Copy>(
[INFO] [stdout]     |                                              +++++++++++++++++++
[INFO] [stdout] 
[INFO] [stdout] 
[INFO] [stdout] error[E0277]: `F1` cannot be sent between threads safely
[INFO] [stdout]   --> /opt/rustwide/cargo-home/registry/src/index.crates.io-1949cf8c6b5b557f/integrate-0.1.11/src/newton_cotes.rs:49:25
[INFO] [stdout]    |
[INFO] [stdout] 49 |       let integral: f64 = (0..(n_intervals.to_usize().unwrap()))
[INFO] [stdout]    |  _________________________^
[INFO] [stdout] 50 | |         .into_par_iter()
[INFO] [stdout] 51 | |         .map(|i| {
[INFO] [stdout]    | |              --- within this `{closure@newton_cotes.rs:51:14}`
[INFO] [stdout] ...  |
[INFO] [stdout] 63 | |         })
[INFO] [stdout] 64 | |         .sum();
[INFO] [stdout]    | |______________^ `F1` cannot be sent between threads safely
[INFO] [stdout]    |
[INFO] [stdout] note: required because `lower_limit` is used within this closure
[INFO] [stdout]   --> /opt/rustwide/cargo-home/registry/src/index.crates.io-1949cf8c6b5b557f/integrate-0.1.11/src/newton_cotes.rs:56:21
[INFO] [stdout]    |
[INFO] [stdout] 56 |             let x = lower_limit
[INFO] [stdout]    |                     ^^^^^^^^^^^
[INFO] [stdout]    = note: required for `Map<Iter<usize>, {closure@newton_cotes.rs:51:14}>` to implement `rayon::iter::ParallelIterator`
[INFO] [stdout]    = note: the full name for the type has been written to '/opt/rustwide/target/debug/build/integrate/148374145418ba73/out/integrate-148374145418ba73.long-type-8608635553966018416.txt'
[INFO] [stdout]    = note: consider using `--verbose` to print the full type name to the console
[INFO] [stdout] help: consider further restricting type parameter `F1` with trait `Send`
[INFO] [stdout]    |
[INFO] [stdout] 33 | pub fn rectangle_rule<Func, F1: Float + Sync + std::marker::Send, F2: Float + Sync, U: Unsigned + ToPrimitive + Copy>(
[INFO] [stdout]    |                                              +++++++++++++++++++
[INFO] [stdout] 
[INFO] [stdout] 
[INFO] [stdout] error[E0277]: `F1` cannot be sent between threads safely
[INFO] [stdout]    --> /opt/rustwide/cargo-home/registry/src/index.crates.io-1949cf8c6b5b557f/integrate-0.1.11/src/newton_cotes.rs:119:14
[INFO] [stdout]     |
[INFO] [stdout] 119 |           .map(|i| {
[INFO] [stdout]     |            --- ^--
[INFO] [stdout]     |            |   |
[INFO] [stdout]     |  __________|___within this `{closure@newton_cotes.rs:119:14}`
[INFO] [stdout]     | |          |
[INFO] [stdout]     | |          required by a bound introduced by this call
[INFO] [stdout] 120 | |             // subinterval index (as real)
[INFO] [stdout] 121 | |             let i = F1::from(i).expect("failed to convert subinterval index i");
[INFO] [stdout] 122 | |             func(lower_limit + i * h).to_f64().unwrap()
[INFO] [stdout] 123 | |         })
[INFO] [stdout]     | |_________^ `F1` cannot be sent between threads safely
[INFO] [stdout]     |
[INFO] [stdout] note: required because `lower_limit` is used within this closure
[INFO] [stdout]    --> /opt/rustwide/cargo-home/registry/src/index.crates.io-1949cf8c6b5b557f/integrate-0.1.11/src/newton_cotes.rs:122:18
[INFO] [stdout]     |
[INFO] [stdout] 122 |             func(lower_limit + i * h).to_f64().unwrap()
[INFO] [stdout]     |                  ^^^^^^^^^^^
[INFO] [stdout] note: required by a bound in `rayon::iter::ParallelIterator::map`
[INFO] [stdout]    --> /opt/rustwide/cargo-home/registry/src/index.crates.io-1949cf8c6b5b557f/rayon-1.11.0/src/iter/mod.rs:594:41
[INFO] [stdout]     |
[INFO] [stdout] 356 | pub trait ParallelIterator: Sized + Send {
[INFO] [stdout] ...
[INFO] [stdout] 592 |     fn map<F, R>(self, map_op: F) -> Map<Self, F>
[INFO] [stdout] 593 |     where
[INFO] [stdout] 594 |         F: Fn(Self::Item) -> R + Sync + Send,
[INFO] [stdout]     |                                         ^^^^ required by this bound in `ParallelIterator::map`
[INFO] [stdout]     = note: the full name for the type has been written to '/opt/rustwide/target/debug/build/integrate/148374145418ba73/out/integrate-148374145418ba73.long-type-7237452834461544294.txt'
[INFO] [stdout]     = note: consider using `--verbose` to print the full type name to the console
[INFO] [stdout] help: consider further restricting type parameter `F1` with trait `Send`
[INFO] [stdout]     |
[INFO] [stdout]  95 |     F1: Float + Sync + std::marker::Send,
[INFO] [stdout]     |                      +++++++++++++++++++
[INFO] [stdout] 
[INFO] [stdout] 
[INFO] [stdout] error[E0277]: `F1` cannot be sent between threads safely
[INFO] [stdout]    --> /opt/rustwide/cargo-home/registry/src/index.crates.io-1949cf8c6b5b557f/integrate-0.1.11/src/newton_cotes.rs:117:25
[INFO] [stdout]     |
[INFO] [stdout] 117 |       let integral: f64 = (1..(n_intervals.to_usize().unwrap()))
[INFO] [stdout]     |  _________________________^
[INFO] [stdout] 118 | |         .into_par_iter()
[INFO] [stdout] 119 | |         .map(|i| {
[INFO] [stdout]     | |              --- within this `{closure@newton_cotes.rs:119:14}`
[INFO] [stdout] ...   |
[INFO] [stdout] 123 | |         })
[INFO] [stdout] 124 | |         .sum();
[INFO] [stdout]     | |______________^ `F1` cannot be sent between threads safely
[INFO] [stdout]     |
[INFO] [stdout] note: required because `lower_limit` is used within this closure
[INFO] [stdout]    --> /opt/rustwide/cargo-home/registry/src/index.crates.io-1949cf8c6b5b557f/integrate-0.1.11/src/newton_cotes.rs:122:18
[INFO] [stdout]     |
[INFO] [stdout] 122 |             func(lower_limit + i * h).to_f64().unwrap()
[INFO] [stdout]     |                  ^^^^^^^^^^^
[INFO] [stdout]     = note: required for `Map<Iter<usize>, {closure@newton_cotes.rs:119:14}>` to implement `rayon::iter::ParallelIterator`
[INFO] [stdout]     = note: the full name for the type has been written to '/opt/rustwide/target/debug/build/integrate/148374145418ba73/out/integrate-148374145418ba73.long-type-7237452834461544294.txt'
[INFO] [stdout]     = note: consider using `--verbose` to print the full type name to the console
[INFO] [stdout] help: consider further restricting type parameter `F1` with trait `Send`
[INFO] [stdout]     |
[INFO] [stdout]  95 |     F1: Float + Sync + std::marker::Send,
[INFO] [stdout]     |                      +++++++++++++++++++
[INFO] [stdout] 
[INFO] [stdout] 
[INFO] [stdout] error[E0277]: `F1` cannot be sent between threads safely
[INFO] [stdout]    --> /opt/rustwide/cargo-home/registry/src/index.crates.io-1949cf8c6b5b557f/integrate-0.1.11/src/newton_cotes.rs:182:14
[INFO] [stdout]     |
[INFO] [stdout] 182 |           .map(|i| {
[INFO] [stdout]     |            --- ^--
[INFO] [stdout]     |            |   |
[INFO] [stdout]     |  __________|___within this `{closure@newton_cotes.rs:182:14}`
[INFO] [stdout]     | |          |
[INFO] [stdout]     | |          required by a bound introduced by this call
[INFO] [stdout] 183 | |             // subinterval index (as real)
[INFO] [stdout] 184 | |             let i_plus_1 = F1::from(i + 1).expect("failed to convert subinterval index (i+1)");
[INFO] [stdout] 185 | |             let i = F1::from(i).expect("failed to convert subinterval index i");
[INFO] [stdout] ...   |
[INFO] [stdout] 188 | |                 + 4.0 * f(a + i_plus_1 * h_over_2).to_f64().unwrap()
[INFO] [stdout] 189 | |         })
[INFO] [stdout]     | |_________^ `F1` cannot be sent between threads safely
[INFO] [stdout]     |
[INFO] [stdout] note: required because `a` is used within this closure
[INFO] [stdout]    --> /opt/rustwide/cargo-home/registry/src/index.crates.io-1949cf8c6b5b557f/integrate-0.1.11/src/newton_cotes.rs:187:21
[INFO] [stdout]     |
[INFO] [stdout] 187 |             2.0 * f(a + i * h_over_2).to_f64().unwrap()
[INFO] [stdout]     |                     ^
[INFO] [stdout] note: required by a bound in `rayon::iter::ParallelIterator::map`
[INFO] [stdout]    --> /opt/rustwide/cargo-home/registry/src/index.crates.io-1949cf8c6b5b557f/rayon-1.11.0/src/iter/mod.rs:594:41
[INFO] [stdout]     |
[INFO] [stdout] 356 | pub trait ParallelIterator: Sized + Send {
[INFO] [stdout] ...
[INFO] [stdout] 592 |     fn map<F, R>(self, map_op: F) -> Map<Self, F>
[INFO] [stdout] 593 |     where
[INFO] [stdout] 594 |         F: Fn(Self::Item) -> R + Sync + Send,
[INFO] [stdout]     |                                         ^^^^ required by this bound in `ParallelIterator::map`
[INFO] [stdout]     = note: the full name for the type has been written to '/opt/rustwide/target/debug/build/integrate/148374145418ba73/out/integrate-148374145418ba73.long-type-12398628673781914521.txt'
[INFO] [stdout]     = note: consider using `--verbose` to print the full type name to the console
[INFO] [stdout] help: consider further restricting type parameter `F1` with trait `Send`
[INFO] [stdout]     |
[INFO] [stdout] 158 | pub fn simpson_rule<Func, F1: Float + Sync + std::marker::Send, F2: Float, U: Unsigned + ToPrimitive + Copy>(
[INFO] [stdout]     |                                            +++++++++++++++++++
[INFO] [stdout] 
[INFO] [stdout] 
[INFO] [stdout] error[E0277]: `F1` cannot be sent between threads safely
[INFO] [stdout]    --> /opt/rustwide/cargo-home/registry/src/index.crates.io-1949cf8c6b5b557f/integrate-0.1.11/src/newton_cotes.rs:179:25
[INFO] [stdout]     |
[INFO] [stdout] 179 |       let integral: f64 = (2..(2 * n.to_usize().unwrap()))
[INFO] [stdout]     |  _________________________^
[INFO] [stdout] 180 | |         .into_par_iter()
[INFO] [stdout] 181 | |         .step_by(2)
[INFO] [stdout] 182 | |         .map(|i| {
[INFO] [stdout]     | |              --- within this `{closure@newton_cotes.rs:182:14}`
[INFO] [stdout] ...   |
[INFO] [stdout] 189 | |         })
[INFO] [stdout] 190 | |         .sum();
[INFO] [stdout]     | |______________^ `F1` cannot be sent between threads safely
[INFO] [stdout]     |
[INFO] [stdout] note: required because `a` is used within this closure
[INFO] [stdout]    --> /opt/rustwide/cargo-home/registry/src/index.crates.io-1949cf8c6b5b557f/integrate-0.1.11/src/newton_cotes.rs:187:21
[INFO] [stdout]     |
[INFO] [stdout] 187 |             2.0 * f(a + i * h_over_2).to_f64().unwrap()
[INFO] [stdout]     |                     ^
[INFO] [stdout]     = note: required for `Map<StepBy<Iter<usize>>, {closure@newton_cotes.rs:182:14}>` to implement `rayon::iter::ParallelIterator`
[INFO] [stdout]     = note: the full name for the type has been written to '/opt/rustwide/target/debug/build/integrate/148374145418ba73/out/integrate-148374145418ba73.long-type-12398628673781914521.txt'
[INFO] [stdout]     = note: consider using `--verbose` to print the full type name to the console
[INFO] [stdout] help: consider further restricting type parameter `F1` with trait `Send`
[INFO] [stdout]     |
[INFO] [stdout] 158 | pub fn simpson_rule<Func, F1: Float + Sync + std::marker::Send, F2: Float, U: Unsigned + ToPrimitive + Copy>(
[INFO] [stdout]     |                                            +++++++++++++++++++
[INFO] [stdout] 
[INFO] [stdout] 
[INFO] [stdout] error[E0277]: `F1` cannot be sent between threads safely
[INFO] [stdout]    --> /opt/rustwide/cargo-home/registry/src/index.crates.io-1949cf8c6b5b557f/integrate-0.1.11/src/newton_cotes.rs:254:14
[INFO] [stdout]     |
[INFO] [stdout] 254 |           .map(|i| {
[INFO] [stdout]     |            --- ^--
[INFO] [stdout]     |            |   |
[INFO] [stdout]     |  __________|___within this `{closure@newton_cotes.rs:254:14}`
[INFO] [stdout]     | |          |
[INFO] [stdout]     | |          required by a bound introduced by this call
[INFO] [stdout] 255 | |             // subinterval index (as real)
[INFO] [stdout] 256 | |             let i_plus_1 = F1::from(i + 1).expect("failed to convert subinterval index (i+1)");
[INFO] [stdout] 257 | |             let i_plus_2 = F1::from(i + 2).expect("failed to convert subinterval index (i+2)");
[INFO] [stdout] ...   |
[INFO] [stdout] 263 | |                         + func(lower_limit + i_plus_2 * h_over_3).to_f64().unwrap())
[INFO] [stdout] 264 | |         })
[INFO] [stdout]     | |_________^ `F1` cannot be sent between threads safely
[INFO] [stdout]     |
[INFO] [stdout] note: required because `lower_limit` is used within this closure
[INFO] [stdout]    --> /opt/rustwide/cargo-home/registry/src/index.crates.io-1949cf8c6b5b557f/integrate-0.1.11/src/newton_cotes.rs:260:24
[INFO] [stdout]     |
[INFO] [stdout] 260 |             2.0 * func(lower_limit + i * h_over_3).to_f64().unwrap()
[INFO] [stdout]     |                        ^^^^^^^^^^^
[INFO] [stdout] note: required by a bound in `rayon::iter::ParallelIterator::map`
[INFO] [stdout]    --> /opt/rustwide/cargo-home/registry/src/index.crates.io-1949cf8c6b5b557f/rayon-1.11.0/src/iter/mod.rs:594:41
[INFO] [stdout]     |
[INFO] [stdout] 356 | pub trait ParallelIterator: Sized + Send {
[INFO] [stdout] ...
[INFO] [stdout] 592 |     fn map<F, R>(self, map_op: F) -> Map<Self, F>
[INFO] [stdout] 593 |     where
[INFO] [stdout] 594 |         F: Fn(Self::Item) -> R + Sync + Send,
[INFO] [stdout]     |                                         ^^^^ required by this bound in `ParallelIterator::map`
[INFO] [stdout]     = note: the full name for the type has been written to '/opt/rustwide/target/debug/build/integrate/148374145418ba73/out/integrate-148374145418ba73.long-type-9582390608543263431.txt'
[INFO] [stdout]     = note: consider using `--verbose` to print the full type name to the console
[INFO] [stdout] help: consider further restricting type parameter `F1` with trait `Send`
[INFO] [stdout]     |
[INFO] [stdout] 223 | pub fn newton_rule<Func, F1: Float + Sync + std::marker::Send, F2: Float, U: Unsigned + ToPrimitive + Copy>(
[INFO] [stdout]     |                                           +++++++++++++++++++
[INFO] [stdout] 
[INFO] [stdout] 
[INFO] [stdout] error[E0277]: `F1` cannot be sent between threads safely
[INFO] [stdout]    --> /opt/rustwide/cargo-home/registry/src/index.crates.io-1949cf8c6b5b557f/integrate-0.1.11/src/newton_cotes.rs:251:25
[INFO] [stdout]     |
[INFO] [stdout] 251 |       let integral: f64 = (3..(3 * n_intervals.to_usize().unwrap()))
[INFO] [stdout]     |  _________________________^
[INFO] [stdout] 252 | |         .into_par_iter()
[INFO] [stdout] 253 | |         .step_by(3)
[INFO] [stdout] 254 | |         .map(|i| {
[INFO] [stdout]     | |              --- within this `{closure@newton_cotes.rs:254:14}`
[INFO] [stdout] ...   |
[INFO] [stdout] 264 | |         })
[INFO] [stdout] 265 | |         .sum();
[INFO] [stdout]     | |______________^ `F1` cannot be sent between threads safely
[INFO] [stdout]     |
[INFO] [stdout] note: required because `lower_limit` is used within this closure
[INFO] [stdout]    --> /opt/rustwide/cargo-home/registry/src/index.crates.io-1949cf8c6b5b557f/integrate-0.1.11/src/newton_cotes.rs:260:24
[INFO] [stdout]     |
[INFO] [stdout] 260 |             2.0 * func(lower_limit + i * h_over_3).to_f64().unwrap()
[INFO] [stdout]     |                        ^^^^^^^^^^^
[INFO] [stdout]     = note: required for `Map<StepBy<Iter<usize>>, {closure@newton_cotes.rs:254:14}>` to implement `rayon::iter::ParallelIterator`
[INFO] [stdout]     = note: the full name for the type has been written to '/opt/rustwide/target/debug/build/integrate/148374145418ba73/out/integrate-148374145418ba73.long-type-9582390608543263431.txt'
[INFO] [stdout]     = note: consider using `--verbose` to print the full type name to the console
[INFO] [stdout] help: consider further restricting type parameter `F1` with trait `Send`
[INFO] [stdout]     |
[INFO] [stdout] 223 | pub fn newton_rule<Func, F1: Float + Sync + std::marker::Send, F2: Float, U: Unsigned + ToPrimitive + Copy>(
[INFO] [stdout]     |                                           +++++++++++++++++++
[INFO] [stdout] 
[INFO] [stdout] 
[INFO] [stdout] error[E0277]: `F1` cannot be sent between threads safely
[INFO] [stdout]    --> /opt/rustwide/cargo-home/registry/src/index.crates.io-1949cf8c6b5b557f/integrate-0.1.11/src/romberg.rs:127:14
[INFO] [stdout]     |
[INFO] [stdout] 127 |           .map(|i| {
[INFO] [stdout]     |            --- ^--
[INFO] [stdout]     |            |   |
[INFO] [stdout]     |  __________|___within this `{closure@romberg.rs:127:14}`
[INFO] [stdout]     | |          |
[INFO] [stdout]     | |          required by a bound introduced by this call
[INFO] [stdout] 128 | |             let pow_2 = 2_usize.pow(i.try_into().unwrap()); // 2 ** i
[INFO] [stdout] 129 | |             let trapezoidal = trapezoidal_rule(func, lower_limit, upper_limit, pow_2);
[INFO] [stdout] 130 | |             F2::from(trapezoidal).unwrap()
[INFO] [stdout] 131 | |         })
[INFO] [stdout]     | |_________^ `F1` cannot be sent between threads safely
[INFO] [stdout]     |
[INFO] [stdout] note: required because `lower_limit` is used within this closure
[INFO] [stdout]    --> /opt/rustwide/cargo-home/registry/src/index.crates.io-1949cf8c6b5b557f/integrate-0.1.11/src/romberg.rs:129:54
[INFO] [stdout]     |
[INFO] [stdout] 129 |             let trapezoidal = trapezoidal_rule(func, lower_limit, upper_limit, pow_2);
[INFO] [stdout]     |                                                      ^^^^^^^^^^^
[INFO] [stdout] note: required by a bound in `rayon::iter::ParallelIterator::map`
[INFO] [stdout]    --> /opt/rustwide/cargo-home/registry/src/index.crates.io-1949cf8c6b5b557f/rayon-1.11.0/src/iter/mod.rs:594:41
[INFO] [stdout]     |
[INFO] [stdout] 356 | pub trait ParallelIterator: Sized + Send {
[INFO] [stdout] ...
[INFO] [stdout] 592 |     fn map<F, R>(self, map_op: F) -> Map<Self, F>
[INFO] [stdout] 593 |     where
[INFO] [stdout] 594 |         F: Fn(Self::Item) -> R + Sync + Send,
[INFO] [stdout]     |                                         ^^^^ required by this bound in `ParallelIterator::map`
[INFO] [stdout]     = note: the full name for the type has been written to '/opt/rustwide/target/debug/build/integrate/148374145418ba73/out/integrate-148374145418ba73.long-type-8777961897566590521.txt'
[INFO] [stdout]     = note: consider using `--verbose` to print the full type name to the console
[INFO] [stdout] help: consider further restricting type parameter `F1` with trait `Send`
[INFO] [stdout]     |
[INFO] [stdout] 108 |     F1: Float + Sync + std::marker::Send,
[INFO] [stdout]     |                      +++++++++++++++++++
[INFO] [stdout] 
[INFO] [stdout] 
[INFO] [stdout] error[E0277]: `F1` cannot be sent between threads safely
[INFO] [stdout]     --> /opt/rustwide/cargo-home/registry/src/index.crates.io-1949cf8c6b5b557f/integrate-0.1.11/src/romberg.rs:132:10
[INFO] [stdout]      |
[INFO] [stdout]  127 |         .map(|i| {
[INFO] [stdout]      |              --- within this `{closure@romberg.rs:127:14}`
[INFO] [stdout] ...
[INFO] [stdout]  132 |         .collect_into_vec(&mut trapezoidals);
[INFO] [stdout]      |          ^^^^^^^^^^^^^^^^ `F1` cannot be sent between threads safely
[INFO] [stdout]      |
[INFO] [stdout] note: required because `lower_limit` is used within this closure
[INFO] [stdout]     --> /opt/rustwide/cargo-home/registry/src/index.crates.io-1949cf8c6b5b557f/integrate-0.1.11/src/romberg.rs:129:54
[INFO] [stdout]      |
[INFO] [stdout]  129 |             let trapezoidal = trapezoidal_rule(func, lower_limit, upper_limit, pow_2);
[INFO] [stdout]      |                                                      ^^^^^^^^^^^
[INFO] [stdout]      = note: required for `Map<Iter<usize>, {closure@romberg.rs:127:14}>` to implement `rayon::iter::ParallelIterator`
[INFO] [stdout] note: required by a bound in `collect_into_vec`
[INFO] [stdout]     --> /opt/rustwide/cargo-home/registry/src/index.crates.io-1949cf8c6b5b557f/rayon-1.11.0/src/iter/mod.rs:2439:36
[INFO] [stdout]      |
[INFO] [stdout] 2439 | pub trait IndexedParallelIterator: ParallelIterator {
[INFO] [stdout]      |                                    ^^^^^^^^^^^^^^^^ required by this bound in `IndexedParallelIterator::collect_into_vec`
[INFO] [stdout] ...
[INFO] [stdout] 2522 |     fn collect_into_vec(self, target: &mut Vec<Self::Item>) {
[INFO] [stdout]      = note: the full name for the type has been written to '/opt/rustwide/target/debug/build/integrate/148374145418ba73/out/integrate-148374145418ba73.long-type-8777961897566590521.txt'
[INFO] [stdout]      = note: consider using `--verbose` to print the full type name to the console
[INFO] [stdout] help: consider further restricting type parameter `F1` with trait `Send`
[INFO] [stdout]      |
[INFO] [stdout]  108 |     F1: Float + Sync + std::marker::Send,
[INFO] [stdout]      |                      +++++++++++++++++++
[INFO] [stdout] help: consider removing this method call, as the receiver has type `rayon::range::Iter<usize>` and `rayon::range::Iter<usize>: Send` trivially holds
[INFO] [stdout]      |
[INFO] [stdout]  126 -         .into_par_iter()
[INFO] [stdout]  127 -         .map(|i| {
[INFO] [stdout]  128 -             let pow_2 = 2_usize.pow(i.try_into().unwrap()); // 2 ** i
[INFO] [stdout]  129 -             let trapezoidal = trapezoidal_rule(func, lower_limit, upper_limit, pow_2);
[INFO] [stdout]  130 -             F2::from(trapezoidal).unwrap()
[INFO] [stdout]  131 -         })
[INFO] [stdout]  126 +         .into_par_iter()
[INFO] [stdout]      |
[INFO] [stdout] 
[INFO] [stdout] 
[INFO] [stdout] For more information about this error, try `rustc --explain E0277`.
[INFO] [stdout] 
[INFO] [stderr] error: could not compile `integrate` (lib) due to 12 previous errors
[INFO] [stderr] warning: build failed, waiting for other jobs to finish...
[INFO] running `Command { std: "docker" "inspect" "2faaea99e30cc0671755750d05094784f3ae94e3b13dd8607cc2418888294bd5", kill_on_drop: false }`
[INFO] running `Command { std: "docker" "rm" "-f" "2faaea99e30cc0671755750d05094784f3ae94e3b13dd8607cc2418888294bd5", kill_on_drop: false }`
[INFO] [stdout] 2faaea99e30cc0671755750d05094784f3ae94e3b13dd8607cc2418888294bd5
