[INFO] cloning repository https://github.com/RyanKung/zkfly
[INFO] running `Command { std: "git" "-c" "credential.helper=" "-c" "credential.helper=/workspace/cargo-home/bin/git-credential-null" "clone" "--bare" "https://github.com/RyanKung/zkfly" "/workspace/cache/git-repos/https%3A%2F%2Fgithub.com%2FRyanKung%2Fzkfly", kill_on_drop: false }`
[INFO] [stderr] Cloning into bare repository '/workspace/cache/git-repos/https%3A%2F%2Fgithub.com%2FRyanKung%2Fzkfly'...
[INFO] running `Command { std: "git" "rev-parse" "HEAD", kill_on_drop: false }`
[INFO] [stdout] 2e99be8c4ce6d0a1e77076e6d1a7fad5cc84fdac
[INFO] checking RyanKung/zkfly against c60b92c03ca8a3b101eb9d57f51e2232690638c7 for pr-164148-crater-rollup
[INFO] running `Command { std: "git" "clone" "/workspace/cache/git-repos/https%3A%2F%2Fgithub.com%2FRyanKung%2Fzkfly" "/workspace/builds/worker-7-tc2/source", kill_on_drop: false }`
[INFO] [stderr] Cloning into '/workspace/builds/worker-7-tc2/source'...
[INFO] [stderr] done.
[INFO] removed /workspace/builds/worker-7-tc2/source/rust-toolchain.toml
[INFO] started tweaking git repo https://github.com/RyanKung/zkfly
[INFO] finished tweaking git repo https://github.com/RyanKung/zkfly
[INFO] tweaked toml for git repo https://github.com/RyanKung/zkfly written to /workspace/builds/worker-7-tc2/source/Cargo.toml
[INFO] validating manifest of git repo https://github.com/RyanKung/zkfly on toolchain c60b92c03ca8a3b101eb9d57f51e2232690638c7
[INFO] running `Command { std: CARGO_HOME="/workspace/cargo-home" RUSTUP_HOME="/workspace/rustup-home" "/workspace/cargo-home/bin/cargo" "+c60b92c03ca8a3b101eb9d57f51e2232690638c7" "metadata" "--manifest-path" "Cargo.toml" "--no-deps", kill_on_drop: false }`
[INFO] crate git repo https://github.com/RyanKung/zkfly already has a lockfile, it will not be regenerated
[INFO] running `Command { std: CARGO_HOME="/workspace/cargo-home" RUSTUP_HOME="/workspace/rustup-home" "/workspace/cargo-home/bin/cargo" "+c60b92c03ca8a3b101eb9d57f51e2232690638c7" "fetch" "--manifest-path" "Cargo.toml", kill_on_drop: false }`
[INFO] [stderr] warning: unused workspace dependency `topology-commitment`
[INFO] [stderr]   --> Cargo.toml:41:25
[INFO] [stderr]    |
[INFO] [stderr] 41 | [workspace.dependencies.topology-commitment]
[INFO] [stderr]    |                         ^^^^^^^^^^^^^^^^^^^
[INFO] [stderr]    |
[INFO] [stderr]    = note: `cargo::unused_workspace_dependencies` is set to `warn` by default
[INFO] [stderr] help: consider removing the workspace dependency `topology-commitment`
[INFO] [stderr] warning: unused workspace dependency `topology-nova`
[INFO] [stderr]   --> Cargo.toml:45:25
[INFO] [stderr]    |
[INFO] [stderr] 45 | [workspace.dependencies.topology-nova]
[INFO] [stderr]    |                         ^^^^^^^^^^^^^
[INFO] [stderr]    |
[INFO] [stderr] help: consider removing the workspace dependency `topology-nova`
[INFO] [stderr] warning: workspace (manifest) generated 2 warnings
[INFO] [stderr]     Blocking waiting for file lock on package cache
[INFO] [stderr]     Blocking waiting for file lock on package cache
[INFO] running `Command { std: "docker" "create" "-v" "/var/lib/crater-agent-workspace/builds/worker-7-tc2/source:/opt/rustwide/workdir:ro,Z" "-v" "/var/lib/crater-agent-workspace/builds/worker-7-tc2/target:/opt/rustwide/target:rw,Z" "-v" "/var/lib/crater-agent-workspace/cargo-home:/opt/rustwide/cargo-home:ro,Z" "-v" "/var/lib/crater-agent-workspace/rustup-home:/opt/rustwide/rustup-home:ro,Z" "-m" "1610612736" "--network" "none" "ghcr.io/rust-lang/crates-build-env/linux@sha256:77db811e55d90add9212f6832c23229e3de5f1c1f9905e8cb07319ea15df73ac" "sleep" "infinity", kill_on_drop: false }`
[INFO] [stdout] fa79cafbf902b6bad19db05af92d04ad7036e55343d8c479cebe160a8bd4bb9d
[INFO] running `Command { std: "docker" "start" "fa79cafbf902b6bad19db05af92d04ad7036e55343d8c479cebe160a8bd4bb9d", kill_on_drop: false }`
[INFO] running `Command { std: "docker" "inspect" "fa79cafbf902b6bad19db05af92d04ad7036e55343d8c479cebe160a8bd4bb9d", kill_on_drop: false }`
[INFO] running `Command { std: "docker" "exec" "-e" "SOURCE_DIR=/opt/rustwide/workdir" "-e" "CARGO_HOME=/opt/rustwide/cargo-home" "-e" "RUSTUP_HOME=/opt/rustwide/rustup-home" "-e" "CARGO_TARGET_DIR=/opt/rustwide/target" "-w" "/opt/rustwide/workdir" "--user" "0:0" "fa79cafbf902b6bad19db05af92d04ad7036e55343d8c479cebe160a8bd4bb9d" "/opt/rustwide/cargo-home/bin/cargo" "+c60b92c03ca8a3b101eb9d57f51e2232690638c7" "metadata" "--no-deps" "--format-version=1", kill_on_drop: false }`
[INFO] running `Command { std: "docker" "inspect" "fa79cafbf902b6bad19db05af92d04ad7036e55343d8c479cebe160a8bd4bb9d", kill_on_drop: false }`
[INFO] running `Command { std: "docker" "exec" "-e" "SOURCE_DIR=/opt/rustwide/workdir" "-e" "CARGO_HOME=/opt/rustwide/cargo-home" "-e" "RUSTUP_HOME=/opt/rustwide/rustup-home" "-e" "CARGO_TARGET_DIR=/opt/rustwide/target" "-e" "CARGO_INCREMENTAL=0" "-e" "RUST_BACKTRACE=full" "-e" "RUSTFLAGS=--cap-lints=forbid" "-e" "RUSTDOCFLAGS=--cap-lints=forbid" "-w" "/opt/rustwide/workdir" "--user" "0:0" "fa79cafbf902b6bad19db05af92d04ad7036e55343d8c479cebe160a8bd4bb9d" "/opt/rustwide/cargo-home/bin/cargo" "+c60b92c03ca8a3b101eb9d57f51e2232690638c7" "check" "--frozen" "--all" "--all-targets" "--message-format=json", kill_on_drop: false }`
[INFO] [stderr] warning: unused workspace dependency `topology-commitment`
[INFO] [stderr]   --> Cargo.toml:41:25
[INFO] [stderr]    |
[INFO] [stderr] 41 | [workspace.dependencies.topology-commitment]
[INFO] [stderr]    |                         ^^^^^^^^^^^^^^^^^^^
[INFO] [stderr]    |
[INFO] [stderr]    = note: `cargo::unused_workspace_dependencies` is set to `warn` by default
[INFO] [stderr] help: consider removing the workspace dependency `topology-commitment`
[INFO] [stderr] warning: unused workspace dependency `topology-nova`
[INFO] [stderr]   --> Cargo.toml:45:25
[INFO] [stderr]    |
[INFO] [stderr] 45 | [workspace.dependencies.topology-nova]
[INFO] [stderr]    |                         ^^^^^^^^^^^^^
[INFO] [stderr]    |
[INFO] [stderr] help: consider removing the workspace dependency `topology-nova`
[INFO] [stderr] warning: workspace (manifest) generated 2 warnings
[INFO] [stderr]    Compiling zerocopy v0.8.57
[INFO] [stderr]    Compiling serde v1.0.229
[INFO] [stderr]    Compiling num-traits v0.2.19
[INFO] [stderr]    Compiling thiserror v2.0.20
[INFO] [stderr]    Compiling num-bigint v0.3.3
[INFO] [stderr]    Compiling syn v1.0.109
[INFO] [stderr]    Compiling crossbeam-utils v0.8.23
[INFO] [stderr]    Compiling syn v2.0.119
[INFO] [stderr]    Compiling syn v3.0.5
[INFO] [stderr]     Checking getrandom v0.2.17
[INFO] [stderr]     Checking getrandom v0.3.4
[INFO] [stderr]    Compiling crossbeam-epoch v0.9.21
[INFO] [stderr]     Checking itertools v0.13.0
[INFO] [stderr]     Checking crypto-common v0.1.7
[INFO] [stderr]    Compiling crossbeam-deque v0.8.8
[INFO] [stderr]     Checking digest v0.10.7
[INFO] [stderr]     Checking hashbrown v0.15.5
[INFO] [stderr]    Compiling libc v0.2.189
[INFO] [stderr]     Checking bitvec v1.1.1
[INFO] [stderr]     Checking rand_core v0.6.4
[INFO] [stderr]     Checking subtle v2.6.1
[INFO] [stderr]    Compiling find-msvc-tools v0.1.12
[INFO] [stderr]    Compiling virtue v0.0.18
[INFO] [stderr]     Checking spin v0.9.9
[INFO] [stderr]    Compiling halo2curves v0.9.0
[INFO] [stderr]    Compiling serde_json v1.0.151
[INFO] [stderr]     Checking lazy_static v1.5.0
[INFO] [stderr]     Checking sha2 v0.10.9
[INFO] [stderr]     Checking clap_lex v1.1.1
[INFO] [stderr]     Checking memchr v2.8.3
[INFO] [stderr]     Checking unty v0.0.4
[INFO] [stderr]     Checking keccak v0.1.6
[INFO] [stderr]     Checking clap_builder v4.6.7
[INFO] [stderr]     Checking generic-array v1.4.5
[INFO] [stderr]     Checking sha3 v0.10.9
[INFO] [stderr]     Checking itertools v0.14.0
[INFO] [stderr]     Checking hybrid-array v0.4.15
[INFO] [stderr]     Checking bitflags v2.13.2
[INFO] [stderr]     Checking rayon-core v1.13.0
[INFO] [stderr]     Checking num-integer v0.1.47
[INFO] [stderr]    Compiling zstd-safe v7.3.0
[INFO] [stderr]    Compiling bincode_derive v2.0.1
[INFO] [stdout] error[E0493]: destructor of `ArrayBuilder<T, N>` cannot be evaluated at compile-time
[INFO] [stdout]    --> /opt/rustwide/cargo-home/registry/src/index.crates.io-1949cf8c6b5b557f/generic-array-1.4.5/src/internal.rs:103:31
[INFO] [stdout]     |
[INFO] [stdout] 103 |     pub unsafe fn assume_init(self) -> GenericArray<T, N> {
[INFO] [stdout]     |                               ^^^^ the destructor for this type cannot be evaluated in constant functions
[INFO] [stdout] ...
[INFO] [stdout] 109 |     }
[INFO] [stdout]     |     - value is dropped here
[INFO] [stdout] 
[INFO] [stdout] 
[INFO] [stderr]     Checking arrow-schema v59.3.0
[INFO] [stdout] error[E0493]: destructor of `GenericArray<core::mem::MaybeUninit<*const T>, N>` cannot be evaluated at compile-time
[INFO] [stdout]    --> /opt/rustwide/cargo-home/registry/src/index.crates.io-1949cf8c6b5b557f/generic-array-1.4.5/src/lib.rs:983:13
[INFO] [stdout]     |
[INFO] [stdout] 983 |         let mut out: GenericArray<MaybeUninit<*const T>, N> = GenericArray::uninit();
[INFO] [stdout]     |             ^^^^^^^ the destructor for this type cannot be evaluated in constant functions
[INFO] [stdout] ...
[INFO] [stdout] 998 |     }
[INFO] [stdout]     |     - value is dropped here
[INFO] [stdout] 
[INFO] [stdout] 
[INFO] [stdout] error[E0493]: destructor of `GenericArray<core::mem::MaybeUninit<*mut T>, N>` cannot be evaluated at compile-time
[INFO] [stdout]     --> /opt/rustwide/cargo-home/registry/src/index.crates.io-1949cf8c6b5b557f/generic-array-1.4.5/src/lib.rs:1018:13
[INFO] [stdout]      |
[INFO] [stdout] 1018 |         let mut out: GenericArray<MaybeUninit<*mut T>, N> = GenericArray::uninit();
[INFO] [stdout]      |             ^^^^^^^ the destructor for this type cannot be evaluated in constant functions
[INFO] [stdout] ...
[INFO] [stdout] 1033 |     }
[INFO] [stdout]      |     - value is dropped here
[INFO] [stdout] 
[INFO] [stdout] 
[INFO] [stdout] For more information about this error, try `rustc --explain E0493`.
[INFO] [stdout] 
[INFO] [stderr] error: could not compile `generic-array` (lib) due to 3 previous errors
[INFO] [stderr] warning: build failed, waiting for other jobs to finish...
[INFO] running `Command { std: "docker" "inspect" "fa79cafbf902b6bad19db05af92d04ad7036e55343d8c479cebe160a8bd4bb9d", kill_on_drop: false }`
[INFO] running `Command { std: "docker" "rm" "-f" "fa79cafbf902b6bad19db05af92d04ad7036e55343d8c479cebe160a8bd4bb9d", kill_on_drop: false }`
[INFO] [stdout] fa79cafbf902b6bad19db05af92d04ad7036e55343d8c479cebe160a8bd4bb9d
