[INFO] cloning repository https://github.com/Roderick111/findr
[INFO] running `Command { std: "git" "-c" "credential.helper=" "-c" "credential.helper=/workspace/cargo-home/bin/git-credential-null" "clone" "--bare" "https://github.com/Roderick111/findr" "/workspace/cache/git-repos/https%3A%2F%2Fgithub.com%2FRoderick111%2Ffindr", kill_on_drop: false }`
[INFO] [stderr] Cloning into bare repository '/workspace/cache/git-repos/https%3A%2F%2Fgithub.com%2FRoderick111%2Ffindr'...
[INFO] running `Command { std: "git" "rev-parse" "HEAD", kill_on_drop: false }`
[INFO] [stdout] a1856d5e3ad890123ce32cd56cc2f1c18c69f802
[INFO] checking Roderick111/findr against c60b92c03ca8a3b101eb9d57f51e2232690638c7 for pr-164148-crater-rollup
[INFO] running `Command { std: "git" "clone" "/workspace/cache/git-repos/https%3A%2F%2Fgithub.com%2FRoderick111%2Ffindr" "/workspace/builds/worker-1-tc2/source", kill_on_drop: false }`
[INFO] [stderr] Cloning into '/workspace/builds/worker-1-tc2/source'...
[INFO] [stderr] done.
[INFO] started tweaking git repo https://github.com/Roderick111/findr
[INFO] finished tweaking git repo https://github.com/Roderick111/findr
[INFO] tweaked toml for git repo https://github.com/Roderick111/findr written to /workspace/builds/worker-1-tc2/source/Cargo.toml
[INFO] validating manifest of git repo https://github.com/Roderick111/findr on toolchain c60b92c03ca8a3b101eb9d57f51e2232690638c7
[INFO] running `Command { std: CARGO_HOME="/workspace/cargo-home" RUSTUP_HOME="/workspace/rustup-home" "/workspace/cargo-home/bin/cargo" "+c60b92c03ca8a3b101eb9d57f51e2232690638c7" "metadata" "--manifest-path" "Cargo.toml" "--no-deps", kill_on_drop: false }`
[INFO] crate git repo https://github.com/Roderick111/findr already has a lockfile, it will not be regenerated
[INFO] running `Command { std: CARGO_HOME="/workspace/cargo-home" RUSTUP_HOME="/workspace/rustup-home" "/workspace/cargo-home/bin/cargo" "+c60b92c03ca8a3b101eb9d57f51e2232690638c7" "fetch" "--manifest-path" "Cargo.toml", kill_on_drop: false }`
[INFO] running `Command { std: "docker" "create" "-v" "/var/lib/crater-agent-workspace/builds/worker-1-tc2/source:/opt/rustwide/workdir:ro,Z" "-v" "/var/lib/crater-agent-workspace/builds/worker-1-tc2/target:/opt/rustwide/target:rw,Z" "-v" "/var/lib/crater-agent-workspace/cargo-home:/opt/rustwide/cargo-home:ro,Z" "-v" "/var/lib/crater-agent-workspace/rustup-home:/opt/rustwide/rustup-home:ro,Z" "-m" "1610612736" "--network" "none" "ghcr.io/rust-lang/crates-build-env/linux@sha256:77db811e55d90add9212f6832c23229e3de5f1c1f9905e8cb07319ea15df73ac" "sleep" "infinity", kill_on_drop: false }`
[INFO] [stdout] 4a02eae5cee7b82f8e767c2c92720890e5f435f5eafe0c187a6f0edf001fb275
[INFO] running `Command { std: "docker" "start" "4a02eae5cee7b82f8e767c2c92720890e5f435f5eafe0c187a6f0edf001fb275", kill_on_drop: false }`
[INFO] running `Command { std: "docker" "inspect" "4a02eae5cee7b82f8e767c2c92720890e5f435f5eafe0c187a6f0edf001fb275", kill_on_drop: false }`
[INFO] running `Command { std: "docker" "exec" "-e" "SOURCE_DIR=/opt/rustwide/workdir" "-e" "CARGO_HOME=/opt/rustwide/cargo-home" "-e" "RUSTUP_HOME=/opt/rustwide/rustup-home" "-e" "CARGO_TARGET_DIR=/opt/rustwide/target" "-w" "/opt/rustwide/workdir" "--user" "0:0" "4a02eae5cee7b82f8e767c2c92720890e5f435f5eafe0c187a6f0edf001fb275" "/opt/rustwide/cargo-home/bin/cargo" "+c60b92c03ca8a3b101eb9d57f51e2232690638c7" "metadata" "--no-deps" "--format-version=1", kill_on_drop: false }`
[INFO] running `Command { std: "docker" "inspect" "4a02eae5cee7b82f8e767c2c92720890e5f435f5eafe0c187a6f0edf001fb275", kill_on_drop: false }`
[INFO] running `Command { std: "docker" "exec" "-e" "SOURCE_DIR=/opt/rustwide/workdir" "-e" "CARGO_HOME=/opt/rustwide/cargo-home" "-e" "RUSTUP_HOME=/opt/rustwide/rustup-home" "-e" "CARGO_TARGET_DIR=/opt/rustwide/target" "-e" "CARGO_INCREMENTAL=0" "-e" "RUST_BACKTRACE=full" "-e" "RUSTFLAGS=--cap-lints=forbid" "-e" "RUSTDOCFLAGS=--cap-lints=forbid" "-w" "/opt/rustwide/workdir" "--user" "0:0" "4a02eae5cee7b82f8e767c2c92720890e5f435f5eafe0c187a6f0edf001fb275" "/opt/rustwide/cargo-home/bin/cargo" "+c60b92c03ca8a3b101eb9d57f51e2232690638c7" "check" "--frozen" "--all" "--all-targets" "--message-format=json", kill_on_drop: false }`
[INFO] [stderr]    Compiling libc v0.2.186
[INFO] [stderr]     Checking typenum v1.20.0
[INFO] [stderr]     Checking aho-corasick v1.1.4
[INFO] [stderr]     Checking yoke v0.8.2
[INFO] [stderr]     Checking getrandom v0.2.17
[INFO] [stderr]     Checking ppv-lite86 v0.2.21
[INFO] [stderr]    Compiling getrandom v0.4.2
[INFO] [stderr]     Checking crossbeam-deque v0.8.6
[INFO] [stderr]     Checking getrandom v0.3.4
[INFO] [stderr]    Compiling zstd-safe v7.2.4
[INFO] [stderr]     Checking time v0.3.47
[INFO] [stderr]    Compiling flatbuffers v24.12.23
[INFO] [stderr]     Checking half v2.7.1
[INFO] [stderr]     Checking ownedbytes v0.7.0
[INFO] [stderr]     Checking num_cpus v1.17.0
[INFO] [stderr]    Compiling nix v0.30.1
[INFO] [stderr]     Checking zerovec v0.11.6
[INFO] [stderr]     Checking zerotrie v0.2.4
[INFO] [stderr]     Checking tinyvec v1.11.0
[INFO] [stderr]     Checking rand_core v0.6.4
[INFO] [stderr]     Checking rand_core v0.9.5
[INFO] [stderr]     Checking rustix v1.1.4
[INFO] [stderr]     Checking bitpacking v0.9.3
[INFO] [stderr]     Checking rayon-core v1.13.0
[INFO] [stderr]     Checking rten-simd v0.24.0
[INFO] [stderr]    Compiling fixed v1.31.0
[INFO] [stderr]     Checking utf8-ranges v1.0.5
[INFO] [stderr]    Compiling doc-comment v0.3.4
[INFO] [stderr]    Compiling rustix v0.38.44
[INFO] [stderr]     Checking lock_api v0.4.14
[INFO] [stderr]     Checking tantivy-bitpacker v0.6.0
[INFO] [stderr]     Checking tantivy-fst v0.5.0
[INFO] [stderr]     Checking rand_chacha v0.3.1
[INFO] [stderr]     Checking rand v0.8.6
[INFO] [stderr]     Checking unicode-normalization v0.1.25
[INFO] [stderr]     Checking rand_chacha v0.9.0
[INFO] [stderr]     Checking rayon v1.12.0
[INFO] [stderr]     Checking ahash v0.8.12
[INFO] [stderr]     Checking parking_lot_core v0.9.12
[INFO] [stderr]    Compiling enum-as-inner v0.6.1
[INFO] [stderr]     Checking az v1.3.0
[INFO] [stderr]     Checking tinystr v0.8.3
[INFO] [stderr]     Checking potential_utf v0.1.5
[INFO] [stderr]     Checking jiff v0.2.24
[INFO] [stderr]     Checking icu_collections v2.2.0
[INFO] [stderr]     Checking pom v1.1.0
[INFO] [stderr]     Checking murmurhash32 v0.3.1
[INFO] [stderr]     Checking stringprep v0.1.5
[INFO] [stderr]     Checking sysctl v0.6.0
[INFO] [stderr]     Checking tracing v0.1.44
[INFO] [stderr]     Checking icu_locale_core v2.2.0
[INFO] [stderr]     Checking regex-automata v0.4.14
[INFO] [stderr]     Checking combine v4.6.7
[INFO] [stderr]    Compiling jobserver v0.1.34
[INFO] [stderr]     Checking tracing-subscriber v0.3.23
[INFO] [stderr]     Checking hashbrown v0.14.5
[INFO] [stderr]     Checking parking_lot v0.12.5
[INFO] [stderr]     Checking rand v0.9.4
[INFO] [stderr]    Compiling cc v1.2.62
[INFO] [stderr]     Checking rand_distr v0.4.3
[INFO] [stderr]     Checking serde_json v1.0.149
[INFO] [stderr]     Checking generic-array v0.14.7
[INFO] [stderr]     Checking rand v0.10.2
[INFO] [stderr]     Checking ordered-float v4.6.0
[INFO] [stderr]     Checking cpu-time v1.0.0
[INFO] [stderr]     Checking crypto-common v0.1.7
[INFO] [stderr]     Checking block-padding v0.3.3
[INFO] [stderr]     Checking block-buffer v0.10.4
[INFO] [stderr]     Checking csv-core v0.1.13
[INFO] [stderr]     Checking instant v0.1.13
[INFO] [stderr]     Checking digest v0.10.7
[INFO] [stderr]     Checking bumpalo v3.20.2
[INFO] [stderr]     Checking tempfile v3.27.0
[INFO] [stderr]     Checking icu_provider v2.2.0
[INFO] [stderr]     Checking inout v0.1.4
[INFO] [stderr]     Checking sorted-vec v0.8.10
[INFO] [stderr]     Checking divrem v1.0.0
[INFO] [stderr]     Checking cipher v0.4.4
[INFO] [stderr]     Checking init_with v1.1.0
[INFO] [stderr]     Checking elapsed v0.1.2
[INFO] [stderr]     Checking ubyte v0.10.4
[INFO] [stderr]     Checking sha2 v0.10.9
[INFO] [stderr]     Checking md-5 v0.10.6
[INFO] [stderr]     Checking fastdivide v0.4.2
[INFO] [stderr]     Checking ttf-parser v0.25.1
[INFO] [stderr]     Checking icu_properties v2.2.0
[INFO] [stderr]     Checking icu_normalizer v2.2.0
[INFO] [stderr]     Checking rten-onnx v0.24.0
[INFO] [stderr]     Checking ecb v0.1.2
[INFO] [stderr]     Checking cbc v0.1.2
[INFO] [stderr]     Checking tantivy-common v0.7.0
[INFO] [stderr]     Checking aes v0.8.4
[INFO] [stderr]     Checking tiff v0.11.3
[INFO] [stderr]     Checking dirs-sys v0.4.1
[INFO] [stderr]     Checking moxcms v0.8.1
[INFO] [stderr]     Checking zopfli v0.8.3
[INFO] [stderr]     Checking nucleo-matcher v0.3.1
[INFO] [stderr]     Checking fs4 v0.8.4
[INFO] [stderr]     Checking tantivy-stacker v0.3.0
[INFO] [stderr]     Checking csv v1.4.0
[INFO] [stderr]     Checking measure_time v0.8.3
[INFO] [stderr]     Checking webpki-roots v0.26.11
[INFO] [stderr]     Checking hashlink v0.9.1
[INFO] [stderr]     Checking type1-encoding-parser v0.1.1
[INFO] [stderr]     Checking adobe-cmap-parser v0.4.1
[INFO] [stderr]     Checking tantivy-query-grammar v0.22.0
[INFO] [stderr]     Checking lru v0.12.5
[INFO] [stderr]     Checking uuid v1.23.1
[INFO] [stderr]    Compiling clap_derive v4.6.1
[INFO] [stderr]     Checking arc-swap v1.9.1
[INFO] [stderr]     Checking rust-stemmers v1.2.0
[INFO] [stderr]     Checking tantivy-tokenizer-api v0.3.0
[INFO] [stderr]     Checking bincode v1.3.3
[INFO] [stderr]    Compiling zstd-sys v2.0.16+zstd.1.5.7
[INFO] [stderr]    Compiling ring v0.17.14
[INFO] [stderr]    Compiling generator v0.8.8
[INFO] [stderr]     Checking regex v1.12.3
[INFO] [stderr]     Checking bstr v1.12.1
[INFO] [stderr]    Compiling libsqlite3-sys v0.28.0
[INFO] [stderr]     Checking env_filter v1.0.1
[INFO] [stderr]     Checking globset v0.4.18
[INFO] [stderr]     Checking idna_adapter v1.2.2
[INFO] [stderr]     Checking euclid v0.20.14
[INFO] [stderr]     Checking sketches-ddsketch v0.2.2
[INFO] [stderr]     Checking crossbeam-channel v0.5.15
[INFO] [stderr]     Checking idna v1.1.0
[INFO] [stderr]     Checking wait-timeout v0.2.1
[INFO] [stderr]     Checking rten-base v0.24.0
[INFO] [stderr]     Checking memmap2 v0.9.11
[INFO] [stderr]     Checking rten-tensor v0.24.0
[INFO] [stderr]     Checking rten-model-file v0.24.0
[INFO] [stderr]     Checking rten-vecmath v0.24.0
[INFO] [stderr]     Checking url v2.5.8
[INFO] [stderr]     Checking htmlescape v0.3.1
[INFO] [stderr]     Checking lz4_flex v0.11.6
[INFO] [stderr]     Checking levenshtein_automata v0.2.1
[INFO] [stderr]     Checking postscript v0.14.1
[INFO] [stderr]     Checking oneshot v0.1.13
[INFO] [stderr]     Checking census v0.4.2
[INFO] [stderr]     Checking cff-parser v0.2.0
[INFO] [stderr]     Checking ignore v0.4.25
[INFO] [stderr]     Checking clap v4.6.1
[INFO] [stderr]     Checking nucleo v0.5.0
[INFO] [stderr]     Checking zip v2.4.2
[INFO] [stderr]     Checking directories v5.0.1
[INFO] [stderr]     Checking float-cmp v0.10.0
[INFO] [stderr]     Checking bit-vec v0.8.0
[INFO] [stderr]     Checking predicates v3.1.4
[INFO] [stderr]     Checking lopdf v0.42.0
[INFO] [stderr]     Checking rusty-fork v0.3.1
[INFO] [stderr]     Checking rand_xorshift v0.4.0
[INFO] [stderr]     Checking unarray v0.1.4
[INFO] [stderr]     Checking bit-set v0.8.0
[INFO] [stderr]     Checking filetime v0.2.29
[INFO] [stderr]     Checking proptest v1.11.0
[INFO] [stderr]     Checking rten-shape-inference v0.24.0
[INFO] [stderr]     Checking rten-gemm v0.24.0
[INFO] [stderr]     Checking rten-imageproc v0.24.0
[INFO] [stderr]     Checking env_logger v0.11.10
[INFO] [stderr]     Checking assert_cmd v2.2.2
[INFO] [stderr]     Checking anndists v0.1.5
[INFO] [stderr]    Compiling rustls v0.23.40
[INFO] [stderr]     Checking rten v0.24.0
[INFO] [stderr]     Checking image v0.25.10
[INFO] [stderr] error: could not compile `combine` (lib)
[INFO] [stderr] 
[INFO] [stderr] Caused by:
[INFO] [stderr]   process didn't exit successfully: `/opt/rustwide/rustup-home/toolchains/c60b92c03ca8a3b101eb9d57f51e2232690638c7/bin/rustc --crate-name combine --edition=2018 /opt/rustwide/cargo-home/registry/src/index.crates.io-1949cf8c6b5b557f/combine-4.6.7/src/lib.rs --error-format=json --json=diagnostic-rendered-ansi,artifacts,future-incompat,unused-externs-silent --crate-type lib --emit=dep-info,metadata -C embed-bitcode=no -C debuginfo=2 --cfg 'feature="alloc"' --cfg 'feature="bytes"' --cfg 'feature="default"' --cfg 'feature="std"' --check-cfg 'cfg(docsrs,test)' --check-cfg 'cfg(feature, values("alloc", "bytes", "bytes_05", "default", "futures-03", "futures-core-03", "futures-io-03", "mp4", "pin-project", "pin-project-lite", "regex", "std", "tokio", "tokio-02", "tokio-02-dep", "tokio-03", "tokio-03-dep", "tokio-dep", "tokio-util"))' -C metadata=69d63d48c38476b7 -C extra-filename=-3550faa84cf7db78 --out-dir /opt/rustwide/target/debug/build/combine/3550faa84cf7db78/out --extern bytes=/opt/rustwide/target/debug/build/bytes/c3c82aecfaa31497/out/libbytes-c3c82aecfaa31497.rmeta --extern memchr=/opt/rustwide/target/debug/build/memchr/3d944e3b9ac373a3/out/libmemchr-3d944e3b9ac373a3.rmeta --cap-lints allow --cap-lints=forbid --force-warn=unused_crate_dependencies` (signal: 9, SIGKILL: kill)
[INFO] [stderr] warning: build failed, waiting for other jobs to finish...
[INFO] [stderr] warning: libsqlite3-sys@0.28.0: cc: fatal error: Killed signal terminated program cc1
[INFO] [stderr] warning: libsqlite3-sys@0.28.0: compilation terminated.
[INFO] [stderr] error: failed to run custom build command for `libsqlite3-sys v0.28.0`
[INFO] [stderr] note: To improve backtraces for build dependencies, set the CARGO_PROFILE_DEV_BUILD_OVERRIDE_DEBUG=true environment variable to enable debug information generation.
[INFO] [stderr] 
[INFO] [stderr] Caused by:
[INFO] [stderr]   process didn't exit successfully: `/opt/rustwide/target/debug/build/libsqlite3-sys/5f404b055dc208bb/out/build_script_build` (exit status: 1)
[INFO] [stderr]   --- stdout
[INFO] [stderr]   cargo:rerun-if-env-changed=LIBSQLITE3_SYS_USE_PKG_CONFIG
[INFO] [stderr]   cargo:include=/opt/rustwide/cargo-home/registry/src/index.crates.io-1949cf8c6b5b557f/libsqlite3-sys-0.28.0/sqlite3
[INFO] [stderr]   cargo:rerun-if-changed=sqlite3/sqlite3.c
[INFO] [stderr]   cargo:rerun-if-changed=sqlite3/wasm32-wasi-vfs.c
[INFO] [stderr]   cargo:rerun-if-env-changed=SQLITE_MAX_VARIABLE_NUMBER
[INFO] [stderr]   cargo:rerun-if-env-changed=SQLITE_MAX_EXPR_DEPTH
[INFO] [stderr]   cargo:rerun-if-env-changed=SQLITE_MAX_COLUMN
[INFO] [stderr]   cargo:rerun-if-env-changed=LIBSQLITE3_FLAGS
[INFO] [stderr]   cargo:rerun-if-env-changed=CC_FORCE_DISABLE
[INFO] [stderr]   CC_FORCE_DISABLE = None
[INFO] [stderr]   cargo:rerun-if-env-changed=CC_x86_64-unknown-linux-gnu
[INFO] [stderr]   CC_x86_64-unknown-linux-gnu = None
[INFO] [stderr]   cargo:rerun-if-env-changed=CC_x86_64_unknown_linux_gnu
[INFO] [stderr]   CC_x86_64_unknown_linux_gnu = None
[INFO] [stderr]   cargo:rerun-if-env-changed=HOST_CC
[INFO] [stderr]   HOST_CC = None
[INFO] [stderr]   cargo:rerun-if-env-changed=CC
[INFO] [stderr]   CC = None
[INFO] [stderr]   cargo:rerun-if-env-changed=CC_ENABLE_DEBUG_OUTPUT
[INFO] [stderr]   cargo:rerun-if-env-changed=CRATE_CC_NO_DEFAULTS
[INFO] [stderr]   CRATE_CC_NO_DEFAULTS = None
[INFO] [stderr]   cargo:rerun-if-env-changed=CFLAGS
[INFO] [stderr]   CFLAGS = None
[INFO] [stderr]   cargo:rerun-if-env-changed=HOST_CFLAGS
[INFO] [stderr]   HOST_CFLAGS = None
[INFO] [stderr]   cargo:rerun-if-env-changed=CFLAGS_x86_64_unknown_linux_gnu
[INFO] [stderr]   CFLAGS_x86_64_unknown_linux_gnu = None
[INFO] [stderr]   cargo:rerun-if-env-changed=CFLAGS_x86_64-unknown-linux-gnu
[INFO] [stderr]   CFLAGS_x86_64-unknown-linux-gnu = None
[INFO] [stderr]   cargo:warning=cc: fatal error: Killed signal terminated program cc1
[INFO] [stderr]   cargo:warning=compilation terminated.
[INFO] [stderr] 
[INFO] [stderr]   --- stderr
[INFO] [stderr] 
[INFO] [stderr] 
[INFO] [stderr]   error occurred in cc-rs: command did not execute successfully (status code exit status: 1): LC_ALL="C" "cc" "-O0" "-ffunction-sections" "-fdata-sections" "-fPIC" "-g" "-gdwarf-4" "-fno-omit-frame-pointer" "-m64" "-w" "-DSQLITE_CORE" "-DSQLITE_DEFAULT_FOREIGN_KEYS=1" "-DSQLITE_ENABLE_API_ARMOR" "-DSQLITE_ENABLE_COLUMN_METADATA" "-DSQLITE_ENABLE_DBSTAT_VTAB" "-DSQLITE_ENABLE_FTS3" "-DSQLITE_ENABLE_FTS3_PARENTHESIS" "-DSQLITE_ENABLE_FTS5" "-DSQLITE_ENABLE_JSON1" "-DSQLITE_ENABLE_LOAD_EXTENSION=1" "-DSQLITE_ENABLE_MEMORY_MANAGEMENT" "-DSQLITE_ENABLE_RTREE" "-DSQLITE_ENABLE_STAT2" "-DSQLITE_ENABLE_STAT4" "-DSQLITE_SOUNDEX" "-DSQLITE_THREADSAFE=1" "-DSQLITE_USE_URI" "-DHAVE_USLEEP=1" "-D_POSIX_THREAD_SAFE_FUNCTIONS" "-DHAVE_ISNAN" "-DHAVE_LOCALTIME_R" "-o" "/opt/rustwide/target/debug/build/libsqlite3-sys/8557a66151526bb6/out/c877a2978823c39d-sqlite3.o" "-c" "sqlite3/sqlite3.c"
[INFO] [stderr] 
[INFO] [stderr] 
[INFO] [stderr] error: could not compile `fixed` (lib)
[INFO] [stderr] 
[INFO] [stderr] Caused by:
[INFO] [stderr]   process didn't exit successfully: `/opt/rustwide/rustup-home/toolchains/c60b92c03ca8a3b101eb9d57f51e2232690638c7/bin/rustc --crate-name fixed --edition=2024 /opt/rustwide/cargo-home/registry/src/index.crates.io-1949cf8c6b5b557f/fixed-1.31.0/src/lib.rs --error-format=json --json=diagnostic-rendered-ansi,artifacts,future-incompat,unused-externs-silent --crate-type lib --emit=dep-info,metadata -C embed-bitcode=no -C debuginfo=2 --cfg 'feature="num-traits"' --check-cfg 'cfg(docsrs,test)' --check-cfg 'cfg(feature, values("arbitrary", "az", "borsh", "compat-readonly-static", "defmt", "f16", "fail-on-warnings", "nightly-float", "num-traits", "serde", "serde-str", "std"))' -C metadata=54becde623c34c74 -C extra-filename=-8ca1d06e076994cb --out-dir /opt/rustwide/target/debug/build/fixed/8ca1d06e076994cb/out -L dependency=/opt/rustwide/target/debug/build/cfg-if/190c9021fd162845/out -L dependency=/opt/rustwide/target/debug/build/libm/89e5b3015da8f563/out -L dependency=/opt/rustwide/target/debug/build/zerocopy-derive/81a4d90f1cefc760/out -L dependency=/opt/rustwide/target/debug/build/zerocopy/dbd4b3a29fb00aa4/out --extern az=/opt/rustwide/target/debug/build/az/ae8f28af449f3921/out/libaz-ae8f28af449f3921.rmeta --extern bytemuck=/opt/rustwide/target/debug/build/bytemuck/6c73ff766bc540bf/out/libbytemuck-6c73ff766bc540bf.rmeta --extern half=/opt/rustwide/target/debug/build/half/a7c2f19bd274644f/out/libhalf-a7c2f19bd274644f.rmeta --extern num_traits=/opt/rustwide/target/debug/build/num-traits/b0ab957f0a86187b/out/libnum_traits-b0ab957f0a86187b.rmeta --extern typenum=/opt/rustwide/target/debug/build/typenum/5349db567ce12ad3/out/libtypenum-5349db567ce12ad3.rmeta --cap-lints allow --cap-lints=forbid --force-warn=unused_crate_dependencies` (signal: 9, SIGKILL: kill)
[INFO] [stdout] error[E0277]: `X` cannot be sent between threads safely
[INFO] [stdout]    --> /opt/rustwide/cargo-home/registry/src/index.crates.io-1949cf8c6b5b557f/rten-0.24.0/src/ops/conv/depthwise.rs:345:27
[INFO] [stdout]     |
[INFO] [stdout] 345 |                   .for_each(|(out_chan, mut out_chans)| {
[INFO] [stdout]     |                    -------- ^--------------------------
[INFO] [stdout]     |                    |        |
[INFO] [stdout]     |  __________________|________within this `{closure@depthwise.rs:345:27}`
[INFO] [stdout]     | |                  |
[INFO] [stdout]     | |                  required by a bound introduced by this call
[INFO] [stdout] 346 | |                     let mut out_chans = out_chans
[INFO] [stdout] 347 | |                         .reshaped_mut([1, out_chans.size(0), out_chans.size(1)])
[INFO] [stdout] 348 | |                         .unwrap();
[INFO] [stdout] ...   |
[INFO] [stdout] 363 | |                     n_init.fetch_add(out_chans.len(), Ordering::SeqCst);
[INFO] [stdout] 364 | |                 });
[INFO] [stdout]     | |_________________^ `X` cannot be sent between threads safely
[INFO] [stdout]     |
[INFO] [stdout] note: required because it appears within the type `Option<X>`
[INFO] [stdout]    --> /rustc/c60b92c03ca8a3b101eb9d57f51e2232690638c7/library/core/src/option.rs:598:9
[INFO] [stdout] note: required because `input_zero` is used within this closure
[INFO] [stdout]    --> /opt/rustwide/cargo-home/registry/src/index.crates.io-1949cf8c6b5b557f/rten-0.24.0/src/ops/conv/depthwise.rs:359:25
[INFO] [stdout]     |
[INFO] [stdout] 359 |                         input_zero,
[INFO] [stdout]     |                         ^^^^^^^^^^
[INFO] [stdout] note: required by a bound in `rayon::iter::ParallelIterator::for_each`
[INFO] [stdout]    --> /opt/rustwide/cargo-home/registry/src/index.crates.io-1949cf8c6b5b557f/rayon-1.12.0/src/iter/mod.rs:376:37
[INFO] [stdout]     |
[INFO] [stdout] 357 | pub trait ParallelIterator: Sized + Send {
[INFO] [stdout] ...
[INFO] [stdout] 374 |     fn for_each<OP>(self, op: OP)
[INFO] [stdout] 375 |     where
[INFO] [stdout] 376 |         OP: Fn(Self::Item) + Sync + Send,
[INFO] [stdout]     |                                     ^^^^ required by this bound in `ParallelIterator::for_each`
[INFO] [stdout]     = note: the full name for the type has been written to '/opt/rustwide/target/debug/build/rten/c8020c96be5a1a84/out/rten-c8020c96be5a1a84.long-type-4852602105003977745.txt'
[INFO] [stdout]     = note: consider using `--verbose` to print the full type name to the console
[INFO] [stdout] help: consider further restricting type parameter `X` with trait `Send`
[INFO] [stdout]     |
[INFO] [stdout] 200 | impl<X: Copy + Default + Sync + std::marker::Send, W: Copy + Default + Sync, Y: Copy + Default>
[INFO] [stdout]     |                               +++++++++++++++++++
[INFO] [stdout] 
[INFO] [stdout] 
[INFO] [stdout] error[E0277]: `T` cannot be shared between threads safely
[INFO] [stdout]    --> /opt/rustwide/cargo-home/registry/src/index.crates.io-1949cf8c6b5b557f/rten-0.24.0/src/ops/pooling.rs:351:19
[INFO] [stdout]     |
[INFO] [stdout] 351 |           .for_each(|(mut out_item, in_item)| {
[INFO] [stdout]     |            -------- ^------------------------
[INFO] [stdout]     |            |        |
[INFO] [stdout]     |  __________|________within this `{closure@pooling.rs:351:19}`
[INFO] [stdout]     | |          |
[INFO] [stdout]     | |          required by a bound introduced by this call
[INFO] [stdout] 352 | |             let [_, out_h, out_w] = out_item.shape();
[INFO] [stdout] ...   |
[INFO] [stdout] 389 | |         });
[INFO] [stdout]     | |_________^ `T` cannot be shared between threads safely
[INFO] [stdout]     |
[INFO] [stdout] note: required because `fold_init` is used within this closure
[INFO] [stdout]    --> /opt/rustwide/cargo-home/registry/src/index.crates.io-1949cf8c6b5b557f/rten-0.24.0/src/ops/pooling.rs:344:29
[INFO] [stdout]     |
[INFO] [stdout] 344 |     let accum_init_val = || fold_init;
[INFO] [stdout]     |                             ^^^^^^^^^
[INFO] [stdout]     = note: required because it appears within the type `&{closure@pooling.rs:344:26}`
[INFO] [stdout] note: required because `accum_init_val` is used within this closure
[INFO] [stdout]    --> /opt/rustwide/cargo-home/registry/src/index.crates.io-1949cf8c6b5b557f/rten-0.24.0/src/ops/pooling.rs:367:21
[INFO] [stdout]     |
[INFO] [stdout] 367 |                     accum_init_val(),
[INFO] [stdout]     |                     ^^^^^^^^^^^^^^
[INFO] [stdout] note: required by a bound in `rayon::iter::ParallelIterator::for_each`
[INFO] [stdout]    --> /opt/rustwide/cargo-home/registry/src/index.crates.io-1949cf8c6b5b557f/rayon-1.12.0/src/iter/mod.rs:376:30
[INFO] [stdout]     |
[INFO] [stdout] 357 | pub trait ParallelIterator: Sized + Send {
[INFO] [stdout] ...
[INFO] [stdout] 374 |     fn for_each<OP>(self, op: OP)
[INFO] [stdout] 375 |     where
[INFO] [stdout] 376 |         OP: Fn(Self::Item) + Sync + Send,
[INFO] [stdout]     |                              ^^^^ required by this bound in `ParallelIterator::for_each`
[INFO] [stdout]     = note: the full name for the type has been written to '/opt/rustwide/target/debug/build/rten/c8020c96be5a1a84/out/rten-c8020c96be5a1a84.long-type-15694810689420321787.txt'
[INFO] [stdout]     = note: consider using `--verbose` to print the full type name to the console
[INFO] [stdout] help: consider further restricting type parameter `T` with trait `Sync`
[INFO] [stdout]     |
[INFO] [stdout] 179 | fn pool_impl<T: Copy + Send + std::marker::Sync, F: Fn(T, T) -> T + Sync, A: Fn(T, usize) -> T + Sync>(
[INFO] [stdout]     |                             +++++++++++++++++++
[INFO] [stdout] 
[INFO] [stdout] 
[INFO] [stdout] For more information about this error, try `rustc --explain E0277`.
[INFO] [stdout] 
[INFO] [stderr] error: could not compile `rten` (lib) due to 2 previous errors
[INFO] running `Command { std: "docker" "inspect" "4a02eae5cee7b82f8e767c2c92720890e5f435f5eafe0c187a6f0edf001fb275", kill_on_drop: false }`
[INFO] running `Command { std: "docker" "rm" "-f" "4a02eae5cee7b82f8e767c2c92720890e5f435f5eafe0c187a6f0edf001fb275", kill_on_drop: false }`
[INFO] [stdout] 4a02eae5cee7b82f8e767c2c92720890e5f435f5eafe0c187a6f0edf001fb275
