[INFO] cloning repository https://github.com/QUBIP/aurora
[INFO] running `Command { std: "git" "-c" "credential.helper=" "-c" "credential.helper=/workspace/cargo-home/bin/git-credential-null" "clone" "--bare" "https://github.com/QUBIP/aurora" "/workspace/cache/git-repos/https%3A%2F%2Fgithub.com%2FQUBIP%2Faurora", kill_on_drop: false }`
[INFO] [stderr] Cloning into bare repository '/workspace/cache/git-repos/https%3A%2F%2Fgithub.com%2FQUBIP%2Faurora'...
[INFO] running `Command { std: "git" "rev-parse" "HEAD", kill_on_drop: false }`
[INFO] [stdout] 45202f00a3b86ea3ac8fbc371254ff5022c152ef
[INFO] checking QUBIP/aurora against c60b92c03ca8a3b101eb9d57f51e2232690638c7 for pr-164148-crater-rollup
[INFO] running `Command { std: "git" "clone" "/workspace/cache/git-repos/https%3A%2F%2Fgithub.com%2FQUBIP%2Faurora" "/workspace/builds/worker-7-tc2/source", kill_on_drop: false }`
[INFO] [stderr] Cloning into '/workspace/builds/worker-7-tc2/source'...
[INFO] [stderr] done.
[INFO] started tweaking git repo https://github.com/QUBIP/aurora
[INFO] finished tweaking git repo https://github.com/QUBIP/aurora
[INFO] tweaked toml for git repo https://github.com/QUBIP/aurora written to /workspace/builds/worker-7-tc2/source/Cargo.toml
[INFO] validating manifest of git repo https://github.com/QUBIP/aurora on toolchain c60b92c03ca8a3b101eb9d57f51e2232690638c7
[INFO] running `Command { std: CARGO_HOME="/workspace/cargo-home" RUSTUP_HOME="/workspace/rustup-home" "/workspace/cargo-home/bin/cargo" "+c60b92c03ca8a3b101eb9d57f51e2232690638c7" "metadata" "--manifest-path" "Cargo.toml" "--no-deps", kill_on_drop: false }`
[INFO] crate git repo https://github.com/QUBIP/aurora already has a lockfile, it will not be regenerated
[INFO] running `Command { std: CARGO_HOME="/workspace/cargo-home" RUSTUP_HOME="/workspace/rustup-home" "/workspace/cargo-home/bin/cargo" "+c60b92c03ca8a3b101eb9d57f51e2232690638c7" "fetch" "--manifest-path" "Cargo.toml", kill_on_drop: false }`
[INFO] running `Command { std: "docker" "create" "-v" "/var/lib/crater-agent-workspace/builds/worker-7-tc2/source:/opt/rustwide/workdir:ro,Z" "-v" "/var/lib/crater-agent-workspace/builds/worker-7-tc2/target:/opt/rustwide/target:rw,Z" "-v" "/var/lib/crater-agent-workspace/cargo-home:/opt/rustwide/cargo-home:ro,Z" "-v" "/var/lib/crater-agent-workspace/rustup-home:/opt/rustwide/rustup-home:ro,Z" "-m" "1610612736" "--network" "none" "ghcr.io/rust-lang/crates-build-env/linux@sha256:77db811e55d90add9212f6832c23229e3de5f1c1f9905e8cb07319ea15df73ac" "sleep" "infinity", kill_on_drop: false }`
[INFO] [stdout] c7085995cced4ebd88669cce797ecb86dde3b25fe704366bb0e41e9f33fe6d8b
[INFO] running `Command { std: "docker" "start" "c7085995cced4ebd88669cce797ecb86dde3b25fe704366bb0e41e9f33fe6d8b", kill_on_drop: false }`
[INFO] running `Command { std: "docker" "inspect" "c7085995cced4ebd88669cce797ecb86dde3b25fe704366bb0e41e9f33fe6d8b", kill_on_drop: false }`
[INFO] running `Command { std: "docker" "exec" "-e" "SOURCE_DIR=/opt/rustwide/workdir" "-e" "CARGO_HOME=/opt/rustwide/cargo-home" "-e" "RUSTUP_HOME=/opt/rustwide/rustup-home" "-e" "CARGO_TARGET_DIR=/opt/rustwide/target" "-w" "/opt/rustwide/workdir" "--user" "0:0" "c7085995cced4ebd88669cce797ecb86dde3b25fe704366bb0e41e9f33fe6d8b" "/opt/rustwide/cargo-home/bin/cargo" "+c60b92c03ca8a3b101eb9d57f51e2232690638c7" "metadata" "--no-deps" "--format-version=1", kill_on_drop: false }`
[INFO] running `Command { std: "docker" "inspect" "c7085995cced4ebd88669cce797ecb86dde3b25fe704366bb0e41e9f33fe6d8b", kill_on_drop: false }`
[INFO] running `Command { std: "docker" "exec" "-e" "SOURCE_DIR=/opt/rustwide/workdir" "-e" "CARGO_HOME=/opt/rustwide/cargo-home" "-e" "RUSTUP_HOME=/opt/rustwide/rustup-home" "-e" "CARGO_TARGET_DIR=/opt/rustwide/target" "-e" "CARGO_INCREMENTAL=0" "-e" "RUST_BACKTRACE=full" "-e" "RUSTFLAGS=--cap-lints=forbid" "-e" "RUSTDOCFLAGS=--cap-lints=forbid" "-w" "/opt/rustwide/workdir" "--user" "0:0" "c7085995cced4ebd88669cce797ecb86dde3b25fe704366bb0e41e9f33fe6d8b" "/opt/rustwide/cargo-home/bin/cargo" "+c60b92c03ca8a3b101eb9d57f51e2232690638c7" "check" "--frozen" "--all" "--all-targets" "--message-format=json", kill_on_drop: false }`
[INFO] [stderr]    Compiling quote v1.0.46
[INFO] [stderr]     Checking rand_core v0.10.1
[INFO] [stderr]    Compiling writeable v0.6.3
[INFO] [stderr]    Compiling getrandom v0.4.3
[INFO] [stderr]    Compiling litemap v0.8.2
[INFO] [stderr]     Checking typenum v1.20.1
[INFO] [stderr]    Compiling hax-lib v0.3.6
[INFO] [stderr]    Compiling regex-syntax v0.8.11
[INFO] [stderr]    Compiling num-traits v0.2.19
[INFO] [stderr]    Compiling either v1.16.0
[INFO] [stderr]    Compiling libc v0.2.186
[INFO] [stderr]    Compiling icu_properties_data v2.1.2
[INFO] [stderr]    Compiling icu_normalizer_data v2.1.1
[INFO] [stderr]    Compiling bitflags v2.13.0
[INFO] [stderr]    Compiling log v0.4.33
[INFO] [stderr]    Compiling smallvec v1.15.2
[INFO] [stderr]    Compiling clang-sys v1.8.1
[INFO] [stderr]     Checking const-oid v0.10.2
[INFO] [stderr]     Checking chacha20 v0.10.1
[INFO] [stderr]    Compiling itertools v0.13.0
[INFO] [stderr]    Compiling percent-encoding v2.3.2
[INFO] [stderr]    Compiling nom v7.1.3
[INFO] [stderr]     Checking cmov v0.5.4
[INFO] [stderr]    Compiling bindgen v0.72.1
[INFO] [stderr]    Compiling rustversion v1.0.23
[INFO] [stderr]    Compiling rustc-hash v2.1.3
[INFO] [stderr]    Compiling form_urlencoded v1.2.2
[INFO] [stderr]     Checking signature v3.0.0
[INFO] [stderr]     Checking rand v0.10.2
[INFO] [stderr]     Checking ctutils v0.4.2
[INFO] [stderr]    Compiling libcrux-intrinsics v0.0.7
[INFO] [stderr]    Compiling radium v0.7.0
[INFO] [stderr]    Compiling syn v2.0.118
[INFO] [stderr]    Compiling toml_edit v0.25.12+spec-1.1.0
[INFO] [stderr]     Checking aho-corasick v1.1.4
[INFO] [stderr]    Compiling serde_json v1.0.150
[INFO] [stderr]     Checking tap v1.0.1
[INFO] [stderr]    Compiling iana-time-zone v0.1.65
[INFO] [stderr]    Compiling libcrux-sha3 v0.0.9
[INFO] [stderr]    Compiling num-integer v0.1.46
[INFO] [stderr]    Compiling num-complex v0.4.6
[INFO] [stderr]     Checking wyz v0.5.1
[INFO] [stderr]    Compiling jobserver v0.1.35
[INFO] [stderr]    Compiling num-rational v0.4.2
[INFO] [stderr]    Compiling num-iter v0.1.46
[INFO] [stderr]    Compiling cc v1.2.66
[INFO] [stderr]    Compiling uuid v1.23.4
[INFO] [stderr]    Compiling chrono v0.4.45
[INFO] [stderr]     Checking hybrid-array v0.4.13
[INFO] [stderr]    Compiling proc-macro-crate v3.5.0
[INFO] [stderr]    Compiling curve25519-dalek v5.0.0
[INFO] [stderr]     Checking libcrux-platform v0.0.3
[INFO] [stderr]    Compiling nom v8.0.0
[INFO] [stderr]    Compiling anyhow v1.0.103
[INFO] [stderr]    Compiling zerocopy v0.8.54
[INFO] [stderr]    Compiling regex-automata v0.4.14
[INFO] [stderr]    Compiling num v0.4.3
[INFO] [stderr]    Compiling libcrux-ml-kem v0.0.9
[INFO] [stderr]     Checking funty v2.0.0
[INFO] [stderr]     Checking generic-array v1.4.3
[INFO] [stderr]    Compiling cexpr v0.6.0
[INFO] [stderr]     Checking keccak v0.2.0
[INFO] [stderr]    Compiling serde v1.0.228
[INFO] [stdout] error[E0493]: destructor of `ArrayBuilder<T, N>` cannot be evaluated at compile-time
[INFO] [stdout]    --> /opt/rustwide/cargo-home/registry/src/index.crates.io-1949cf8c6b5b557f/generic-array-1.4.3/src/internal.rs:103:31
[INFO] [stdout]     |
[INFO] [stdout] 103 |     pub unsafe fn assume_init(self) -> GenericArray<T, N> {
[INFO] [stdout]     |                               ^^^^ the destructor for this type cannot be evaluated in constant functions
[INFO] [stdout] ...
[INFO] [stdout] 109 |     }
[INFO] [stdout]     |     - value is dropped here
[INFO] [stdout] 
[INFO] [stdout] 
[INFO] [stdout] error[E0493]: destructor of `GenericArray<core::mem::MaybeUninit<*const T>, N>` cannot be evaluated at compile-time
[INFO] [stdout]    --> /opt/rustwide/cargo-home/registry/src/index.crates.io-1949cf8c6b5b557f/generic-array-1.4.3/src/lib.rs:970:13
[INFO] [stdout]     |
[INFO] [stdout] 970 |         let mut out: GenericArray<MaybeUninit<*const T>, N> = GenericArray::uninit();
[INFO] [stdout]     |             ^^^^^^^ the destructor for this type cannot be evaluated in constant functions
[INFO] [stdout] ...
[INFO] [stdout] 985 |     }
[INFO] [stdout]     |     - value is dropped here
[INFO] [stdout] 
[INFO] [stdout] 
[INFO] [stdout] error[E0493]: destructor of `GenericArray<core::mem::MaybeUninit<*mut T>, N>` cannot be evaluated at compile-time
[INFO] [stdout]     --> /opt/rustwide/cargo-home/registry/src/index.crates.io-1949cf8c6b5b557f/generic-array-1.4.3/src/lib.rs:1005:13
[INFO] [stdout]      |
[INFO] [stdout] 1005 |         let mut out: GenericArray<MaybeUninit<*mut T>, N> = GenericArray::uninit();
[INFO] [stdout]      |             ^^^^^^^ the destructor for this type cannot be evaluated in constant functions
[INFO] [stdout] ...
[INFO] [stdout] 1020 |     }
[INFO] [stdout]      |     - value is dropped here
[INFO] [stdout] 
[INFO] [stdout] 
[INFO] [stderr]     Checking subtle v2.6.1
[INFO] [stdout] For more information about this error, try `rustc --explain E0493`.
[INFO] [stdout] 
[INFO] [stderr] error: could not compile `generic-array` (lib) due to 3 previous errors
[INFO] [stderr] warning: build failed, waiting for other jobs to finish...
[INFO] running `Command { std: "docker" "inspect" "c7085995cced4ebd88669cce797ecb86dde3b25fe704366bb0e41e9f33fe6d8b", kill_on_drop: false }`
[INFO] running `Command { std: "docker" "rm" "-f" "c7085995cced4ebd88669cce797ecb86dde3b25fe704366bb0e41e9f33fe6d8b", kill_on_drop: false }`
[INFO] [stdout] c7085995cced4ebd88669cce797ecb86dde3b25fe704366bb0e41e9f33fe6d8b
