[INFO] cloning repository https://github.com/OttoRoming/och
[INFO] running `Command { std: "git" "-c" "credential.helper=" "-c" "credential.helper=/workspace/cargo-home/bin/git-credential-null" "clone" "--bare" "https://github.com/OttoRoming/och" "/workspace/cache/git-repos/https%3A%2F%2Fgithub.com%2FOttoRoming%2Foch", kill_on_drop: false }`
[INFO] [stderr] Cloning into bare repository '/workspace/cache/git-repos/https%3A%2F%2Fgithub.com%2FOttoRoming%2Foch'...
[INFO] running `Command { std: "git" "rev-parse" "HEAD", kill_on_drop: false }`
[INFO] [stdout] 9164babe398326513a9ed49618f7da38c842989b
[INFO] checking OttoRoming/och against c60b92c03ca8a3b101eb9d57f51e2232690638c7 for pr-164148-crater-rollup
[INFO] running `Command { std: "git" "clone" "/workspace/cache/git-repos/https%3A%2F%2Fgithub.com%2FOttoRoming%2Foch" "/workspace/builds/worker-4-tc2/source", kill_on_drop: false }`
[INFO] [stderr] Cloning into '/workspace/builds/worker-4-tc2/source'...
[INFO] [stderr] done.
[INFO] started tweaking git repo https://github.com/OttoRoming/och
[INFO] finished tweaking git repo https://github.com/OttoRoming/och
[INFO] tweaked toml for git repo https://github.com/OttoRoming/och written to /workspace/builds/worker-4-tc2/source/Cargo.toml
[INFO] validating manifest of git repo https://github.com/OttoRoming/och on toolchain c60b92c03ca8a3b101eb9d57f51e2232690638c7
[INFO] running `Command { std: CARGO_HOME="/workspace/cargo-home" RUSTUP_HOME="/workspace/rustup-home" "/workspace/cargo-home/bin/cargo" "+c60b92c03ca8a3b101eb9d57f51e2232690638c7" "metadata" "--manifest-path" "Cargo.toml" "--no-deps", kill_on_drop: false }`
[INFO] crate git repo https://github.com/OttoRoming/och already has a lockfile, it will not be regenerated
[INFO] running `Command { std: CARGO_HOME="/workspace/cargo-home" RUSTUP_HOME="/workspace/rustup-home" "/workspace/cargo-home/bin/cargo" "+c60b92c03ca8a3b101eb9d57f51e2232690638c7" "fetch" "--manifest-path" "Cargo.toml", kill_on_drop: false }`
[INFO] running `Command { std: "docker" "create" "-v" "/var/lib/crater-agent-workspace/builds/worker-4-tc2/source:/opt/rustwide/workdir:ro,Z" "-v" "/var/lib/crater-agent-workspace/builds/worker-4-tc2/target:/opt/rustwide/target:rw,Z" "-v" "/var/lib/crater-agent-workspace/cargo-home:/opt/rustwide/cargo-home:ro,Z" "-v" "/var/lib/crater-agent-workspace/rustup-home:/opt/rustwide/rustup-home:ro,Z" "-m" "1610612736" "--network" "none" "ghcr.io/rust-lang/crates-build-env/linux@sha256:77db811e55d90add9212f6832c23229e3de5f1c1f9905e8cb07319ea15df73ac" "sleep" "infinity", kill_on_drop: false }`
[INFO] [stdout] eac8d70d34edef695acc6646d9427f0685bd99935b063e5d1552134b8a1a3e1b
[INFO] running `Command { std: "docker" "start" "eac8d70d34edef695acc6646d9427f0685bd99935b063e5d1552134b8a1a3e1b", kill_on_drop: false }`
[INFO] running `Command { std: "docker" "inspect" "eac8d70d34edef695acc6646d9427f0685bd99935b063e5d1552134b8a1a3e1b", kill_on_drop: false }`
[INFO] running `Command { std: "docker" "exec" "-e" "SOURCE_DIR=/opt/rustwide/workdir" "-e" "CARGO_HOME=/opt/rustwide/cargo-home" "-e" "RUSTUP_HOME=/opt/rustwide/rustup-home" "-e" "CARGO_TARGET_DIR=/opt/rustwide/target" "-w" "/opt/rustwide/workdir" "--user" "0:0" "eac8d70d34edef695acc6646d9427f0685bd99935b063e5d1552134b8a1a3e1b" "/opt/rustwide/cargo-home/bin/cargo" "+c60b92c03ca8a3b101eb9d57f51e2232690638c7" "metadata" "--no-deps" "--format-version=1", kill_on_drop: false }`
[INFO] running `Command { std: "docker" "inspect" "eac8d70d34edef695acc6646d9427f0685bd99935b063e5d1552134b8a1a3e1b", kill_on_drop: false }`
[INFO] running `Command { std: "docker" "exec" "-e" "SOURCE_DIR=/opt/rustwide/workdir" "-e" "CARGO_HOME=/opt/rustwide/cargo-home" "-e" "RUSTUP_HOME=/opt/rustwide/rustup-home" "-e" "CARGO_TARGET_DIR=/opt/rustwide/target" "-e" "CARGO_INCREMENTAL=0" "-e" "RUST_BACKTRACE=full" "-e" "RUSTFLAGS=--cap-lints=forbid" "-e" "RUSTDOCFLAGS=--cap-lints=forbid" "-w" "/opt/rustwide/workdir" "--user" "0:0" "eac8d70d34edef695acc6646d9427f0685bd99935b063e5d1552134b8a1a3e1b" "/opt/rustwide/cargo-home/bin/cargo" "+c60b92c03ca8a3b101eb9d57f51e2232690638c7" "check" "--frozen" "--all" "--all-targets" "--message-format=json", kill_on_drop: false }`
[INFO] [stderr]    Compiling libc v0.2.190
[INFO] [stderr]     Checking zeroize v1.9.1
[INFO] [stderr]     Checking subtle v2.6.1
[INFO] [stderr]    Compiling getrandom v0.4.3
[INFO] [stderr]     Checking smallvec v1.16.2
[INFO] [stderr]     Checking cpubits v0.1.1
[INFO] [stderr]     Checking futures-core v0.3.34
[INFO] [stderr]     Checking futures-sink v0.3.34
[INFO] [stderr]    Compiling quote v1.0.47
[INFO] [stderr]     Checking pem-rfc7468 v1.0.0
[INFO] [stderr]     Checking futures-io v0.3.34
[INFO] [stderr]     Checking bitflags v2.13.2
[INFO] [stderr]     Checking base16ct v1.0.0
[INFO] [stderr]    Compiling aws-lc-rs v1.18.1
[INFO] [stderr]     Checking http v1.5.0
[INFO] [stderr]    Compiling crc32fast v1.5.2
[INFO] [stderr]     Checking rustls-pki-types v1.15.1
[INFO] [stderr]     Checking tracing v0.1.44
[INFO] [stderr]     Checking generic-array v0.14.9
[INFO] [stderr]     Checking futures-channel v0.3.34
[INFO] [stderr]     Checking miniz_oxide v0.9.1
[INFO] [stderr]     Checking want v0.3.2
[INFO] [stderr]     Checking ctutils v0.4.3
[INFO] [stderr]     Checking ff v0.14.0
[INFO] [stderr]    Compiling curve25519-dalek v5.0.0
[INFO] [stderr]     Checking der v0.8.2
[INFO] [stderr]    Compiling syn v3.0.6
[INFO] [stderr]    Compiling syn v2.0.108
[INFO] [stderr]    Compiling thiserror v2.0.21
[INFO] [stderr]     Checking group v0.14.0
[INFO] [stderr]    Compiling rustls v0.23.45
[INFO] [stderr]    Compiling nix v0.31.3
[INFO] [stderr]     Checking num-integer v0.1.47
[INFO] [stderr]     Checking keccak v0.2.2
[INFO] [stderr]     Checking hybrid-array v0.4.15
[INFO] [stderr]     Checking rustix v1.1.5
[INFO] [stderr]     Checking http v0.2.12
[INFO] [stderr]     Checking base64 v0.23.1
[INFO] [stderr]    Compiling crossbeam-utils v0.8.23
[INFO] [stderr]     Checking sponge-cursor v0.1.0
[INFO] [stderr]    Compiling zstd-safe v7.3.0
[INFO] [stderr]     Checking http-body v1.1.0
[INFO] [stderr]     Checking flate2 v1.1.10
[INFO] [stderr]     Checking serde_json v1.0.145
[INFO] [stderr]    Compiling encoding_rs v0.8.42
[INFO] [stderr]     Checking sync_wrapper v1.0.2
[INFO] [stderr]     Checking data-encoding v2.11.1
[INFO] [stderr]     Checking md5 v0.8.1
[INFO] [stderr]     Checking crypto-common v0.1.6
[INFO] [stderr]     Checking generic-array v1.4.5
[INFO] [stderr]     Checking block-buffer v0.10.4
[INFO] [stderr]     Checking hex-literal v1.1.0
[INFO] [stderr]     Checking ipnet v2.12.2
[INFO] [stderr]     Checking digest v0.10.7
[INFO] [stderr]     Checking rustls-native-certs v0.8.4
[INFO] [stderr]     Checking num-bigint v0.4.8
[INFO] [stderr]     Checking serde_bytes v0.11.19
[INFO] [stderr]     Checking uuid v1.27.0
[INFO] [stderr]     Checking web-time v1.1.0
[INFO] [stderr]     Checking libbz2-rs-sys v0.2.5
[INFO] [stderr]     Checking http-body v0.4.6
[INFO] [stderr]    Compiling owo-colors v4.2.3
[INFO] [stdout] error[E0493]: destructor of `ArrayBuilder<T, N>` cannot be evaluated at compile-time
[INFO] [stdout]    --> /opt/rustwide/cargo-home/registry/src/index.crates.io-1949cf8c6b5b557f/generic-array-1.4.5/src/internal.rs:103:31
[INFO] [stdout]     |
[INFO] [stdout] 103 |     pub unsafe fn assume_init(self) -> GenericArray<T, N> {
[INFO] [stdout]     |                               ^^^^ the destructor for this type cannot be evaluated in constant functions
[INFO] [stdout] ...
[INFO] [stdout] 109 |     }
[INFO] [stdout]     |     - value is dropped here
[INFO] [stdout] 
[INFO] [stdout] 
[INFO] [stderr]    Compiling curl v0.4.49
[INFO] [stderr]     Checking winnow v1.0.4
[INFO] [stdout] error[E0493]: destructor of `GenericArray<core::mem::MaybeUninit<*const T>, N>` cannot be evaluated at compile-time
[INFO] [stdout]    --> /opt/rustwide/cargo-home/registry/src/index.crates.io-1949cf8c6b5b557f/generic-array-1.4.5/src/lib.rs:983:13
[INFO] [stdout]     |
[INFO] [stdout] 983 |         let mut out: GenericArray<MaybeUninit<*const T>, N> = GenericArray::uninit();
[INFO] [stdout]     |             ^^^^^^^ the destructor for this type cannot be evaluated in constant functions
[INFO] [stdout] ...
[INFO] [stdout] 998 |     }
[INFO] [stdout]     |     - value is dropped here
[INFO] [stdout] 
[INFO] [stdout] 
[INFO] [stdout] error[E0493]: destructor of `GenericArray<core::mem::MaybeUninit<*mut T>, N>` cannot be evaluated at compile-time
[INFO] [stdout]     --> /opt/rustwide/cargo-home/registry/src/index.crates.io-1949cf8c6b5b557f/generic-array-1.4.5/src/lib.rs:1018:13
[INFO] [stdout]      |
[INFO] [stdout] 1018 |         let mut out: GenericArray<MaybeUninit<*mut T>, N> = GenericArray::uninit();
[INFO] [stdout]      |             ^^^^^^^ the destructor for this type cannot be evaluated in constant functions
[INFO] [stdout] ...
[INFO] [stdout] 1033 |     }
[INFO] [stdout]      |     - value is dropped here
[INFO] [stdout] 
[INFO] [stdout] 
[INFO] [stderr]     Checking simdutf8 v0.1.5
[INFO] [stdout] For more information about this error, try `rustc --explain E0493`.
[INFO] [stdout] 
[INFO] [stderr]     Checking block-buffer v0.12.1
[INFO] [stderr] error: could not compile `generic-array` (lib) due to 3 previous errors
[INFO] [stderr] warning: build failed, waiting for other jobs to finish...
[INFO] running `Command { std: "docker" "inspect" "eac8d70d34edef695acc6646d9427f0685bd99935b063e5d1552134b8a1a3e1b", kill_on_drop: false }`
[INFO] running `Command { std: "docker" "rm" "-f" "eac8d70d34edef695acc6646d9427f0685bd99935b063e5d1552134b8a1a3e1b", kill_on_drop: false }`
[INFO] [stdout] eac8d70d34edef695acc6646d9427f0685bd99935b063e5d1552134b8a1a3e1b
