[INFO] cloning repository https://github.com/Open-PiliPili/EmbyStream
[INFO] running `Command { std: "git" "-c" "credential.helper=" "-c" "credential.helper=/workspace/cargo-home/bin/git-credential-null" "clone" "--bare" "https://github.com/Open-PiliPili/EmbyStream" "/workspace/cache/git-repos/https%3A%2F%2Fgithub.com%2FOpen-PiliPili%2FEmbyStream", kill_on_drop: false }`
[INFO] [stderr] Cloning into bare repository '/workspace/cache/git-repos/https%3A%2F%2Fgithub.com%2FOpen-PiliPili%2FEmbyStream'...
[INFO] running `Command { std: "git" "rev-parse" "HEAD", kill_on_drop: false }`
[INFO] [stdout] 43cb11f6cbc24806116f203e6860ce31d6a4df09
[INFO] checking Open-PiliPili/EmbyStream against c60b92c03ca8a3b101eb9d57f51e2232690638c7 for pr-164148-crater-rollup
[INFO] running `Command { std: "git" "clone" "/workspace/cache/git-repos/https%3A%2F%2Fgithub.com%2FOpen-PiliPili%2FEmbyStream" "/workspace/builds/worker-5-tc2/source", kill_on_drop: false }`
[INFO] [stderr] Cloning into '/workspace/builds/worker-5-tc2/source'...
[INFO] [stderr] done.
[INFO] started tweaking git repo https://github.com/Open-PiliPili/EmbyStream
[INFO] finished tweaking git repo https://github.com/Open-PiliPili/EmbyStream
[INFO] tweaked toml for git repo https://github.com/Open-PiliPili/EmbyStream written to /workspace/builds/worker-5-tc2/source/Cargo.toml
[INFO] validating manifest of git repo https://github.com/Open-PiliPili/EmbyStream on toolchain c60b92c03ca8a3b101eb9d57f51e2232690638c7
[INFO] running `Command { std: CARGO_HOME="/workspace/cargo-home" RUSTUP_HOME="/workspace/rustup-home" "/workspace/cargo-home/bin/cargo" "+c60b92c03ca8a3b101eb9d57f51e2232690638c7" "metadata" "--manifest-path" "Cargo.toml" "--no-deps", kill_on_drop: false }`
[INFO] crate git repo https://github.com/Open-PiliPili/EmbyStream already has a lockfile, it will not be regenerated
[INFO] running `Command { std: CARGO_HOME="/workspace/cargo-home" RUSTUP_HOME="/workspace/rustup-home" "/workspace/cargo-home/bin/cargo" "+c60b92c03ca8a3b101eb9d57f51e2232690638c7" "fetch" "--manifest-path" "Cargo.toml", kill_on_drop: false }`
[INFO] [stderr] warning: `package.homepage` is redundant with `package.repository`
[INFO] [stderr]    --> Cargo.toml:128:12
[INFO] [stderr]     |
[INFO] [stderr] 128 | homepage = "https://github.com/Open-PiliPili/EmbyStream"
[INFO] [stderr]     |            ^^^^^^^^^^^^^^^^^^^^^^^^^^^^^^^^^^^^^^^^^^^^^
[INFO] [stderr] ...
[INFO] [stderr] 134 | repository = "https://github.com/Open-PiliPili/EmbyStream"
[INFO] [stderr]     |              ---------------------------------------------
[INFO] [stderr]     |
[INFO] [stderr]     = note: `cargo::redundant_homepage` is set to `warn` by default
[INFO] [stderr] help: consider removing `package.homepage`
[INFO] [stderr] warning: `embystream` (manifest) generated 1 warning
[INFO] [stderr]     Blocking waiting for file lock on package cache
[INFO] [stderr]     Blocking waiting for file lock on package cache
[INFO] running `Command { std: "docker" "create" "-v" "/var/lib/crater-agent-workspace/builds/worker-5-tc2/source:/opt/rustwide/workdir:ro,Z" "-v" "/var/lib/crater-agent-workspace/builds/worker-5-tc2/target:/opt/rustwide/target:rw,Z" "-v" "/var/lib/crater-agent-workspace/cargo-home:/opt/rustwide/cargo-home:ro,Z" "-v" "/var/lib/crater-agent-workspace/rustup-home:/opt/rustwide/rustup-home:ro,Z" "-m" "1610612736" "--network" "none" "ghcr.io/rust-lang/crates-build-env/linux@sha256:77db811e55d90add9212f6832c23229e3de5f1c1f9905e8cb07319ea15df73ac" "sleep" "infinity", kill_on_drop: false }`
[INFO] [stdout] 6634ff35c9dd65e58545907465ea7897824998af94a1ac1e2cec1d20cc8cda3f
[INFO] running `Command { std: "docker" "start" "6634ff35c9dd65e58545907465ea7897824998af94a1ac1e2cec1d20cc8cda3f", kill_on_drop: false }`
[INFO] running `Command { std: "docker" "inspect" "6634ff35c9dd65e58545907465ea7897824998af94a1ac1e2cec1d20cc8cda3f", kill_on_drop: false }`
[INFO] running `Command { std: "docker" "exec" "-e" "SOURCE_DIR=/opt/rustwide/workdir" "-e" "CARGO_HOME=/opt/rustwide/cargo-home" "-e" "RUSTUP_HOME=/opt/rustwide/rustup-home" "-e" "CARGO_TARGET_DIR=/opt/rustwide/target" "-w" "/opt/rustwide/workdir" "--user" "0:0" "6634ff35c9dd65e58545907465ea7897824998af94a1ac1e2cec1d20cc8cda3f" "/opt/rustwide/cargo-home/bin/cargo" "+c60b92c03ca8a3b101eb9d57f51e2232690638c7" "metadata" "--no-deps" "--format-version=1", kill_on_drop: false }`
[INFO] running `Command { std: "docker" "inspect" "6634ff35c9dd65e58545907465ea7897824998af94a1ac1e2cec1d20cc8cda3f", kill_on_drop: false }`
[INFO] running `Command { std: "docker" "exec" "-e" "SOURCE_DIR=/opt/rustwide/workdir" "-e" "CARGO_HOME=/opt/rustwide/cargo-home" "-e" "RUSTUP_HOME=/opt/rustwide/rustup-home" "-e" "CARGO_TARGET_DIR=/opt/rustwide/target" "-e" "CARGO_INCREMENTAL=0" "-e" "RUST_BACKTRACE=full" "-e" "RUSTFLAGS=--cap-lints=forbid" "-e" "RUSTDOCFLAGS=--cap-lints=forbid" "-w" "/opt/rustwide/workdir" "--user" "0:0" "6634ff35c9dd65e58545907465ea7897824998af94a1ac1e2cec1d20cc8cda3f" "/opt/rustwide/cargo-home/bin/cargo" "+c60b92c03ca8a3b101eb9d57f51e2232690638c7" "check" "--frozen" "--all" "--all-targets" "--message-format=json", kill_on_drop: false }`
[INFO] [stderr] warning: `package.homepage` is redundant with `package.repository`
[INFO] [stderr]    --> Cargo.toml:128:12
[INFO] [stderr]     |
[INFO] [stderr] 128 | homepage = "https://github.com/Open-PiliPili/EmbyStream"
[INFO] [stderr]     |            ^^^^^^^^^^^^^^^^^^^^^^^^^^^^^^^^^^^^^^^^^^^^^
[INFO] [stderr] ...
[INFO] [stderr] 134 | repository = "https://github.com/Open-PiliPili/EmbyStream"
[INFO] [stderr]     |              ---------------------------------------------
[INFO] [stderr]     |
[INFO] [stderr]     = note: `cargo::redundant_homepage` is set to `warn` by default
[INFO] [stderr] help: consider removing `package.homepage`
[INFO] [stderr] warning: `embystream` (manifest) generated 1 warning
[INFO] [stderr]     Checking bytes v1.11.1
[INFO] [stderr]     Checking log v0.4.32
[INFO] [stderr]    Compiling libc v0.2.186
[INFO] [stderr]    Compiling icu_normalizer_data v2.1.1
[INFO] [stderr]    Compiling icu_properties_data v2.1.2
[INFO] [stderr]    Compiling syn v2.0.117
[INFO] [stderr]    Compiling aws-lc-rs v1.17.0
[INFO] [stderr]     Checking futures-channel v0.3.32
[INFO] [stderr]    Compiling time-core v0.1.7
[INFO] [stderr]     Checking deranged v0.5.8
[INFO] [stderr]     Checking num_threads v0.1.7
[INFO] [stderr]     Checking simd-adler32 v0.3.9
[INFO] [stderr]    Compiling rustls v0.23.40
[INFO] [stderr]     Checking crossbeam-epoch v0.9.18
[INFO] [stderr]     Checking getrandom v0.4.2
[INFO] [stderr]     Checking concurrent-queue v2.5.0
[INFO] [stderr]     Checking miniz_oxide v0.8.9
[INFO] [stderr]     Checking block-padding v0.3.3
[INFO] [stderr]     Checking compression-core v0.4.32
[INFO] [stderr]    Compiling rustversion v1.0.22
[INFO] [stderr]     Checking rustls-native-certs v0.8.4
[INFO] [stderr]    Compiling time-macros v0.2.25
[INFO] [stderr]     Checking webpki-roots v1.0.7
[INFO] [stderr]    Compiling cookie v0.18.1
[INFO] [stderr]     Checking inout v0.1.4
[INFO] [stderr]    Compiling portable-atomic v1.13.1
[INFO] [stderr]     Checking tracing-log v0.2.0
[INFO] [stderr]     Checking sha1 v0.10.6
[INFO] [stderr]     Checking crossbeam-channel v0.5.15
[INFO] [stderr]     Checking cipher v0.4.4
[INFO] [stderr]     Checking base64ct v1.8.3
[INFO] [stderr]     Checking http-range-header v0.4.2
[INFO] [stderr]     Checking either v1.16.0
[INFO] [stderr]     Checking unicode-width v0.2.2
[INFO] [stderr]     Checking event-listener v5.4.1
[INFO] [stderr]     Checking tempfile v3.27.0
[INFO] [stderr]     Checking crossbeam-deque v0.8.6
[INFO] [stderr]     Checking uuid v1.23.3
[INFO] [stderr]     Checking hashlink v0.10.0
[INFO] [stderr]     Checking rand_chacha v0.3.1
[INFO] [stderr]     Checking console v0.16.3
[INFO] [stderr]     Checking event-listener-strategy v0.5.4
[INFO] [stderr]     Checking password-hash v0.5.0
[INFO] [stderr]     Checking async-lock v3.4.2
[INFO] [stderr]     Checking rayon-core v1.13.0
[INFO] [stderr]     Checking rmp v0.8.15
[INFO] [stderr]     Checking blake2 v0.10.6
[INFO] [stderr]    Compiling embystream v0.0.43 (/opt/rustwide/workdir)
[INFO] [stderr]     Checking flate2 v1.1.9
[INFO] [stderr]     Checking tagptr v0.2.0
[INFO] [stderr]     Checking http v1.4.2
[INFO] [stderr]     Checking shell-words v1.1.1
[INFO] [stderr]     Checking seahash v4.1.0
[INFO] [stderr]     Checking dashmap v6.2.1
[INFO] [stderr]     Checking generic-array v1.4.3
[INFO] [stderr]     Checking argon2 v0.5.3
[INFO] [stderr]     Checking rand v0.8.6
[INFO] [stderr]     Checking aes v0.8.4
[INFO] [stderr]     Checking dialoguer v0.12.0
[INFO] [stderr]     Checking cbc v0.1.2
[INFO] [stderr]     Checking rayon v1.12.0
[INFO] [stderr]     Checking rustls-pemfile v2.2.0
[INFO] [stderr]     Checking figlet-rs v0.1.5
[INFO] [stderr]     Checking filetime v0.2.29
[INFO] [stderr]     Checking compression-codecs v0.4.38
[INFO] [stderr]     Checking time v0.3.45
[INFO] [stderr]    Compiling jobserver v0.1.34
[INFO] [stderr]    Compiling cc v1.2.64
[INFO] [stderr]     Checking http-body v1.0.1
[INFO] [stdout] error[E0493]: destructor of `ArrayBuilder<T, N>` cannot be evaluated at compile-time
[INFO] [stdout]    --> /opt/rustwide/cargo-home/registry/src/index.crates.io-1949cf8c6b5b557f/generic-array-1.4.3/src/internal.rs:103:31
[INFO] [stdout]     |
[INFO] [stdout] 103 |     pub unsafe fn assume_init(self) -> GenericArray<T, N> {
[INFO] [stdout]     |                               ^^^^ the destructor for this type cannot be evaluated in constant functions
[INFO] [stdout] ...
[INFO] [stdout] 109 |     }
[INFO] [stdout]     |     - value is dropped here
[INFO] [stdout] 
[INFO] [stdout] 
[INFO] [stderr]     Checking http-body-util v0.1.3
[INFO] [stdout] error[E0493]: destructor of `GenericArray<core::mem::MaybeUninit<*const T>, N>` cannot be evaluated at compile-time
[INFO] [stdout]    --> /opt/rustwide/cargo-home/registry/src/index.crates.io-1949cf8c6b5b557f/generic-array-1.4.3/src/lib.rs:970:13
[INFO] [stdout]     |
[INFO] [stdout] 970 |         let mut out: GenericArray<MaybeUninit<*const T>, N> = GenericArray::uninit();
[INFO] [stdout]     |             ^^^^^^^ the destructor for this type cannot be evaluated in constant functions
[INFO] [stdout] ...
[INFO] [stdout] 985 |     }
[INFO] [stdout]     |     - value is dropped here
[INFO] [stdout] 
[INFO] [stdout] 
[INFO] [stdout] error[E0493]: destructor of `GenericArray<core::mem::MaybeUninit<*mut T>, N>` cannot be evaluated at compile-time
[INFO] [stdout]     --> /opt/rustwide/cargo-home/registry/src/index.crates.io-1949cf8c6b5b557f/generic-array-1.4.3/src/lib.rs:1005:13
[INFO] [stdout]      |
[INFO] [stdout] 1005 |         let mut out: GenericArray<MaybeUninit<*mut T>, N> = GenericArray::uninit();
[INFO] [stdout]      |             ^^^^^^^ the destructor for this type cannot be evaluated in constant functions
[INFO] [stdout] ...
[INFO] [stdout] 1020 |     }
[INFO] [stdout]      |     - value is dropped here
[INFO] [stdout] 
[INFO] [stdout] 
[INFO] [stdout] For more information about this error, try `rustc --explain E0493`.
[INFO] [stdout] 
[INFO] [stderr] error: could not compile `generic-array` (lib) due to 3 previous errors
[INFO] [stderr] warning: build failed, waiting for other jobs to finish...
[INFO] running `Command { std: "docker" "inspect" "6634ff35c9dd65e58545907465ea7897824998af94a1ac1e2cec1d20cc8cda3f", kill_on_drop: false }`
[INFO] running `Command { std: "docker" "rm" "-f" "6634ff35c9dd65e58545907465ea7897824998af94a1ac1e2cec1d20cc8cda3f", kill_on_drop: false }`
[INFO] [stdout] 6634ff35c9dd65e58545907465ea7897824998af94a1ac1e2cec1d20cc8cda3f
