[INFO] cloning repository https://github.com/NoroProject/noro-noded
[INFO] running `Command { std: "git" "-c" "credential.helper=" "-c" "credential.helper=/workspace/cargo-home/bin/git-credential-null" "clone" "--bare" "https://github.com/NoroProject/noro-noded" "/workspace/cache/git-repos/https%3A%2F%2Fgithub.com%2FNoroProject%2Fnoro-noded", kill_on_drop: false }`
[INFO] [stderr] Cloning into bare repository '/workspace/cache/git-repos/https%3A%2F%2Fgithub.com%2FNoroProject%2Fnoro-noded'...
[INFO] running `Command { std: "git" "rev-parse" "HEAD", kill_on_drop: false }`
[INFO] [stdout] 49ef6998b90fa908c0dec1c17fd457beb206d715
[INFO] checking NoroProject/noro-noded against c60b92c03ca8a3b101eb9d57f51e2232690638c7 for pr-164148-crater-rollup
[INFO] running `Command { std: "git" "clone" "/workspace/cache/git-repos/https%3A%2F%2Fgithub.com%2FNoroProject%2Fnoro-noded" "/workspace/builds/worker-1-tc2/source", kill_on_drop: false }`
[INFO] [stderr] Cloning into '/workspace/builds/worker-1-tc2/source'...
[INFO] [stderr] done.
[INFO] removed /workspace/builds/worker-1-tc2/source/rust-toolchain.toml
[INFO] started tweaking git repo https://github.com/NoroProject/noro-noded
[INFO] finished tweaking git repo https://github.com/NoroProject/noro-noded
[INFO] tweaked toml for git repo https://github.com/NoroProject/noro-noded written to /workspace/builds/worker-1-tc2/source/Cargo.toml
[INFO] validating manifest of git repo https://github.com/NoroProject/noro-noded on toolchain c60b92c03ca8a3b101eb9d57f51e2232690638c7
[INFO] running `Command { std: CARGO_HOME="/workspace/cargo-home" RUSTUP_HOME="/workspace/rustup-home" "/workspace/cargo-home/bin/cargo" "+c60b92c03ca8a3b101eb9d57f51e2232690638c7" "metadata" "--manifest-path" "Cargo.toml" "--no-deps", kill_on_drop: false }`
[INFO] crate git repo https://github.com/NoroProject/noro-noded already has a lockfile, it will not be regenerated
[INFO] running `Command { std: CARGO_HOME="/workspace/cargo-home" RUSTUP_HOME="/workspace/rustup-home" "/workspace/cargo-home/bin/cargo" "+c60b92c03ca8a3b101eb9d57f51e2232690638c7" "fetch" "--manifest-path" "Cargo.toml", kill_on_drop: false }`
[INFO] [stderr]     Blocking waiting for file lock on package cache
[INFO] [stderr]     Updating git repository `https://github.com/NoroProject/noro-shared.git`
[INFO] [stderr]     Blocking waiting for file lock on package cache
[INFO] [stderr]      Locking 1 package to highest compatible version
[INFO] [stderr]       Adding schema v3.0.0 (https://github.com/NoroProject/noro-shared.git?branch=master#89f210b5)
[INFO] [stderr]     Blocking waiting for file lock on package cache
[INFO] running `Command { std: "docker" "create" "-v" "/var/lib/crater-agent-workspace/builds/worker-1-tc2/source:/opt/rustwide/workdir:ro,Z" "-v" "/var/lib/crater-agent-workspace/builds/worker-1-tc2/target:/opt/rustwide/target:rw,Z" "-v" "/var/lib/crater-agent-workspace/cargo-home:/opt/rustwide/cargo-home:ro,Z" "-v" "/var/lib/crater-agent-workspace/rustup-home:/opt/rustwide/rustup-home:ro,Z" "-m" "1610612736" "--network" "none" "ghcr.io/rust-lang/crates-build-env/linux@sha256:77db811e55d90add9212f6832c23229e3de5f1c1f9905e8cb07319ea15df73ac" "sleep" "infinity", kill_on_drop: false }`
[INFO] [stdout] ed574eba880b44ab885616697ffab762539958562e16023c2e046bc70e13e38d
[INFO] running `Command { std: "docker" "start" "ed574eba880b44ab885616697ffab762539958562e16023c2e046bc70e13e38d", kill_on_drop: false }`
[INFO] running `Command { std: "docker" "inspect" "ed574eba880b44ab885616697ffab762539958562e16023c2e046bc70e13e38d", kill_on_drop: false }`
[INFO] running `Command { std: "docker" "exec" "-e" "SOURCE_DIR=/opt/rustwide/workdir" "-e" "CARGO_HOME=/opt/rustwide/cargo-home" "-e" "RUSTUP_HOME=/opt/rustwide/rustup-home" "-e" "CARGO_TARGET_DIR=/opt/rustwide/target" "-w" "/opt/rustwide/workdir" "--user" "0:0" "ed574eba880b44ab885616697ffab762539958562e16023c2e046bc70e13e38d" "/opt/rustwide/cargo-home/bin/cargo" "+c60b92c03ca8a3b101eb9d57f51e2232690638c7" "metadata" "--no-deps" "--format-version=1", kill_on_drop: false }`
[INFO] running `Command { std: "docker" "inspect" "ed574eba880b44ab885616697ffab762539958562e16023c2e046bc70e13e38d", kill_on_drop: false }`
[INFO] running `Command { std: "docker" "exec" "-e" "SOURCE_DIR=/opt/rustwide/workdir" "-e" "CARGO_HOME=/opt/rustwide/cargo-home" "-e" "RUSTUP_HOME=/opt/rustwide/rustup-home" "-e" "CARGO_TARGET_DIR=/opt/rustwide/target" "-e" "CARGO_INCREMENTAL=0" "-e" "RUST_BACKTRACE=full" "-e" "RUSTFLAGS=--cap-lints=forbid" "-e" "RUSTDOCFLAGS=--cap-lints=forbid" "-w" "/opt/rustwide/workdir" "--user" "0:0" "ed574eba880b44ab885616697ffab762539958562e16023c2e046bc70e13e38d" "/opt/rustwide/cargo-home/bin/cargo" "+c60b92c03ca8a3b101eb9d57f51e2232690638c7" "check" "--frozen" "--all" "--all-targets" "--message-format=json", kill_on_drop: false }`
[INFO] [stderr]    Compiling unicode-ident v1.0.26
[INFO] [stderr]    Compiling libc v0.2.189
[INFO] [stderr]     Checking cmov v0.5.4
[INFO] [stderr]    Compiling getrandom v0.4.3
[INFO] [stderr]    Compiling find-msvc-tools v0.1.13
[INFO] [stderr]     Checking cpufeatures v0.3.1
[INFO] [stderr]     Checking base64ct v1.8.3
[INFO] [stderr]     Checking smallvec v1.16.1
[INFO] [stderr]     Checking cpubits v0.1.1
[INFO] [stderr]    Compiling num-traits v0.2.19
[INFO] [stderr]     Checking generic-array v0.14.7
[INFO] [stderr]     Checking futures-sink v0.3.34
[INFO] [stderr]     Checking futures-io v0.3.34
[INFO] [stderr]     Checking http v1.5.0
[INFO] [stderr]    Compiling zerocopy v0.8.57
[INFO] [stderr]     Checking ff v0.14.0
[INFO] [stderr]    Compiling proc-macro2 v1.0.107
[INFO] [stderr]     Checking bitflags v2.13.2
[INFO] [stderr]    Compiling getrandom v0.3.4
[INFO] [stderr]     Checking futures-channel v0.3.34
[INFO] [stderr]     Checking base16ct v1.0.0
[INFO] [stderr]    Compiling cc v1.4.7
[INFO] [stderr]    Compiling rustls v0.23.45
[INFO] [stderr]     Checking ctutils v0.4.2
[INFO] [stderr]     Checking group v0.14.0
[INFO] [stderr]     Checking ipnet v2.12.2
[INFO] [stderr]     Checking serde_json v1.0.151
[INFO] [stderr]    Compiling curve25519-dalek v5.0.0
[INFO] [stderr]     Checking sync_wrapper v1.0.2
[INFO] [stderr]     Checking aho-corasick v1.1.5
[INFO] [stderr]     Checking simd-adler32 v0.3.10
[INFO] [stderr]    Compiling nix v0.31.3
[INFO] [stderr]     Checking pem-rfc7468 v1.0.0
[INFO] [stderr]    Compiling quote v1.0.47
[INFO] [stderr]     Checking pem-rfc7468 v0.7.0
[INFO] [stderr]    Compiling syn v2.0.119
[INFO] [stderr]    Compiling syn v3.0.6
[INFO] [stderr]     Checking crypto-common v0.1.7
[INFO] [stderr]     Checking block-buffer v0.10.4
[INFO] [stderr]     Checking keccak v0.2.2
[INFO] [stderr]    Compiling crossbeam-utils v0.8.23
[INFO] [stderr]    Compiling zstd-safe v7.3.0
[INFO] [stderr]     Checking digest v0.10.7
[INFO] [stderr]    Compiling rustix v1.1.5
[INFO] [stderr]    Compiling mime_guess v2.0.5
[INFO] [stderr]     Checking miniz_oxide v0.9.1
[INFO] [stderr]    Compiling encoding_rs v0.8.41
[INFO] [stderr]     Checking inout v0.1.4
[INFO] [stderr]    Compiling curve25519-dalek v4.1.3
[INFO] [stderr]     Checking core_detect v1.0.0
[INFO] [stderr]     Checking sha1 v0.10.7
[INFO] [stderr]    Compiling aws-lc-rs v1.18.1
[INFO] [stderr]     Checking crc-catalog v2.5.0
[INFO] [stderr]     Checking simdutf8 v0.1.5
[INFO] [stderr]     Checking cipher v0.4.4
[INFO] [stderr]     Checking crc v3.4.0
[INFO] [stderr]     Checking flate2 v1.1.10
[INFO] [stderr]     Checking hmac v0.12.1
[INFO] [stderr]     Checking http-body v1.1.0
[INFO] [stderr]     Checking http-body-util v0.1.5
[INFO] [stderr]     Checking bumpalo v3.20.3
[INFO] [stderr]     Checking sponge-cursor v0.1.0
[INFO] [stderr]     Checking spin v0.9.9
[INFO] [stderr]     Checking clap_lex v1.1.1
[INFO] [stderr]    Compiling zip v2.4.2
[INFO] [stderr]     Checking time v0.3.55
[INFO] [stderr]     Checking lzma-rs v0.3.0
[INFO] [stderr]     Checking aes v0.8.4
[INFO] [stderr]     Checking clap_builder v4.6.7
[INFO] [stderr]     Checking pbkdf2 v0.12.2
[INFO] [stderr]     Checking sha2 v0.10.9
[INFO] [stderr]     Checking zopfli v0.8.3
[INFO] [stderr]     Checking generic-array v1.4.5
[INFO] [stderr]     Checking tracing-log v0.2.0
[INFO] [stderr]     Checking num-integer v0.1.47
[INFO] [stderr]     Checking serde_bytes v0.11.19
[INFO] [stderr]     Checking thread_local v1.1.10
[INFO] [stderr]     Checking regex-automata v0.4.18
[INFO] [stderr]     Checking deflate64 v0.1.12
[INFO] [stderr]     Checking hex-literal v1.1.0
[INFO] [stderr]     Checking md5 v0.8.1
[INFO] [stderr]    Compiling cmake v0.1.58
[INFO] [stdout] error[E0493]: destructor of `ArrayBuilder<T, N>` cannot be evaluated at compile-time
[INFO] [stdout]    --> /opt/rustwide/cargo-home/registry/src/index.crates.io-1949cf8c6b5b557f/generic-array-1.4.5/src/internal.rs:103:31
[INFO] [stdout]     |
[INFO] [stdout] 103 |     pub unsafe fn assume_init(self) -> GenericArray<T, N> {
[INFO] [stdout]     |                               ^^^^ the destructor for this type cannot be evaluated in constant functions
[INFO] [stdout] ...
[INFO] [stdout] 109 |     }
[INFO] [stdout]     |     - value is dropped here
[INFO] [stdout] 
[INFO] [stdout] 
[INFO] [stderr]    Compiling ring v0.17.14
[INFO] [stderr]    Compiling zstd-sys v2.1.0+zstd.1.5.7
[INFO] [stderr]    Compiling bzip2-sys v0.1.13+1.0.8
[INFO] [stderr]    Compiling lzma-sys v0.1.20
[INFO] [stdout] error[E0493]: destructor of `GenericArray<core::mem::MaybeUninit<*const T>, N>` cannot be evaluated at compile-time
[INFO] [stdout]    --> /opt/rustwide/cargo-home/registry/src/index.crates.io-1949cf8c6b5b557f/generic-array-1.4.5/src/lib.rs:983:13
[INFO] [stdout]     |
[INFO] [stdout] 983 |         let mut out: GenericArray<MaybeUninit<*const T>, N> = GenericArray::uninit();
[INFO] [stdout]     |             ^^^^^^^ the destructor for this type cannot be evaluated in constant functions
[INFO] [stdout] ...
[INFO] [stdout] 998 |     }
[INFO] [stdout]     |     - value is dropped here
[INFO] [stdout] 
[INFO] [stdout] 
[INFO] [stdout] error[E0493]: destructor of `GenericArray<core::mem::MaybeUninit<*mut T>, N>` cannot be evaluated at compile-time
[INFO] [stdout]     --> /opt/rustwide/cargo-home/registry/src/index.crates.io-1949cf8c6b5b557f/generic-array-1.4.5/src/lib.rs:1018:13
[INFO] [stdout]      |
[INFO] [stdout] 1018 |         let mut out: GenericArray<MaybeUninit<*mut T>, N> = GenericArray::uninit();
[INFO] [stdout]      |             ^^^^^^^ the destructor for this type cannot be evaluated in constant functions
[INFO] [stdout] ...
[INFO] [stdout] 1033 |     }
[INFO] [stdout]      |     - value is dropped here
[INFO] [stdout] 
[INFO] [stdout] 
[INFO] [stdout] For more information about this error, try `rustc --explain E0493`.
[INFO] [stdout] 
[INFO] [stderr] error: could not compile `generic-array` (lib) due to 3 previous errors
[INFO] [stderr] warning: build failed, waiting for other jobs to finish...
[INFO] running `Command { std: "docker" "inspect" "ed574eba880b44ab885616697ffab762539958562e16023c2e046bc70e13e38d", kill_on_drop: false }`
[INFO] running `Command { std: "docker" "rm" "-f" "ed574eba880b44ab885616697ffab762539958562e16023c2e046bc70e13e38d", kill_on_drop: false }`
[INFO] [stdout] ed574eba880b44ab885616697ffab762539958562e16023c2e046bc70e13e38d
