[INFO] cloning repository https://github.com/Muvon/octofs
[INFO] running `Command { std: "git" "-c" "credential.helper=" "-c" "credential.helper=/workspace/cargo-home/bin/git-credential-null" "clone" "--bare" "https://github.com/Muvon/octofs" "/workspace/cache/git-repos/https%3A%2F%2Fgithub.com%2FMuvon%2Foctofs", kill_on_drop: false }`
[INFO] [stderr] Cloning into bare repository '/workspace/cache/git-repos/https%3A%2F%2Fgithub.com%2FMuvon%2Foctofs'...
[INFO] running `Command { std: "git" "rev-parse" "HEAD", kill_on_drop: false }`
[INFO] [stdout] cab8ebd937a3fd2cfdf88ecb78dab4b4125934c8
[INFO] checking Muvon/octofs against c60b92c03ca8a3b101eb9d57f51e2232690638c7 for pr-164148-crater-rollup
[INFO] running `Command { std: "git" "clone" "/workspace/cache/git-repos/https%3A%2F%2Fgithub.com%2FMuvon%2Foctofs" "/workspace/builds/worker-4-tc2/source", kill_on_drop: false }`
[INFO] [stderr] Cloning into '/workspace/builds/worker-4-tc2/source'...
[INFO] [stderr] done.
[INFO] started tweaking git repo https://github.com/Muvon/octofs
[INFO] finished tweaking git repo https://github.com/Muvon/octofs
[INFO] tweaked toml for git repo https://github.com/Muvon/octofs written to /workspace/builds/worker-4-tc2/source/Cargo.toml
[INFO] validating manifest of git repo https://github.com/Muvon/octofs on toolchain c60b92c03ca8a3b101eb9d57f51e2232690638c7
[INFO] running `Command { std: CARGO_HOME="/workspace/cargo-home" RUSTUP_HOME="/workspace/rustup-home" "/workspace/cargo-home/bin/cargo" "+c60b92c03ca8a3b101eb9d57f51e2232690638c7" "metadata" "--manifest-path" "Cargo.toml" "--no-deps", kill_on_drop: false }`
[INFO] crate git repo https://github.com/Muvon/octofs already has a lockfile, it will not be regenerated
[INFO] running `Command { std: CARGO_HOME="/workspace/cargo-home" RUSTUP_HOME="/workspace/rustup-home" "/workspace/cargo-home/bin/cargo" "+c60b92c03ca8a3b101eb9d57f51e2232690638c7" "fetch" "--manifest-path" "Cargo.toml", kill_on_drop: false }`
[INFO] [stderr] warning: `package.homepage` is redundant with `package.repository`
[INFO] [stderr]   --> Cargo.toml:67:12
[INFO] [stderr]    |
[INFO] [stderr] 67 | homepage = "https://github.com/muvon/octofs"
[INFO] [stderr]    |            ^^^^^^^^^^^^^^^^^^^^^^^^^^^^^^^^^
[INFO] [stderr] ...
[INFO] [stderr] 72 | repository = "https://github.com/muvon/octofs"
[INFO] [stderr]    |              ---------------------------------
[INFO] [stderr]    |
[INFO] [stderr]    = note: `cargo::redundant_homepage` is set to `warn` by default
[INFO] [stderr] help: consider removing `package.homepage`
[INFO] [stderr] warning: `octofs` (manifest) generated 1 warning
[INFO] running `Command { std: "docker" "create" "-v" "/var/lib/crater-agent-workspace/builds/worker-4-tc2/source:/opt/rustwide/workdir:ro,Z" "-v" "/var/lib/crater-agent-workspace/builds/worker-4-tc2/target:/opt/rustwide/target:rw,Z" "-v" "/var/lib/crater-agent-workspace/cargo-home:/opt/rustwide/cargo-home:ro,Z" "-v" "/var/lib/crater-agent-workspace/rustup-home:/opt/rustwide/rustup-home:ro,Z" "-m" "1610612736" "--network" "none" "ghcr.io/rust-lang/crates-build-env/linux@sha256:77db811e55d90add9212f6832c23229e3de5f1c1f9905e8cb07319ea15df73ac" "sleep" "infinity", kill_on_drop: false }`
[INFO] [stdout] 8d506e948d578b672bc2fabcb0ce0ecb2dd996e7234b91d89673bd25e197b62a
[INFO] running `Command { std: "docker" "start" "8d506e948d578b672bc2fabcb0ce0ecb2dd996e7234b91d89673bd25e197b62a", kill_on_drop: false }`
[INFO] running `Command { std: "docker" "inspect" "8d506e948d578b672bc2fabcb0ce0ecb2dd996e7234b91d89673bd25e197b62a", kill_on_drop: false }`
[INFO] running `Command { std: "docker" "exec" "-e" "SOURCE_DIR=/opt/rustwide/workdir" "-e" "CARGO_HOME=/opt/rustwide/cargo-home" "-e" "RUSTUP_HOME=/opt/rustwide/rustup-home" "-e" "CARGO_TARGET_DIR=/opt/rustwide/target" "-w" "/opt/rustwide/workdir" "--user" "0:0" "8d506e948d578b672bc2fabcb0ce0ecb2dd996e7234b91d89673bd25e197b62a" "/opt/rustwide/cargo-home/bin/cargo" "+c60b92c03ca8a3b101eb9d57f51e2232690638c7" "metadata" "--no-deps" "--format-version=1", kill_on_drop: false }`
[INFO] running `Command { std: "docker" "inspect" "8d506e948d578b672bc2fabcb0ce0ecb2dd996e7234b91d89673bd25e197b62a", kill_on_drop: false }`
[INFO] running `Command { std: "docker" "exec" "-e" "SOURCE_DIR=/opt/rustwide/workdir" "-e" "CARGO_HOME=/opt/rustwide/cargo-home" "-e" "RUSTUP_HOME=/opt/rustwide/rustup-home" "-e" "CARGO_TARGET_DIR=/opt/rustwide/target" "-e" "CARGO_INCREMENTAL=0" "-e" "RUST_BACKTRACE=full" "-e" "RUSTFLAGS=--cap-lints=forbid" "-e" "RUSTDOCFLAGS=--cap-lints=forbid" "-w" "/opt/rustwide/workdir" "--user" "0:0" "8d506e948d578b672bc2fabcb0ce0ecb2dd996e7234b91d89673bd25e197b62a" "/opt/rustwide/cargo-home/bin/cargo" "+c60b92c03ca8a3b101eb9d57f51e2232690638c7" "check" "--frozen" "--all" "--all-targets" "--message-format=json", kill_on_drop: false }`
[INFO] [stderr] warning: `package.homepage` is redundant with `package.repository`
[INFO] [stderr]   --> Cargo.toml:67:12
[INFO] [stderr]    |
[INFO] [stderr] 67 | homepage = "https://github.com/muvon/octofs"
[INFO] [stderr]    |            ^^^^^^^^^^^^^^^^^^^^^^^^^^^^^^^^^
[INFO] [stderr] ...
[INFO] [stderr] 72 | repository = "https://github.com/muvon/octofs"
[INFO] [stderr]    |              ---------------------------------
[INFO] [stderr]    |
[INFO] [stderr]    = note: `cargo::redundant_homepage` is set to `warn` by default
[INFO] [stderr] help: consider removing `package.homepage`
[INFO] [stderr] warning: `octofs` (manifest) generated 1 warning
[INFO] [stderr]    Compiling libc v0.2.190
[INFO] [stderr]     Checking cfg-if v1.0.5
[INFO] [stderr]     Checking subtle v2.6.1
[INFO] [stderr]     Checking zeroize v1.9.1
[INFO] [stderr]     Checking typenum v1.20.1
[INFO] [stderr]     Checking cmov v0.5.4
[INFO] [stderr]     Checking rand_core v0.10.1
[INFO] [stderr]    Compiling getrandom v0.4.3
[INFO] [stderr]     Checking const-oid v0.10.2
[INFO] [stderr]     Checking cpufeatures v0.3.1
[INFO] [stderr]     Checking cpubits v0.1.1
[INFO] [stderr]     Checking base64ct v1.8.3
[INFO] [stderr]     Checking bytes v1.12.1
[INFO] [stderr]    Compiling num-traits v0.2.19
[INFO] [stderr]     Checking memchr v2.8.3
[INFO] [stderr]    Compiling syn v3.0.9
[INFO] [stderr]     Checking pin-project-lite v0.2.17
[INFO] [stderr]    Compiling serde_core v1.0.229
[INFO] [stderr]     Checking futures-core v0.3.34
[INFO] [stderr]    Compiling syn v2.0.119
[INFO] [stderr]     Checking futures-sink v0.3.34
[INFO] [stderr]     Checking slab v0.4.12
[INFO] [stderr]     Checking futures-io v0.3.34
[INFO] [stderr]     Checking ctutils v0.4.3
[INFO] [stderr]     Checking ff v0.14.0
[INFO] [stderr]     Checking futures-task v0.3.34
[INFO] [stderr]     Checking itoa v1.0.18
[INFO] [stderr]     Checking pem-rfc7468 v1.0.0
[INFO] [stderr]     Checking base16ct v1.0.0
[INFO] [stderr]    Compiling crossbeam-utils v0.8.23
[INFO] [stderr]     Checking der v0.8.2
[INFO] [stderr]     Checking futures-channel v0.3.34
[INFO] [stderr]     Checking smallvec v1.16.3
[INFO] [stderr]     Checking group v0.14.0
[INFO] [stderr]     Checking once_cell v1.21.4
[INFO] [stderr]     Checking log v0.4.34
[INFO] [stderr]    Compiling crossbeam-epoch v0.9.21
[INFO] [stderr]    Compiling parking_lot_core v0.9.12
[INFO] [stderr]    Compiling curve25519-dalek v5.0.0
[INFO] [stderr]    Compiling serde v1.0.229
[INFO] [stderr]     Checking scopeguard v1.2.0
[INFO] [stderr]     Checking tower-service v0.3.3
[INFO] [stderr]    Compiling thiserror v2.0.21
[INFO] [stderr]     Checking lock_api v0.4.14
[INFO] [stderr]    Compiling generic-array v0.14.9
[INFO] [stderr]    Compiling crossbeam-deque v0.8.8
[INFO] [stderr]    Compiling nix v0.31.3
[INFO] [stderr]    Compiling httparse v1.10.1
[INFO] [stderr]    Compiling zmij v1.0.23
[INFO] [stderr]     Checking keccak v0.2.2
[INFO] [stderr]    Compiling crc32fast v1.5.2
[INFO] [stderr]     Checking regex-syntax v0.8.11
[INFO] [stderr]     Checking aho-corasick v1.1.5
[INFO] [stderr]     Checking utf8parse v0.2.2
[INFO] [stderr]    Compiling serde_json v1.0.154
[INFO] [stderr]     Checking iana-time-zone v0.1.65
[INFO] [stderr]     Checking http v1.5.0
[INFO] [stderr]     Checking byteorder v1.5.0
[INFO] [stderr]     Checking anstyle-parse v1.0.0
[INFO] [stderr]    Compiling ref-cast v1.0.27
[INFO] [stderr]    Compiling ring v0.17.14
[INFO] [stderr]     Checking anstyle-query v1.1.5
[INFO] [stderr]     Checking colorchoice v1.0.5
[INFO] [stderr]     Checking httpdate v1.0.3
[INFO] [stderr]     Checking atomic-waker v1.1.2
[INFO] [stderr]     Checking adler2 v2.0.1
[INFO] [stderr]     Checking sync_wrapper v1.0.2
[INFO] [stderr]     Checking tower-layer v0.3.3
[INFO] [stderr]     Checking is_terminal_polyfill v1.70.2
[INFO] [stderr]     Checking anstyle v1.0.14
[INFO] [stderr]     Checking simd-adler32 v0.3.10
[INFO] [stderr]    Compiling rayon-core v1.13.0
[INFO] [stderr]     Checking num-integer v0.1.47
[INFO] [stderr]     Checking anstream v1.0.0
[INFO] [stderr]     Checking bstr v1.13.1
[INFO] [stderr]     Checking miniz_oxide v0.9.1
[INFO] [stderr]     Checking tracing-core v0.1.36
[INFO] [stderr]     Checking sponge-cursor v0.1.0
[INFO] [stderr]    Compiling rmcp v3.5.1
[INFO] [stderr]     Checking untrusted v0.9.0
[INFO] [stderr]     Checking hex v0.4.3
[INFO] [stderr]     Checking dyn-clone v1.0.20
[INFO] [stderr]     Checking equivalent v1.0.3
[INFO] [stderr]     Checking http-body v1.1.0
[INFO] [stderr]     Checking mime v0.3.17
[INFO] [stderr]     Checking clap_lex v1.1.1
[INFO] [stderr]     Checking same-file v1.0.6
[INFO] [stderr]     Checking hashbrown v0.17.1
[INFO] [stderr]     Checking http-body-util v0.1.5
[INFO] [stderr]     Checking strsim v0.11.1
[INFO] [stderr]     Checking hashbrown v0.14.5
[INFO] [stderr]     Checking walkdir v2.5.0
[INFO] [stderr]     Checking spki v0.8.1
[INFO] [stderr]     Checking flate2 v1.1.10
[INFO] [stderr]     Checking clap_builder v4.6.7
[INFO] [stderr]    Compiling rustix v1.1.5
[INFO] [stderr]     Checking hybrid-array v0.4.15
[INFO] [stderr]    Compiling anyhow v1.0.104
[INFO] [stderr]     Checking axum-core v0.5.6
[INFO] [stderr]     Checking either v1.19.0
[INFO] [stderr]     Checking base64 v0.23.1
[INFO] [stderr]     Checking percent-encoding v2.3.2
[INFO] [stderr]     Checking linux-raw-sys v0.12.1
[INFO] [stderr]     Checking regex-automata v0.4.18
[INFO] [stderr]     Checking hex-literal v1.1.0
[INFO] [stderr]     Checking matchit v0.8.4
[INFO] [stderr]     Checking md5 v0.8.1
[INFO] [stderr]     Checking generic-array v1.4.5
[INFO] [stderr]     Checking data-encoding v2.11.1
[INFO] [stderr]     Checking rayon v1.12.0
[INFO] [stderr]     Checking errno v0.3.14
[INFO] [stderr]     Checking socket2 v0.6.5
[INFO] [stderr]     Checking mio v1.2.4
[INFO] [stderr]     Checking signal-hook-registry v1.4.8
[INFO] [stderr]     Checking bitflags v2.13.2
[INFO] [stdout] error[E0493]: destructor of `ArrayBuilder<T, N>` cannot be evaluated at compile-time
[INFO] [stdout]    --> /opt/rustwide/cargo-home/registry/src/index.crates.io-1949cf8c6b5b557f/generic-array-1.4.5/src/internal.rs:103:31
[INFO] [stdout]     |
[INFO] [stdout] 103 |     pub unsafe fn assume_init(self) -> GenericArray<T, N> {
[INFO] [stdout]     |                               ^^^^ the destructor for this type cannot be evaluated in constant functions
[INFO] [stdout] ...
[INFO] [stdout] 109 |     }
[INFO] [stdout]     |     - value is dropped here
[INFO] [stdout] 
[INFO] [stdout] 
[INFO] [stderr]     Checking getrandom v0.2.17
[INFO] [stdout] error[E0493]: destructor of `GenericArray<core::mem::MaybeUninit<*const T>, N>` cannot be evaluated at compile-time
[INFO] [stdout]    --> /opt/rustwide/cargo-home/registry/src/index.crates.io-1949cf8c6b5b557f/generic-array-1.4.5/src/lib.rs:983:13
[INFO] [stdout]     |
[INFO] [stdout] 983 |         let mut out: GenericArray<MaybeUninit<*const T>, N> = GenericArray::uninit();
[INFO] [stdout]     |             ^^^^^^^ the destructor for this type cannot be evaluated in constant functions
[INFO] [stdout] ...
[INFO] [stdout] 998 |     }
[INFO] [stdout]     |     - value is dropped here
[INFO] [stdout] 
[INFO] [stdout] 
[INFO] [stdout] error[E0493]: destructor of `GenericArray<core::mem::MaybeUninit<*mut T>, N>` cannot be evaluated at compile-time
[INFO] [stdout]     --> /opt/rustwide/cargo-home/registry/src/index.crates.io-1949cf8c6b5b557f/generic-array-1.4.5/src/lib.rs:1018:13
[INFO] [stdout]      |
[INFO] [stdout] 1018 |         let mut out: GenericArray<MaybeUninit<*mut T>, N> = GenericArray::uninit();
[INFO] [stdout]      |             ^^^^^^^ the destructor for this type cannot be evaluated in constant functions
[INFO] [stdout] ...
[INFO] [stdout] 1033 |     }
[INFO] [stdout]      |     - value is dropped here
[INFO] [stdout] 
[INFO] [stdout] 
[INFO] [stdout] For more information about this error, try `rustc --explain E0493`.
[INFO] [stdout] 
[INFO] [stderr]     Checking dashmap v6.2.1
[INFO] [stderr] error: could not compile `generic-array` (lib) due to 3 previous errors
[INFO] [stderr] warning: build failed, waiting for other jobs to finish...
[INFO] running `Command { std: "docker" "inspect" "8d506e948d578b672bc2fabcb0ce0ecb2dd996e7234b91d89673bd25e197b62a", kill_on_drop: false }`
[INFO] running `Command { std: "docker" "rm" "-f" "8d506e948d578b672bc2fabcb0ce0ecb2dd996e7234b91d89673bd25e197b62a", kill_on_drop: false }`
[INFO] [stdout] 8d506e948d578b672bc2fabcb0ce0ecb2dd996e7234b91d89673bd25e197b62a
