[INFO] cloning repository https://github.com/Muhammededgn/ssh-control
[INFO] running `Command { std: "git" "-c" "credential.helper=" "-c" "credential.helper=/workspace/cargo-home/bin/git-credential-null" "clone" "--bare" "https://github.com/Muhammededgn/ssh-control" "/workspace/cache/git-repos/https%3A%2F%2Fgithub.com%2FMuhammededgn%2Fssh-control", kill_on_drop: false }`
[INFO] [stderr] Cloning into bare repository '/workspace/cache/git-repos/https%3A%2F%2Fgithub.com%2FMuhammededgn%2Fssh-control'...
[INFO] running `Command { std: "git" "rev-parse" "HEAD", kill_on_drop: false }`
[INFO] [stdout] c3821b5ae6230f8b02bca8213753e4a9aa38d70b
[INFO] checking Muhammededgn/ssh-control against c60b92c03ca8a3b101eb9d57f51e2232690638c7 for pr-164148-crater-rollup
[INFO] running `Command { std: "git" "clone" "/workspace/cache/git-repos/https%3A%2F%2Fgithub.com%2FMuhammededgn%2Fssh-control" "/workspace/builds/worker-3-tc2/source", kill_on_drop: false }`
[INFO] [stderr] Cloning into '/workspace/builds/worker-3-tc2/source'...
[INFO] [stderr] done.
[INFO] started tweaking git repo https://github.com/Muhammededgn/ssh-control
[INFO] finished tweaking git repo https://github.com/Muhammededgn/ssh-control
[INFO] tweaked toml for git repo https://github.com/Muhammededgn/ssh-control written to /workspace/builds/worker-3-tc2/source/Cargo.toml
[INFO] validating manifest of git repo https://github.com/Muhammededgn/ssh-control on toolchain c60b92c03ca8a3b101eb9d57f51e2232690638c7
[INFO] running `Command { std: CARGO_HOME="/workspace/cargo-home" RUSTUP_HOME="/workspace/rustup-home" "/workspace/cargo-home/bin/cargo" "+c60b92c03ca8a3b101eb9d57f51e2232690638c7" "metadata" "--manifest-path" "Cargo.toml" "--no-deps", kill_on_drop: false }`
[INFO] crate git repo https://github.com/Muhammededgn/ssh-control already has a lockfile, it will not be regenerated
[INFO] running `Command { std: CARGO_HOME="/workspace/cargo-home" RUSTUP_HOME="/workspace/rustup-home" "/workspace/cargo-home/bin/cargo" "+c60b92c03ca8a3b101eb9d57f51e2232690638c7" "fetch" "--manifest-path" "Cargo.toml", kill_on_drop: false }`
[INFO] [stderr] warning: `package.homepage` is redundant with `package.repository`
[INFO] [stderr]   --> Cargo.toml:58:12
[INFO] [stderr]    |
[INFO] [stderr] 58 | homepage = "https://github.com/Muhammededgn/ssh-control"
[INFO] [stderr]    |            ^^^^^^^^^^^^^^^^^^^^^^^^^^^^^^^^^^^^^^^^^^^^^
[INFO] [stderr] ...
[INFO] [stderr] 63 | repository = "https://github.com/Muhammededgn/ssh-control"
[INFO] [stderr]    |              ---------------------------------------------
[INFO] [stderr]    |
[INFO] [stderr]    = note: `cargo::redundant_homepage` is set to `warn` by default
[INFO] [stderr] help: consider removing `package.homepage`
[INFO] [stderr] warning: `ssh-control` (manifest) generated 1 warning
[INFO] running `Command { std: "docker" "create" "-v" "/var/lib/crater-agent-workspace/builds/worker-3-tc2/source:/opt/rustwide/workdir:ro,Z" "-v" "/var/lib/crater-agent-workspace/builds/worker-3-tc2/target:/opt/rustwide/target:rw,Z" "-v" "/var/lib/crater-agent-workspace/cargo-home:/opt/rustwide/cargo-home:ro,Z" "-v" "/var/lib/crater-agent-workspace/rustup-home:/opt/rustwide/rustup-home:ro,Z" "-m" "1610612736" "--network" "none" "ghcr.io/rust-lang/crates-build-env/linux@sha256:77db811e55d90add9212f6832c23229e3de5f1c1f9905e8cb07319ea15df73ac" "sleep" "infinity", kill_on_drop: false }`
[INFO] [stdout] d17271ecc08e912788fbf78770b9e5a524ab427367f8bc08c6f722d73963d3d8
[INFO] running `Command { std: "docker" "start" "d17271ecc08e912788fbf78770b9e5a524ab427367f8bc08c6f722d73963d3d8", kill_on_drop: false }`
[INFO] running `Command { std: "docker" "inspect" "d17271ecc08e912788fbf78770b9e5a524ab427367f8bc08c6f722d73963d3d8", kill_on_drop: false }`
[INFO] running `Command { std: "docker" "exec" "-e" "SOURCE_DIR=/opt/rustwide/workdir" "-e" "CARGO_HOME=/opt/rustwide/cargo-home" "-e" "RUSTUP_HOME=/opt/rustwide/rustup-home" "-e" "CARGO_TARGET_DIR=/opt/rustwide/target" "-w" "/opt/rustwide/workdir" "--user" "0:0" "d17271ecc08e912788fbf78770b9e5a524ab427367f8bc08c6f722d73963d3d8" "/opt/rustwide/cargo-home/bin/cargo" "+c60b92c03ca8a3b101eb9d57f51e2232690638c7" "metadata" "--no-deps" "--format-version=1", kill_on_drop: false }`
[INFO] running `Command { std: "docker" "inspect" "d17271ecc08e912788fbf78770b9e5a524ab427367f8bc08c6f722d73963d3d8", kill_on_drop: false }`
[INFO] running `Command { std: "docker" "exec" "-e" "SOURCE_DIR=/opt/rustwide/workdir" "-e" "CARGO_HOME=/opt/rustwide/cargo-home" "-e" "RUSTUP_HOME=/opt/rustwide/rustup-home" "-e" "CARGO_TARGET_DIR=/opt/rustwide/target" "-e" "CARGO_INCREMENTAL=0" "-e" "RUST_BACKTRACE=full" "-e" "RUSTFLAGS=--cap-lints=forbid" "-e" "RUSTDOCFLAGS=--cap-lints=forbid" "-w" "/opt/rustwide/workdir" "--user" "0:0" "d17271ecc08e912788fbf78770b9e5a524ab427367f8bc08c6f722d73963d3d8" "/opt/rustwide/cargo-home/bin/cargo" "+c60b92c03ca8a3b101eb9d57f51e2232690638c7" "check" "--frozen" "--all" "--all-targets" "--message-format=json", kill_on_drop: false }`
[INFO] [stderr] warning: `package.homepage` is redundant with `package.repository`
[INFO] [stderr]   --> Cargo.toml:58:12
[INFO] [stderr]    |
[INFO] [stderr] 58 | homepage = "https://github.com/Muhammededgn/ssh-control"
[INFO] [stderr]    |            ^^^^^^^^^^^^^^^^^^^^^^^^^^^^^^^^^^^^^^^^^^^^^
[INFO] [stderr] ...
[INFO] [stderr] 63 | repository = "https://github.com/Muhammededgn/ssh-control"
[INFO] [stderr]    |              ---------------------------------------------
[INFO] [stderr]    |
[INFO] [stderr]    = note: `cargo::redundant_homepage` is set to `warn` by default
[INFO] [stderr] help: consider removing `package.homepage`
[INFO] [stderr] warning: `ssh-control` (manifest) generated 1 warning
[INFO] [stderr]    Compiling proc-macro2 v1.0.107
[INFO] [stderr]    Compiling libc v0.2.189
[INFO] [stderr]     Checking typenum v1.20.1
[INFO] [stderr]     Checking subtle v2.6.1
[INFO] [stderr]     Checking rand_core v0.10.1
[INFO] [stderr]     Checking cmov v0.5.4
[INFO] [stderr]    Compiling getrandom v0.4.3
[INFO] [stderr]     Checking const-oid v0.10.2
[INFO] [stderr]     Checking cpufeatures v0.3.0
[INFO] [stderr]     Checking base64ct v1.8.3
[INFO] [stderr]     Checking cpubits v0.1.1
[INFO] [stderr]    Compiling quote v1.0.47
[INFO] [stderr]    Compiling num-traits v0.2.19
[INFO] [stderr]     Checking futures-core v0.3.34
[INFO] [stderr]     Checking futures-io v0.3.34
[INFO] [stderr]     Checking parking v2.2.1
[INFO] [stderr]    Compiling serde_core v1.0.229
[INFO] [stderr]    Compiling winnow v1.0.4
[INFO] [stderr]    Compiling rustix v1.1.4
[INFO] [stderr]    Compiling hashbrown v0.17.1
[INFO] [stderr]    Compiling crossbeam-utils v0.8.22
[INFO] [stderr]     Checking linux-raw-sys v0.12.1
[INFO] [stderr]     Checking log v0.4.34
[INFO] [stderr]    Compiling toml_datetime v1.1.1+spec-1.1.0
[INFO] [stderr]     Checking ff v0.14.0
[INFO] [stderr]     Checking event-listener v5.4.2
[INFO] [stderr]     Checking smallvec v1.15.2
[INFO] [stderr]     Checking pem-rfc7468 v1.0.0
[INFO] [stderr]     Checking foldhash v0.2.0
[INFO] [stderr]    Compiling thiserror v2.0.20
[INFO] [stderr]     Checking ctutils v0.4.2
[INFO] [stderr]     Checking group v0.14.0
[INFO] [stderr]     Checking event-listener-strategy v0.5.4
[INFO] [stderr]     Checking futures-lite v2.6.1
[INFO] [stderr]     Checking base16ct v1.0.0
[INFO] [stderr]    Compiling async-io v2.6.0
[INFO] [stderr]     Checking writeable v0.6.4
[INFO] [stderr]    Compiling find-msvc-tools v0.1.11
[INFO] [stderr]     Checking futures-sink v0.3.34
[INFO] [stderr]     Checking either v1.18.0
[INFO] [stderr]     Checking litemap v0.8.3
[INFO] [stderr]     Checking concurrent-queue v2.5.0
[INFO] [stderr]     Checking futures-channel v0.3.34
[INFO] [stderr]     Checking itertools v0.14.0
[INFO] [stderr]     Checking hashbrown v0.16.1
[INFO] [stderr]    Compiling syn v2.0.119
[INFO] [stderr]    Compiling syn v3.0.4
[INFO] [stderr]     Checking num-integer v0.1.47
[INFO] [stderr]    Compiling indexmap v2.14.0
[INFO] [stderr]     Checking async-task v4.7.1
[INFO] [stderr]     Checking futures-task v0.3.34
[INFO] [stderr]    Compiling endi v1.1.1
[INFO] [stderr]    Compiling icu_properties_data v2.3.0
[INFO] [stderr]    Compiling instability v0.3.13
[INFO] [stderr]    Compiling semver v1.0.28
[INFO] [stderr]    Compiling icu_normalizer_data v2.3.0
[INFO] [stderr]     Checking compact_str v0.9.1
[INFO] [stderr]     Checking num-bigint v0.4.8
[INFO] [stderr]    Compiling rustc_version v0.4.1
[INFO] [stderr]     Checking async-channel v2.5.0
[INFO] [stderr]     Checking critical-section v1.2.0
[INFO] [stderr]    Compiling zerocopy v0.8.56
[INFO] [stderr]    Compiling pkg-config v0.3.34
[INFO] [stderr]    Compiling unicode-segmentation v1.13.3
[INFO] [stderr]    Compiling getrandom v0.3.4
[INFO] [stderr]    Compiling jobserver v0.1.35
[INFO] [stderr]     Checking lru v0.18.2
[INFO] [stderr]     Checking piper v0.2.5
[INFO] [stderr]     Checking generic-array v0.14.7
[INFO] [stderr]    Compiling curve25519-dalek v5.0.0
[INFO] [stderr]     Checking errno v0.3.14
[INFO] [stderr]     Checking signal-hook-registry v1.4.8
[INFO] [stderr]    Compiling toml_parser v1.1.3+spec-1.1.0
[INFO] [stderr]    Compiling cc v1.4.4
[INFO] [stderr]     Checking mio v1.2.2
[INFO] [stderr]    Compiling convert_case v0.10.0
[INFO] [stderr]     Checking async-lock v3.4.2
[INFO] [stderr]    Compiling cfg_aliases v0.2.2
[INFO] [stderr]     Checking num_threads v0.1.7
[INFO] [stderr]    Compiling nix v0.31.3
[INFO] [stderr]     Checking time v0.3.55
[INFO] [stderr]     Checking uuid v1.25.0
[INFO] [stderr]     Checking unicode-truncate v2.0.1
[INFO] [stderr]     Checking signal-hook v0.3.18
[INFO] [stderr]     Checking parking_lot_core v0.9.12
[INFO] [stderr]    Compiling toml_edit v0.25.13+spec-1.1.0
[INFO] [stderr]     Checking blocking v1.7.0
[INFO] [stderr]     Checking async-executor v1.14.0
[INFO] [stderr]     Checking num-iter v0.1.46
[INFO] [stderr]     Checking num-complex v0.4.6
[INFO] [stderr]     Checking crypto-common v0.1.7
[INFO] [stderr]     Checking block-buffer v0.10.4
[INFO] [stderr]     Checking block-padding v0.3.3
[INFO] [stderr]     Checking async-broadcast v0.7.2
[INFO] [stderr]     Checking ordered-stream v0.2.0
[INFO] [stderr]     Checking num-rational v0.4.2
[INFO] [stderr]     Checking line-clipping v0.3.8
[INFO] [stderr]     Checking digest v0.10.7
[INFO] [stderr]     Checking inout v0.1.4
[INFO] [stderr]     Checking keccak v0.2.2
[INFO] [stderr]     Checking byteorder v1.5.0
[INFO] [stderr]     Checking cipher v0.4.4
[INFO] [stderr]    Compiling crc32fast v1.5.1
[INFO] [stderr]     Checking signal-hook-mio v0.2.5
[INFO] [stderr]    Compiling proc-macro-crate v3.5.0
[INFO] [stderr]     Checking hmac v0.12.1
[INFO] [stderr]     Checking sha2 v0.10.9
[INFO] [stderr]     Checking parking_lot v0.12.5
[INFO] [stderr]     Checking hkdf v0.12.4
[INFO] [stderr]     Checking rand_core v0.9.5
[INFO] [stderr]     Checking socket2 v0.6.5
[INFO] [stderr]    Compiling cmake v0.1.58
[INFO] [stderr]     Checking aes v0.8.4
[INFO] [stderr]     Checking num v0.4.3
[INFO] [stderr]     Checking cbc v0.1.2
[INFO] [stderr]     Checking getrandom v0.2.17
[INFO] [stderr]    Compiling aws-lc-rs v1.18.0
[INFO] [stderr]     Checking simd-adler32 v0.3.10
[INFO] [stderr]     Checking percent-encoding v2.3.2
[INFO] [stderr]     Checking arrayvec v0.7.8
[INFO] [stderr]     Checking keyring-core v1.0.0
[INFO] [stderr]     Checking miniz_oxide v0.8.9
[INFO] [stderr]     Checking form_urlencoded v1.2.2
[INFO] [stderr]     Checking sponge-cursor v0.1.0
[INFO] [stderr]    Compiling once_cell v1.21.4
[INFO] [stderr]     Checking vte v0.15.0
[INFO] [stderr]     Checking untrusted v0.7.1
[INFO] [stderr]     Checking rand_core v0.6.4
[INFO] [stderr]    Compiling serde_json v1.0.151
[INFO] [stderr]     Checking option-ext v0.2.0
[INFO] [stderr]     Checking blake2 v0.10.6
[INFO] [stderr]     Checking sha1 v0.10.7
[INFO] [stderr]     Checking dirs-sys v0.5.0
[INFO] [stderr]     Checking password-hash v0.5.0
[INFO] [stderr]     Checking generic-array v1.4.5
[INFO] [stderr]     Checking data-encoding v2.11.1
[INFO] [stderr]     Checking vt100 v0.16.2
[INFO] [stderr]     Checking hex-literal v1.1.0
[INFO] [stderr]     Checking base32 v0.5.1
[INFO] [stderr]     Checking constant_time_eq v0.3.1
[INFO] [stderr]     Checking md5 v0.8.1
[INFO] [stderr]     Checking directories v6.0.0
[INFO] [stderr]     Checking qrcode v0.14.1
[INFO] [stderr]     Checking base64 v0.23.1
[INFO] [stderr]     Checking flate2 v1.1.9
[INFO] [stderr]     Checking argon2 v0.5.3
[INFO] [stderr]    Compiling aws-lc-sys v0.44.0
[INFO] [stdout] error[E0493]: destructor of `ArrayBuilder<T, N>` cannot be evaluated at compile-time
[INFO] [stdout]    --> /opt/rustwide/cargo-home/registry/src/index.crates.io-1949cf8c6b5b557f/generic-array-1.4.5/src/internal.rs:103:31
[INFO] [stdout]     |
[INFO] [stdout] 103 |     pub unsafe fn assume_init(self) -> GenericArray<T, N> {
[INFO] [stdout]     |                               ^^^^ the destructor for this type cannot be evaluated in constant functions
[INFO] [stdout] ...
[INFO] [stdout] 109 |     }
[INFO] [stdout]     |     - value is dropped here
[INFO] [stdout] 
[INFO] [stdout] 
[INFO] [stdout] error[E0493]: destructor of `GenericArray<core::mem::MaybeUninit<*const T>, N>` cannot be evaluated at compile-time
[INFO] [stdout]    --> /opt/rustwide/cargo-home/registry/src/index.crates.io-1949cf8c6b5b557f/generic-array-1.4.5/src/lib.rs:983:13
[INFO] [stdout]     |
[INFO] [stdout] 983 |         let mut out: GenericArray<MaybeUninit<*const T>, N> = GenericArray::uninit();
[INFO] [stdout]     |             ^^^^^^^ the destructor for this type cannot be evaluated in constant functions
[INFO] [stdout] ...
[INFO] [stdout] 998 |     }
[INFO] [stdout]     |     - value is dropped here
[INFO] [stdout] 
[INFO] [stdout] 
[INFO] [stdout] error[E0493]: destructor of `GenericArray<core::mem::MaybeUninit<*mut T>, N>` cannot be evaluated at compile-time
[INFO] [stdout]     --> /opt/rustwide/cargo-home/registry/src/index.crates.io-1949cf8c6b5b557f/generic-array-1.4.5/src/lib.rs:1018:13
[INFO] [stdout]      |
[INFO] [stdout] 1018 |         let mut out: GenericArray<MaybeUninit<*mut T>, N> = GenericArray::uninit();
[INFO] [stdout]      |             ^^^^^^^ the destructor for this type cannot be evaluated in constant functions
[INFO] [stdout] ...
[INFO] [stdout] 1033 |     }
[INFO] [stdout]      |     - value is dropped here
[INFO] [stdout] 
[INFO] [stdout] 
[INFO] [stdout] For more information about this error, try `rustc --explain E0493`.
[INFO] [stdout] 
[INFO] [stderr] error: could not compile `generic-array` (lib) due to 3 previous errors
[INFO] [stderr] warning: build failed, waiting for other jobs to finish...
[INFO] running `Command { std: "docker" "inspect" "d17271ecc08e912788fbf78770b9e5a524ab427367f8bc08c6f722d73963d3d8", kill_on_drop: false }`
[INFO] running `Command { std: "docker" "rm" "-f" "d17271ecc08e912788fbf78770b9e5a524ab427367f8bc08c6f722d73963d3d8", kill_on_drop: false }`
[INFO] [stdout] d17271ecc08e912788fbf78770b9e5a524ab427367f8bc08c6f722d73963d3d8
