[INFO] cloning repository https://github.com/MuaazTasawar/sentinel
[INFO] running `Command { std: "git" "-c" "credential.helper=" "-c" "credential.helper=/workspace/cargo-home/bin/git-credential-null" "clone" "--bare" "https://github.com/MuaazTasawar/sentinel" "/workspace/cache/git-repos/https%3A%2F%2Fgithub.com%2FMuaazTasawar%2Fsentinel", kill_on_drop: false }`
[INFO] [stderr] Cloning into bare repository '/workspace/cache/git-repos/https%3A%2F%2Fgithub.com%2FMuaazTasawar%2Fsentinel'...
[INFO] running `Command { std: "git" "rev-parse" "HEAD", kill_on_drop: false }`
[INFO] [stdout] 2481b3ce3c71586bbfe77c734d114f42b0feeb69
[INFO] checking MuaazTasawar/sentinel against c60b92c03ca8a3b101eb9d57f51e2232690638c7 for pr-164148-crater-rollup
[INFO] running `Command { std: "git" "clone" "/workspace/cache/git-repos/https%3A%2F%2Fgithub.com%2FMuaazTasawar%2Fsentinel" "/workspace/builds/worker-0-tc2/source", kill_on_drop: false }`
[INFO] [stderr] Cloning into '/workspace/builds/worker-0-tc2/source'...
[INFO] [stderr] done.
[INFO] started tweaking git repo https://github.com/MuaazTasawar/sentinel
[INFO] finished tweaking git repo https://github.com/MuaazTasawar/sentinel
[INFO] tweaked toml for git repo https://github.com/MuaazTasawar/sentinel written to /workspace/builds/worker-0-tc2/source/Cargo.toml
[INFO] validating manifest of git repo https://github.com/MuaazTasawar/sentinel on toolchain c60b92c03ca8a3b101eb9d57f51e2232690638c7
[INFO] running `Command { std: CARGO_HOME="/workspace/cargo-home" RUSTUP_HOME="/workspace/rustup-home" "/workspace/cargo-home/bin/cargo" "+c60b92c03ca8a3b101eb9d57f51e2232690638c7" "metadata" "--manifest-path" "Cargo.toml" "--no-deps", kill_on_drop: false }`
[INFO] crate git repo https://github.com/MuaazTasawar/sentinel already has a lockfile, it will not be regenerated
[INFO] running `Command { std: CARGO_HOME="/workspace/cargo-home" RUSTUP_HOME="/workspace/rustup-home" "/workspace/cargo-home/bin/cargo" "+c60b92c03ca8a3b101eb9d57f51e2232690638c7" "fetch" "--manifest-path" "Cargo.toml", kill_on_drop: false }`
[INFO] [stderr] warning: unused field `authors` in `workspace.package`
[INFO] [stderr]   --> Cargo.toml:14:1
[INFO] [stderr]    |
[INFO] [stderr] 14 | authors = ["MuaazTasawar"]
[INFO] [stderr]    | ^^^^^^^
[INFO] [stderr]    |
[INFO] [stderr]    = note: `cargo::unused_workspace_package_fields` is set to `warn` by default
[INFO] [stderr] help: consider removing the field `workspace.package.authors`
[INFO] [stderr] warning: unused field `edition` in `workspace.package`
[INFO] [stderr]   --> Cargo.toml:15:1
[INFO] [stderr]    |
[INFO] [stderr] 15 | edition = "2021"
[INFO] [stderr]    | ^^^^^^^
[INFO] [stderr]    |
[INFO] [stderr] help: consider removing the field `workspace.package.edition`
[INFO] [stderr] warning: unused field `license` in `workspace.package`
[INFO] [stderr]   --> Cargo.toml:16:1
[INFO] [stderr]    |
[INFO] [stderr] 16 | license = "MIT"
[INFO] [stderr]    | ^^^^^^^
[INFO] [stderr]    |
[INFO] [stderr] help: consider removing the field `workspace.package.license`
[INFO] [stderr] warning: unused field `version` in `workspace.package`
[INFO] [stderr]   --> Cargo.toml:17:1
[INFO] [stderr]    |
[INFO] [stderr] 17 | version = "0.1.0"
[INFO] [stderr]    | ^^^^^^^
[INFO] [stderr]    |
[INFO] [stderr] help: consider removing the field `workspace.package.version`
[INFO] [stderr] warning: workspace (manifest) generated 4 warnings
[INFO] [stderr]     Blocking waiting for file lock on package cache
[INFO] [stderr]     Blocking waiting for file lock on package cache
[INFO] running `Command { std: "docker" "create" "-v" "/var/lib/crater-agent-workspace/builds/worker-0-tc2/source:/opt/rustwide/workdir:ro,Z" "-v" "/var/lib/crater-agent-workspace/builds/worker-0-tc2/target:/opt/rustwide/target:rw,Z" "-v" "/var/lib/crater-agent-workspace/cargo-home:/opt/rustwide/cargo-home:ro,Z" "-v" "/var/lib/crater-agent-workspace/rustup-home:/opt/rustwide/rustup-home:ro,Z" "-m" "1610612736" "--network" "none" "ghcr.io/rust-lang/crates-build-env/linux@sha256:77db811e55d90add9212f6832c23229e3de5f1c1f9905e8cb07319ea15df73ac" "sleep" "infinity", kill_on_drop: false }`
[INFO] [stdout] 0a7479f1a4a74b6e06a82c76b9b3712a307b00b5100ae81dc57be42c8451f340
[INFO] running `Command { std: "docker" "start" "0a7479f1a4a74b6e06a82c76b9b3712a307b00b5100ae81dc57be42c8451f340", kill_on_drop: false }`
[INFO] running `Command { std: "docker" "inspect" "0a7479f1a4a74b6e06a82c76b9b3712a307b00b5100ae81dc57be42c8451f340", kill_on_drop: false }`
[INFO] running `Command { std: "docker" "exec" "-e" "SOURCE_DIR=/opt/rustwide/workdir" "-e" "CARGO_HOME=/opt/rustwide/cargo-home" "-e" "RUSTUP_HOME=/opt/rustwide/rustup-home" "-e" "CARGO_TARGET_DIR=/opt/rustwide/target" "-w" "/opt/rustwide/workdir" "--user" "0:0" "0a7479f1a4a74b6e06a82c76b9b3712a307b00b5100ae81dc57be42c8451f340" "/opt/rustwide/cargo-home/bin/cargo" "+c60b92c03ca8a3b101eb9d57f51e2232690638c7" "metadata" "--no-deps" "--format-version=1", kill_on_drop: false }`
[INFO] running `Command { std: "docker" "inspect" "0a7479f1a4a74b6e06a82c76b9b3712a307b00b5100ae81dc57be42c8451f340", kill_on_drop: false }`
[INFO] running `Command { std: "docker" "exec" "-e" "SOURCE_DIR=/opt/rustwide/workdir" "-e" "CARGO_HOME=/opt/rustwide/cargo-home" "-e" "RUSTUP_HOME=/opt/rustwide/rustup-home" "-e" "CARGO_TARGET_DIR=/opt/rustwide/target" "-e" "CARGO_INCREMENTAL=0" "-e" "RUST_BACKTRACE=full" "-e" "RUSTFLAGS=--cap-lints=forbid" "-e" "RUSTDOCFLAGS=--cap-lints=forbid" "-w" "/opt/rustwide/workdir" "--user" "0:0" "0a7479f1a4a74b6e06a82c76b9b3712a307b00b5100ae81dc57be42c8451f340" "/opt/rustwide/cargo-home/bin/cargo" "+c60b92c03ca8a3b101eb9d57f51e2232690638c7" "check" "--frozen" "--all" "--all-targets" "--message-format=json", kill_on_drop: false }`
[INFO] [stderr] warning: unused field `authors` in `workspace.package`
[INFO] [stderr]   --> Cargo.toml:14:1
[INFO] [stderr]    |
[INFO] [stderr] 14 | authors = ["MuaazTasawar"]
[INFO] [stderr]    | ^^^^^^^
[INFO] [stderr]    |
[INFO] [stderr]    = note: `cargo::unused_workspace_package_fields` is set to `warn` by default
[INFO] [stderr] help: consider removing the field `workspace.package.authors`
[INFO] [stderr] warning: unused field `edition` in `workspace.package`
[INFO] [stderr]   --> Cargo.toml:15:1
[INFO] [stderr]    |
[INFO] [stderr] 15 | edition = "2021"
[INFO] [stderr]    | ^^^^^^^
[INFO] [stderr]    |
[INFO] [stderr] help: consider removing the field `workspace.package.edition`
[INFO] [stderr] warning: unused field `license` in `workspace.package`
[INFO] [stderr]   --> Cargo.toml:16:1
[INFO] [stderr]    |
[INFO] [stderr] 16 | license = "MIT"
[INFO] [stderr]    | ^^^^^^^
[INFO] [stderr]    |
[INFO] [stderr] help: consider removing the field `workspace.package.license`
[INFO] [stderr] warning: unused field `version` in `workspace.package`
[INFO] [stderr]   --> Cargo.toml:17:1
[INFO] [stderr]    |
[INFO] [stderr] 17 | version = "0.1.0"
[INFO] [stderr]    | ^^^^^^^
[INFO] [stderr]    |
[INFO] [stderr] help: consider removing the field `workspace.package.version`
[INFO] [stderr] warning: workspace (manifest) generated 4 warnings
[INFO] [stderr]    Compiling proc-macro2 v1.0.107
[INFO] [stderr]    Compiling quote v1.0.47
[INFO] [stderr]    Compiling libc v0.2.189
[INFO] [stderr]    Compiling serde_core v1.0.229
[INFO] [stderr]     Checking typenum v1.20.1
[INFO] [stderr]     Checking subtle v2.6.1
[INFO] [stderr]    Compiling serde v1.0.229
[INFO] [stderr]     Checking smallvec v1.16.0
[INFO] [stderr]     Checking once_cell v1.21.4
[INFO] [stderr]     Checking const-oid v0.9.6
[INFO] [stderr]    Compiling libm v0.2.16
[INFO] [stderr]    Compiling autocfg v1.5.1
[INFO] [stderr]     Checking log v0.4.34
[INFO] [stderr]    Compiling generic-array v0.14.7
[INFO] [stderr]     Checking pin-project-lite v0.2.17
[INFO] [stderr]     Checking itoa v1.0.18
[INFO] [stderr]     Checking bytes v1.12.1
[INFO] [stderr]     Checking memchr v2.8.3
[INFO] [stderr]     Checking base64ct v1.8.3
[INFO] [stderr]    Compiling zerocopy v0.8.56
[INFO] [stderr]     Checking rand_core v0.10.1
[INFO] [stderr]    Compiling thiserror v2.0.20
[INFO] [stderr]     Checking const-oid v0.10.2
[INFO] [stderr]    Compiling pkg-config v0.3.34
[INFO] [stderr]     Checking tracing-core v0.1.36
[INFO] [stderr]     Checking pem-rfc7468 v0.7.0
[INFO] [stderr]    Compiling find-msvc-tools v0.1.11
[INFO] [stderr]    Compiling num-traits v0.2.19
[INFO] [stderr]     Checking flagset v0.4.7
[INFO] [stderr]    Compiling shlex v2.0.1
[INFO] [stderr]    Compiling zmij v1.0.23
[INFO] [stderr]     Checking byteorder v1.5.0
[INFO] [stderr]    Compiling serde_json v1.0.151
[INFO] [stderr]    Compiling getrandom v0.4.3
[INFO] [stderr]     Checking futures-core v0.3.34
[INFO] [stderr]     Checking base16ct v1.0.0
[INFO] [stderr]    Compiling syn v2.0.119
[INFO] [stderr]    Compiling syn v3.0.4
[INFO] [stderr]     Checking cmov v0.5.4
[INFO] [stderr]     Checking http v1.5.0
[INFO] [stderr]     Checking ff v0.14.0
[INFO] [stderr]     Checking cpubits v0.1.1
[INFO] [stderr]    Compiling heapless v0.9.3
[INFO] [stderr]    Compiling dunce v1.0.5
[INFO] [stderr]    Compiling rustversion v1.0.23
[INFO] [stderr]     Checking base16ct v0.2.0
[INFO] [stderr]     Checking minimal-lexical v0.2.1
[INFO] [stderr]     Checking spin v0.9.9
[INFO] [stderr]    Compiling fs_extra v1.3.0
[INFO] [stderr]     Checking group v0.14.0
[INFO] [stderr]     Checking hash32 v0.3.1
[INFO] [stderr]     Checking ctutils v0.4.2
[INFO] [stderr]     Checking lazy_static v1.5.0
[INFO] [stderr]     Checking keccak v0.2.2
[INFO] [stderr]     Checking opaque-debug v0.3.1
[INFO] [stderr]     Checking sponge-cursor v0.1.0
[INFO] [stderr]     Checking nom v7.1.3
[INFO] [stderr]    Compiling crunchy v0.2.4
[INFO] [stderr]     Checking litemap v0.8.3
[INFO] [stderr]     Checking writeable v0.6.4
[INFO] [stderr]    Compiling pcsc-sys v1.3.0
[INFO] [stderr]    Compiling rustix v1.1.4
[INFO] [stderr]    Compiling tiny-keccak v2.0.2
[INFO] [stderr]    Compiling num-bigint-dig v0.8.6
[INFO] [stderr]     Checking http-body v1.1.0
[INFO] [stderr]    Compiling num-conv v0.2.2
[INFO] [stderr]     Checking hex v0.4.3
[INFO] [stderr]    Compiling icu_properties_data v2.3.0
[INFO] [stderr]    Compiling time-core v0.1.9
[INFO] [stderr]    Compiling aws-lc-rs v1.18.1
[INFO] [stderr]    Compiling icu_normalizer_data v2.3.0
[INFO] [stderr]     Checking futures-sink v0.3.34
[INFO] [stderr]     Checking num-integer v0.1.47
[INFO] [stderr]     Checking futures-task v0.3.34
[INFO] [stderr]     Checking untrusted v0.9.0
[INFO] [stderr]    Compiling time-macros v0.2.32
[INFO] [stderr]     Checking deranged v0.5.8
[INFO] [stderr]     Checking hashbrown v0.17.1
[INFO] [stderr]     Checking linux-raw-sys v0.12.1
[INFO] [stderr]     Checking getrandom v0.2.17
[INFO] [stderr]     Checking errno v0.3.14
[INFO] [stderr]     Checking parking_lot_core v0.9.12
[INFO] [stderr]     Checking mio v1.2.3
[INFO] [stderr]     Checking socket2 v0.6.5
[INFO] [stderr]     Checking signal-hook-registry v1.4.8
[INFO] [stderr]     Checking rand_core v0.6.4
[INFO] [stderr]    Compiling jobserver v0.1.35
[INFO] [stderr]     Checking parking_lot v0.12.5
[INFO] [stderr]     Checking ff v0.13.1
[INFO] [stderr]     Checking password-hash v0.5.0
[INFO] [stderr]     Checking group v0.13.0
[INFO] [stderr]     Checking num-iter v0.1.46
[INFO] [stderr]     Checking indexmap v2.14.1
[INFO] [stderr]     Checking futures-util v0.3.34
[INFO] [stderr]    Compiling cc v1.4.4
[INFO] [stderr]    Compiling parking_lot_core v0.8.6
[INFO] [stderr]    Compiling crossbeam-utils v0.8.22
[INFO] [stderr]     Checking fastrand v2.5.0
[INFO] [stderr]    Compiling thiserror v1.0.69
[INFO] [stderr]    Compiling ucd-trie v0.1.7
[INFO] [stderr]    Compiling typeid v1.0.3
[INFO] [stderr]     Checking regex-syntax v0.8.11
[INFO] [stderr]    Compiling const-random-macro v0.1.16
[INFO] [stderr]     Checking getrandom v0.3.4
[INFO] [stderr]     Checking uuid v1.26.0
[INFO] [stderr]     Checking futures-channel v0.3.34
[INFO] [stderr]     Checking sync_wrapper v1.0.2
[INFO] [stderr]     Checking instant v0.1.13
[INFO] [stderr]    Compiling crossbeam-epoch v0.9.20
[INFO] [stderr]    Compiling rustls v0.23.43
[INFO] [stderr]     Checking iana-time-zone v0.1.65
[INFO] [stderr]    Compiling crc32fast v1.5.1
[INFO] [stderr]     Checking cpufeatures v0.3.1
[INFO] [stderr]     Checking rand_core v0.9.5
[INFO] [stderr]     Checking const-random v0.1.18
[INFO] [stderr]     Checking rusticata-macros v4.1.0
[INFO] [stderr]     Checking ipnet v2.12.2
[INFO] [stderr]     Checking foldhash v0.2.0
[INFO] [stderr]    Compiling erased-serde v0.4.10
[INFO] [stderr]     Checking time v0.3.55
[INFO] [stderr]    Compiling anyhow v1.0.104
[INFO] [stderr]    Compiling pest v2.9.0
[INFO] [stderr]     Checking anstyle-parse v1.0.0
[INFO] [stderr]     Checking hashbrown v0.16.1
[INFO] [stderr]     Checking bitflags v2.13.1
[INFO] [stderr]     Checking generic-array v1.4.5
[INFO] [stderr]     Checking parking_lot v0.11.2
[INFO] [stderr]    Compiling cmake v0.1.58
[INFO] [stderr]     Checking pcsc v2.9.0
[INFO] [stderr]     Checking dlv-list v0.5.2
[INFO] [stdout] error[E0493]: destructor of `ArrayBuilder<T, N>` cannot be evaluated at compile-time
[INFO] [stdout]    --> /opt/rustwide/cargo-home/registry/src/index.crates.io-1949cf8c6b5b557f/generic-array-1.4.5/src/internal.rs:103:31
[INFO] [stdout]     |
[INFO] [stdout] 103 |     pub unsafe fn assume_init(self) -> GenericArray<T, N> {
[INFO] [stdout]     |                               ^^^^ the destructor for this type cannot be evaluated in constant functions
[INFO] [stdout] ...
[INFO] [stdout] 109 |     }
[INFO] [stdout]     |     - value is dropped here
[INFO] [stdout] 
[INFO] [stdout] 
[INFO] [stdout] error[E0493]: destructor of `GenericArray<core::mem::MaybeUninit<*const T>, N>` cannot be evaluated at compile-time
[INFO] [stdout]    --> /opt/rustwide/cargo-home/registry/src/index.crates.io-1949cf8c6b5b557f/generic-array-1.4.5/src/lib.rs:983:13
[INFO] [stdout]     |
[INFO] [stdout] 983 |         let mut out: GenericArray<MaybeUninit<*const T>, N> = GenericArray::uninit();
[INFO] [stdout]     |             ^^^^^^^ the destructor for this type cannot be evaluated in constant functions
[INFO] [stdout] ...
[INFO] [stdout] 998 |     }
[INFO] [stdout]     |     - value is dropped here
[INFO] [stdout] 
[INFO] [stdout] 
[INFO] [stdout] error[E0493]: destructor of `GenericArray<core::mem::MaybeUninit<*mut T>, N>` cannot be evaluated at compile-time
[INFO] [stdout]     --> /opt/rustwide/cargo-home/registry/src/index.crates.io-1949cf8c6b5b557f/generic-array-1.4.5/src/lib.rs:1018:13
[INFO] [stdout]      |
[INFO] [stdout] 1018 |         let mut out: GenericArray<MaybeUninit<*mut T>, N> = GenericArray::uninit();
[INFO] [stdout]      |             ^^^^^^^ the destructor for this type cannot be evaluated in constant functions
[INFO] [stdout] ...
[INFO] [stdout] 1033 |     }
[INFO] [stdout]      |     - value is dropped here
[INFO] [stdout] 
[INFO] [stdout] 
[INFO] [stdout] For more information about this error, try `rustc --explain E0493`.
[INFO] [stdout] 
[INFO] [stderr]     Checking fs2 v0.4.3
[INFO] [stderr] error: could not compile `generic-array` (lib) due to 3 previous errors
[INFO] [stderr] warning: build failed, waiting for other jobs to finish...
[INFO] [stdout] error[E0493]: destructor of `[(Op<R>, bool); N]` cannot be evaluated at compile-time
[INFO] [stdout]    --> /opt/rustwide/cargo-home/registry/src/index.crates.io-1949cf8c6b5b557f/pest-2.9.0/src/pratt_parser.rs:328:28
[INFO] [stdout]     |
[INFO] [stdout] 328 |     pub const fn new_const(ops: [(Op<R>, bool); N]) -> Self {
[INFO] [stdout]     |                            ^^^ the destructor for this type cannot be evaluated in constant functions
[INFO] [stdout] ...
[INFO] [stdout] 355 |     }
[INFO] [stdout]     |     - value is dropped here
[INFO] [stdout] 
[INFO] [stdout] 
[INFO] [stdout] For more information about this error, try `rustc --explain E0493`.
[INFO] [stdout] 
[INFO] [stderr] error: could not compile `pest` (lib) due to 1 previous error
[INFO] running `Command { std: "docker" "inspect" "0a7479f1a4a74b6e06a82c76b9b3712a307b00b5100ae81dc57be42c8451f340", kill_on_drop: false }`
[INFO] running `Command { std: "docker" "rm" "-f" "0a7479f1a4a74b6e06a82c76b9b3712a307b00b5100ae81dc57be42c8451f340", kill_on_drop: false }`
[INFO] [stdout] 0a7479f1a4a74b6e06a82c76b9b3712a307b00b5100ae81dc57be42c8451f340
