[INFO] cloning repository https://github.com/Mondrethos/vyx
[INFO] running `Command { std: "git" "-c" "credential.helper=" "-c" "credential.helper=/workspace/cargo-home/bin/git-credential-null" "clone" "--bare" "https://github.com/Mondrethos/vyx" "/workspace/cache/git-repos/https%3A%2F%2Fgithub.com%2FMondrethos%2Fvyx", kill_on_drop: false }`
[INFO] [stderr] Cloning into bare repository '/workspace/cache/git-repos/https%3A%2F%2Fgithub.com%2FMondrethos%2Fvyx'...
[INFO] running `Command { std: "git" "rev-parse" "HEAD", kill_on_drop: false }`
[INFO] [stdout] 9f2b41099cfcad0fbb8f2adf06e556afe3e36c41
[INFO] checking Mondrethos/vyx against c60b92c03ca8a3b101eb9d57f51e2232690638c7 for pr-164148-crater-rollup
[INFO] running `Command { std: "git" "clone" "/workspace/cache/git-repos/https%3A%2F%2Fgithub.com%2FMondrethos%2Fvyx" "/workspace/builds/worker-3-tc2/source", kill_on_drop: false }`
[INFO] [stderr] Cloning into '/workspace/builds/worker-3-tc2/source'...
[INFO] [stderr] done.
[INFO] removed /workspace/builds/worker-3-tc2/source/rust-toolchain.toml
[INFO] started tweaking git repo https://github.com/Mondrethos/vyx
[INFO] finished tweaking git repo https://github.com/Mondrethos/vyx
[INFO] tweaked toml for git repo https://github.com/Mondrethos/vyx written to /workspace/builds/worker-3-tc2/source/Cargo.toml
[INFO] validating manifest of git repo https://github.com/Mondrethos/vyx on toolchain c60b92c03ca8a3b101eb9d57f51e2232690638c7
[INFO] running `Command { std: CARGO_HOME="/workspace/cargo-home" RUSTUP_HOME="/workspace/rustup-home" "/workspace/cargo-home/bin/cargo" "+c60b92c03ca8a3b101eb9d57f51e2232690638c7" "metadata" "--manifest-path" "Cargo.toml" "--no-deps", kill_on_drop: false }`
[INFO] crate git repo https://github.com/Mondrethos/vyx already has a lockfile, it will not be regenerated
[INFO] running `Command { std: CARGO_HOME="/workspace/cargo-home" RUSTUP_HOME="/workspace/rustup-home" "/workspace/cargo-home/bin/cargo" "+c60b92c03ca8a3b101eb9d57f51e2232690638c7" "fetch" "--manifest-path" "Cargo.toml", kill_on_drop: false }`
[INFO] running `Command { std: "docker" "create" "-v" "/var/lib/crater-agent-workspace/builds/worker-3-tc2/source:/opt/rustwide/workdir:ro,Z" "-v" "/var/lib/crater-agent-workspace/builds/worker-3-tc2/target:/opt/rustwide/target:rw,Z" "-v" "/var/lib/crater-agent-workspace/cargo-home:/opt/rustwide/cargo-home:ro,Z" "-v" "/var/lib/crater-agent-workspace/rustup-home:/opt/rustwide/rustup-home:ro,Z" "-m" "1610612736" "--network" "none" "ghcr.io/rust-lang/crates-build-env/linux@sha256:77db811e55d90add9212f6832c23229e3de5f1c1f9905e8cb07319ea15df73ac" "sleep" "infinity", kill_on_drop: false }`
[INFO] [stdout] 969641b3d66f34a70ff41597e994e155433ae81e48071b47e73326fee909e5fb
[INFO] running `Command { std: "docker" "start" "969641b3d66f34a70ff41597e994e155433ae81e48071b47e73326fee909e5fb", kill_on_drop: false }`
[INFO] running `Command { std: "docker" "inspect" "969641b3d66f34a70ff41597e994e155433ae81e48071b47e73326fee909e5fb", kill_on_drop: false }`
[INFO] running `Command { std: "docker" "exec" "-e" "SOURCE_DIR=/opt/rustwide/workdir" "-e" "CARGO_HOME=/opt/rustwide/cargo-home" "-e" "RUSTUP_HOME=/opt/rustwide/rustup-home" "-e" "CARGO_TARGET_DIR=/opt/rustwide/target" "-w" "/opt/rustwide/workdir" "--user" "0:0" "969641b3d66f34a70ff41597e994e155433ae81e48071b47e73326fee909e5fb" "/opt/rustwide/cargo-home/bin/cargo" "+c60b92c03ca8a3b101eb9d57f51e2232690638c7" "metadata" "--no-deps" "--format-version=1", kill_on_drop: false }`
[INFO] running `Command { std: "docker" "inspect" "969641b3d66f34a70ff41597e994e155433ae81e48071b47e73326fee909e5fb", kill_on_drop: false }`
[INFO] running `Command { std: "docker" "exec" "-e" "SOURCE_DIR=/opt/rustwide/workdir" "-e" "CARGO_HOME=/opt/rustwide/cargo-home" "-e" "RUSTUP_HOME=/opt/rustwide/rustup-home" "-e" "CARGO_TARGET_DIR=/opt/rustwide/target" "-e" "CARGO_INCREMENTAL=0" "-e" "RUST_BACKTRACE=full" "-e" "RUSTFLAGS=--cap-lints=forbid" "-e" "RUSTDOCFLAGS=--cap-lints=forbid" "-w" "/opt/rustwide/workdir" "--user" "0:0" "969641b3d66f34a70ff41597e994e155433ae81e48071b47e73326fee909e5fb" "/opt/rustwide/cargo-home/bin/cargo" "+c60b92c03ca8a3b101eb9d57f51e2232690638c7" "check" "--frozen" "--all" "--all-targets" "--message-format=json", kill_on_drop: false }`
[INFO] [stderr]     Checking subtle v2.6.1
[INFO] [stderr]     Checking typenum v1.20.1
[INFO] [stderr]     Checking cmov v0.5.4
[INFO] [stderr]    Compiling getrandom v0.4.3
[INFO] [stderr]     Checking const-oid v0.10.2
[INFO] [stderr]     Checking cpufeatures v0.3.1
[INFO] [stderr]     Checking cpubits v0.1.1
[INFO] [stderr]    Compiling proc-macro2 v1.0.107
[INFO] [stderr]     Checking pem-rfc7468 v1.0.0
[INFO] [stderr]     Checking log v0.4.34
[INFO] [stderr]    Compiling serde_core v1.0.229
[INFO] [stderr]     Checking smallvec v1.16.1
[INFO] [stderr]     Checking errno v0.3.14
[INFO] [stderr]    Compiling thiserror v2.0.21
[INFO] [stderr]     Checking futures-sink v0.3.34
[INFO] [stderr]     Checking futures-io v0.3.34
[INFO] [stderr]     Checking socket2 v0.6.5
[INFO] [stderr]     Checking ff v0.14.0
[INFO] [stderr]     Checking base16ct v1.0.0
[INFO] [stderr]     Checking signal-hook-registry v1.4.8
[INFO] [stderr]     Checking futures-channel v0.3.34
[INFO] [stderr]     Checking mio v1.2.3
[INFO] [stderr]    Compiling ring v0.17.14
[INFO] [stderr]    Compiling curve25519-dalek v5.0.0
[INFO] [stderr]     Checking ctutils v0.4.2
[INFO] [stderr]     Checking group v0.14.0
[INFO] [stderr]     Checking keccak v0.2.2
[INFO] [stderr]    Compiling mime_guess v2.0.5
[INFO] [stderr]     Checking getrandom v0.2.17
[INFO] [stderr]    Compiling mime v0.3.17
[INFO] [stderr]    Compiling rustix v1.1.5
[INFO] [stderr]     Checking sync_wrapper v1.0.2
[INFO] [stderr]    Compiling type-map v0.5.1
[INFO] [stderr]     Checking parking_lot_core v0.9.12
[INFO] [stderr]     Checking rustc-hash v2.1.3
[INFO] [stderr]     Checking ipnet v2.12.2
[INFO] [stderr]     Checking either v1.18.0
[INFO] [stderr]    Compiling rustls v0.23.45
[INFO] [stderr]     Checking parking_lot v0.12.5
[INFO] [stderr]     Checking hashbrown v0.17.1
[INFO] [stderr]     Checking http-body-util v0.1.5
[INFO] [stderr]     Checking castaway v0.2.4
[INFO] [stderr]    Compiling self_cell v1.3.0
[INFO] [stderr]    Compiling nix v0.31.3
[INFO] [stderr]    Compiling quote v1.0.47
[INFO] [stderr]     Checking signal-hook v0.3.18
[INFO] [stderr]     Checking compact_str v0.9.1
[INFO] [stderr]     Checking clap_lex v1.1.1
[INFO] [stderr]     Checking itertools v0.14.0
[INFO] [stderr]     Checking clap_builder v4.6.7
[INFO] [stderr]    Compiling syn v2.0.119
[INFO] [stderr]    Compiling syn v3.0.6
[INFO] [stderr]     Checking signal-hook-mio v0.2.5
[INFO] [stderr]    Compiling arc-swap v1.9.2
[INFO] [stderr]    Compiling proc-macro-error-attr3 v3.1.1
[INFO] [stderr]     Checking num_threads v0.1.7
[INFO] [stderr]     Checking time v0.3.55
[INFO] [stderr]     Checking num-integer v0.1.47
[INFO] [stderr]     Checking nom v8.0.0
[INFO] [stderr]     Checking io_tee v0.1.1
[INFO] [stderr]     Checking bech32 v0.11.1
[INFO] [stderr]     Checking hex v0.4.3
[INFO] [stderr]     Checking dirs-sys v0.5.0
[INFO] [stderr]    Compiling hybrid-array v0.4.15
[INFO] [stderr]     Checking vte v0.15.0
[INFO] [stderr]     Checking md5 v0.8.1
[INFO] [stderr]     Checking base64 v0.23.1
[INFO] [stderr]     Checking lru v0.18.5
[INFO] [stderr]     Checking leb128fmt v0.1.0
[INFO] [stderr]     Checking hex-literal v1.1.0
[INFO] [stderr]     Checking vt100 v0.16.2
[INFO] [stderr]     Checking directories v6.0.0
[INFO] [stderr]     Checking wasm-encoder v0.258.0
[INFO] [stderr]     Checking bumpalo v3.20.3
[INFO] [stderr]     Checking semver v1.0.28
[INFO] [stderr]     Checking axum-core v0.5.6
[INFO] [stderr]    Compiling crypto-common v0.2.2
[INFO] [stderr]    Compiling block-buffer v0.12.1
[INFO] [stderr]     Checking getrandom v0.3.4
[INFO] [stderr]     Checking generic-array v0.14.7
[INFO] [stderr]     Checking unicode-truncate v2.0.1
[INFO] [stderr]     Checking block-buffer v0.10.4
[INFO] [stderr]     Checking crypto-common v0.1.7
[INFO] [stderr]     Checking generic-array v1.4.5
[INFO] [stderr]     Checking digest v0.10.7
[INFO] [stderr]     Checking bitflags v2.13.2
[INFO] [stderr]     Checking serde_json v1.0.151
[INFO] [stderr]     Checking uuid v1.26.1
[INFO] [stderr]    Compiling digest v0.11.3
[INFO] [stderr]     Checking line-clipping v0.3.8
[INFO] [stderr]    Compiling sha2 v0.11.0
[INFO] [stderr]     Checking sha2 v0.10.9
[INFO] [stderr]     Checking wast v258.0.0
[INFO] [stdout] error[E0493]: destructor of `ArrayBuilder<T, N>` cannot be evaluated at compile-time
[INFO] [stdout]    --> /opt/rustwide/cargo-home/registry/src/index.crates.io-1949cf8c6b5b557f/generic-array-1.4.5/src/internal.rs:103:31
[INFO] [stdout]     |
[INFO] [stdout] 103 |     pub unsafe fn assume_init(self) -> GenericArray<T, N> {
[INFO] [stdout]     |                               ^^^^ the destructor for this type cannot be evaluated in constant functions
[INFO] [stdout] ...
[INFO] [stdout] 109 |     }
[INFO] [stdout]     |     - value is dropped here
[INFO] [stdout] 
[INFO] [stdout] 
[INFO] [stdout] error[E0493]: destructor of `GenericArray<core::mem::MaybeUninit<*const T>, N>` cannot be evaluated at compile-time
[INFO] [stdout]    --> /opt/rustwide/cargo-home/registry/src/index.crates.io-1949cf8c6b5b557f/generic-array-1.4.5/src/lib.rs:983:13
[INFO] [stdout]     |
[INFO] [stdout] 983 |         let mut out: GenericArray<MaybeUninit<*const T>, N> = GenericArray::uninit();
[INFO] [stdout]     |             ^^^^^^^ the destructor for this type cannot be evaluated in constant functions
[INFO] [stdout] ...
[INFO] [stdout] 998 |     }
[INFO] [stdout]     |     - value is dropped here
[INFO] [stdout] 
[INFO] [stdout] 
[INFO] [stdout] error[E0493]: destructor of `GenericArray<core::mem::MaybeUninit<*mut T>, N>` cannot be evaluated at compile-time
[INFO] [stdout]     --> /opt/rustwide/cargo-home/registry/src/index.crates.io-1949cf8c6b5b557f/generic-array-1.4.5/src/lib.rs:1018:13
[INFO] [stdout]      |
[INFO] [stdout] 1018 |         let mut out: GenericArray<MaybeUninit<*mut T>, N> = GenericArray::uninit();
[INFO] [stdout]      |             ^^^^^^^ the destructor for this type cannot be evaluated in constant functions
[INFO] [stdout] ...
[INFO] [stdout] 1033 |     }
[INFO] [stdout]      |     - value is dropped here
[INFO] [stdout] 
[INFO] [stdout] 
[INFO] [stdout] For more information about this error, try `rustc --explain E0493`.
[INFO] [stdout] 
[INFO] [stderr] error: could not compile `generic-array` (lib) due to 3 previous errors
[INFO] [stderr] warning: build failed, waiting for other jobs to finish...
[INFO] running `Command { std: "docker" "inspect" "969641b3d66f34a70ff41597e994e155433ae81e48071b47e73326fee909e5fb", kill_on_drop: false }`
[INFO] running `Command { std: "docker" "rm" "-f" "969641b3d66f34a70ff41597e994e155433ae81e48071b47e73326fee909e5fb", kill_on_drop: false }`
[INFO] [stdout] 969641b3d66f34a70ff41597e994e155433ae81e48071b47e73326fee909e5fb
