[INFO] cloning repository https://github.com/MeroAlpha/meroalpha_terminal
[INFO] running `Command { std: "git" "-c" "credential.helper=" "-c" "credential.helper=/workspace/cargo-home/bin/git-credential-null" "clone" "--bare" "https://github.com/MeroAlpha/meroalpha_terminal" "/workspace/cache/git-repos/https%3A%2F%2Fgithub.com%2FMeroAlpha%2Fmeroalpha_terminal", kill_on_drop: false }`
[INFO] [stderr] Cloning into bare repository '/workspace/cache/git-repos/https%3A%2F%2Fgithub.com%2FMeroAlpha%2Fmeroalpha_terminal'...
[INFO] running `Command { std: "git" "rev-parse" "HEAD", kill_on_drop: false }`
[INFO] [stdout] a335e727abcddeb20ba8924ede86c32b2bef082f
[INFO] checking MeroAlpha/meroalpha_terminal against c60b92c03ca8a3b101eb9d57f51e2232690638c7 for pr-164148-crater-rollup
[INFO] running `Command { std: "git" "clone" "/workspace/cache/git-repos/https%3A%2F%2Fgithub.com%2FMeroAlpha%2Fmeroalpha_terminal" "/workspace/builds/worker-6-tc2/source", kill_on_drop: false }`
[INFO] [stderr] Cloning into '/workspace/builds/worker-6-tc2/source'...
[INFO] [stderr] done.
[INFO] started tweaking git repo https://github.com/MeroAlpha/meroalpha_terminal
[INFO] finished tweaking git repo https://github.com/MeroAlpha/meroalpha_terminal
[INFO] tweaked toml for git repo https://github.com/MeroAlpha/meroalpha_terminal written to /workspace/builds/worker-6-tc2/source/Cargo.toml
[INFO] validating manifest of git repo https://github.com/MeroAlpha/meroalpha_terminal on toolchain c60b92c03ca8a3b101eb9d57f51e2232690638c7
[INFO] running `Command { std: CARGO_HOME="/workspace/cargo-home" RUSTUP_HOME="/workspace/rustup-home" "/workspace/cargo-home/bin/cargo" "+c60b92c03ca8a3b101eb9d57f51e2232690638c7" "metadata" "--manifest-path" "Cargo.toml" "--no-deps", kill_on_drop: false }`
[INFO] crate git repo https://github.com/MeroAlpha/meroalpha_terminal already has a lockfile, it will not be regenerated
[INFO] running `Command { std: CARGO_HOME="/workspace/cargo-home" RUSTUP_HOME="/workspace/rustup-home" "/workspace/cargo-home/bin/cargo" "+c60b92c03ca8a3b101eb9d57f51e2232690638c7" "fetch" "--manifest-path" "Cargo.toml", kill_on_drop: false }`
[INFO] [stderr]     Blocking waiting for file lock on package cache
[INFO] [stderr]     Blocking waiting for file lock on package cache
[INFO] running `Command { std: "docker" "create" "-v" "/var/lib/crater-agent-workspace/builds/worker-6-tc2/source:/opt/rustwide/workdir:ro,Z" "-v" "/var/lib/crater-agent-workspace/builds/worker-6-tc2/target:/opt/rustwide/target:rw,Z" "-v" "/var/lib/crater-agent-workspace/cargo-home:/opt/rustwide/cargo-home:ro,Z" "-v" "/var/lib/crater-agent-workspace/rustup-home:/opt/rustwide/rustup-home:ro,Z" "-m" "1610612736" "--network" "none" "ghcr.io/rust-lang/crates-build-env/linux@sha256:77db811e55d90add9212f6832c23229e3de5f1c1f9905e8cb07319ea15df73ac" "sleep" "infinity", kill_on_drop: false }`
[INFO] [stdout] b2349a0c20e587a5003cc2c10868e6a75f44454d1b0a0518f9ec8f049d45f2da
[INFO] running `Command { std: "docker" "start" "b2349a0c20e587a5003cc2c10868e6a75f44454d1b0a0518f9ec8f049d45f2da", kill_on_drop: false }`
[INFO] running `Command { std: "docker" "inspect" "b2349a0c20e587a5003cc2c10868e6a75f44454d1b0a0518f9ec8f049d45f2da", kill_on_drop: false }`
[INFO] running `Command { std: "docker" "exec" "-e" "SOURCE_DIR=/opt/rustwide/workdir" "-e" "CARGO_HOME=/opt/rustwide/cargo-home" "-e" "RUSTUP_HOME=/opt/rustwide/rustup-home" "-e" "CARGO_TARGET_DIR=/opt/rustwide/target" "-w" "/opt/rustwide/workdir" "--user" "0:0" "b2349a0c20e587a5003cc2c10868e6a75f44454d1b0a0518f9ec8f049d45f2da" "/opt/rustwide/cargo-home/bin/cargo" "+c60b92c03ca8a3b101eb9d57f51e2232690638c7" "metadata" "--no-deps" "--format-version=1", kill_on_drop: false }`
[INFO] running `Command { std: "docker" "inspect" "b2349a0c20e587a5003cc2c10868e6a75f44454d1b0a0518f9ec8f049d45f2da", kill_on_drop: false }`
[INFO] running `Command { std: "docker" "exec" "-e" "SOURCE_DIR=/opt/rustwide/workdir" "-e" "CARGO_HOME=/opt/rustwide/cargo-home" "-e" "RUSTUP_HOME=/opt/rustwide/rustup-home" "-e" "CARGO_TARGET_DIR=/opt/rustwide/target" "-e" "CARGO_INCREMENTAL=0" "-e" "RUST_BACKTRACE=full" "-e" "RUSTFLAGS=--cap-lints=forbid" "-e" "RUSTDOCFLAGS=--cap-lints=forbid" "-w" "/opt/rustwide/workdir" "--user" "0:0" "b2349a0c20e587a5003cc2c10868e6a75f44454d1b0a0518f9ec8f049d45f2da" "/opt/rustwide/cargo-home/bin/cargo" "+c60b92c03ca8a3b101eb9d57f51e2232690638c7" "check" "--frozen" "--all" "--all-targets" "--message-format=json", kill_on_drop: false }`
[INFO] [stderr]    Compiling quote v1.0.45
[INFO] [stderr]    Compiling proc-macro2 v1.0.106
[INFO] [stderr]    Compiling serde_core v1.0.228
[INFO] [stderr]    Compiling typeid v1.0.3
[INFO] [stderr]    Compiling erased-serde v0.4.10
[INFO] [stderr]    Compiling autocfg v1.5.1
[INFO] [stderr]     Checking memchr v2.8.2
[INFO] [stderr]    Compiling crossbeam-utils v0.8.21
[INFO] [stderr]    Compiling serde v1.0.228
[INFO] [stderr]    Compiling hashbrown v0.17.1
[INFO] [stderr]    Compiling libm v0.2.16
[INFO] [stderr]     Checking bitflags v2.13.0
[INFO] [stderr]     Checking futures-io v0.3.32
[INFO] [stderr]     Checking smallvec v1.15.2
[INFO] [stderr]     Checking parking v2.2.1
[INFO] [stderr]    Compiling num-traits v0.2.19
[INFO] [stderr]    Compiling shlex v2.0.1
[INFO] [stderr]    Compiling cc v1.2.64
[INFO] [stderr]     Checking once_cell v1.21.4
[INFO] [stderr]    Compiling syn v2.0.118
[INFO] [stderr]     Checking concurrent-queue v2.5.0
[INFO] [stderr]    Compiling winnow v1.0.3
[INFO] [stderr]     Checking fastrand v2.4.1
[INFO] [stderr]     Checking slab v0.4.12
[INFO] [stderr]     Checking futures-lite v2.6.1
[INFO] [stderr]    Compiling rustix v1.1.4
[INFO] [stderr]     Checking event-listener v5.4.1
[INFO] [stderr]     Checking linux-raw-sys v0.12.1
[INFO] [stderr]     Checking event-listener-strategy v0.5.4
[INFO] [stderr]     Checking async-task v4.7.1
[INFO] [stderr]    Compiling async-io v2.6.0
[INFO] [stderr]     Checking simd-adler32 v0.3.9
[INFO] [stderr]     Checking typenum v1.20.1
[INFO] [stderr]     Checking async-channel v2.5.0
[INFO] [stderr]     Checking arrayvec v0.7.6
[INFO] [stderr]     Checking serde_fmt v1.1.0
[INFO] [stderr]    Compiling toml_parser v1.1.2+spec-1.1.0
[INFO] [stderr]     Checking piper v0.2.5
[INFO] [stderr]    Compiling siphasher v1.0.3
[INFO] [stderr]     Checking blocking v1.6.2
[INFO] [stderr]     Checking miniz_oxide v0.8.9
[INFO] [stderr]     Checking async-lock v3.4.2
[INFO] [stderr]     Checking value-bag-serde1 v1.12.0
[INFO] [stderr]     Checking value-bag v1.12.0
[INFO] [stderr]     Checking errno v0.3.14
[INFO] [stderr]    Compiling indexmap v2.14.0
[INFO] [stderr]    Compiling toml_datetime v1.1.1+spec-1.1.0
[INFO] [stderr]     Checking log v0.4.32
[INFO] [stderr]     Checking generic-array v0.14.7
[INFO] [stderr]    Compiling zerocopy v0.8.52
[INFO] [stderr]     Checking signal-hook-registry v1.4.8
[INFO] [stderr]    Compiling aho-corasick v1.1.4
[INFO] [stderr]    Compiling regex-syntax v0.8.11
[INFO] [stderr]     Checking getrandom v0.4.3
[INFO] [stderr]     Checking crypto-common v0.1.7
[INFO] [stderr]     Checking async-executor v1.14.0
[INFO] [stderr]     Checking tracing-core v0.1.36
[INFO] [stderr]    Compiling bstr v1.12.1
[INFO] [stderr]     Checking either v1.16.0
[INFO] [stderr]    Compiling toml_edit v0.25.12+spec-1.1.0
[INFO] [stderr]    Compiling same-file v1.0.6
[INFO] [stderr]     Checking unicode-ident v1.0.24
[INFO] [stderr]    Compiling walkdir v2.5.0
[INFO] [stderr]     Checking flate2 v1.1.9
[INFO] [stderr]     Checking futures-sink v0.3.32
[INFO] [stderr]     Checking block-buffer v0.10.4
[INFO] [stderr]     Checking num-integer v0.1.46
[INFO] [stderr]    Compiling proc-macro-crate v3.5.0
[INFO] [stderr]    Compiling synstructure v0.13.2
[INFO] [stderr]     Checking crossbeam-epoch v0.9.18
[INFO] [stderr]     Checking sha1_smol v1.0.1
[INFO] [stderr]    Compiling rayon-core v1.13.0
[INFO] [stderr]    Compiling regex-automata v0.4.14
[INFO] [stderr]    Compiling itoa v1.0.18
[INFO] [stderr]    Compiling serde_json v1.0.150
[INFO] [stderr]    Compiling endi v1.1.1
[INFO] [stderr]     Checking crossbeam-deque v0.8.6
[INFO] [stderr]     Checking uuid v1.23.3
[INFO] [stderr]     Checking digest v0.10.7
[INFO] [stderr]     Checking futures-channel v0.3.32
[INFO] [stderr]    Compiling zmij v1.0.21
[INFO] [stderr]     Checking litemap v0.8.2
[INFO] [stderr]     Checking futures-task v0.3.32
[INFO] [stderr]     Checking writeable v0.6.3
[INFO] [stderr]     Checking new_debug_unreachable v1.0.6
[INFO] [stderr]    Compiling serde_derive v1.0.228
[INFO] [stderr]    Compiling zerofrom-derive v0.1.7
[INFO] [stderr]    Compiling enumflags2_derive v0.7.12
[INFO] [stderr]    Compiling yoke-derive v0.8.2
[INFO] [stderr]    Compiling zerocopy-derive v0.8.52
[INFO] [stderr]    Compiling zerovec-derive v0.11.3
[INFO] [stderr]     Checking zerofrom v0.1.8
[INFO] [stderr]    Compiling bytemuck_derive v1.10.2
[INFO] [stderr]    Compiling displaydoc v0.2.6
[INFO] [stderr]     Checking yoke v0.8.3
[INFO] [stderr]    Compiling globset v0.4.18
[INFO] [stderr]     Checking zerovec v0.11.6
[INFO] [stderr]    Compiling tracing-attributes v0.1.31
[INFO] [stderr]     Checking bytemuck v1.25.0
[INFO] [stderr]    Compiling futures-macro v0.3.32
[INFO] [stderr]     Checking zerotrie v0.2.4
[INFO] [stderr]     Checking tinystr v0.8.3
[INFO] [stderr]     Checking potential_utf v0.1.5
[INFO] [stderr]     Checking icu_locale_core v2.2.0
[INFO] [stderr]    Compiling zeroize_derive v1.5.0
[INFO] [stderr]     Checking polling v3.11.0
[INFO] [stderr]     Checking futures-util v0.3.32
[INFO] [stderr]    Compiling thiserror-impl v2.0.18
[INFO] [stderr]     Checking parking_lot_core v0.9.12
[INFO] [stderr]     Checking tracing v0.1.44
[INFO] [stderr]     Checking serde_bytes v0.11.19
[INFO] [stderr]     Checking async-signal v0.2.14
[INFO] [stderr]     Checking zvariant_utils v3.4.0
[INFO] [stderr]     Checking enumflags2 v0.7.12
[INFO] [stderr]    Compiling icu_properties_data v2.2.0
[INFO] [stderr]     Checking async-process v2.5.0
[INFO] [stderr]    Compiling libc v0.2.186
[INFO] [stderr]    Compiling icu_normalizer_data v2.2.0
[INFO] [stderr]     Checking icu_collections v2.2.0
[INFO] [stderr]     Checking parking_lot v0.12.5
[INFO] [stderr]     Checking icu_provider v2.2.0
[INFO] [stderr]     Checking zeroize v1.9.0
[INFO] [stderr]    Compiling equator-macro v0.4.2
[INFO] [stderr]     Checking num-bigint v0.4.6
[INFO] [stderr]    Compiling zvariant_derive v5.12.0
[INFO] [stderr]    Compiling object v0.37.3
[INFO] [stderr]     Checking thiserror v2.0.18
[INFO] [stderr]    Compiling getrandom v0.3.4
[INFO] [stderr]    Compiling semver v1.0.28
[INFO] [stderr]    Compiling rustc_version v0.4.1
[INFO] [stderr]     Checking equator v0.4.2
[INFO] [stderr]    Compiling zvariant v5.12.0
[INFO] [stderr]     Checking rayon v1.12.0
[INFO] [stderr]     Checking num-rational v0.4.2
[INFO] [stderr]    Compiling pin-project-internal v1.1.13
[INFO] [stderr]    Compiling serde_repr v0.1.20
[INFO] [stderr]     Checking getrandom v0.2.17
[INFO] [stderr]    Compiling option-ext v0.2.0
[INFO] [stderr]    Compiling dirs-sys v0.5.0
[INFO] [stderr]     Checking pin-project v1.1.13
[INFO] [stderr]     Checking icu_properties v2.2.0
[INFO] [stderr]     Checking icu_normalizer v2.2.0
[INFO] [stderr]     Checking aligned-vec v0.6.4
[INFO] [stderr]     Checking zbus_names v4.3.2
[INFO] [stderr]     Checking gpui_util v0.1.0 (https://github.com/zed-industries/zed?rev=1d217ee39d381ac101b7cf49d3d22451ac1093fe#1d217ee3)
[INFO] [stderr]     Checking euclid v0.22.14
[INFO] [stderr]    Compiling slotmap v1.1.1
[INFO] [stderr]    Compiling ref-cast v1.0.25
[INFO] [stderr]    Compiling rand_core v0.6.4
[INFO] [stderr]    Compiling cfg-if v1.0.4
[INFO] [stderr]     Checking libbz2-rs-sys v0.2.5
[INFO] [stderr]     Checking rustc-hash v2.1.2
[INFO] [stderr]     Checking static_assertions v1.1.0
[INFO] [stderr]     Checking collections v0.1.0 (https://github.com/zed-industries/zed?rev=1d217ee39d381ac101b7cf49d3d22451ac1093fe#1d217ee3)
[INFO] [stderr]     Checking idna_adapter v1.2.2
[INFO] [stderr]    Compiling sha2 v0.10.9
[INFO] [stderr]    Compiling rand v0.8.6
[INFO] [stderr]     Checking bzip2 v0.6.1
[INFO] [stderr]     Checking ppv-lite86 v0.2.21
[INFO] [stderr]     Checking rand_core v0.9.5
[INFO] [stderr]     Checking futures-executor v0.3.32
[INFO] [stderr]     Checking v_frame v0.3.9
[INFO] [stderr]    Compiling zbus_macros v5.16.0
[INFO] [stderr]    Compiling dirs v6.0.0
[INFO] [stderr]    Compiling nix v0.31.3
[INFO] [stderr]    Compiling quick-xml v0.39.4
[INFO] [stderr]    Compiling ref-cast-impl v1.0.25
[INFO] [stderr]    Compiling async-recursion v1.1.1
[INFO] [stderr]    Compiling async-trait v0.1.89
[INFO] [stderr]    Compiling serde_derive_internals v0.29.1
[INFO] [stderr]     Checking itertools v0.14.0
[INFO] [stderr]    Compiling phf_shared v0.11.3
[INFO] [stderr]     Checking fdeflate v0.3.7
[INFO] [stderr]     Checking async-broadcast v0.7.2
[INFO] [stderr]     Checking core_maths v0.1.1
[INFO] [stderr]     Checking as-slice v0.2.1
[INFO] [stderr]     Checking ordered-stream v0.2.0
[INFO] [stderr]    Compiling built v0.8.1
[INFO] [stderr]     Checking quick-error v2.0.1
[INFO] [stderr]     Checking float-cmp v0.9.0
[INFO] [stderr]    Compiling paste v1.0.15
[INFO] [stderr]    Compiling rustix v0.38.44
[INFO] [stderr]     Checking deflate64 v0.1.12
[INFO] [stderr]     Checking compression-core v0.4.32
[INFO] [stderr]    Compiling av-scenechange v0.14.1
[INFO] [stderr]     Checking weezl v0.1.12
[INFO] [stderr]     Checking iana-time-zone v0.1.65
[INFO] [stderr]     Checking chrono v0.4.45
[INFO] [stderr]     Checking compression-codecs v0.4.38
[INFO] [stderr]    Compiling rav1e v0.8.1
[INFO] [stderr]    Compiling zbus_xml v5.1.1
[INFO] [stderr]     Checking strict-num v0.1.1
[INFO] [stderr]    Compiling schemars_derive v1.2.1
[INFO] [stderr]     Checking ttf-parser v0.25.1
[INFO] [stderr]     Checking aligned v0.4.3
[INFO] [stderr]    Compiling phf_generator v0.11.3
[INFO] [stderr]     Checking rand_chacha v0.9.0
[INFO] [stderr]    Compiling shellexpand v3.1.2
[INFO] [stderr]     Checking futures v0.3.32
[INFO] [stderr]    Compiling rust-embed-utils v8.11.0
[INFO] [stderr]     Checking lyon_geom v1.0.19
[INFO] [stderr]     Checking zbus v5.16.0
[INFO] [stderr]     Checking idna v1.1.0
[INFO] [stderr]    Compiling nix v0.29.0
[INFO] [stderr]    Compiling arg_enum_proc_macro v0.3.4
[INFO] [stderr]    Compiling profiling-procmacros v1.0.18
[INFO] [stderr]     Checking async-fs v2.2.0
[INFO] [stderr]    Compiling serde_spanned v1.1.1
[INFO] [stderr]    Compiling anyhow v1.0.102
[INFO] [stderr]     Checking nom v8.0.0
[INFO] [stderr]     Checking no_std_io2 v0.9.4
[INFO] [stderr]    Compiling serde_json_lenient v0.2.4
[INFO] [stderr]    Compiling ar_archive_writer v0.5.2
[INFO] [stderr]    Compiling pastey v0.1.1
[INFO] [stderr]     Checking dyn-clone v1.0.20
[INFO] [stderr]     Checking roxmltree v0.20.0
[INFO] [stderr]     Checking tinyvec_macros v0.1.1
[INFO] [stderr]     Checking linux-raw-sys v0.4.15
[INFO] [stderr]     Checking color_quant v1.1.0
[INFO] [stderr]    Compiling toml_writer v1.1.1+spec-1.1.0
[INFO] [stderr]    Compiling unicode-segmentation v1.13.3
[INFO] [stderr]     Checking event-listener v2.5.3
[INFO] [stderr]     Checking y4m v0.8.0
[INFO] [stderr]     Checking sharded-slab v0.1.7
[INFO] [stderr]    Compiling psm v0.1.31
[INFO] [stderr]    Compiling convert_case v0.10.0
[INFO] [stderr]     Checking async-channel v1.9.0
[INFO] [stderr]    Compiling toml v1.1.2+spec-1.1.0
[INFO] [stderr]     Checking fontconfig-parser v0.5.8
[INFO] [stderr]     Checking tinyvec v1.11.0
[INFO] [stderr]     Checking schemars v1.2.1
[INFO] [stderr]     Checking tiny-skia-path v0.11.4
[INFO] [stderr]     Checking bitstream-io v4.10.0
[INFO] [stderr]     Checking profiling v1.0.18
[INFO] [stderr]     Checking lyon_path v1.0.19
[INFO] [stderr]     Checking url v2.5.8
[INFO] [stderr]    Compiling rust-embed-impl v8.11.0
[INFO] [stderr]     Checking rand v0.9.4
[INFO] [stderr]    Compiling zbus-lockstep v0.5.2
[INFO] [stderr]     Checking async-compression v0.4.42
[INFO] [stderr]     Checking regex v1.12.4
[INFO] [stderr]     Checking maybe-rayon v0.1.1
[INFO] [stderr]     Checking half v2.7.1
[INFO] [stderr]    Compiling pathfinder_simd v0.5.6
[INFO] [stderr]     Checking async-global-executor v2.4.1
[INFO] [stderr]     Checking async-net v2.0.0
[INFO] [stderr]     Checking rgb v0.8.53
[INFO] [stderr]    Compiling num-derive v0.4.2
[INFO] [stderr]     Checking accesskit v0.24.1
[INFO] [stderr]     Checking tracing-log v0.2.0
[INFO] [stderr]     Checking kv-log-macro v1.0.7
[INFO] [stderr]     Checking kurbo v0.11.3
[INFO] [stderr]    Compiling stacker v0.1.24
[INFO] [stderr]    Compiling proc-macro-error-attr2 v2.0.0
[INFO] [stderr]    Compiling simd_helpers v0.1.0
[INFO] [stderr]     Checking memmap2 v0.9.10
[INFO] [stderr]     Checking filetime v0.2.29
[INFO] [stderr]     Checking thread_local v1.1.9
[INFO] [stderr]    Compiling tree-sitter-language v0.1.7
[INFO] [stderr]     Checking unicode-properties v0.1.4
[INFO] [stderr]    Compiling ztracing v0.1.0 (https://github.com/zed-industries/zed?rev=1d217ee39d381ac101b7cf49d3d22451ac1093fe#1d217ee3)
[INFO] [stderr]     Checking unicode-bidi-mirroring v0.4.0
[INFO] [stderr]     Checking unicode-ccc v0.4.0
[INFO] [stderr]    Compiling noop_proc_macro v0.3.0
[INFO] [stderr]     Checking nu-ansi-term v0.50.3
[INFO] [stderr]    Compiling unicode-xid v0.2.6
[INFO] [stderr]     Checking byteorder-lite v0.1.0
[INFO] [stderr]    Compiling heapless v0.9.3
[INFO] [stderr]     Checking unicode-script v0.5.8
[INFO] [stderr]     Checking bytes v1.12.0
[INFO] [stderr]     Checking av1-grain v0.2.5
[INFO] [stderr]     Checking waker-fn v1.2.0
[INFO] [stderr]     Checking gimli v0.32.3
[INFO] [stderr]     Checking home v0.5.12
[INFO] [stderr]     Checking fastrand v1.9.0
[INFO] [stderr]     Checking imgref v1.12.2
[INFO] [stderr]     Checking zune-core v0.5.1
[INFO] [stderr]     Checking rustybuzz v0.20.1
[INFO] [stderr]     Checking futures-lite v1.13.0
[INFO] [stderr]     Checking loop9 v0.1.5
[INFO] [stderr]     Checking zune-jpeg v0.5.15
[INFO] [stderr]     Checking svgtypes v0.15.3
[INFO] [stderr]     Checking http v1.4.2
[INFO] [stderr]     Checking which v6.0.3
[INFO] [stderr]     Checking image-webp v0.2.4
[INFO] [stderr]     Checking tracing-subscriber v0.3.23
[INFO] [stderr]    Compiling derive_more-impl v2.1.1
[INFO] [stderr]     Checking async-std v1.13.2
[INFO] [stderr]     Checking hash32 v0.3.1
[INFO] [stderr]     Checking fontdb v0.23.0
[INFO] [stderr]    Compiling proc-macro-error2 v2.0.1
[INFO] [stderr]     Checking command-fds v0.3.3
[INFO] [stderr]     Checking smol v2.0.2
[INFO] [stderr]     Checking async_zip v0.0.18
[INFO] [stderr]     Checking rust-embed v8.11.0
[INFO] [stderr]    Compiling zbus-lockstep-macros v0.5.2
[INFO] [stderr]    Compiling ignore v0.4.26
[INFO] [stderr]    Compiling embed-resource v3.0.9
[INFO] [stderr]     Checking addr2line v0.25.1
[INFO] [stderr]     Checking zlog v0.1.0 (https://github.com/zed-industries/zed?rev=1d217ee39d381ac101b7cf49d3d22451ac1093fe#1d217ee3)
[INFO] [stderr]    Compiling phf_codegen v0.11.3
[INFO] [stderr]    Compiling string_cache_codegen v0.5.4
[INFO] [stderr]     Checking png v0.17.16
[INFO] [stderr]     Checking nanorand v0.7.0
[INFO] [stderr]     Checking tempfile v3.27.0
[INFO] [stderr]    Compiling thiserror-impl v1.0.69
[INFO] [stderr]     Checking spin v0.9.8
[INFO] [stderr]     Checking block-padding v0.3.3
[INFO] [stderr]     Checking simplecss v0.2.2
[INFO] [stderr]    Compiling phf_shared v0.13.1
[INFO] [stderr]     Checking avif-serialize v0.8.9
[INFO] [stderr]     Checking zune-inflate v0.2.54
[INFO] [stderr]     Checking xattr v0.2.3
[INFO] [stderr]     Checking data-url v0.3.2
[INFO] [stderr]     Checking bit_field v0.10.3
[INFO] [stderr]     Checking zune-core v0.4.12
[INFO] [stderr]     Checking dunce v1.0.5
[INFO] [stderr]     Checking unicode-bidi v0.3.18
[INFO] [stderr]     Checking take-until v0.2.0
[INFO] [stderr]     Checking fax v0.2.7
[INFO] [stderr]    Compiling ztracing_macro v0.1.0 (https://github.com/zed-industries/zed?rev=1d217ee39d381ac101b7cf49d3d22451ac1093fe#1d217ee3)
[INFO] [stderr]     Checking lebe v0.5.3
[INFO] [stderr]     Checking unicode-vo v0.1.0
[INFO] [stderr]     Checking unicase v2.9.0
[INFO] [stderr]     Checking xmlwriter v0.1.0
[INFO] [stderr]    Compiling bitflags v1.3.2
[INFO] [stderr]     Checking mac v0.1.1
[INFO] [stderr]     Checking imagesize v0.13.0
[INFO] [stderr]     Checking pico-args v0.5.0
[INFO] [stderr]     Checking shlex v1.3.0
[INFO] [stderr]     Checking float_next_after v1.0.0
[INFO] [stderr]     Checking rustc-demangle v0.1.27
[INFO] [stderr]     Checking pxfm v0.1.29
[INFO] [stderr]     Checking thiserror v1.0.69
[INFO] [stderr]     Checking util v0.1.0 (https://github.com/zed-industries/zed?rev=1d217ee39d381ac101b7cf49d3d22451ac1093fe#1d217ee3)
[INFO] [stderr]     Checking lyon_tessellation v1.0.20
[INFO] [stderr]     Checking exr v1.74.0
[INFO] [stderr]     Checking usvg v0.45.1
[INFO] [stderr]     Checking futf v0.1.5
[INFO] [stderr]    Compiling globwalk v0.8.1
[INFO] [stderr]     Checking tiff v0.11.3
[INFO] [stderr]    Compiling phf_generator v0.13.1
[INFO] [stderr]     Checking zune-jpeg v0.4.21
[INFO] [stderr]     Checking async-tar v0.5.1
[INFO] [stderr]     Checking ravif v0.13.0
[INFO] [stderr]     Checking derive_more v2.1.1
[INFO] [stderr]     Checking tiny-skia v0.11.4
[INFO] [stderr]     Checking inout v0.1.4
[INFO] [stderr]     Checking flume v0.11.1
[INFO] [stderr]     Checking backtrace v0.3.76
[INFO] [stderr]    Compiling markup5ever v0.12.1
[INFO] [stderr]     Checking atspi-common v0.13.0
[INFO] [stderr]    Compiling gpui v0.2.2 (https://github.com/zed-industries/zed?rev=1d217ee39d381ac101b7cf49d3d22451ac1093fe#1d217ee3)
[INFO] [stderr]    Compiling stacksafe-macro v0.1.4
[INFO] [stderr]     Checking http-body v1.0.1
[INFO] [stderr]    Compiling perf v0.1.0 (https://github.com/zed-industries/zed?rev=1d217ee39d381ac101b7cf49d3d22451ac1093fe#1d217ee3)
[INFO] [stderr]    Compiling strum_macros v0.27.2
[INFO] [stderr]     Checking lyon_algorithms v1.0.20
[INFO] [stderr]     Checking gif v0.14.2
[INFO] [stderr]     Checking gif v0.13.3
[INFO] [stderr]     Checking serde_urlencoded v0.7.1
[INFO] [stderr]     Checking png v0.18.1
[INFO] [stderr]    Compiling serde_spanned v0.6.9
[INFO] [stderr]    Compiling toml_datetime v0.6.11
[INFO] [stderr]     Checking qoi v0.4.1
[INFO] [stderr]    Compiling derive_refineable v0.1.0 (https://github.com/zed-industries/zed?rev=1d217ee39d381ac101b7cf49d3d22451ac1093fe#1d217ee3)
[INFO] [stderr]    Compiling ring v0.17.14
[INFO] [stderr]     Checking crossbeam-queue v0.3.12
[INFO] [stderr]     Checking smol_str v0.3.6
[INFO] [stderr]    Compiling toml_write v0.1.2
[INFO] [stderr]     Checking link-section v0.18.2
[INFO] [stderr]    Compiling winnow v0.7.15
[INFO] [stderr]     Checking utf-8 v0.7.6
[INFO] [stderr]     Checking grid v1.0.1
[INFO] [stderr]     Checking foldhash v0.2.0
[INFO] [stderr]     Checking atomic v0.5.3
[INFO] [stderr]     Checking svg_fmt v0.4.5
[INFO] [stderr]     Checking fixedbitset v0.5.7
[INFO] [stderr]     Checking precomputed-hash v0.1.1
[INFO] [stderr]    Compiling linktime-proc-macro v0.2.0
[INFO] [stderr]     Checking web-time v1.1.0
[INFO] [stderr]     Checking pollster v0.2.5
[INFO] [stderr]     Checking scheduler v0.1.0 (https://github.com/zed-industries/zed?rev=1d217ee39d381ac101b7cf49d3d22451ac1093fe#1d217ee3)
[INFO] [stderr]     Checking postage v0.5.0
[INFO] [stderr]     Checking futures-concurrency v7.7.1
[INFO] [stderr]     Checking strum v0.27.2
[INFO] [stderr]     Checking etagere v0.2.15
[INFO] [stderr]     Checking string_cache v0.8.9
[INFO] [stderr]     Checking moxcms v0.8.1
[INFO] [stderr]     Checking taffy v0.10.1
[INFO] [stderr]     Checking hashbrown v0.16.1
[INFO] [stderr]     Checking ctor v1.0.7
[INFO] [stderr]     Checking tendril v0.4.3
[INFO] [stderr]     Checking refineable v0.1.0 (https://github.com/zed-industries/zed?rev=1d217ee39d381ac101b7cf49d3d22451ac1093fe#1d217ee3)
[INFO] [stderr]     Checking gpui_shared_string v0.1.0 (https://github.com/zed-industries/zed?rev=1d217ee39d381ac101b7cf49d3d22451ac1093fe#1d217ee3)
[INFO] [stderr]     Checking resvg v0.45.1
[INFO] [stderr]     Checking sum_tree v0.1.0 (https://github.com/zed-industries/zed?rev=1d217ee39d381ac101b7cf49d3d22451ac1093fe#1d217ee3)
[INFO] [stdout] error[E0277]: `<<T as Item>::Summary as Summary>::Context<'_>` cannot be sent between threads safely
[INFO] [stdout]    --> /opt/rustwide/cargo-home/git/checkouts/zed-a70e2ad075855582/1d217ee/crates/sum_tree/src/sum_tree.rs:329:18
[INFO] [stdout]     |
[INFO] [stdout] 329 |               .map(|items| {
[INFO] [stdout]     |                --- ^------
[INFO] [stdout]     |                |   |
[INFO] [stdout]     |  ______________|___within this `{closure@sum_tree.rs:329:18}`
[INFO] [stdout]     | |              |
[INFO] [stdout]     | |              required by a bound introduced by this call
[INFO] [stdout] 330 | |                 let items: ArrayVec<T, { 2 * TREE_BASE }, u8> = items.into_iter().collect();
[INFO] [stdout] 331 | |                 let item_summaries: ArrayVec<T::Summary, { 2 * TREE_BASE }, u8> =
[INFO] [stdout] 332 | |                     items.iter().map(|item| item.summary(cx)).collect();
[INFO] [stdout] ...   |
[INFO] [stdout] 341 | |                 }))
[INFO] [stdout] 342 | |             })
[INFO] [stdout]     | |_____________^ `<<T as Item>::Summary as Summary>::Context<'_>` cannot be sent between threads safely
[INFO] [stdout]     |
[INFO] [stdout]     = help: within `{closure@sum_tree.rs:329:18}`, the trait `Send` is not implemented for `<<T as Item>::Summary as Summary>::Context<'_>`
[INFO] [stdout] note: required because `cx` is used within this closure
[INFO] [stdout]    --> /opt/rustwide/cargo-home/git/checkouts/zed-a70e2ad075855582/1d217ee/crates/sum_tree/src/sum_tree.rs:332:58
[INFO] [stdout]     |
[INFO] [stdout] 332 |                     items.iter().map(|item| item.summary(cx)).collect();
[INFO] [stdout]     |                                                          ^^
[INFO] [stdout] note: required by a bound in `rayon::iter::ParallelIterator::map`
[INFO] [stdout]    --> /opt/rustwide/cargo-home/registry/src/index.crates.io-1949cf8c6b5b557f/rayon-1.12.0/src/iter/mod.rs:595:41
[INFO] [stdout]     |
[INFO] [stdout] 357 | pub trait ParallelIterator: Sized + Send {
[INFO] [stdout] ...
[INFO] [stdout] 593 |     fn map<F, R>(self, map_op: F) -> Map<Self, F>
[INFO] [stdout] 594 |     where
[INFO] [stdout] 595 |         F: Fn(Self::Item) -> R + Sync + Send,
[INFO] [stdout]     |                                         ^^^^ required by this bound in `ParallelIterator::map`
[INFO] [stdout]     = note: the full name for the type has been written to '/opt/rustwide/target/debug/build/sum_tree/36b6ffb0daede380/out/sum_tree-36b6ffb0daede380.long-type-2326253801425545907.txt'
[INFO] [stdout]     = note: consider using `--verbose` to print the full type name to the console
[INFO] [stdout] help: consider further restricting the associated type
[INFO] [stdout]     |
[INFO] [stdout] 324 |         for<'a> <T::Summary as Summary>::Context<'a>: Sync, <<T as Item>::Summary as Summary>::Context<'_>: Send
[INFO] [stdout]     |                                                             ++++++++++++++++++++++++++++++++++++++++++++++++++++
[INFO] [stdout] 
[INFO] [stdout] 
[INFO] [stdout] error[E0277]: `<<T as Item>::Summary as Summary>::Context<'_>` cannot be sent between threads safely
[INFO] [stdout]    --> /opt/rustwide/cargo-home/git/checkouts/zed-a70e2ad075855582/1d217ee/crates/sum_tree/src/sum_tree.rs:326:25
[INFO] [stdout]     |
[INFO] [stdout] 326 |           let mut nodes = iter
[INFO] [stdout]     |  _________________________^
[INFO] [stdout] 327 | |             .into_par_iter()
[INFO] [stdout] 328 | |             .chunks(2 * TREE_BASE)
[INFO] [stdout] 329 | |             .map(|items| {
[INFO] [stdout]     | |                  ------- within this `{closure@sum_tree.rs:329:18}`
[INFO] [stdout] ...   |
[INFO] [stdout] 342 | |             })
[INFO] [stdout] 343 | |             .collect::<Vec<_>>();
[INFO] [stdout]     | |________________________________^ `<<T as Item>::Summary as Summary>::Context<'_>` cannot be sent between threads safely
[INFO] [stdout]     |
[INFO] [stdout]     = help: within `{closure@sum_tree.rs:329:18}`, the trait `Send` is not implemented for `<<T as Item>::Summary as Summary>::Context<'_>`
[INFO] [stdout] note: required because `cx` is used within this closure
[INFO] [stdout]    --> /opt/rustwide/cargo-home/git/checkouts/zed-a70e2ad075855582/1d217ee/crates/sum_tree/src/sum_tree.rs:332:58
[INFO] [stdout]     |
[INFO] [stdout] 332 |                     items.iter().map(|item| item.summary(cx)).collect();
[INFO] [stdout]     |                                                          ^^
[INFO] [stdout]     = note: required for `Map<Chunks<Iter>, {closure@sum_tree.rs:329:18}>` to implement `ParallelIterator`
[INFO] [stdout]     = note: the full name for the type has been written to '/opt/rustwide/target/debug/build/sum_tree/36b6ffb0daede380/out/sum_tree-36b6ffb0daede380.long-type-2326253801425545907.txt'
[INFO] [stdout]     = note: consider using `--verbose` to print the full type name to the console
[INFO] [stdout] help: consider further restricting the associated type
[INFO] [stdout]     |
[INFO] [stdout] 324 |         for<'a> <T::Summary as Summary>::Context<'a>: Sync, <<T as Item>::Summary as Summary>::Context<'_>: Send
[INFO] [stdout]     |                                                             ++++++++++++++++++++++++++++++++++++++++++++++++++++
[INFO] [stdout] 
[INFO] [stdout] 
[INFO] [stdout] error[E0277]: `<<T as Item>::Summary as Summary>::Context<'_>` cannot be sent between threads safely
[INFO] [stdout]    --> /opt/rustwide/cargo-home/git/checkouts/zed-a70e2ad075855582/1d217ee/crates/sum_tree/src/sum_tree.rs:351:22
[INFO] [stdout]     |
[INFO] [stdout] 351 |                   .map(|child_nodes| {
[INFO] [stdout]     |                    --- ^------------
[INFO] [stdout]     |                    |   |
[INFO] [stdout]     |  __________________|___within this `{closure@sum_tree.rs:351:22}`
[INFO] [stdout]     | |                  |
[INFO] [stdout]     | |                  required by a bound introduced by this call
[INFO] [stdout] 352 | |                     let child_trees: ArrayVec<SumTree<T>, { 2 * TREE_BASE }, u8> =
[INFO] [stdout] 353 | |                         child_nodes.into_iter().collect();
[INFO] [stdout] 354 | |                     let child_summaries: ArrayVec<T::Summary, { 2 * TREE_BASE }, u8> = child_trees
[INFO] [stdout] ...   |
[INFO] [stdout] 367 | |                     }))
[INFO] [stdout] 368 | |                 })
[INFO] [stdout]     | |_________________^ `<<T as Item>::Summary as Summary>::Context<'_>` cannot be sent between threads safely
[INFO] [stdout]     |
[INFO] [stdout]     = help: within `{closure@sum_tree.rs:351:22}`, the trait `Send` is not implemented for `<<T as Item>::Summary as Summary>::Context<'_>`
[INFO] [stdout] note: required because `cx` is used within this closure
[INFO] [stdout]    --> /opt/rustwide/cargo-home/git/checkouts/zed-a70e2ad075855582/1d217ee/crates/sum_tree/src/sum_tree.rs:360:91
[INFO] [stdout]     |
[INFO] [stdout] 360 |                         <T::Summary as Summary>::add_summary(&mut summary, child_summary, cx);
[INFO] [stdout]     |                                                                                           ^^
[INFO] [stdout] note: required by a bound in `rayon::iter::ParallelIterator::map`
[INFO] [stdout]    --> /opt/rustwide/cargo-home/registry/src/index.crates.io-1949cf8c6b5b557f/rayon-1.12.0/src/iter/mod.rs:595:41
[INFO] [stdout]     |
[INFO] [stdout] 357 | pub trait ParallelIterator: Sized + Send {
[INFO] [stdout] ...
[INFO] [stdout] 593 |     fn map<F, R>(self, map_op: F) -> Map<Self, F>
[INFO] [stdout] 594 |     where
[INFO] [stdout] 595 |         F: Fn(Self::Item) -> R + Sync + Send,
[INFO] [stdout]     |                                         ^^^^ required by this bound in `ParallelIterator::map`
[INFO] [stdout]     = note: the full name for the type has been written to '/opt/rustwide/target/debug/build/sum_tree/36b6ffb0daede380/out/sum_tree-36b6ffb0daede380.long-type-157404749743221453.txt'
[INFO] [stdout]     = note: consider using `--verbose` to print the full type name to the console
[INFO] [stdout] help: consider further restricting the associated type
[INFO] [stdout]     |
[INFO] [stdout] 324 |         for<'a> <T::Summary as Summary>::Context<'a>: Sync, <<T as Item>::Summary as Summary>::Context<'_>: Send
[INFO] [stdout]     |                                                             ++++++++++++++++++++++++++++++++++++++++++++++++++++
[INFO] [stdout] 
[INFO] [stdout] 
[INFO] [stdout] error[E0277]: `<<T as Item>::Summary as Summary>::Context<'_>` cannot be sent between threads safely
[INFO] [stdout]    --> /opt/rustwide/cargo-home/git/checkouts/zed-a70e2ad075855582/1d217ee/crates/sum_tree/src/sum_tree.rs:348:21
[INFO] [stdout]     |
[INFO] [stdout] 348 |               nodes = nodes
[INFO] [stdout]     |  _____________________^
[INFO] [stdout] 349 | |                 .into_par_iter()
[INFO] [stdout] 350 | |                 .chunks(2 * TREE_BASE)
[INFO] [stdout] 351 | |                 .map(|child_nodes| {
[INFO] [stdout]     | |                      ------------- within this `{closure@sum_tree.rs:351:22}`
[INFO] [stdout] ...   |
[INFO] [stdout] 368 | |                 })
[INFO] [stdout] 369 | |                 .collect::<Vec<_>>();
[INFO] [stdout]     | |____________________________________^ `<<T as Item>::Summary as Summary>::Context<'_>` cannot be sent between threads safely
[INFO] [stdout]     |
[INFO] [stdout]     = help: within `{closure@sum_tree.rs:351:22}`, the trait `Send` is not implemented for `<<T as Item>::Summary as Summary>::Context<'_>`
[INFO] [stdout] note: required because `cx` is used within this closure
[INFO] [stdout]    --> /opt/rustwide/cargo-home/git/checkouts/zed-a70e2ad075855582/1d217ee/crates/sum_tree/src/sum_tree.rs:360:91
[INFO] [stdout]     |
[INFO] [stdout] 360 |                         <T::Summary as Summary>::add_summary(&mut summary, child_summary, cx);
[INFO] [stdout]     |                                                                                           ^^
[INFO] [stdout]     = note: required for `Map<Chunks<IntoIter<SumTree<T>>>, {closure@sum_tree.rs:351:22}>` to implement `ParallelIterator`
[INFO] [stdout]     = note: the full name for the type has been written to '/opt/rustwide/target/debug/build/sum_tree/36b6ffb0daede380/out/sum_tree-36b6ffb0daede380.long-type-157404749743221453.txt'
[INFO] [stdout]     = note: consider using `--verbose` to print the full type name to the console
[INFO] [stdout] help: consider further restricting the associated type
[INFO] [stdout]     |
[INFO] [stdout] 324 |         for<'a> <T::Summary as Summary>::Context<'a>: Sync, <<T as Item>::Summary as Summary>::Context<'_>: Send
[INFO] [stdout]     |                                                             ++++++++++++++++++++++++++++++++++++++++++++++++++++
[INFO] [stdout] 
[INFO] [stdout] 
[INFO] [stderr]     Checking http_client v0.1.0 (https://github.com/zed-industries/zed?rev=1d217ee39d381ac101b7cf49d3d22451ac1093fe#1d217ee3)
[INFO] [stdout] For more information about this error, try `rustc --explain E0277`.
[INFO] [stdout] 
[INFO] [stderr] error: could not compile `sum_tree` (lib) due to 4 previous errors
[INFO] [stderr] warning: build failed, waiting for other jobs to finish...
[INFO] running `Command { std: "docker" "inspect" "b2349a0c20e587a5003cc2c10868e6a75f44454d1b0a0518f9ec8f049d45f2da", kill_on_drop: false }`
[INFO] running `Command { std: "docker" "rm" "-f" "b2349a0c20e587a5003cc2c10868e6a75f44454d1b0a0518f9ec8f049d45f2da", kill_on_drop: false }`
[INFO] [stdout] b2349a0c20e587a5003cc2c10868e6a75f44454d1b0a0518f9ec8f049d45f2da
