[INFO] cloning repository https://github.com/LeoPloutno/rapid
[INFO] running `Command { std: "git" "-c" "credential.helper=" "-c" "credential.helper=/workspace/cargo-home/bin/git-credential-null" "clone" "--bare" "https://github.com/LeoPloutno/rapid" "/workspace/cache/git-repos/https%3A%2F%2Fgithub.com%2FLeoPloutno%2Frapid", kill_on_drop: false }`
[INFO] [stderr] Cloning into bare repository '/workspace/cache/git-repos/https%3A%2F%2Fgithub.com%2FLeoPloutno%2Frapid'...
[INFO] running `Command { std: "git" "rev-parse" "HEAD", kill_on_drop: false }`
[INFO] [stdout] 44b371068b2dfb91b710b80f4a4437a6024189b1
[INFO] checking LeoPloutno/rapid against c60b92c03ca8a3b101eb9d57f51e2232690638c7 for pr-164148-crater-rollup
[INFO] running `Command { std: "git" "clone" "/workspace/cache/git-repos/https%3A%2F%2Fgithub.com%2FLeoPloutno%2Frapid" "/workspace/builds/worker-6-tc2/source", kill_on_drop: false }`
[INFO] [stderr] Cloning into '/workspace/builds/worker-6-tc2/source'...
[INFO] [stderr] done.
[INFO] started tweaking git repo https://github.com/LeoPloutno/rapid
[INFO] finished tweaking git repo https://github.com/LeoPloutno/rapid
[INFO] tweaked toml for git repo https://github.com/LeoPloutno/rapid written to /workspace/builds/worker-6-tc2/source/Cargo.toml
[INFO] validating manifest of git repo https://github.com/LeoPloutno/rapid on toolchain c60b92c03ca8a3b101eb9d57f51e2232690638c7
[INFO] running `Command { std: CARGO_HOME="/workspace/cargo-home" RUSTUP_HOME="/workspace/rustup-home" "/workspace/cargo-home/bin/cargo" "+c60b92c03ca8a3b101eb9d57f51e2232690638c7" "metadata" "--manifest-path" "Cargo.toml" "--no-deps", kill_on_drop: false }`
[INFO] crate git repo https://github.com/LeoPloutno/rapid already has a lockfile, it will not be regenerated
[INFO] running `Command { std: CARGO_HOME="/workspace/cargo-home" RUSTUP_HOME="/workspace/rustup-home" "/workspace/cargo-home/bin/cargo" "+c60b92c03ca8a3b101eb9d57f51e2232690638c7" "fetch" "--manifest-path" "Cargo.toml", kill_on_drop: false }`
[INFO] [stderr] warning: profiles for the non root package will be ignored, specify profiles at the workspace root:
[INFO] [stderr] package:   /workspace/builds/worker-6-tc2/source/bin/Cargo.toml
[INFO] [stderr] workspace: /workspace/builds/worker-6-tc2/source/Cargo.toml
[INFO] running `Command { std: "docker" "create" "-v" "/var/lib/crater-agent-workspace/builds/worker-6-tc2/source:/opt/rustwide/workdir:ro,Z" "-v" "/var/lib/crater-agent-workspace/builds/worker-6-tc2/target:/opt/rustwide/target:rw,Z" "-v" "/var/lib/crater-agent-workspace/cargo-home:/opt/rustwide/cargo-home:ro,Z" "-v" "/var/lib/crater-agent-workspace/rustup-home:/opt/rustwide/rustup-home:ro,Z" "-m" "1610612736" "--network" "none" "ghcr.io/rust-lang/crates-build-env/linux@sha256:77db811e55d90add9212f6832c23229e3de5f1c1f9905e8cb07319ea15df73ac" "sleep" "infinity", kill_on_drop: false }`
[INFO] [stdout] 8a1b8773f8a50a34287e7e76d44289e90a7f2e2961bdc86808a4d5908a382029
[INFO] running `Command { std: "docker" "start" "8a1b8773f8a50a34287e7e76d44289e90a7f2e2961bdc86808a4d5908a382029", kill_on_drop: false }`
[INFO] running `Command { std: "docker" "inspect" "8a1b8773f8a50a34287e7e76d44289e90a7f2e2961bdc86808a4d5908a382029", kill_on_drop: false }`
[INFO] running `Command { std: "docker" "exec" "-e" "SOURCE_DIR=/opt/rustwide/workdir" "-e" "CARGO_HOME=/opt/rustwide/cargo-home" "-e" "RUSTUP_HOME=/opt/rustwide/rustup-home" "-e" "CARGO_TARGET_DIR=/opt/rustwide/target" "-w" "/opt/rustwide/workdir" "--user" "0:0" "8a1b8773f8a50a34287e7e76d44289e90a7f2e2961bdc86808a4d5908a382029" "/opt/rustwide/cargo-home/bin/cargo" "+c60b92c03ca8a3b101eb9d57f51e2232690638c7" "metadata" "--no-deps" "--format-version=1", kill_on_drop: false }`
[INFO] running `Command { std: "docker" "inspect" "8a1b8773f8a50a34287e7e76d44289e90a7f2e2961bdc86808a4d5908a382029", kill_on_drop: false }`
[INFO] running `Command { std: "docker" "exec" "-e" "SOURCE_DIR=/opt/rustwide/workdir" "-e" "CARGO_HOME=/opt/rustwide/cargo-home" "-e" "RUSTUP_HOME=/opt/rustwide/rustup-home" "-e" "CARGO_TARGET_DIR=/opt/rustwide/target" "-e" "CARGO_INCREMENTAL=0" "-e" "RUST_BACKTRACE=full" "-e" "RUSTFLAGS=--cap-lints=forbid" "-e" "RUSTDOCFLAGS=--cap-lints=forbid" "-w" "/opt/rustwide/workdir" "--user" "0:0" "8a1b8773f8a50a34287e7e76d44289e90a7f2e2961bdc86808a4d5908a382029" "/opt/rustwide/cargo-home/bin/cargo" "+c60b92c03ca8a3b101eb9d57f51e2232690638c7" "check" "--frozen" "--all" "--all-targets" "--message-format=json", kill_on_drop: false }`
[INFO] [stderr] warning: profiles for the non root package will be ignored, specify profiles at the workspace root:
[INFO] [stderr] package:   /opt/rustwide/workdir/bin/Cargo.toml
[INFO] [stderr] workspace: /opt/rustwide/workdir/Cargo.toml
[INFO] [stderr]    Compiling libm v0.2.16
[INFO] [stderr]    Compiling num-traits v0.2.19
[INFO] [stderr]    Compiling macros v0.1.0 (/opt/rustwide/workdir/lib/macros)
[INFO] [stderr]    Compiling libc v0.2.190
[INFO] [stderr]     Checking chacha20 v0.10.2
[INFO] [stderr]     Checking atomic-wait v1.1.0
[INFO] [stderr]     Checking getrandom v0.4.3
[INFO] [stderr]     Checking arc_rw_lock v0.1.0 (/opt/rustwide/workdir/arc_rw_lock)
[INFO] [stderr]     Checking rand v0.10.3
[INFO] [stdout] error[E0493]: destructor of `ArcMappedRwLock<MaybeUninit<T>, MaybeUninit<U>, A>` cannot be evaluated at compile-time
[INFO] [stdout]    --> arc_rw_lock/src/arc/arc_mapped_rw_lock.rs:710:37
[INFO] [stdout]     |
[INFO] [stdout] 710 |     pub const unsafe fn assume_init(self) -> ArcMappedRwLock<T, U, A> {
[INFO] [stdout]     |                                     ^^^^ the destructor for this type cannot be evaluated in constant functions
[INFO] [stdout] ...
[INFO] [stdout] 722 |     }
[INFO] [stdout]     |     - value is dropped here
[INFO] [stdout] 
[INFO] [stdout] 
[INFO] [stdout] error[E0493]: destructor of `ArcMappedRwLock<MaybeUninit<T>, [MaybeUninit<T>], A>` cannot be evaluated at compile-time
[INFO] [stdout]    --> arc_rw_lock/src/arc/arc_mapped_rw_lock.rs:726:37
[INFO] [stdout]     |
[INFO] [stdout] 726 |     pub const unsafe fn assume_init(self) -> ArcMappedRwLock<T, [T], A> {
[INFO] [stdout]     |                                     ^^^^ the destructor for this type cannot be evaluated in constant functions
[INFO] [stdout] ...
[INFO] [stdout] 739 |     }
[INFO] [stdout]     |     - value is dropped here
[INFO] [stdout] 
[INFO] [stdout] 
[INFO] [stdout] error[E0493]: destructor of `ArcMappedRwLock<[MaybeUninit<T>], [MaybeUninit<T>], A>` cannot be evaluated at compile-time
[INFO] [stdout]    --> arc_rw_lock/src/arc/arc_mapped_rw_lock.rs:743:37
[INFO] [stdout]     |
[INFO] [stdout] 743 |     pub const unsafe fn assume_init(self) -> ArcMappedRwLock<[T], [T], A> {
[INFO] [stdout]     |                                     ^^^^ the destructor for this type cannot be evaluated in constant functions
[INFO] [stdout] ...
[INFO] [stdout] 756 |     }
[INFO] [stdout]     |     - value is dropped here
[INFO] [stdout] 
[INFO] [stdout] 
[INFO] [stdout] error[E0493]: destructor of `UniqueArcMappedRwLock<MaybeUninit<T>, MaybeUninit<U>, A>` cannot be evaluated at compile-time
[INFO] [stdout]    --> arc_rw_lock/src/arc/unique_arc_mapped_rw_lock.rs:724:37
[INFO] [stdout]     |
[INFO] [stdout] 724 |     pub const unsafe fn assume_init(self) -> UniqueArcMappedRwLock<T, U, A> {
[INFO] [stdout]     |                                     ^^^^ the destructor for this type cannot be evaluated in constant functions
[INFO] [stdout] ...
[INFO] [stdout] 736 |     }
[INFO] [stdout]     |     - value is dropped here
[INFO] [stdout] 
[INFO] [stdout] 
[INFO] [stdout] error[E0493]: destructor of `UniqueArcMappedRwLock<MaybeUninit<T>, [MaybeUninit<T>], A>` cannot be evaluated at compile-time
[INFO] [stdout]    --> arc_rw_lock/src/arc/unique_arc_mapped_rw_lock.rs:740:37
[INFO] [stdout]     |
[INFO] [stdout] 740 |     pub const unsafe fn assume_init(self) -> UniqueArcMappedRwLock<T, [T], A> {
[INFO] [stdout]     |                                     ^^^^ the destructor for this type cannot be evaluated in constant functions
[INFO] [stdout] ...
[INFO] [stdout] 753 |     }
[INFO] [stdout]     |     - value is dropped here
[INFO] [stdout] 
[INFO] [stdout] 
[INFO] [stdout] error[E0493]: destructor of `UniqueArcMappedRwLock<[MaybeUninit<T>], [MaybeUninit<T>], A>` cannot be evaluated at compile-time
[INFO] [stdout]    --> arc_rw_lock/src/arc/unique_arc_mapped_rw_lock.rs:757:37
[INFO] [stdout]     |
[INFO] [stdout] 757 |     pub const unsafe fn assume_init(self) -> UniqueArcMappedRwLock<[T], [T], A> {
[INFO] [stdout]     |                                     ^^^^ the destructor for this type cannot be evaluated in constant functions
[INFO] [stdout] ...
[INFO] [stdout] 770 |     }
[INFO] [stdout]     |     - value is dropped here
[INFO] [stdout] 
[INFO] [stdout] 
[INFO] [stdout] error[E0493]: destructor of `ArcReaderLock<MaybeUninit<T>, A>` cannot be evaluated at compile-time
[INFO] [stdout]   --> arc_rw_lock/src/arc/arc_reader_lock.rs:43:37
[INFO] [stdout]    |
[INFO] [stdout] 43 |     pub const unsafe fn assume_init(self) -> ArcReaderLock<T, A> {
[INFO] [stdout]    |                                     ^^^^ the destructor for this type cannot be evaluated in constant functions
[INFO] [stdout] ...
[INFO] [stdout] 54 |     }
[INFO] [stdout]    |     - value is dropped here
[INFO] [stdout] 
[INFO] [stdout] 
[INFO] [stdout] error[E0493]: destructor of `ArcReaderLock<[MaybeUninit<T>], A>` cannot be evaluated at compile-time
[INFO] [stdout]   --> arc_rw_lock/src/arc/arc_reader_lock.rs:58:37
[INFO] [stdout]    |
[INFO] [stdout] 58 |     pub const unsafe fn assume_init(self) -> ArcReaderLock<[T], A> {
[INFO] [stdout]    |                                     ^^^^ the destructor for this type cannot be evaluated in constant functions
[INFO] [stdout] ...
[INFO] [stdout] 69 |     }
[INFO] [stdout]    |     - value is dropped here
[INFO] [stdout] 
[INFO] [stdout] 
[INFO] [stdout] error[E0493]: destructor of `chunks_exact::ChunksExact<T, U, A>` cannot be evaluated at compile-time
[INFO] [stdout]   --> arc_rw_lock/src/slice/chunks_exact.rs:54:33
[INFO] [stdout]    |
[INFO] [stdout] 54 |     pub const fn into_remainder(self) -> ArcMappedRwLock<[T], U, A> {
[INFO] [stdout]    |                                 ^^^^ the destructor for this type cannot be evaluated in constant functions
[INFO] [stdout] ...
[INFO] [stdout] 75 |     }
[INFO] [stdout]    |     - value is dropped here
[INFO] [stdout] 
[INFO] [stdout] 
[INFO] [stdout] error[E0493]: destructor of `chunks_exact_mut::ChunksExactMut<T, U, A>` cannot be evaluated at compile-time
[INFO] [stdout]   --> arc_rw_lock/src/slice/chunks_exact_mut.rs:53:33
[INFO] [stdout]    |
[INFO] [stdout] 53 |     pub const fn into_remainder(self) -> UniqueArcMappedRwLock<[T], U, A> {
[INFO] [stdout]    |                                 ^^^^ the destructor for this type cannot be evaluated in constant functions
[INFO] [stdout] ...
[INFO] [stdout] 73 |     }
[INFO] [stdout]    |     - value is dropped here
[INFO] [stdout] 
[INFO] [stdout] 
[INFO] [stdout] For more information about this error, try `rustc --explain E0493`.
[INFO] [stdout] 
[INFO] [stderr] error: could not compile `arc_rw_lock` (lib) due to 10 previous errors
[INFO] [stderr] warning: build failed, waiting for other jobs to finish...
[INFO] [stdout] error[E0493]: destructor of `ArcMappedRwLock<MaybeUninit<T>, MaybeUninit<U>, A>` cannot be evaluated at compile-time
[INFO] [stdout]    --> arc_rw_lock/src/arc/arc_mapped_rw_lock.rs:710:37
[INFO] [stdout]     |
[INFO] [stdout] 710 |     pub const unsafe fn assume_init(self) -> ArcMappedRwLock<T, U, A> {
[INFO] [stdout]     |                                     ^^^^ the destructor for this type cannot be evaluated in constant functions
[INFO] [stdout] ...
[INFO] [stdout] 722 |     }
[INFO] [stdout]     |     - value is dropped here
[INFO] [stdout] 
[INFO] [stdout] 
[INFO] [stdout] error[E0493]: destructor of `ArcMappedRwLock<MaybeUninit<T>, [MaybeUninit<T>], A>` cannot be evaluated at compile-time
[INFO] [stdout]    --> arc_rw_lock/src/arc/arc_mapped_rw_lock.rs:726:37
[INFO] [stdout]     |
[INFO] [stdout] 726 |     pub const unsafe fn assume_init(self) -> ArcMappedRwLock<T, [T], A> {
[INFO] [stdout]     |                                     ^^^^ the destructor for this type cannot be evaluated in constant functions
[INFO] [stdout] ...
[INFO] [stdout] 739 |     }
[INFO] [stdout]     |     - value is dropped here
[INFO] [stdout] 
[INFO] [stdout] 
[INFO] [stdout] error[E0493]: destructor of `ArcMappedRwLock<[MaybeUninit<T>], [MaybeUninit<T>], A>` cannot be evaluated at compile-time
[INFO] [stdout]    --> arc_rw_lock/src/arc/arc_mapped_rw_lock.rs:743:37
[INFO] [stdout]     |
[INFO] [stdout] 743 |     pub const unsafe fn assume_init(self) -> ArcMappedRwLock<[T], [T], A> {
[INFO] [stdout]     |                                     ^^^^ the destructor for this type cannot be evaluated in constant functions
[INFO] [stdout] ...
[INFO] [stdout] 756 |     }
[INFO] [stdout]     |     - value is dropped here
[INFO] [stdout] 
[INFO] [stdout] 
[INFO] [stdout] error[E0493]: destructor of `UniqueArcMappedRwLock<MaybeUninit<T>, MaybeUninit<U>, A>` cannot be evaluated at compile-time
[INFO] [stdout]    --> arc_rw_lock/src/arc/unique_arc_mapped_rw_lock.rs:724:37
[INFO] [stdout]     |
[INFO] [stdout] 724 |     pub const unsafe fn assume_init(self) -> UniqueArcMappedRwLock<T, U, A> {
[INFO] [stdout]     |                                     ^^^^ the destructor for this type cannot be evaluated in constant functions
[INFO] [stdout] ...
[INFO] [stdout] 736 |     }
[INFO] [stdout]     |     - value is dropped here
[INFO] [stdout] 
[INFO] [stdout] 
[INFO] [stdout] error[E0493]: destructor of `UniqueArcMappedRwLock<MaybeUninit<T>, [MaybeUninit<T>], A>` cannot be evaluated at compile-time
[INFO] [stdout]    --> arc_rw_lock/src/arc/unique_arc_mapped_rw_lock.rs:740:37
[INFO] [stdout]     |
[INFO] [stdout] 740 |     pub const unsafe fn assume_init(self) -> UniqueArcMappedRwLock<T, [T], A> {
[INFO] [stdout]     |                                     ^^^^ the destructor for this type cannot be evaluated in constant functions
[INFO] [stdout] ...
[INFO] [stdout] 753 |     }
[INFO] [stdout]     |     - value is dropped here
[INFO] [stdout] 
[INFO] [stdout] 
[INFO] [stdout] error[E0493]: destructor of `UniqueArcMappedRwLock<[MaybeUninit<T>], [MaybeUninit<T>], A>` cannot be evaluated at compile-time
[INFO] [stdout]    --> arc_rw_lock/src/arc/unique_arc_mapped_rw_lock.rs:757:37
[INFO] [stdout]     |
[INFO] [stdout] 757 |     pub const unsafe fn assume_init(self) -> UniqueArcMappedRwLock<[T], [T], A> {
[INFO] [stdout]     |                                     ^^^^ the destructor for this type cannot be evaluated in constant functions
[INFO] [stdout] ...
[INFO] [stdout] 770 |     }
[INFO] [stdout]     |     - value is dropped here
[INFO] [stdout] 
[INFO] [stdout] 
[INFO] [stdout] error[E0493]: destructor of `ArcReaderLock<MaybeUninit<T>, A>` cannot be evaluated at compile-time
[INFO] [stdout]   --> arc_rw_lock/src/arc/arc_reader_lock.rs:43:37
[INFO] [stdout]    |
[INFO] [stdout] 43 |     pub const unsafe fn assume_init(self) -> ArcReaderLock<T, A> {
[INFO] [stdout]    |                                     ^^^^ the destructor for this type cannot be evaluated in constant functions
[INFO] [stdout] ...
[INFO] [stdout] 54 |     }
[INFO] [stdout]    |     - value is dropped here
[INFO] [stdout] 
[INFO] [stdout] 
[INFO] [stdout] error[E0493]: destructor of `ArcReaderLock<[MaybeUninit<T>], A>` cannot be evaluated at compile-time
[INFO] [stdout]   --> arc_rw_lock/src/arc/arc_reader_lock.rs:58:37
[INFO] [stdout]    |
[INFO] [stdout] 58 |     pub const unsafe fn assume_init(self) -> ArcReaderLock<[T], A> {
[INFO] [stdout]    |                                     ^^^^ the destructor for this type cannot be evaluated in constant functions
[INFO] [stdout] ...
[INFO] [stdout] 69 |     }
[INFO] [stdout]    |     - value is dropped here
[INFO] [stdout] 
[INFO] [stdout] 
[INFO] [stdout] error[E0493]: destructor of `chunks_exact::ChunksExact<T, U, A>` cannot be evaluated at compile-time
[INFO] [stdout]   --> arc_rw_lock/src/slice/chunks_exact.rs:54:33
[INFO] [stdout]    |
[INFO] [stdout] 54 |     pub const fn into_remainder(self) -> ArcMappedRwLock<[T], U, A> {
[INFO] [stdout]    |                                 ^^^^ the destructor for this type cannot be evaluated in constant functions
[INFO] [stdout] ...
[INFO] [stdout] 75 |     }
[INFO] [stdout]    |     - value is dropped here
[INFO] [stdout] 
[INFO] [stdout] 
[INFO] [stdout] error[E0493]: destructor of `chunks_exact_mut::ChunksExactMut<T, U, A>` cannot be evaluated at compile-time
[INFO] [stdout]   --> arc_rw_lock/src/slice/chunks_exact_mut.rs:53:33
[INFO] [stdout]    |
[INFO] [stdout] 53 |     pub const fn into_remainder(self) -> UniqueArcMappedRwLock<[T], U, A> {
[INFO] [stdout]    |                                 ^^^^ the destructor for this type cannot be evaluated in constant functions
[INFO] [stdout] ...
[INFO] [stdout] 73 |     }
[INFO] [stdout]    |     - value is dropped here
[INFO] [stdout] 
[INFO] [stdout] 
[INFO] [stdout] For more information about this error, try `rustc --explain E0493`.
[INFO] [stdout] 
[INFO] [stderr] error: could not compile `arc_rw_lock` (lib test) due to 10 previous errors
[INFO] running `Command { std: "docker" "inspect" "8a1b8773f8a50a34287e7e76d44289e90a7f2e2961bdc86808a4d5908a382029", kill_on_drop: false }`
[INFO] running `Command { std: "docker" "rm" "-f" "8a1b8773f8a50a34287e7e76d44289e90a7f2e2961bdc86808a4d5908a382029", kill_on_drop: false }`
[INFO] [stdout] 8a1b8773f8a50a34287e7e76d44289e90a7f2e2961bdc86808a4d5908a382029
