[INFO] cloning repository https://github.com/Lance-Bai/digit_decompose
[INFO] running `Command { std: "git" "-c" "credential.helper=" "-c" "credential.helper=/workspace/cargo-home/bin/git-credential-null" "clone" "--bare" "https://github.com/Lance-Bai/digit_decompose" "/workspace/cache/git-repos/https%3A%2F%2Fgithub.com%2FLance-Bai%2Fdigit_decompose", kill_on_drop: false }`
[INFO] [stderr] Cloning into bare repository '/workspace/cache/git-repos/https%3A%2F%2Fgithub.com%2FLance-Bai%2Fdigit_decompose'...
[INFO] running `Command { std: "git" "rev-parse" "HEAD", kill_on_drop: false }`
[INFO] [stdout] 30d161bc40318163339a9db39f953b8607428e3d
[INFO] checking Lance-Bai/digit_decompose against c60b92c03ca8a3b101eb9d57f51e2232690638c7 for pr-164148-crater-rollup
[INFO] running `Command { std: "git" "clone" "/workspace/cache/git-repos/https%3A%2F%2Fgithub.com%2FLance-Bai%2Fdigit_decompose" "/workspace/builds/worker-2-tc2/source", kill_on_drop: false }`
[INFO] [stderr] Cloning into '/workspace/builds/worker-2-tc2/source'...
[INFO] [stderr] done.
[INFO] started tweaking git repo https://github.com/Lance-Bai/digit_decompose
[INFO] finished tweaking git repo https://github.com/Lance-Bai/digit_decompose
[INFO] tweaked toml for git repo https://github.com/Lance-Bai/digit_decompose written to /workspace/builds/worker-2-tc2/source/Cargo.toml
[INFO] validating manifest of git repo https://github.com/Lance-Bai/digit_decompose on toolchain c60b92c03ca8a3b101eb9d57f51e2232690638c7
[INFO] running `Command { std: CARGO_HOME="/workspace/cargo-home" RUSTUP_HOME="/workspace/rustup-home" "/workspace/cargo-home/bin/cargo" "+c60b92c03ca8a3b101eb9d57f51e2232690638c7" "metadata" "--manifest-path" "Cargo.toml" "--no-deps", kill_on_drop: false }`
[INFO] crate git repo https://github.com/Lance-Bai/digit_decompose already has a lockfile, it will not be regenerated
[INFO] running `Command { std: CARGO_HOME="/workspace/cargo-home" RUSTUP_HOME="/workspace/rustup-home" "/workspace/cargo-home/bin/cargo" "+c60b92c03ca8a3b101eb9d57f51e2232690638c7" "fetch" "--manifest-path" "Cargo.toml", kill_on_drop: false }`
[INFO] running `Command { std: "docker" "create" "-v" "/var/lib/crater-agent-workspace/builds/worker-2-tc2/source:/opt/rustwide/workdir:ro,Z" "-v" "/var/lib/crater-agent-workspace/builds/worker-2-tc2/target:/opt/rustwide/target:rw,Z" "-v" "/var/lib/crater-agent-workspace/cargo-home:/opt/rustwide/cargo-home:ro,Z" "-v" "/var/lib/crater-agent-workspace/rustup-home:/opt/rustwide/rustup-home:ro,Z" "-m" "1610612736" "--network" "none" "ghcr.io/rust-lang/crates-build-env/linux@sha256:77db811e55d90add9212f6832c23229e3de5f1c1f9905e8cb07319ea15df73ac" "sleep" "infinity", kill_on_drop: false }`
[INFO] [stdout] e4d2a7339983c1206b12aecc5991985a02479b917ad6347f96592ea2d5f9a8a5
[INFO] running `Command { std: "docker" "start" "e4d2a7339983c1206b12aecc5991985a02479b917ad6347f96592ea2d5f9a8a5", kill_on_drop: false }`
[INFO] running `Command { std: "docker" "inspect" "e4d2a7339983c1206b12aecc5991985a02479b917ad6347f96592ea2d5f9a8a5", kill_on_drop: false }`
[INFO] running `Command { std: "docker" "exec" "-e" "SOURCE_DIR=/opt/rustwide/workdir" "-e" "CARGO_HOME=/opt/rustwide/cargo-home" "-e" "RUSTUP_HOME=/opt/rustwide/rustup-home" "-e" "CARGO_TARGET_DIR=/opt/rustwide/target" "-w" "/opt/rustwide/workdir" "--user" "0:0" "e4d2a7339983c1206b12aecc5991985a02479b917ad6347f96592ea2d5f9a8a5" "/opt/rustwide/cargo-home/bin/cargo" "+c60b92c03ca8a3b101eb9d57f51e2232690638c7" "metadata" "--no-deps" "--format-version=1", kill_on_drop: false }`
[INFO] running `Command { std: "docker" "inspect" "e4d2a7339983c1206b12aecc5991985a02479b917ad6347f96592ea2d5f9a8a5", kill_on_drop: false }`
[INFO] running `Command { std: "docker" "exec" "-e" "SOURCE_DIR=/opt/rustwide/workdir" "-e" "CARGO_HOME=/opt/rustwide/cargo-home" "-e" "RUSTUP_HOME=/opt/rustwide/rustup-home" "-e" "CARGO_TARGET_DIR=/opt/rustwide/target" "-e" "CARGO_INCREMENTAL=0" "-e" "RUST_BACKTRACE=full" "-e" "RUSTFLAGS=--cap-lints=forbid" "-e" "RUSTDOCFLAGS=--cap-lints=forbid" "-w" "/opt/rustwide/workdir" "--user" "0:0" "e4d2a7339983c1206b12aecc5991985a02479b917ad6347f96592ea2d5f9a8a5" "/opt/rustwide/cargo-home/bin/cargo" "+c60b92c03ca8a3b101eb9d57f51e2232690638c7" "check" "--frozen" "--all" "--all-targets" "--message-format=json", kill_on_drop: false }`
[INFO] [stderr]    Compiling proc-macro2 v1.0.101
[INFO] [stderr]    Compiling unicode-ident v1.0.19
[INFO] [stderr]    Compiling libc v0.2.175
[INFO] [stderr]    Compiling serde_core v1.0.225
[INFO] [stderr]     Checking cfg-if v1.0.3
[INFO] [stderr]    Compiling serde v1.0.225
[INFO] [stderr]    Compiling typenum v1.18.0
[INFO] [stderr]    Compiling zerocopy v0.8.27
[INFO] [stderr]    Compiling libm v0.2.15
[INFO] [stderr]    Compiling getrandom v0.3.3
[INFO] [stderr]     Checking bytemuck v1.23.2
[INFO] [stderr]    Compiling find-msvc-tools v0.1.2
[INFO] [stderr]    Compiling concrete-csprng v0.4.1
[INFO] [stderr]    Compiling tfhe v0.5.4
[INFO] [stderr]     Checking itertools v0.11.0
[INFO] [stderr]    Compiling indexmap v1.9.3
[INFO] [stderr]     Checking iana-time-zone v0.1.64
[INFO] [stderr]     Checking half v2.6.0
[INFO] [stderr]     Checking os_str_bytes v6.6.1
[INFO] [stderr]    Compiling portable-atomic v1.11.1
[INFO] [stderr]     Checking memchr v2.7.5
[INFO] [stderr]    Compiling cc v1.2.38
[INFO] [stderr]     Checking regex-syntax v0.8.6
[INFO] [stderr]     Checking dyn-stack v0.9.1
[INFO] [stderr]     Checking clap_lex v0.2.4
[INFO] [stderr]     Checking unicode-width v0.2.1
[INFO] [stderr]     Checking textwrap v0.16.2
[INFO] [stderr]     Checking stats v0.0.1
[INFO] [stderr]     Checking criterion-plot v0.5.0
[INFO] [stderr]     Checking ciborium-ll v0.2.2
[INFO] [stderr]     Checking plotters v0.3.7
[INFO] [stderr]     Checking clap v3.2.25
[INFO] [stderr]     Checking getrandom v0.2.16
[INFO] [stderr]     Checking console v0.15.11
[INFO] [stderr]     Checking atty v0.2.14
[INFO] [stderr]     Checking rand_core v0.9.3
[INFO] [stderr]     Checking rand_core v0.6.4
[INFO] [stderr]    Compiling quote v1.0.40
[INFO] [stderr]    Compiling syn v2.0.106
[INFO] [stderr]     Checking indicatif v0.17.11
[INFO] [stderr]     Checking regex-automata v0.4.10
[INFO] [stderr]     Checking generic-array v0.14.7
[INFO] [stderr]    Compiling jemalloc-sys v0.5.4+5.3.0-patched
[INFO] [stderr]     Checking inout v0.1.4
[INFO] [stderr]     Checking crypto-common v0.1.6
[INFO] [stderr]     Checking cipher v0.4.4
[INFO] [stderr]     Checking aes v0.8.4
[INFO] [stderr]     Checking ppv-lite86 v0.2.21
[INFO] [stderr]     Checking serde_json v1.0.145
[INFO] [stderr]     Checking rand_chacha v0.9.0
[INFO] [stderr]     Checking rand_chacha v0.3.1
[INFO] [stderr]     Checking regex v1.11.2
[INFO] [stderr]     Checking rand v0.9.2
[INFO] [stderr]     Checking rand v0.8.5
[INFO] [stderr]    Compiling serde_derive v1.0.225
[INFO] [stderr]    Compiling thiserror-impl v1.0.69
[INFO] [stderr]     Checking thiserror v1.0.69
[INFO] [stderr]     Checking num-complex v0.4.6
[INFO] [stderr]     Checking aligned-vec v0.5.0
[INFO] [stderr]     Checking bincode v1.3.3
[INFO] [stderr]     Checking chrono v0.4.42
[INFO] [stderr]     Checking ciborium v0.2.2
[INFO] [stderr]     Checking tinytemplate v1.2.1
[INFO] [stderr]     Checking criterion v0.4.0
[INFO] [stderr]     Checking pulp v0.18.22
[INFO] [stderr]     Checking epoch v0.0.2
[INFO] [stderr]     Checking concrete-fft v0.4.1
[INFO] [stdout] error[E0277]: `impl DispersionParameter + Sync` cannot be sent between threads safely
[INFO] [stdout]    --> /opt/rustwide/cargo-home/registry/src/index.crates.io-1949cf8c6b5b557f/tfhe-0.5.4/src/core_crypto/algorithms/ggsw_encryption.rs:257:9
[INFO] [stdout]     |
[INFO] [stdout] 256 |       output.par_iter_mut().zip(gen_iter).enumerate().for_each(
[INFO] [stdout]     |                                                       -------- required by a bound introduced by this call
[INFO] [stdout] 257 |           |(level_index, (mut level_matrix, mut generator))| {
[INFO] [stdout]     |           ^-------------------------------------------------
[INFO] [stdout]     |           |
[INFO] [stdout]     |  _________within this `{closure@ggsw_encryption.rs:257:9}`
[INFO] [stdout]     | |
[INFO] [stdout] 258 | |             let decomp_level = DecompositionLevel(level_index + 1);
[INFO] [stdout] ...   |
[INFO] [stdout] 289 | |                 });
[INFO] [stdout] 290 | |         },
[INFO] [stdout]     | |_________^ `impl DispersionParameter + Sync` cannot be sent between threads safely
[INFO] [stdout]     |
[INFO] [stdout] note: required because `noise_parameters` is used within this closure
[INFO] [stdout]    --> /opt/rustwide/cargo-home/registry/src/index.crates.io-1949cf8c6b5b557f/tfhe-0.5.4/src/core_crypto/algorithms/ggsw_encryption.rs:286:25
[INFO] [stdout]     |
[INFO] [stdout] 286 |                         noise_parameters,
[INFO] [stdout]     |                         ^^^^^^^^^^^^^^^^
[INFO] [stdout] note: required by a bound in `rayon::iter::ParallelIterator::for_each`
[INFO] [stdout]    --> /opt/rustwide/cargo-home/registry/src/index.crates.io-1949cf8c6b5b557f/rayon-1.11.0/src/iter/mod.rs:375:37
[INFO] [stdout]     |
[INFO] [stdout] 356 | pub trait ParallelIterator: Sized + Send {
[INFO] [stdout] ...
[INFO] [stdout] 373 |     fn for_each<OP>(self, op: OP)
[INFO] [stdout] 374 |     where
[INFO] [stdout] 375 |         OP: Fn(Self::Item) + Sync + Send,
[INFO] [stdout]     |                                     ^^^^ required by this bound in `ParallelIterator::for_each`
[INFO] [stdout]     = note: the full name for the type has been written to '/opt/rustwide/target/debug/build/tfhe/874044bc6f84e4db/out/tfhe-874044bc6f84e4db.long-type-4792020651895879882.txt'
[INFO] [stdout]     = note: consider using `--verbose` to print the full type name to the console
[INFO] [stdout] help: consider restricting opaque type `impl DispersionParameter + Sync` with trait `Send`
[INFO] [stdout]     |
[INFO] [stdout] 216 |     noise_parameters: impl DispersionParameter + Sync + std::marker::Send,
[INFO] [stdout]     |                                                       +++++++++++++++++++
[INFO] [stdout] 
[INFO] [stdout] 
[INFO] [stdout] error[E0277]: `impl DispersionParameter + Sync` cannot be sent between threads safely
[INFO] [stdout]    --> /opt/rustwide/cargo-home/registry/src/index.crates.io-1949cf8c6b5b557f/tfhe-0.5.4/src/core_crypto/algorithms/ggsw_encryption.rs:280:27
[INFO] [stdout]     |
[INFO] [stdout] 280 |                   .for_each(|((row_index, mut row_as_glwe), mut generator)| {
[INFO] [stdout]     |                    -------- ^----------------------------------------------
[INFO] [stdout]     |                    |        |
[INFO] [stdout]     |  __________________|________within this `{closure@ggsw_encryption.rs:280:27}`
[INFO] [stdout]     | |                  |
[INFO] [stdout]     | |                  required by a bound introduced by this call
[INFO] [stdout] 281 | |                     encrypt_constant_ggsw_level_matrix_row(
[INFO] [stdout] 282 | |                         glwe_secret_key,
[INFO] [stdout] 283 | |                         (row_index, last_row_index),
[INFO] [stdout] ...   |
[INFO] [stdout] 288 | |                     );
[INFO] [stdout] 289 | |                 });
[INFO] [stdout]     | |_________________^ `impl DispersionParameter + Sync` cannot be sent between threads safely
[INFO] [stdout]     |
[INFO] [stdout] note: required because `noise_parameters` is used within this closure
[INFO] [stdout]    --> /opt/rustwide/cargo-home/registry/src/index.crates.io-1949cf8c6b5b557f/tfhe-0.5.4/src/core_crypto/algorithms/ggsw_encryption.rs:286:25
[INFO] [stdout]     |
[INFO] [stdout] 286 |                         noise_parameters,
[INFO] [stdout]     |                         ^^^^^^^^^^^^^^^^
[INFO] [stdout] note: required by a bound in `rayon::iter::ParallelIterator::for_each`
[INFO] [stdout]    --> /opt/rustwide/cargo-home/registry/src/index.crates.io-1949cf8c6b5b557f/rayon-1.11.0/src/iter/mod.rs:375:37
[INFO] [stdout]     |
[INFO] [stdout] 356 | pub trait ParallelIterator: Sized + Send {
[INFO] [stdout] ...
[INFO] [stdout] 373 |     fn for_each<OP>(self, op: OP)
[INFO] [stdout] 374 |     where
[INFO] [stdout] 375 |         OP: Fn(Self::Item) + Sync + Send,
[INFO] [stdout]     |                                     ^^^^ required by this bound in `ParallelIterator::for_each`
[INFO] [stdout]     = note: the full name for the type has been written to '/opt/rustwide/target/debug/build/tfhe/874044bc6f84e4db/out/tfhe-874044bc6f84e4db.long-type-5930362208092686639.txt'
[INFO] [stdout]     = note: consider using `--verbose` to print the full type name to the console
[INFO] [stdout] help: consider restricting opaque type `impl DispersionParameter + Sync` with trait `Send`
[INFO] [stdout]     |
[INFO] [stdout] 216 |     noise_parameters: impl DispersionParameter + Sync + std::marker::Send,
[INFO] [stdout]     |                                                       +++++++++++++++++++
[INFO] [stdout] 
[INFO] [stdout] 
[INFO] [stdout] error[E0277]: `impl DispersionParameter + Sync` cannot be sent between threads safely
[INFO] [stdout]    --> /opt/rustwide/cargo-home/registry/src/index.crates.io-1949cf8c6b5b557f/tfhe-0.5.4/src/core_crypto/algorithms/ggsw_encryption.rs:551:9
[INFO] [stdout]     |
[INFO] [stdout] 550 |       output.par_iter_mut().zip(gen_iter).enumerate().for_each(
[INFO] [stdout]     |                                                       -------- required by a bound introduced by this call
[INFO] [stdout] 551 |           |(level_index, (mut level_matrix, mut generator))| {
[INFO] [stdout]     |           ^-------------------------------------------------
[INFO] [stdout]     |           |
[INFO] [stdout]     |  _________within this `{closure@ggsw_encryption.rs:551:9}`
[INFO] [stdout]     | |
[INFO] [stdout] 552 | |             let decomp_level = DecompositionLevel(level_index + 1);
[INFO] [stdout] ...   |
[INFO] [stdout] 582 | |                 });
[INFO] [stdout] 583 | |         },
[INFO] [stdout]     | |_________^ `impl DispersionParameter + Sync` cannot be sent between threads safely
[INFO] [stdout]     |
[INFO] [stdout] note: required because `noise_parameters` is used within this closure
[INFO] [stdout]    --> /opt/rustwide/cargo-home/registry/src/index.crates.io-1949cf8c6b5b557f/tfhe-0.5.4/src/core_crypto/algorithms/ggsw_encryption.rs:579:25
[INFO] [stdout]     |
[INFO] [stdout] 579 |                         noise_parameters,
[INFO] [stdout]     |                         ^^^^^^^^^^^^^^^^
[INFO] [stdout] note: required by a bound in `rayon::iter::ParallelIterator::for_each`
[INFO] [stdout]    --> /opt/rustwide/cargo-home/registry/src/index.crates.io-1949cf8c6b5b557f/rayon-1.11.0/src/iter/mod.rs:375:37
[INFO] [stdout]     |
[INFO] [stdout] 356 | pub trait ParallelIterator: Sized + Send {
[INFO] [stdout] ...
[INFO] [stdout] 373 |     fn for_each<OP>(self, op: OP)
[INFO] [stdout] 374 |     where
[INFO] [stdout] 375 |         OP: Fn(Self::Item) + Sync + Send,
[INFO] [stdout]     |                                     ^^^^ required by this bound in `ParallelIterator::for_each`
[INFO] [stdout]     = note: the full name for the type has been written to '/opt/rustwide/target/debug/build/tfhe/874044bc6f84e4db/out/tfhe-874044bc6f84e4db.long-type-9823407362034337357.txt'
[INFO] [stdout]     = note: consider using `--verbose` to print the full type name to the console
[INFO] [stdout] help: consider restricting opaque type `impl DispersionParameter + Sync` with trait `Send`
[INFO] [stdout]     |
[INFO] [stdout] 526 |     noise_parameters: impl DispersionParameter + Sync + std::marker::Send,
[INFO] [stdout]     |                                                       +++++++++++++++++++
[INFO] [stdout] 
[INFO] [stdout] 
[INFO] [stdout] error[E0277]: `impl DispersionParameter + Sync` cannot be sent between threads safely
[INFO] [stdout]    --> /opt/rustwide/cargo-home/registry/src/index.crates.io-1949cf8c6b5b557f/tfhe-0.5.4/src/core_crypto/algorithms/ggsw_encryption.rs:573:27
[INFO] [stdout]     |
[INFO] [stdout] 573 |                   .for_each(|((row_index, mut row_as_glwe), mut generator)| {
[INFO] [stdout]     |                    -------- ^----------------------------------------------
[INFO] [stdout]     |                    |        |
[INFO] [stdout]     |  __________________|________within this `{closure@ggsw_encryption.rs:573:27}`
[INFO] [stdout]     | |                  |
[INFO] [stdout]     | |                  required by a bound introduced by this call
[INFO] [stdout] 574 | |                     encrypt_constant_seeded_ggsw_level_matrix_row(
[INFO] [stdout] 575 | |                         glwe_secret_key,
[INFO] [stdout] 576 | |                         (row_index, last_row_index),
[INFO] [stdout] ...   |
[INFO] [stdout] 581 | |                     );
[INFO] [stdout] 582 | |                 });
[INFO] [stdout]     | |_________________^ `impl DispersionParameter + Sync` cannot be sent between threads safely
[INFO] [stdout]     |
[INFO] [stdout] note: required because `noise_parameters` is used within this closure
[INFO] [stdout]    --> /opt/rustwide/cargo-home/registry/src/index.crates.io-1949cf8c6b5b557f/tfhe-0.5.4/src/core_crypto/algorithms/ggsw_encryption.rs:579:25
[INFO] [stdout]     |
[INFO] [stdout] 579 |                         noise_parameters,
[INFO] [stdout]     |                         ^^^^^^^^^^^^^^^^
[INFO] [stdout] note: required by a bound in `rayon::iter::ParallelIterator::for_each`
[INFO] [stdout]    --> /opt/rustwide/cargo-home/registry/src/index.crates.io-1949cf8c6b5b557f/rayon-1.11.0/src/iter/mod.rs:375:37
[INFO] [stdout]     |
[INFO] [stdout] 356 | pub trait ParallelIterator: Sized + Send {
[INFO] [stdout] ...
[INFO] [stdout] 373 |     fn for_each<OP>(self, op: OP)
[INFO] [stdout] 374 |     where
[INFO] [stdout] 375 |         OP: Fn(Self::Item) + Sync + Send,
[INFO] [stdout]     |                                     ^^^^ required by this bound in `ParallelIterator::for_each`
[INFO] [stdout]     = note: the full name for the type has been written to '/opt/rustwide/target/debug/build/tfhe/874044bc6f84e4db/out/tfhe-874044bc6f84e4db.long-type-4786704893145654028.txt'
[INFO] [stdout]     = note: consider using `--verbose` to print the full type name to the console
[INFO] [stdout] help: consider restricting opaque type `impl DispersionParameter + Sync` with trait `Send`
[INFO] [stdout]     |
[INFO] [stdout] 526 |     noise_parameters: impl DispersionParameter + Sync + std::marker::Send,
[INFO] [stdout]     |                                                       +++++++++++++++++++
[INFO] [stdout] 
[INFO] [stdout] 
[INFO] [stdout] error[E0277]: `impl DispersionParameter + Sync` cannot be sent between threads safely
[INFO] [stdout]    --> /opt/rustwide/cargo-home/registry/src/index.crates.io-1949cf8c6b5b557f/tfhe-0.5.4/src/core_crypto/algorithms/lwe_bootstrap_key_generation.rs:287:19
[INFO] [stdout]     |
[INFO] [stdout] 287 |           .for_each(|((mut ggsw, &input_key_element), mut generator)| {
[INFO] [stdout]     |            -------- ^------------------------------------------------
[INFO] [stdout]     |            |        |
[INFO] [stdout]     |  __________|________within this `{closure@lwe_bootstrap_key_generation.rs:287:19}`
[INFO] [stdout]     | |          |
[INFO] [stdout]     | |          required by a bound introduced by this call
[INFO] [stdout] 288 | |             par_encrypt_constant_ggsw_ciphertext(
[INFO] [stdout] 289 | |                 output_glwe_secret_key,
[INFO] [stdout] 290 | |                 &mut ggsw,
[INFO] [stdout] ...   |
[INFO] [stdout] 294 | |             );
[INFO] [stdout] 295 | |         });
[INFO] [stdout]     | |_________^ `impl DispersionParameter + Sync` cannot be sent between threads safely
[INFO] [stdout]     |
[INFO] [stdout] note: required because `noise_parameters` is used within this closure
[INFO] [stdout]    --> /opt/rustwide/cargo-home/registry/src/index.crates.io-1949cf8c6b5b557f/tfhe-0.5.4/src/core_crypto/algorithms/lwe_bootstrap_key_generation.rs:292:17
[INFO] [stdout]     |
[INFO] [stdout] 292 |                 noise_parameters,
[INFO] [stdout]     |                 ^^^^^^^^^^^^^^^^
[INFO] [stdout] note: required by a bound in `rayon::iter::ParallelIterator::for_each`
[INFO] [stdout]    --> /opt/rustwide/cargo-home/registry/src/index.crates.io-1949cf8c6b5b557f/rayon-1.11.0/src/iter/mod.rs:375:37
[INFO] [stdout]     |
[INFO] [stdout] 356 | pub trait ParallelIterator: Sized + Send {
[INFO] [stdout] ...
[INFO] [stdout] 373 |     fn for_each<OP>(self, op: OP)
[INFO] [stdout] 374 |     where
[INFO] [stdout] 375 |         OP: Fn(Self::Item) + Sync + Send,
[INFO] [stdout]     |                                     ^^^^ required by this bound in `ParallelIterator::for_each`
[INFO] [stdout]     = note: the full name for the type has been written to '/opt/rustwide/target/debug/build/tfhe/874044bc6f84e4db/out/tfhe-874044bc6f84e4db.long-type-16220117810704124453.txt'
[INFO] [stdout]     = note: consider using `--verbose` to print the full type name to the console
[INFO] [stdout] help: consider restricting opaque type `impl DispersionParameter + Sync` with trait `Send`
[INFO] [stdout]     |
[INFO] [stdout] 241 |     noise_parameters: impl DispersionParameter + Sync + std::marker::Send,
[INFO] [stdout]     |                                                       +++++++++++++++++++
[INFO] [stdout] 
[INFO] [stdout] 
[INFO] [stdout] error[E0277]: `impl DispersionParameter + Sync` cannot be sent between threads safely
[INFO] [stdout]    --> /opt/rustwide/cargo-home/registry/src/index.crates.io-1949cf8c6b5b557f/tfhe-0.5.4/src/core_crypto/algorithms/lwe_bootstrap_key_generation.rs:529:19
[INFO] [stdout]     |
[INFO] [stdout] 529 |           .for_each(|((mut ggsw, &input_key_element), mut generator)| {
[INFO] [stdout]     |            -------- ^------------------------------------------------
[INFO] [stdout]     |            |        |
[INFO] [stdout]     |  __________|________within this `{closure@lwe_bootstrap_key_generation.rs:529:19}`
[INFO] [stdout]     | |          |
[INFO] [stdout]     | |          required by a bound introduced by this call
[INFO] [stdout] 530 | |             par_encrypt_constant_seeded_ggsw_ciphertext_with_existing_generator(
[INFO] [stdout] 531 | |                 output_glwe_secret_key,
[INFO] [stdout] 532 | |                 &mut ggsw,
[INFO] [stdout] ...   |
[INFO] [stdout] 536 | |             );
[INFO] [stdout] 537 | |         });
[INFO] [stdout]     | |_________^ `impl DispersionParameter + Sync` cannot be sent between threads safely
[INFO] [stdout]     |
[INFO] [stdout] note: required because `noise_parameters` is used within this closure
[INFO] [stdout]    --> /opt/rustwide/cargo-home/registry/src/index.crates.io-1949cf8c6b5b557f/tfhe-0.5.4/src/core_crypto/algorithms/lwe_bootstrap_key_generation.rs:534:17
[INFO] [stdout]     |
[INFO] [stdout] 534 |                 noise_parameters,
[INFO] [stdout]     |                 ^^^^^^^^^^^^^^^^
[INFO] [stdout] note: required by a bound in `rayon::iter::ParallelIterator::for_each`
[INFO] [stdout]    --> /opt/rustwide/cargo-home/registry/src/index.crates.io-1949cf8c6b5b557f/rayon-1.11.0/src/iter/mod.rs:375:37
[INFO] [stdout]     |
[INFO] [stdout] 356 | pub trait ParallelIterator: Sized + Send {
[INFO] [stdout] ...
[INFO] [stdout] 373 |     fn for_each<OP>(self, op: OP)
[INFO] [stdout] 374 |     where
[INFO] [stdout] 375 |         OP: Fn(Self::Item) + Sync + Send,
[INFO] [stdout]     |                                     ^^^^ required by this bound in `ParallelIterator::for_each`
[INFO] [stdout]     = note: the full name for the type has been written to '/opt/rustwide/target/debug/build/tfhe/874044bc6f84e4db/out/tfhe-874044bc6f84e4db.long-type-3253950238199725172.txt'
[INFO] [stdout]     = note: consider using `--verbose` to print the full type name to the console
[INFO] [stdout] help: consider restricting opaque type `impl DispersionParameter + Sync` with trait `Send`
[INFO] [stdout]     |
[INFO] [stdout] 477 |     noise_parameters: impl DispersionParameter + Sync + std::marker::Send,
[INFO] [stdout]     |                                                       +++++++++++++++++++
[INFO] [stdout] 
[INFO] [stdout] 
[INFO] [stdout] error[E0277]: `impl DispersionParameter + Sync` cannot be sent between threads safely
[INFO] [stdout]    --> /opt/rustwide/cargo-home/registry/src/index.crates.io-1949cf8c6b5b557f/tfhe-0.5.4/src/core_crypto/algorithms/lwe_encryption.rs:803:19
[INFO] [stdout]     |
[INFO] [stdout] 803 |           .for_each(|((encoded_plaintext_ref, mut ciphertext), mut generator)| {
[INFO] [stdout]     |            -------- ^---------------------------------------------------------
[INFO] [stdout]     |            |        |
[INFO] [stdout]     |  __________|________within this `{closure@lwe_encryption.rs:803:19}`
[INFO] [stdout]     | |          |
[INFO] [stdout]     | |          required by a bound introduced by this call
[INFO] [stdout] 804 | |             encrypt_lwe_ciphertext(
[INFO] [stdout] 805 | |                 lwe_secret_key,
[INFO] [stdout] 806 | |                 &mut ciphertext,
[INFO] [stdout] ...   |
[INFO] [stdout] 810 | |             );
[INFO] [stdout] 811 | |         });
[INFO] [stdout]     | |_________^ `impl DispersionParameter + Sync` cannot be sent between threads safely
[INFO] [stdout]     |
[INFO] [stdout] note: required because `noise_parameters` is used within this closure
[INFO] [stdout]    --> /opt/rustwide/cargo-home/registry/src/index.crates.io-1949cf8c6b5b557f/tfhe-0.5.4/src/core_crypto/algorithms/lwe_encryption.rs:808:17
[INFO] [stdout]     |
[INFO] [stdout] 808 |                 noise_parameters,
[INFO] [stdout]     |                 ^^^^^^^^^^^^^^^^
[INFO] [stdout] note: required by a bound in `rayon::iter::ParallelIterator::for_each`
[INFO] [stdout]    --> /opt/rustwide/cargo-home/registry/src/index.crates.io-1949cf8c6b5b557f/rayon-1.11.0/src/iter/mod.rs:375:37
[INFO] [stdout]     |
[INFO] [stdout] 356 | pub trait ParallelIterator: Sized + Send {
[INFO] [stdout] ...
[INFO] [stdout] 373 |     fn for_each<OP>(self, op: OP)
[INFO] [stdout] 374 |     where
[INFO] [stdout] 375 |         OP: Fn(Self::Item) + Sync + Send,
[INFO] [stdout]     |                                     ^^^^ required by this bound in `ParallelIterator::for_each`
[INFO] [stdout]     = note: the full name for the type has been written to '/opt/rustwide/target/debug/build/tfhe/874044bc6f84e4db/out/tfhe-874044bc6f84e4db.long-type-5519061638105202508.txt'
[INFO] [stdout]     = note: consider using `--verbose` to print the full type name to the console
[INFO] [stdout] help: consider restricting opaque type `impl DispersionParameter + Sync` with trait `Send`
[INFO] [stdout]     |
[INFO] [stdout] 778 |     noise_parameters: impl DispersionParameter + Sync + std::marker::Send,
[INFO] [stdout]     |                                                       +++++++++++++++++++
[INFO] [stdout] 
[INFO] [stdout] 
[INFO] [stdout] error[E0277]: `impl DispersionParameter + Sync` cannot be sent between threads safely
[INFO] [stdout]     --> /opt/rustwide/cargo-home/registry/src/index.crates.io-1949cf8c6b5b557f/tfhe-0.5.4/src/core_crypto/algorithms/lwe_encryption.rs:1298:19
[INFO] [stdout]      |
[INFO] [stdout] 1298 |           .for_each(|((mut output_body, plaintext), mut loop_generator)| {
[INFO] [stdout]      |            -------- ^---------------------------------------------------
[INFO] [stdout]      |            |        |
[INFO] [stdout]      |  __________|________within this `{closure@lwe_encryption.rs:1298:19}`
[INFO] [stdout]      | |          |
[INFO] [stdout]      | |          required by a bound introduced by this call
[INFO] [stdout] 1299 | |             let mut output_mask =
[INFO] [stdout] 1300 | |                 LweMask::from_container(vec![Scalar::ZERO; lwe_dimension.0], ciphertext_modulus);
[INFO] [stdout] 1301 | |             fill_lwe_mask_and_body_for_encryption(
[INFO] [stdout] ...    |
[INFO] [stdout] 1308 | |             );
[INFO] [stdout] 1309 | |         });
[INFO] [stdout]      | |_________^ `impl DispersionParameter + Sync` cannot be sent between threads safely
[INFO] [stdout]      |
[INFO] [stdout] note: required because `noise_parameters` is used within this closure
[INFO] [stdout]     --> /opt/rustwide/cargo-home/registry/src/index.crates.io-1949cf8c6b5b557f/tfhe-0.5.4/src/core_crypto/algorithms/lwe_encryption.rs:1306:17
[INFO] [stdout]      |
[INFO] [stdout] 1306 |                 noise_parameters,
[INFO] [stdout]      |                 ^^^^^^^^^^^^^^^^
[INFO] [stdout] note: required by a bound in `rayon::iter::ParallelIterator::for_each`
[INFO] [stdout]     --> /opt/rustwide/cargo-home/registry/src/index.crates.io-1949cf8c6b5b557f/rayon-1.11.0/src/iter/mod.rs:375:37
[INFO] [stdout]      |
[INFO] [stdout]  356 | pub trait ParallelIterator: Sized + Send {
[INFO] [stdout] ...
[INFO] [stdout]  373 |     fn for_each<OP>(self, op: OP)
[INFO] [stdout]  374 |     where
[INFO] [stdout]  375 |         OP: Fn(Self::Item) + Sync + Send,
[INFO] [stdout]      |                                     ^^^^ required by this bound in `ParallelIterator::for_each`
[INFO] [stdout]      = note: the full name for the type has been written to '/opt/rustwide/target/debug/build/tfhe/874044bc6f84e4db/out/tfhe-874044bc6f84e4db.long-type-14176257921034294120.txt'
[INFO] [stdout]      = note: consider using `--verbose` to print the full type name to the console
[INFO] [stdout] help: consider restricting opaque type `impl DispersionParameter + Sync` with trait `Send`
[INFO] [stdout]      |
[INFO] [stdout] 1263 |     noise_parameters: impl DispersionParameter + Sync + std::marker::Send,
[INFO] [stdout]      |                                                       +++++++++++++++++++
[INFO] [stdout] 
[INFO] [stdout] 
[INFO] [stdout] error[E0277]: `impl DispersionParameter + Sync` cannot be sent between threads safely
[INFO] [stdout]     --> /opt/rustwide/cargo-home/registry/src/index.crates.io-1949cf8c6b5b557f/tfhe-0.5.4/src/core_crypto/algorithms/lwe_encryption.rs:2121:13
[INFO] [stdout]      |
[INFO] [stdout] 2120 |            .for_each(
[INFO] [stdout]      |             -------- required by a bound introduced by this call
[INFO] [stdout] 2121 | //             |(
[INFO] [stdout] 2122 | ||                 mut output_mask,
[INFO] [stdout] 2123 | ||                 (
[INFO] [stdout] 2124 | ||                     ((mut output_body_chunk, input_plaintext_chunk), binary_random_slice),
[INFO] [stdout] 2125 | ||                     mut loop_generator,
[INFO] [stdout] 2126 | ||                 ),
[INFO] [stdout] 2127 | ||             )| {
[INFO] [stdout]      | ||______________- within this `{closure@lwe_encryption.rs:2121:13}`
[INFO] [stdout] ...    |
[INFO] [stdout] 2166 | |                      });
[INFO] [stdout] 2167 | |              },
[INFO] [stdout]      | |______________^ `impl DispersionParameter + Sync` cannot be sent between threads safely
[INFO] [stdout]      |
[INFO] [stdout] note: required because `mask_noise_parameters` is used within this closure
[INFO] [stdout]     --> /opt/rustwide/cargo-home/registry/src/index.crates.io-1949cf8c6b5b557f/tfhe-0.5.4/src/core_crypto/algorithms/lwe_encryption.rs:2153:21
[INFO] [stdout]      |
[INFO] [stdout] 2153 |                     mask_noise_parameters,
[INFO] [stdout]      |                     ^^^^^^^^^^^^^^^^^^^^^
[INFO] [stdout] note: required by a bound in `rayon::iter::ParallelIterator::for_each`
[INFO] [stdout]     --> /opt/rustwide/cargo-home/registry/src/index.crates.io-1949cf8c6b5b557f/rayon-1.11.0/src/iter/mod.rs:375:37
[INFO] [stdout]      |
[INFO] [stdout]  356 | pub trait ParallelIterator: Sized + Send {
[INFO] [stdout] ...
[INFO] [stdout]  373 |     fn for_each<OP>(self, op: OP)
[INFO] [stdout]  374 |     where
[INFO] [stdout]  375 |         OP: Fn(Self::Item) + Sync + Send,
[INFO] [stdout]      |                                     ^^^^ required by this bound in `ParallelIterator::for_each`
[INFO] [stdout]      = note: the full name for the type has been written to '/opt/rustwide/target/debug/build/tfhe/874044bc6f84e4db/out/tfhe-874044bc6f84e4db.long-type-2363613830808837329.txt'
[INFO] [stdout]      = note: consider using `--verbose` to print the full type name to the console
[INFO] [stdout] help: consider restricting opaque type `impl DispersionParameter + Sync` with trait `Send`
[INFO] [stdout]      |
[INFO] [stdout] 2054 |     mask_noise_parameters: impl DispersionParameter + Sync + std::marker::Send,
[INFO] [stdout]      |                                                            +++++++++++++++++++
[INFO] [stdout] 
[INFO] [stdout] 
[INFO] [stdout] error[E0277]: `impl DispersionParameter + Sync` cannot be sent between threads safely
[INFO] [stdout]    --> /opt/rustwide/cargo-home/registry/src/index.crates.io-1949cf8c6b5b557f/tfhe-0.5.4/src/core_crypto/algorithms/lwe_multi_bit_bootstrap_key_generation.rs:371:13
[INFO] [stdout]     |
[INFO] [stdout] 370 |           .for_each(
[INFO] [stdout]     |            -------- required by a bound introduced by this call
[INFO] [stdout] 371 |               |((mut ggsw_group, input_key_elements), mut loop_generator)| {
[INFO] [stdout]     |               ^-----------------------------------------------------------
[INFO] [stdout]     |               |
[INFO] [stdout]     |  _____________within this `{closure@lwe_multi_bit_bootstrap_key_generation.rs:371:13}`
[INFO] [stdout]     | |
[INFO] [stdout] 372 | |                 let gen_iter = loop_generator
[INFO] [stdout] 373 | |                     .par_fork_multi_bit_bsk_ggsw_group_to_ggsw::<Scalar>(
[INFO] [stdout] 374 | |                         output_decomposition_level_count,
[INFO] [stdout] ...   |
[INFO] [stdout] 396 | |                     });
[INFO] [stdout] 397 | |             },
[INFO] [stdout]     | |_____________^ `impl DispersionParameter + Sync` cannot be sent between threads safely
[INFO] [stdout]     |
[INFO] [stdout] note: required because `noise_parameters` is used within this closure
[INFO] [stdout]    --> /opt/rustwide/cargo-home/registry/src/index.crates.io-1949cf8c6b5b557f/tfhe-0.5.4/src/core_crypto/algorithms/lwe_multi_bit_bootstrap_key_generation.rs:393:29
[INFO] [stdout]     |
[INFO] [stdout] 393 | ...                   noise_parameters,
[INFO] [stdout]     |                       ^^^^^^^^^^^^^^^^
[INFO] [stdout] note: required by a bound in `rayon::iter::ParallelIterator::for_each`
[INFO] [stdout]    --> /opt/rustwide/cargo-home/registry/src/index.crates.io-1949cf8c6b5b557f/rayon-1.11.0/src/iter/mod.rs:375:37
[INFO] [stdout]     |
[INFO] [stdout] 356 | pub trait ParallelIterator: Sized + Send {
[INFO] [stdout] ...
[INFO] [stdout] 373 |     fn for_each<OP>(self, op: OP)
[INFO] [stdout] 374 |     where
[INFO] [stdout] 375 |         OP: Fn(Self::Item) + Sync + Send,
[INFO] [stdout]     |                                     ^^^^ required by this bound in `ParallelIterator::for_each`
[INFO] [stdout]     = note: the full name for the type has been written to '/opt/rustwide/target/debug/build/tfhe/874044bc6f84e4db/out/tfhe-874044bc6f84e4db.long-type-13823478502066046733.txt'
[INFO] [stdout]     = note: consider using `--verbose` to print the full type name to the console
[INFO] [stdout] help: consider restricting opaque type `impl DispersionParameter + Sync` with trait `Send`
[INFO] [stdout]     |
[INFO] [stdout] 312 |     noise_parameters: impl DispersionParameter + Sync + std::marker::Send,
[INFO] [stdout]     |                                                       +++++++++++++++++++
[INFO] [stdout] 
[INFO] [stdout] 
[INFO] [stdout] error[E0277]: `impl DispersionParameter + Sync` cannot be sent between threads safely
[INFO] [stdout]    --> /opt/rustwide/cargo-home/registry/src/index.crates.io-1949cf8c6b5b557f/tfhe-0.5.4/src/core_crypto/algorithms/lwe_multi_bit_bootstrap_key_generation.rs:384:31
[INFO] [stdout]     |
[INFO] [stdout] 384 |                       .for_each(|((bit_inversion_idx, ggsw), mut inner_loop_generator)| {
[INFO] [stdout]     |                        -------- ^------------------------------------------------------
[INFO] [stdout]     |                        |        |
[INFO] [stdout]     |  ______________________|________within this `{closure@lwe_multi_bit_bootstrap_key_generation.rs:384:31}`
[INFO] [stdout]     | |                      |
[INFO] [stdout]     | |                      required by a bound introduced by this call
[INFO] [stdout] 385 | |                         // Use the index of the ggsw as a way to know which bit to invert
[INFO] [stdout] 386 | |                         let key_bits_plaintext =
[INFO] [stdout] 387 | |                             combine_key_bits(bit_inversion_idx, input_key_elements);
[INFO] [stdout] ...   |
[INFO] [stdout] 395 | |                         );
[INFO] [stdout] 396 | |                     });
[INFO] [stdout]     | |_____________________^ `impl DispersionParameter + Sync` cannot be sent between threads safely
[INFO] [stdout]     |
[INFO] [stdout] note: required because `noise_parameters` is used within this closure
[INFO] [stdout]    --> /opt/rustwide/cargo-home/registry/src/index.crates.io-1949cf8c6b5b557f/tfhe-0.5.4/src/core_crypto/algorithms/lwe_multi_bit_bootstrap_key_generation.rs:393:29
[INFO] [stdout]     |
[INFO] [stdout] 393 | ...                   noise_parameters,
[INFO] [stdout]     |                       ^^^^^^^^^^^^^^^^
[INFO] [stdout] note: required by a bound in `rayon::iter::ParallelIterator::for_each`
[INFO] [stdout]    --> /opt/rustwide/cargo-home/registry/src/index.crates.io-1949cf8c6b5b557f/rayon-1.11.0/src/iter/mod.rs:375:37
[INFO] [stdout]     |
[INFO] [stdout] 356 | pub trait ParallelIterator: Sized + Send {
[INFO] [stdout] ...
[INFO] [stdout] 373 |     fn for_each<OP>(self, op: OP)
[INFO] [stdout] 374 |     where
[INFO] [stdout] 375 |         OP: Fn(Self::Item) + Sync + Send,
[INFO] [stdout]     |                                     ^^^^ required by this bound in `ParallelIterator::for_each`
[INFO] [stdout]     = note: the full name for the type has been written to '/opt/rustwide/target/debug/build/tfhe/874044bc6f84e4db/out/tfhe-874044bc6f84e4db.long-type-2078825381605813212.txt'
[INFO] [stdout]     = note: consider using `--verbose` to print the full type name to the console
[INFO] [stdout] help: consider restricting opaque type `impl DispersionParameter + Sync` with trait `Send`
[INFO] [stdout]     |
[INFO] [stdout] 312 |     noise_parameters: impl DispersionParameter + Sync + std::marker::Send,
[INFO] [stdout]     |                                                       +++++++++++++++++++
[INFO] [stdout] 
[INFO] [stdout] 
[INFO] [stdout] error[E0277]: `impl DispersionParameter + Sync` cannot be sent between threads safely
[INFO] [stdout]    --> /opt/rustwide/cargo-home/registry/src/index.crates.io-1949cf8c6b5b557f/tfhe-0.5.4/src/core_crypto/algorithms/lwe_multi_bit_bootstrap_key_generation.rs:733:13
[INFO] [stdout]     |
[INFO] [stdout] 732 |           .for_each(
[INFO] [stdout]     |            -------- required by a bound introduced by this call
[INFO] [stdout] 733 |               |((mut ggsw_group, input_key_elements), mut loop_generator)| {
[INFO] [stdout]     |               ^-----------------------------------------------------------
[INFO] [stdout]     |               |
[INFO] [stdout]     |  _____________within this `{closure@lwe_multi_bit_bootstrap_key_generation.rs:733:13}`
[INFO] [stdout]     | |
[INFO] [stdout] 734 | |                 let gen_iter = loop_generator
[INFO] [stdout] 735 | |                     .par_fork_multi_bit_bsk_ggsw_group_to_ggsw::<Scalar>(
[INFO] [stdout] 736 | |                         output_decomposition_level_count,
[INFO] [stdout] ...   |
[INFO] [stdout] 758 | |                     });
[INFO] [stdout] 759 | |             },
[INFO] [stdout]     | |_____________^ `impl DispersionParameter + Sync` cannot be sent between threads safely
[INFO] [stdout]     |
[INFO] [stdout] note: required because `noise_parameters` is used within this closure
[INFO] [stdout]    --> /opt/rustwide/cargo-home/registry/src/index.crates.io-1949cf8c6b5b557f/tfhe-0.5.4/src/core_crypto/algorithms/lwe_multi_bit_bootstrap_key_generation.rs:755:29
[INFO] [stdout]     |
[INFO] [stdout] 755 | ...                   noise_parameters,
[INFO] [stdout]     |                       ^^^^^^^^^^^^^^^^
[INFO] [stdout] note: required by a bound in `rayon::iter::ParallelIterator::for_each`
[INFO] [stdout]    --> /opt/rustwide/cargo-home/registry/src/index.crates.io-1949cf8c6b5b557f/rayon-1.11.0/src/iter/mod.rs:375:37
[INFO] [stdout]     |
[INFO] [stdout] 356 | pub trait ParallelIterator: Sized + Send {
[INFO] [stdout] ...
[INFO] [stdout] 373 |     fn for_each<OP>(self, op: OP)
[INFO] [stdout] 374 |     where
[INFO] [stdout] 375 |         OP: Fn(Self::Item) + Sync + Send,
[INFO] [stdout]     |                                     ^^^^ required by this bound in `ParallelIterator::for_each`
[INFO] [stdout]     = note: the full name for the type has been written to '/opt/rustwide/target/debug/build/tfhe/874044bc6f84e4db/out/tfhe-874044bc6f84e4db.long-type-4815787415854225399.txt'
[INFO] [stdout]     = note: consider using `--verbose` to print the full type name to the console
[INFO] [stdout] help: consider restricting opaque type `impl DispersionParameter + Sync` with trait `Send`
[INFO] [stdout]     |
[INFO] [stdout] 668 |     noise_parameters: impl DispersionParameter + Sync + std::marker::Send,
[INFO] [stdout]     |                                                       +++++++++++++++++++
[INFO] [stdout] 
[INFO] [stdout] 
[INFO] [stdout] error[E0277]: `impl DispersionParameter + Sync` cannot be sent between threads safely
[INFO] [stdout]    --> /opt/rustwide/cargo-home/registry/src/index.crates.io-1949cf8c6b5b557f/tfhe-0.5.4/src/core_crypto/algorithms/lwe_multi_bit_bootstrap_key_generation.rs:746:31
[INFO] [stdout]     |
[INFO] [stdout] 746 |                       .for_each(|((bit_inversion_idx, ggsw), mut inner_loop_generator)| {
[INFO] [stdout]     |                        -------- ^------------------------------------------------------
[INFO] [stdout]     |                        |        |
[INFO] [stdout]     |  ______________________|________within this `{closure@lwe_multi_bit_bootstrap_key_generation.rs:746:31}`
[INFO] [stdout]     | |                      |
[INFO] [stdout]     | |                      required by a bound introduced by this call
[INFO] [stdout] 747 | |                         // Use the index of the ggsw as a way to know which bit to invert
[INFO] [stdout] 748 | |                         let key_bits_plaintext =
[INFO] [stdout] 749 | |                             combine_key_bits(bit_inversion_idx, input_key_elements);
[INFO] [stdout] ...   |
[INFO] [stdout] 757 | |                         );
[INFO] [stdout] 758 | |                     });
[INFO] [stdout]     | |_____________________^ `impl DispersionParameter + Sync` cannot be sent between threads safely
[INFO] [stdout]     |
[INFO] [stdout] note: required because `noise_parameters` is used within this closure
[INFO] [stdout]    --> /opt/rustwide/cargo-home/registry/src/index.crates.io-1949cf8c6b5b557f/tfhe-0.5.4/src/core_crypto/algorithms/lwe_multi_bit_bootstrap_key_generation.rs:755:29
[INFO] [stdout]     |
[INFO] [stdout] 755 | ...                   noise_parameters,
[INFO] [stdout]     |                       ^^^^^^^^^^^^^^^^
[INFO] [stdout] note: required by a bound in `rayon::iter::ParallelIterator::for_each`
[INFO] [stdout]    --> /opt/rustwide/cargo-home/registry/src/index.crates.io-1949cf8c6b5b557f/rayon-1.11.0/src/iter/mod.rs:375:37
[INFO] [stdout]     |
[INFO] [stdout] 356 | pub trait ParallelIterator: Sized + Send {
[INFO] [stdout] ...
[INFO] [stdout] 373 |     fn for_each<OP>(self, op: OP)
[INFO] [stdout] 374 |     where
[INFO] [stdout] 375 |         OP: Fn(Self::Item) + Sync + Send,
[INFO] [stdout]     |                                     ^^^^ required by this bound in `ParallelIterator::for_each`
[INFO] [stdout]     = note: the full name for the type has been written to '/opt/rustwide/target/debug/build/tfhe/874044bc6f84e4db/out/tfhe-874044bc6f84e4db.long-type-7907870765695828580.txt'
[INFO] [stdout]     = note: consider using `--verbose` to print the full type name to the console
[INFO] [stdout] help: consider restricting opaque type `impl DispersionParameter + Sync` with trait `Send`
[INFO] [stdout]     |
[INFO] [stdout] 668 |     noise_parameters: impl DispersionParameter + Sync + std::marker::Send,
[INFO] [stdout]     |                                                       +++++++++++++++++++
[INFO] [stdout] 
[INFO] [stdout] 
[INFO] [stdout] error[E0277]: `impl DispersionParameter + Sync` cannot be sent between threads safely
[INFO] [stdout]    --> /opt/rustwide/cargo-home/registry/src/index.crates.io-1949cf8c6b5b557f/tfhe-0.5.4/src/core_crypto/algorithms/lwe_private_functional_packing_keyswitch_key_generation.rs:221:13
[INFO] [stdout]     |
[INFO] [stdout] 220 |           .for_each(
[INFO] [stdout]     |            -------- required by a bound introduced by this call
[INFO] [stdout] 221 |               |((&input_key_bit, mut keyswitch_key_block), mut loop_generator)| {
[INFO] [stdout]     |               ^----------------------------------------------------------------
[INFO] [stdout]     |               |
[INFO] [stdout]     |  _____________within this `{closure@lwe_private_functional_packing_keyswitch_key_generation.rs:221:13}`
[INFO] [stdout]     | |
[INFO] [stdout] 222 | |                 // We instantiate a buffer
[INFO] [stdout] 223 | |                 let mut messages = PlaintextListOwned::new(Scalar::ZERO, plaintext_count);
[INFO] [stdout] ...   |
[INFO] [stdout] 249 | |                 );
[INFO] [stdout] 250 | |             },
[INFO] [stdout]     | |_____________^ `impl DispersionParameter + Sync` cannot be sent between threads safely
[INFO] [stdout]     |
[INFO] [stdout] note: required because `noise_parameters` is used within this closure
[INFO] [stdout]    --> /opt/rustwide/cargo-home/registry/src/index.crates.io-1949cf8c6b5b557f/tfhe-0.5.4/src/core_crypto/algorithms/lwe_private_functional_packing_keyswitch_key_generation.rs:247:21
[INFO] [stdout]     |
[INFO] [stdout] 247 |                     noise_parameters,
[INFO] [stdout]     |                     ^^^^^^^^^^^^^^^^
[INFO] [stdout] note: required by a bound in `rayon::iter::ParallelIterator::for_each`
[INFO] [stdout]    --> /opt/rustwide/cargo-home/registry/src/index.crates.io-1949cf8c6b5b557f/rayon-1.11.0/src/iter/mod.rs:375:37
[INFO] [stdout]     |
[INFO] [stdout] 356 | pub trait ParallelIterator: Sized + Send {
[INFO] [stdout] ...
[INFO] [stdout] 373 |     fn for_each<OP>(self, op: OP)
[INFO] [stdout] 374 |     where
[INFO] [stdout] 375 |         OP: Fn(Self::Item) + Sync + Send,
[INFO] [stdout]     |                                     ^^^^ required by this bound in `ParallelIterator::for_each`
[INFO] [stdout]     = note: the full name for the type has been written to '/opt/rustwide/target/debug/build/tfhe/874044bc6f84e4db/out/tfhe-874044bc6f84e4db.long-type-16801603944933000668.txt'
[INFO] [stdout]     = note: consider using `--verbose` to print the full type name to the console
[INFO] [stdout] help: consider restricting opaque type `impl DispersionParameter + Sync` with trait `Send`
[INFO] [stdout]     |
[INFO] [stdout] 150 |     noise_parameters: impl DispersionParameter + Sync + std::marker::Send,
[INFO] [stdout]     |                                                       +++++++++++++++++++
[INFO] [stdout] 
[INFO] [stdout] 
[INFO] [stdout] error[E0277]: `impl DispersionParameter + Sync` cannot be sent between threads safely
[INFO] [stdout]    --> /opt/rustwide/cargo-home/registry/src/index.crates.io-1949cf8c6b5b557f/tfhe-0.5.4/src/core_crypto/algorithms/lwe_wopbs.rs:284:13
[INFO] [stdout]     |
[INFO] [stdout] 283 |           .for_each(
[INFO] [stdout]     |            -------- required by a bound introduced by this call
[INFO] [stdout] 284 |               |((mut lwe_pfpksk, polynomial_to_encrypt), mut loop_generator)| {
[INFO] [stdout]     |               ^--------------------------------------------------------------
[INFO] [stdout]     |               |
[INFO] [stdout]     |  _____________within this `{closure@lwe_wopbs.rs:284:13}`
[INFO] [stdout]     | |
[INFO] [stdout] 285 | |                 par_generate_lwe_private_functional_packing_keyswitch_key(
[INFO] [stdout] 286 | |                     input_lwe_secret_key,
[INFO] [stdout] 287 | |                     output_glwe_secret_key,
[INFO] [stdout] ...   |
[INFO] [stdout] 293 | |                 );
[INFO] [stdout] 294 | |             },
[INFO] [stdout]     | |_____________^ `impl DispersionParameter + Sync` cannot be sent between threads safely
[INFO] [stdout]     |
[INFO] [stdout] note: required because `noise_parameters` is used within this closure
[INFO] [stdout]    --> /opt/rustwide/cargo-home/registry/src/index.crates.io-1949cf8c6b5b557f/tfhe-0.5.4/src/core_crypto/algorithms/lwe_wopbs.rs:289:21
[INFO] [stdout]     |
[INFO] [stdout] 289 |                     noise_parameters,
[INFO] [stdout]     |                     ^^^^^^^^^^^^^^^^
[INFO] [stdout] note: required by a bound in `rayon::iter::ParallelIterator::for_each`
[INFO] [stdout]    --> /opt/rustwide/cargo-home/registry/src/index.crates.io-1949cf8c6b5b557f/rayon-1.11.0/src/iter/mod.rs:375:37
[INFO] [stdout]     |
[INFO] [stdout] 356 | pub trait ParallelIterator: Sized + Send {
[INFO] [stdout] ...
[INFO] [stdout] 373 |     fn for_each<OP>(self, op: OP)
[INFO] [stdout] 374 |     where
[INFO] [stdout] 375 |         OP: Fn(Self::Item) + Sync + Send,
[INFO] [stdout]     |                                     ^^^^ required by this bound in `ParallelIterator::for_each`
[INFO] [stdout]     = note: the full name for the type has been written to '/opt/rustwide/target/debug/build/tfhe/874044bc6f84e4db/out/tfhe-874044bc6f84e4db.long-type-16820237336950503337.txt'
[INFO] [stdout]     = note: consider using `--verbose` to print the full type name to the console
[INFO] [stdout] help: consider restricting opaque type `impl DispersionParameter + Sync` with trait `Send`
[INFO] [stdout]     |
[INFO] [stdout] 226 |     noise_parameters: impl DispersionParameter + Sync + std::marker::Send,
[INFO] [stdout]     |                                                       +++++++++++++++++++
[INFO] [stdout] 
[INFO] [stdout] 
[INFO] [stdout] For more information about this error, try `rustc --explain E0277`.
[INFO] [stdout] 
[INFO] [stderr] error: could not compile `tfhe` (lib) due to 15 previous errors
[INFO] [stderr] warning: build failed, waiting for other jobs to finish...
[INFO] running `Command { std: "docker" "inspect" "e4d2a7339983c1206b12aecc5991985a02479b917ad6347f96592ea2d5f9a8a5", kill_on_drop: false }`
[INFO] running `Command { std: "docker" "rm" "-f" "e4d2a7339983c1206b12aecc5991985a02479b917ad6347f96592ea2d5f9a8a5", kill_on_drop: false }`
[INFO] [stdout] e4d2a7339983c1206b12aecc5991985a02479b917ad6347f96592ea2d5f9a8a5
