[INFO] cloning repository https://github.com/Kernovae/kervesh
[INFO] running `Command { std: "git" "-c" "credential.helper=" "-c" "credential.helper=/workspace/cargo-home/bin/git-credential-null" "clone" "--bare" "https://github.com/Kernovae/kervesh" "/workspace/cache/git-repos/https%3A%2F%2Fgithub.com%2FKernovae%2Fkervesh", kill_on_drop: false }`
[INFO] [stderr] Cloning into bare repository '/workspace/cache/git-repos/https%3A%2F%2Fgithub.com%2FKernovae%2Fkervesh'...
[INFO] running `Command { std: "git" "rev-parse" "HEAD", kill_on_drop: false }`
[INFO] [stdout] 9a137a9a92d12371dddb270495202554ea378f1b
[INFO] checking Kernovae/kervesh against c60b92c03ca8a3b101eb9d57f51e2232690638c7 for pr-164148-crater-rollup
[INFO] running `Command { std: "git" "clone" "/workspace/cache/git-repos/https%3A%2F%2Fgithub.com%2FKernovae%2Fkervesh" "/workspace/builds/worker-4-tc2/source", kill_on_drop: false }`
[INFO] [stderr] Cloning into '/workspace/builds/worker-4-tc2/source'...
[INFO] [stderr] done.
[INFO] started tweaking git repo https://github.com/Kernovae/kervesh
[INFO] finished tweaking git repo https://github.com/Kernovae/kervesh
[INFO] tweaked toml for git repo https://github.com/Kernovae/kervesh written to /workspace/builds/worker-4-tc2/source/Cargo.toml
[INFO] validating manifest of git repo https://github.com/Kernovae/kervesh on toolchain c60b92c03ca8a3b101eb9d57f51e2232690638c7
[INFO] running `Command { std: CARGO_HOME="/workspace/cargo-home" RUSTUP_HOME="/workspace/rustup-home" "/workspace/cargo-home/bin/cargo" "+c60b92c03ca8a3b101eb9d57f51e2232690638c7" "metadata" "--manifest-path" "Cargo.toml" "--no-deps", kill_on_drop: false }`
[INFO] crate git repo https://github.com/Kernovae/kervesh already has a lockfile, it will not be regenerated
[INFO] running `Command { std: CARGO_HOME="/workspace/cargo-home" RUSTUP_HOME="/workspace/rustup-home" "/workspace/cargo-home/bin/cargo" "+c60b92c03ca8a3b101eb9d57f51e2232690638c7" "fetch" "--manifest-path" "Cargo.toml", kill_on_drop: false }`
[INFO] running `Command { std: "docker" "create" "-v" "/var/lib/crater-agent-workspace/builds/worker-4-tc2/source:/opt/rustwide/workdir:ro,Z" "-v" "/var/lib/crater-agent-workspace/builds/worker-4-tc2/target:/opt/rustwide/target:rw,Z" "-v" "/var/lib/crater-agent-workspace/cargo-home:/opt/rustwide/cargo-home:ro,Z" "-v" "/var/lib/crater-agent-workspace/rustup-home:/opt/rustwide/rustup-home:ro,Z" "-m" "1610612736" "--network" "none" "ghcr.io/rust-lang/crates-build-env/linux@sha256:77db811e55d90add9212f6832c23229e3de5f1c1f9905e8cb07319ea15df73ac" "sleep" "infinity", kill_on_drop: false }`
[INFO] [stdout] 7034e08f8a2333bb4aaa4e55f7cbfaefc571eadbce4d4865064fe3c8a915daca
[INFO] running `Command { std: "docker" "start" "7034e08f8a2333bb4aaa4e55f7cbfaefc571eadbce4d4865064fe3c8a915daca", kill_on_drop: false }`
[INFO] running `Command { std: "docker" "inspect" "7034e08f8a2333bb4aaa4e55f7cbfaefc571eadbce4d4865064fe3c8a915daca", kill_on_drop: false }`
[INFO] running `Command { std: "docker" "exec" "-e" "SOURCE_DIR=/opt/rustwide/workdir" "-e" "CARGO_HOME=/opt/rustwide/cargo-home" "-e" "RUSTUP_HOME=/opt/rustwide/rustup-home" "-e" "CARGO_TARGET_DIR=/opt/rustwide/target" "-w" "/opt/rustwide/workdir" "--user" "0:0" "7034e08f8a2333bb4aaa4e55f7cbfaefc571eadbce4d4865064fe3c8a915daca" "/opt/rustwide/cargo-home/bin/cargo" "+c60b92c03ca8a3b101eb9d57f51e2232690638c7" "metadata" "--no-deps" "--format-version=1", kill_on_drop: false }`
[INFO] running `Command { std: "docker" "inspect" "7034e08f8a2333bb4aaa4e55f7cbfaefc571eadbce4d4865064fe3c8a915daca", kill_on_drop: false }`
[INFO] running `Command { std: "docker" "exec" "-e" "SOURCE_DIR=/opt/rustwide/workdir" "-e" "CARGO_HOME=/opt/rustwide/cargo-home" "-e" "RUSTUP_HOME=/opt/rustwide/rustup-home" "-e" "CARGO_TARGET_DIR=/opt/rustwide/target" "-e" "CARGO_INCREMENTAL=0" "-e" "RUST_BACKTRACE=full" "-e" "RUSTFLAGS=--cap-lints=forbid" "-e" "RUSTDOCFLAGS=--cap-lints=forbid" "-w" "/opt/rustwide/workdir" "--user" "0:0" "7034e08f8a2333bb4aaa4e55f7cbfaefc571eadbce4d4865064fe3c8a915daca" "/opt/rustwide/cargo-home/bin/cargo" "+c60b92c03ca8a3b101eb9d57f51e2232690638c7" "check" "--frozen" "--all" "--all-targets" "--message-format=json", kill_on_drop: false }`
[INFO] [stderr]    Compiling libc v0.2.189
[INFO] [stderr]    Compiling serde_core v1.0.229
[INFO] [stderr]    Compiling getrandom v0.4.3
[INFO] [stderr]     Checking subtle v2.6.1
[INFO] [stderr]    Compiling rustix v1.1.4
[INFO] [stderr]    Compiling serde v1.0.229
[INFO] [stderr]    Compiling syn v3.0.5
[INFO] [stderr]     Checking base64ct v1.8.3
[INFO] [stderr]    Compiling zeroize_derive v1.5.0
[INFO] [stderr]    Compiling indexmap v2.14.2
[INFO] [stderr]     Checking zerofrom v0.1.8
[INFO] [stderr]     Checking concurrent-queue v2.5.0
[INFO] [stderr]     Checking futures-lite v2.6.1
[INFO] [stderr]     Checking tracing v0.1.44
[INFO] [stderr]     Checking form_urlencoded v1.2.2
[INFO] [stderr]     Checking yoke v0.8.3
[INFO] [stderr]     Checking piper v0.2.5
[INFO] [stderr]     Checking ctutils v0.4.2
[INFO] [stderr]     Checking ff v0.14.0
[INFO] [stderr]     Checking block-padding v0.3.3
[INFO] [stderr]     Checking base16ct v1.0.0
[INFO] [stderr]     Checking group v0.14.0
[INFO] [stderr]     Checking digest v0.10.7
[INFO] [stderr]     Checking async-channel v2.5.0
[INFO] [stderr]     Checking inout v0.1.4
[INFO] [stderr]    Compiling libdbus-sys v0.2.7
[INFO] [stderr]     Checking pem-rfc7468 v1.0.0
[INFO] [stderr]     Checking num-bigint v0.4.8
[INFO] [stderr]    Compiling khronos_api v3.1.0
[INFO] [stderr]     Checking cipher v0.4.4
[INFO] [stderr]     Checking zeroize v1.9.0
[INFO] [stderr]    Compiling thiserror-impl v1.0.69
[INFO] [stderr]     Checking accesskit v0.21.1
[INFO] [stderr]     Checking hmac v0.12.1
[INFO] [stderr]     Checking aes v0.8.4
[INFO] [stderr]     Checking cbc v0.1.2
[INFO] [stderr]     Checking hkdf v0.12.4
[INFO] [stderr]     Checking der v0.8.1
[INFO] [stderr]     Checking hybrid-array v0.4.14
[INFO] [stderr]     Checking sha2 v0.10.9
[INFO] [stderr]    Compiling curve25519-dalek v5.0.0
[INFO] [stderr]    Compiling xml-rs v0.8.29
[INFO] [stderr]     Checking blocking v1.7.0
[INFO] [stderr]     Checking async-executor v1.14.0
[INFO] [stderr]    Compiling toml_edit v0.25.13+spec-1.1.0
[INFO] [stderr]    Compiling log v0.4.34
[INFO] [stderr]    Compiling serde_json v1.0.151
[INFO] [stderr]     Checking libsqlite3-sys v0.38.2
[INFO] [stderr]     Checking hashlink v0.12.1
[INFO] [stderr]    Compiling nix v0.31.3
[INFO] [stderr]    Compiling curve25519-dalek-derive v0.1.1
[INFO] [stderr]     Checking keccak v0.2.2
[INFO] [stderr]    Compiling gl_generator v0.14.0
[INFO] [stderr]     Checking fallible-iterator v0.3.0
[INFO] [stderr]     Checking thiserror v1.0.69
[INFO] [stderr]    Compiling proc-macro-crate v3.5.0
[INFO] [stderr]     Checking byteorder v1.5.0
[INFO] [stderr]     Checking ab_glyph v0.2.32
[INFO] [stderr]    Compiling x11-dl v2.21.0
[INFO] [stderr]     Checking epaint_default_fonts v0.33.3
[INFO] [stderr]     Checking nohash-hasher v0.2.0
[INFO] [stderr]    Compiling once_cell v1.21.4
[INFO] [stderr]     Checking sponge-cursor v0.1.0
[INFO] [stderr]     Checking hashbrown v0.14.5
[INFO] [stderr]     Checking num-rational v0.4.2
[INFO] [stderr]     Checking generic-array v1.4.5
[INFO] [stderr]    Compiling enum_dispatch v0.3.13
[INFO] [stderr]    Compiling winit v0.30.13
[INFO] [stderr]    Compiling delegate v0.13.5
[INFO] [stderr]     Checking hex-literal v1.1.0
[INFO] [stderr]    Compiling signal-hook v0.4.4
[INFO] [stderr]     Checking md5 v0.8.1
[INFO] [stderr]    Compiling glutin_glx_sys v0.6.1
[INFO] [stderr]    Compiling glutin_egl_sys v0.7.1
[INFO] [stderr]     Checking flate2 v1.1.10
[INFO] [stderr]     Checking num v0.4.3
[INFO] [stderr]     Checking block-buffer v0.12.1
[INFO] [stderr]     Checking block-padding v0.4.2
[INFO] [stdout] error[E0493]: destructor of `ArrayBuilder<T, N>` cannot be evaluated at compile-time
[INFO] [stdout]    --> /opt/rustwide/cargo-home/registry/src/index.crates.io-1949cf8c6b5b557f/generic-array-1.4.5/src/internal.rs:103:31
[INFO] [stdout]     |
[INFO] [stdout] 103 |     pub unsafe fn assume_init(self) -> GenericArray<T, N> {
[INFO] [stdout]     |                               ^^^^ the destructor for this type cannot be evaluated in constant functions
[INFO] [stdout] ...
[INFO] [stdout] 109 |     }
[INFO] [stdout]     |     - value is dropped here
[INFO] [stdout] 
[INFO] [stdout] 
[INFO] [stderr]     Checking inout v0.2.2
[INFO] [stdout] error[E0493]: destructor of `GenericArray<core::mem::MaybeUninit<*const T>, N>` cannot be evaluated at compile-time
[INFO] [stdout]    --> /opt/rustwide/cargo-home/registry/src/index.crates.io-1949cf8c6b5b557f/generic-array-1.4.5/src/lib.rs:983:13
[INFO] [stdout]     |
[INFO] [stdout] 983 |         let mut out: GenericArray<MaybeUninit<*const T>, N> = GenericArray::uninit();
[INFO] [stdout]     |             ^^^^^^^ the destructor for this type cannot be evaluated in constant functions
[INFO] [stdout] ...
[INFO] [stdout] 998 |     }
[INFO] [stdout]     |     - value is dropped here
[INFO] [stdout] 
[INFO] [stdout] 
[INFO] [stdout] error[E0493]: destructor of `GenericArray<core::mem::MaybeUninit<*mut T>, N>` cannot be evaluated at compile-time
[INFO] [stdout]     --> /opt/rustwide/cargo-home/registry/src/index.crates.io-1949cf8c6b5b557f/generic-array-1.4.5/src/lib.rs:1018:13
[INFO] [stdout]      |
[INFO] [stdout] 1018 |         let mut out: GenericArray<MaybeUninit<*mut T>, N> = GenericArray::uninit();
[INFO] [stdout]      |             ^^^^^^^ the destructor for this type cannot be evaluated in constant functions
[INFO] [stdout] ...
[INFO] [stdout] 1033 |     }
[INFO] [stdout]      |     - value is dropped here
[INFO] [stdout] 
[INFO] [stdout] 
[INFO] [stdout] For more information about this error, try `rustc --explain E0493`.
[INFO] [stdout] 
[INFO] [stderr]     Checking errno v0.3.14
[INFO] [stderr] error: could not compile `generic-array` (lib) due to 3 previous errors
[INFO] [stderr] warning: build failed, waiting for other jobs to finish...
[INFO] running `Command { std: "docker" "inspect" "7034e08f8a2333bb4aaa4e55f7cbfaefc571eadbce4d4865064fe3c8a915daca", kill_on_drop: false }`
[INFO] running `Command { std: "docker" "rm" "-f" "7034e08f8a2333bb4aaa4e55f7cbfaefc571eadbce4d4865064fe3c8a915daca", kill_on_drop: false }`
[INFO] [stdout] 7034e08f8a2333bb4aaa4e55f7cbfaefc571eadbce4d4865064fe3c8a915daca
